104.236.14.142 - - [26/Apr/2026:07:30:46 +0200] "POST /wp-login.php HTTP/1.0" 200 9825 "-" "Mozilla/5.0"
104.236.14.142 - - [26/Apr/2026:07:36:13 +0200] "POST /wp-login.php HTTP/1.0" 200 9825 "-" "Mozilla/5.0"
104.236.14.142 - - [26/Apr/2026:07:41:57 +0200] "POST /wp-login.php HTTP/1.0" 200 9825 "-" "Mozilla/5.0"
104.236.14.142 - - [26/Apr/2026:07:47:31 +0200] "POST /wp-login.php HTTP/1.0" 200 9825 "-" "Mozilla/5.0"
104.236.14.142 - - [26/Apr/2026:07:53:12 +0200] "POST /wp-login.php HTTP/1.0" 200 9825 "-" "Mozilla/5.0"
104.236.14.142 - - [26/Apr/2026:07:59:12 +0200] "POST /wp-login.php HTTP/1.0" 200 9825 "-" "Mozilla/5.0"
80.74.154.100 - - [26/Apr/2026:07:59:13 +0200] "POST /wp-cron.php?doing_wp_cron=1777183152.8562979698181152343750 HTTP/1.0" 200 409 "-" "WordPress/6.9.4; https://online.comeonline.ch"
104.236.14.142 - - [26/Apr/2026:08:08:13 +0200] "POST /wp-login.php HTTP/1.0" 200 9825 "-" "Mozilla/5.0"
104.236.14.142 - - [26/Apr/2026:08:17:48 +0200] "POST /wp-login.php HTTP/1.0" 200 9825 "-" "Mozilla/5.0"
104.236.14.142 - - [26/Apr/2026:08:27:39 +0200] "POST /wp-login.php HTTP/1.0" 200 9825 "-" "Mozilla/5.0"
104.236.14.142 - - [26/Apr/2026:08:37:35 +0200] "POST /wp-login.php HTTP/1.0" 200 9825 "-" "Mozilla/5.0"
104.236.14.142 - - [26/Apr/2026:08:47:44 +0200] "POST /wp-login.php HTTP/1.0" 200 9825 "-" "Mozilla/5.0"
104.236.14.142 - - [26/Apr/2026:08:57:53 +0200] "POST /wp-login.php HTTP/1.0" 200 9825 "-" "Mozilla/5.0"
80.74.154.100 - - [26/Apr/2026:08:57:54 +0200] "POST /wp-cron.php?doing_wp_cron=1777186674.1804480552673339843750 HTTP/1.0" 200 409 "-" "WordPress/6.9.4; https://online.comeonline.ch"
104.236.14.142 - - [26/Apr/2026:09:08:15 +0200] "POST /wp-login.php HTTP/1.0" 200 9825 "-" "Mozilla/5.0"
104.236.14.142 - - [26/Apr/2026:09:18:40 +0200] "POST /wp-login.php HTTP/1.0" 200 9825 "-" "Mozilla/5.0"
104.236.14.142 - - [26/Apr/2026:09:28:57 +0200] "POST /wp-login.php HTTP/1.0" 200 9825 "-" "Mozilla/5.0"
104.236.14.142 - - [26/Apr/2026:09:39:21 +0200] "POST /wp-login.php HTTP/1.0" 200 9825 "-" "Mozilla/5.0"
104.236.14.142 - - [26/Apr/2026:09:49:52 +0200] "POST /wp-login.php HTTP/1.0" 200 9825 "-" "Mozilla/5.0"
104.236.14.142 - - [26/Apr/2026:10:00:29 +0200] "POST /wp-login.php HTTP/1.0" 200 9825 "-" "Mozilla/5.0"
80.74.154.100 - - [26/Apr/2026:10:00:29 +0200] "POST /wp-cron.php?doing_wp_cron=1777190429.7855639457702636718750 HTTP/1.0" 200 409 "-" "WordPress/6.9.4; https://online.comeonline.ch"
104.236.14.142 - - [26/Apr/2026:10:11:14 +0200] "POST /wp-login.php HTTP/1.0" 200 9825 "-" "Mozilla/5.0"
104.236.14.142 - - [26/Apr/2026:10:22:08 +0200] "POST /wp-login.php HTTP/1.0" 200 9825 "-" "Mozilla/5.0"
104.236.14.142 - - [26/Apr/2026:10:33:03 +0200] "POST /wp-login.php HTTP/1.0" 200 9825 "-" "Mozilla/5.0"
104.236.14.142 - - [26/Apr/2026:10:43:55 +0200] "POST /wp-login.php HTTP/1.0" 200 9825 "-" "Mozilla/5.0"
104.236.14.142 - - [26/Apr/2026:10:55:00 +0200] "POST /wp-login.php HTTP/1.0" 200 9825 "-" "Mozilla/5.0"
104.236.14.142 - - [26/Apr/2026:11:06:08 +0200] "POST /wp-login.php HTTP/1.0" 200 9825 "-" "Mozilla/5.0"
80.74.154.100 - - [26/Apr/2026:11:06:09 +0200] "POST /wp-cron.php?doing_wp_cron=1777194368.8499929904937744140625 HTTP/1.0" 200 409 "-" "WordPress/6.9.4; https://online.comeonline.ch"
104.236.14.142 - - [26/Apr/2026:11:17:24 +0200] "POST /wp-login.php HTTP/1.0" 200 9825 "-" "Mozilla/5.0"
104.236.14.142 - - [26/Apr/2026:11:29:00 +0200] "POST /wp-login.php HTTP/1.0" 200 9825 "-" "Mozilla/5.0"
80.74.154.100 - - [26/Apr/2026:11:29:00 +0200] "POST /wp-cron.php?doing_wp_cron=1777195740.6461560726165771484375 HTTP/1.0" 200 409 "-" "WordPress/6.9.4; https://online.comeonline.ch"
104.236.14.142 - - [26/Apr/2026:11:40:44 +0200] "POST /wp-login.php HTTP/1.0" 200 9825 "-" "Mozilla/5.0"
104.236.14.142 - - [26/Apr/2026:11:52:22 +0200] "POST /wp-login.php HTTP/1.0" 200 9825 "-" "Mozilla/5.0"
104.236.14.142 - - [26/Apr/2026:12:04:00 +0200] "POST /wp-login.php HTTP/1.0" 200 9825 "-" "Mozilla/5.0"
80.74.154.100 - - [26/Apr/2026:12:04:00 +0200] "POST /wp-cron.php?doing_wp_cron=1777197840.5268230438232421875000 HTTP/1.0" 200 409 "-" "WordPress/6.9.4; https://online.comeonline.ch"
104.236.14.142 - - [26/Apr/2026:12:15:40 +0200] "POST /wp-login.php HTTP/1.0" 200 9825 "-" "Mozilla/5.0"
104.236.14.142 - - [26/Apr/2026:12:27:43 +0200] "POST /wp-login.php HTTP/1.0" 200 9825 "-" "Mozilla/5.0"
104.236.14.142 - - [26/Apr/2026:12:40:01 +0200] "POST /wp-login.php HTTP/1.0" 200 9825 "-" "Mozilla/5.0"
104.236.14.142 - - [26/Apr/2026:12:52:25 +0200] "POST /wp-login.php HTTP/1.0" 200 9825 "-" "Mozilla/5.0"
104.236.14.142 - - [26/Apr/2026:13:04:52 +0200] "POST /wp-login.php HTTP/1.0" 200 9825 "-" "Mozilla/5.0"
80.74.154.100 - - [26/Apr/2026:13:04:53 +0200] "POST /wp-cron.php?doing_wp_cron=1777201493.3757400512695312500000 HTTP/1.0" 200 409 "-" "WordPress/6.9.4; https://online.comeonline.ch"
104.236.14.142 - - [26/Apr/2026:13:17:17 +0200] "POST /wp-login.php HTTP/1.0" 200 9825 "-" "Mozilla/5.0"
104.236.14.142 - - [26/Apr/2026:13:29:41 +0200] "POST /wp-login.php HTTP/1.0" 200 9825 "-" "Mozilla/5.0"
104.236.14.142 - - [26/Apr/2026:13:42:05 +0200] "POST /wp-login.php HTTP/1.0" 200 9825 "-" "Mozilla/5.0"
104.236.14.142 - - [26/Apr/2026:13:54:24 +0200] "POST /wp-login.php HTTP/1.0" 200 9825 "-" "Mozilla/5.0"
104.236.14.142 - - [26/Apr/2026:14:06:38 +0200] "POST /wp-login.php HTTP/1.0" 200 9825 "-" "Mozilla/5.0"
80.74.154.100 - - [26/Apr/2026:14:06:39 +0200] "POST /wp-cron.php?doing_wp_cron=1777205199.0522060394287109375000 HTTP/1.0" 200 409 "-" "WordPress/6.9.4; https://online.comeonline.ch"
104.236.14.142 - - [26/Apr/2026:14:18:44 +0200] "POST /wp-login.php HTTP/1.0" 200 9825 "-" "Mozilla/5.0"
104.236.14.142 - - [26/Apr/2026:14:30:51 +0200] "POST /wp-login.php HTTP/1.0" 200 9825 "-" "Mozilla/5.0"
104.236.14.142 - - [26/Apr/2026:14:42:57 +0200] "POST /wp-login.php HTTP/1.0" 200 9825 "-" "Mozilla/5.0"
104.236.14.142 - - [26/Apr/2026:14:55:01 +0200] "POST /wp-login.php HTTP/1.0" 200 9825 "-" "Mozilla/5.0"
104.236.14.142 - - [26/Apr/2026:15:07:10 +0200] "POST /wp-login.php HTTP/1.0" 200 9825 "-" "Mozilla/5.0"
80.74.154.100 - - [26/Apr/2026:15:07:11 +0200] "POST /wp-cron.php?doing_wp_cron=1777208830.7998459339141845703125 HTTP/1.0" 200 409 "-" "WordPress/6.9.4; https://online.comeonline.ch"
104.236.14.142 - - [26/Apr/2026:15:19:15 +0200] "POST /wp-login.php HTTP/1.0" 200 9825 "-" "Mozilla/5.0"
104.236.14.142 - - [26/Apr/2026:15:31:24 +0200] "POST /wp-login.php HTTP/1.0" 200 9825 "-" "Mozilla/5.0"
104.236.14.142 - - [26/Apr/2026:15:43:33 +0200] "POST /wp-login.php HTTP/1.0" 200 9825 "-" "Mozilla/5.0"
34.132.76.203 - - [26/Apr/2026:15:50:44 +0200] "GET / HTTP/1.0" 200 70895 "http://online.comeonline.ch" "Mozilla/5.0 (compatible; CMS-Checker/1.0; +https://example.com)"
104.236.14.142 - - [26/Apr/2026:15:55:42 +0200] "POST /wp-login.php HTTP/1.0" 200 9825 "-" "Mozilla/5.0"
104.236.14.142 - - [26/Apr/2026:16:07:56 +0200] "POST /wp-login.php HTTP/1.0" 200 9825 "-" "Mozilla/5.0"
80.74.154.100 - - [26/Apr/2026:16:07:57 +0200] "POST /wp-cron.php?doing_wp_cron=1777212477.2157959938049316406250 HTTP/1.0" 200 409 "-" "WordPress/6.9.4; https://online.comeonline.ch"
104.236.14.142 - - [26/Apr/2026:16:20:20 +0200] "POST /wp-login.php HTTP/1.0" 200 9825 "-" "Mozilla/5.0"
104.236.14.142 - - [26/Apr/2026:16:32:45 +0200] "POST /wp-login.php HTTP/1.0" 200 9825 "-" "Mozilla/5.0"
34.132.76.203 - - [26/Apr/2026:16:39:31 +0200] "GET / HTTP/1.0" 200 70895 "-" "Mozilla/5.0 (Windows NT 10.0; Win64; x64) AppleWebKit/537.36 (KHTML, like Gecko) Chrome/78.0.3904.108 Safari/537.36"
34.132.76.203 - - [26/Apr/2026:16:39:32 +0200] "GET //wp-includes/wlwmanifest.xml HTTP/1.0" 404 584 "-" "Mozilla/5.0 (Windows NT 10.0; Win64; x64) AppleWebKit/537.36 (KHTML, like Gecko) Chrome/78.0.3904.108 Safari/537.36"
34.132.76.203 - - [26/Apr/2026:16:39:32 +0200] "GET //xmlrpc.php?rsd HTTP/1.0" 200 1173 "-" "Mozilla/5.0 (Windows NT 10.0; Win64; x64) AppleWebKit/537.36 (KHTML, like Gecko) Chrome/78.0.3904.108 Safari/537.36"
34.132.76.203 - - [26/Apr/2026:16:39:33 +0200] "GET //?author=1 HTTP/1.0" 301 407 "-" "Mozilla/5.0 (Windows NT 10.0; Win64; x64) AppleWebKit/537.36 (KHTML, like Gecko) Chrome/78.0.3904.108 Safari/537.36"
34.132.76.203 - - [26/Apr/2026:16:39:33 +0200] "GET //?author=2 HTTP/1.0" 301 519 "-" "Mozilla/5.0 (Windows NT 10.0; Win64; x64) AppleWebKit/537.36 (KHTML, like Gecko) Chrome/78.0.3904.108 Safari/537.36"
34.132.76.203 - - [26/Apr/2026:16:39:33 +0200] "GET //wp-json/wp/v2/users/ HTTP/1.0" 404 577 "-" "Mozilla/5.0 (Windows NT 10.0; Win64; x64) AppleWebKit/537.36 (KHTML, like Gecko) Chrome/78.0.3904.108 Safari/537.36"
34.132.76.203 - - [26/Apr/2026:16:39:33 +0200] "GET //wp-json/oembed/1.0/embed?url=https://online.comeonline.ch/ HTTP/1.0" 404 581 "-" "Mozilla/5.0 (Windows NT 10.0; Win64; x64) AppleWebKit/537.36 (KHTML, like Gecko) Chrome/78.0.3904.108 Safari/537.36"
34.132.76.203 - - [26/Apr/2026:16:39:33 +0200] "POST //xmlrpc.php HTTP/1.0" 200 741 "-" "Mozilla/5.0 (Windows NT 10.0; Win64; x64) AppleWebKit/537.36 (KHTML, like Gecko) Chrome/78.0.3904.108 Safari/537.36"
34.132.76.203 - - [26/Apr/2026:16:39:33 +0200] "POST //xmlrpc.php HTTP/1.0" 200 741 "-" "Mozilla/5.0 (Windows NT 10.0; Win64; x64) AppleWebKit/537.36 (KHTML, like Gecko) Chrome/78.0.3904.108 Safari/537.36"
34.132.76.203 - - [26/Apr/2026:16:39:34 +0200] "POST //xmlrpc.php HTTP/1.0" 200 741 "-" "Mozilla/5.0 (Windows NT 10.0; Win64; x64) AppleWebKit/537.36 (KHTML, like Gecko) Chrome/78.0.3904.108 Safari/537.36"
34.132.76.203 - - [26/Apr/2026:16:39:34 +0200] "POST //xmlrpc.php HTTP/1.0" 200 741 "-" "Mozilla/5.0 (Windows NT 10.0; Win64; x64) AppleWebKit/537.36 (KHTML, like Gecko) Chrome/78.0.3904.108 Safari/537.36"
34.132.76.203 - - [26/Apr/2026:16:39:34 +0200] "POST //xmlrpc.php HTTP/1.0" 200 741 "-" "Mozilla/5.0 (Windows NT 10.0; Win64; x64) AppleWebKit/537.36 (KHTML, like Gecko) Chrome/78.0.3904.108 Safari/537.36"
34.132.76.203 - - [26/Apr/2026:16:39:34 +0200] "POST //xmlrpc.php HTTP/1.0" 200 741 "-" "Mozilla/5.0 (Windows NT 10.0; Win64; x64) AppleWebKit/537.36 (KHTML, like Gecko) Chrome/78.0.3904.108 Safari/537.36"
34.132.76.203 - - [26/Apr/2026:16:39:34 +0200] "POST //xmlrpc.php HTTP/1.0" 200 741 "-" "Mozilla/5.0 (Windows NT 10.0; Win64; x64) AppleWebKit/537.36 (KHTML, like Gecko) Chrome/78.0.3904.108 Safari/537.36"
34.132.76.203 - - [26/Apr/2026:16:39:34 +0200] "POST //xmlrpc.php HTTP/1.0" 200 741 "-" "Mozilla/5.0 (Windows NT 10.0; Win64; x64) AppleWebKit/537.36 (KHTML, like Gecko) Chrome/78.0.3904.108 Safari/537.36"
34.132.76.203 - - [26/Apr/2026:16:39:35 +0200] "POST //xmlrpc.php HTTP/1.0" 200 741 "-" "Mozilla/5.0 (Windows NT 10.0; Win64; x64) AppleWebKit/537.36 (KHTML, like Gecko) Chrome/78.0.3904.108 Safari/537.36"
104.236.14.142 - - [26/Apr/2026:16:45:10 +0200] "POST /wp-login.php HTTP/1.0" 200 9825 "-" "Mozilla/5.0"
104.236.14.142 - - [26/Apr/2026:16:57:33 +0200] "POST /wp-login.php HTTP/1.0" 200 9825 "-" "Mozilla/5.0"
80.74.154.100 - - [26/Apr/2026:16:57:34 +0200] "POST /wp-cron.php?doing_wp_cron=1777215453.9880740642547607421875 HTTP/1.0" 200 409 "-" "WordPress/6.9.4; https://online.comeonline.ch"
104.236.14.142 - - [26/Apr/2026:17:10:01 +0200] "POST /wp-login.php HTTP/1.0" 200 9825 "-" "Mozilla/5.0"
104.236.14.142 - - [26/Apr/2026:17:22:31 +0200] "POST /wp-login.php HTTP/1.0" 200 9825 "-" "Mozilla/5.0"
104.236.14.142 - - [26/Apr/2026:17:35:01 +0200] "POST /wp-login.php HTTP/1.0" 200 9825 "-" "Mozilla/5.0"
104.236.14.142 - - [26/Apr/2026:17:47:27 +0200] "POST /wp-login.php HTTP/1.0" 200 9825 "-" "Mozilla/5.0"
104.236.14.142 - - [26/Apr/2026:17:59:51 +0200] "POST /wp-login.php HTTP/1.0" 200 9825 "-" "Mozilla/5.0"
80.74.154.100 - - [26/Apr/2026:17:59:52 +0200] "POST /wp-cron.php?doing_wp_cron=1777219191.8921129703521728515625 HTTP/1.0" 200 409 "-" "WordPress/6.9.4; https://online.comeonline.ch"
104.236.14.142 - - [26/Apr/2026:18:12:17 +0200] "POST /wp-login.php HTTP/1.0" 200 9825 "-" "Mozilla/5.0"
104.236.14.142 - - [26/Apr/2026:18:24:42 +0200] "POST /wp-login.php HTTP/1.0" 200 9825 "-" "Mozilla/5.0"
104.236.14.142 - - [26/Apr/2026:18:37:15 +0200] "POST /wp-login.php HTTP/1.0" 200 9825 "-" "Mozilla/5.0"
104.236.14.142 - - [26/Apr/2026:18:49:44 +0200] "POST /wp-login.php HTTP/1.0" 200 9825 "-" "Mozilla/5.0"
104.236.14.142 - - [26/Apr/2026:19:02:23 +0200] "POST /wp-login.php HTTP/1.0" 200 9825 "-" "Mozilla/5.0"
80.74.154.100 - - [26/Apr/2026:19:02:24 +0200] "POST /wp-cron.php?doing_wp_cron=1777222943.7978301048278808593750 HTTP/1.0" 200 409 "-" "WordPress/6.9.4; https://online.comeonline.ch"
104.236.14.142 - - [26/Apr/2026:19:15:01 +0200] "POST /wp-login.php HTTP/1.0" 200 9825 "-" "Mozilla/5.0"
104.236.14.142 - - [26/Apr/2026:19:27:29 +0200] "POST /wp-login.php HTTP/1.0" 200 9825 "-" "Mozilla/5.0"
104.236.14.142 - - [26/Apr/2026:19:39:12 +0200] "POST /wp-login.php HTTP/1.0" 200 9825 "-" "Mozilla/5.0"
104.236.14.142 - - [26/Apr/2026:19:51:23 +0200] "POST /wp-login.php HTTP/1.0" 200 9825 "-" "Mozilla/5.0"
104.236.14.142 - - [26/Apr/2026:20:03:48 +0200] "POST /wp-login.php HTTP/1.0" 200 9825 "-" "Mozilla/5.0"
80.74.154.100 - - [26/Apr/2026:20:03:49 +0200] "POST /wp-cron.php?doing_wp_cron=1777226629.3228740692138671875000 HTTP/1.0" 200 409 "-" "WordPress/6.9.4; https://online.comeonline.ch"
104.236.14.142 - - [26/Apr/2026:20:16:18 +0200] "POST /wp-login.php HTTP/1.0" 200 9825 "-" "Mozilla/5.0"
104.236.14.142 - - [26/Apr/2026:20:28:47 +0200] "POST /wp-login.php HTTP/1.0" 200 9825 "-" "Mozilla/5.0"
104.236.14.142 - - [26/Apr/2026:20:41:09 +0200] "POST /wp-login.php HTTP/1.0" 200 9825 "-" "Mozilla/5.0"
104.236.14.142 - - [26/Apr/2026:20:53:30 +0200] "POST /wp-login.php HTTP/1.0" 200 9825 "-" "Mozilla/5.0"
104.236.14.142 - - [26/Apr/2026:21:06:00 +0200] "POST /wp-login.php HTTP/1.0" 200 9825 "-" "Mozilla/5.0"
80.74.154.100 - - [26/Apr/2026:21:06:01 +0200] "POST /wp-cron.php?doing_wp_cron=1777230361.4786949157714843750000 HTTP/1.0" 200 409 "-" "WordPress/6.9.4; https://online.comeonline.ch"
104.236.14.142 - - [26/Apr/2026:21:18:30 +0200] "POST /wp-login.php HTTP/1.0" 200 9825 "-" "Mozilla/5.0"
104.236.14.142 - - [26/Apr/2026:21:31:00 +0200] "POST /wp-login.php HTTP/1.0" 200 9825 "-" "Mozilla/5.0"
104.236.14.142 - - [26/Apr/2026:21:43:28 +0200] "POST /wp-login.php HTTP/1.0" 200 9825 "-" "Mozilla/5.0"
104.236.14.142 - - [26/Apr/2026:21:55:48 +0200] "POST /wp-login.php HTTP/1.0" 200 9825 "-" "Mozilla/5.0"
104.236.14.142 - - [26/Apr/2026:22:08:13 +0200] "POST /wp-login.php HTTP/1.0" 200 9825 "-" "Mozilla/5.0"
80.74.154.100 - - [26/Apr/2026:22:08:14 +0200] "POST /wp-cron.php?doing_wp_cron=1777234094.0596210956573486328125 HTTP/1.0" 200 409 "-" "WordPress/6.9.4; https://online.comeonline.ch"
104.236.14.142 - - [26/Apr/2026:22:20:42 +0200] "POST /wp-login.php HTTP/1.0" 200 9825 "-" "Mozilla/5.0"
80.74.154.100 - - [27/Apr/2026:05:46:51 +0200] "POST /wp-cron.php?doing_wp_cron=1777261611.0612869262695312500000 HTTP/1.0" 200 409 "-" "WordPress/6.9.4; https://online.comeonline.ch"
80.74.154.100 - - [27/Apr/2026:06:14:26 +0200] "POST /wp-cron.php?doing_wp_cron=1777263266.0073750019073486328125 HTTP/1.0" 200 409 "-" "WordPress/6.9.4; https://online.comeonline.ch"
31.47.251.11 - - [27/Apr/2026:07:30:40 +0200] "GET / HTTP/1.0" 200 70895 "-" "Mozilla/5.0 (Windows NT 10.0; Win64; x64) AppleWebKit/537.36 (KHTML, like Gecko) Chrome/120.0.0.0 Safari/537.36"
80.74.154.100 - - [27/Apr/2026:07:30:41 +0200] "POST /wp-cron.php?doing_wp_cron=1777267840.8176419734954833984375 HTTP/1.0" 200 409 "-" "WordPress/6.9.4; https://online.comeonline.ch"
31.47.251.11 - - [27/Apr/2026:07:30:41 +0200] "GET / HTTP/1.0" 200 70895 "-" "Mozilla/5.0 (Windows NT 10.0; Win64; x64) AppleWebKit/537.36 (KHTML, like Gecko) Chrome/120.0.0.0 Safari/537.36"
85.204.70.92 - - [27/Apr/2026:08:12:55 +0200] "GET / HTTP/1.0" 200 70895 "-" "Mozilla/5.0 (Windows NT 10.0; Win64; x64) AppleWebKit/537.36 (KHTML, like Gecko) Chrome/78.0.3904.108 Safari/537.36"
85.204.70.92 - - [27/Apr/2026:08:12:56 +0200] "GET //wp-includes/wlwmanifest.xml HTTP/1.0" 404 584 "-" "Mozilla/5.0 (Windows NT 10.0; Win64; x64) AppleWebKit/537.36 (KHTML, like Gecko) Chrome/78.0.3904.108 Safari/537.36"
85.204.70.92 - - [27/Apr/2026:08:12:56 +0200] "GET //xmlrpc.php?rsd HTTP/1.0" 200 1173 "-" "Mozilla/5.0 (Windows NT 10.0; Win64; x64) AppleWebKit/537.36 (KHTML, like Gecko) Chrome/78.0.3904.108 Safari/537.36"
85.204.70.92 - - [27/Apr/2026:08:12:56 +0200] "GET //?author=1 HTTP/1.0" 301 407 "-" "Mozilla/5.0 (Windows NT 10.0; Win64; x64) AppleWebKit/537.36 (KHTML, like Gecko) Chrome/78.0.3904.108 Safari/537.36"
85.204.70.92 - - [27/Apr/2026:08:12:56 +0200] "GET //?author=2 HTTP/1.0" 301 519 "-" "Mozilla/5.0 (Windows NT 10.0; Win64; x64) AppleWebKit/537.36 (KHTML, like Gecko) Chrome/78.0.3904.108 Safari/537.36"
85.204.70.92 - - [27/Apr/2026:08:12:57 +0200] "GET //wp-json/wp/v2/users/ HTTP/1.0" 404 577 "-" "Mozilla/5.0 (Windows NT 10.0; Win64; x64) AppleWebKit/537.36 (KHTML, like Gecko) Chrome/78.0.3904.108 Safari/537.36"
85.204.70.92 - - [27/Apr/2026:08:12:57 +0200] "GET //wp-json/oembed/1.0/embed?url=https://online.comeonline.ch/ HTTP/1.0" 404 581 "-" "Mozilla/5.0 (Windows NT 10.0; Win64; x64) AppleWebKit/537.36 (KHTML, like Gecko) Chrome/78.0.3904.108 Safari/537.36"
85.204.70.92 - - [27/Apr/2026:08:12:57 +0200] "POST //xmlrpc.php HTTP/1.0" 200 741 "-" "Mozilla/5.0 (Windows NT 10.0; Win64; x64) AppleWebKit/537.36 (KHTML, like Gecko) Chrome/78.0.3904.108 Safari/537.36"
85.204.70.92 - - [27/Apr/2026:08:12:57 +0200] "POST //xmlrpc.php HTTP/1.0" 200 741 "-" "Mozilla/5.0 (Windows NT 10.0; Win64; x64) AppleWebKit/537.36 (KHTML, like Gecko) Chrome/78.0.3904.108 Safari/537.36"
80.74.154.100 - - [27/Apr/2026:08:12:55 +0200] "POST /wp-cron.php?doing_wp_cron=1777270375.6090719699859619140625 HTTP/1.0" 200 409 "-" "WordPress/6.9.4; https://online.comeonline.ch"
85.204.70.92 - - [27/Apr/2026:08:12:57 +0200] "POST //xmlrpc.php HTTP/1.0" 200 741 "-" "Mozilla/5.0 (Windows NT 10.0; Win64; x64) AppleWebKit/537.36 (KHTML, like Gecko) Chrome/78.0.3904.108 Safari/537.36"
85.204.70.92 - - [27/Apr/2026:08:12:57 +0200] "POST //xmlrpc.php HTTP/1.0" 200 741 "-" "Mozilla/5.0 (Windows NT 10.0; Win64; x64) AppleWebKit/537.36 (KHTML, like Gecko) Chrome/78.0.3904.108 Safari/537.36"
85.204.70.92 - - [27/Apr/2026:08:12:57 +0200] "POST //xmlrpc.php HTTP/1.0" 200 741 "-" "Mozilla/5.0 (Windows NT 10.0; Win64; x64) AppleWebKit/537.36 (KHTML, like Gecko) Chrome/78.0.3904.108 Safari/537.36"
85.204.70.92 - - [27/Apr/2026:08:12:57 +0200] "POST //xmlrpc.php HTTP/1.0" 200 741 "-" "Mozilla/5.0 (Windows NT 10.0; Win64; x64) AppleWebKit/537.36 (KHTML, like Gecko) Chrome/78.0.3904.108 Safari/537.36"
85.204.70.92 - - [27/Apr/2026:08:12:57 +0200] "POST //xmlrpc.php HTTP/1.0" 200 741 "-" "Mozilla/5.0 (Windows NT 10.0; Win64; x64) AppleWebKit/537.36 (KHTML, like Gecko) Chrome/78.0.3904.108 Safari/537.36"
85.204.70.92 - - [27/Apr/2026:08:12:57 +0200] "POST //xmlrpc.php HTTP/1.0" 200 741 "-" "Mozilla/5.0 (Windows NT 10.0; Win64; x64) AppleWebKit/537.36 (KHTML, like Gecko) Chrome/78.0.3904.108 Safari/537.36"
31.10.151.133 - - [27/Apr/2026:17:57:55 +0200] "GET /favicon.ico HTTP/1.0" 404 568 "-" "Mozilla/5.0 (Windows NT 10.0; Win64; x64) AppleWebKit/537.36 (KHTML, like Gecko) Chrome/147.0.0.0 Safari/537.36"
192.121.136.97 - - [28/Apr/2026:00:05:21 +0200] "GET / HTTP/1.0" 200 70895 "http://online.comeonline.ch/" "Mozilla/5.0 (Linux; U; Android 13; sk-sk; Xiaomi 11T Pro Build/TKQ1.220829.002) AppleWebKit/537.36 (KHTML, like Gecko) Version/4.0 Chrome/112.0.5615.136 Mobile Safari/537.36 XiaoMi/MiuiBrowser/14.4.0-g"
80.74.154.100 - - [28/Apr/2026:00:05:22 +0200] "POST /wp-cron.php?doing_wp_cron=1777327521.7790870666503906250000 HTTP/1.0" 200 409 "-" "WordPress/6.9.4; https://online.comeonline.ch"
80.74.154.100 - - [28/Apr/2026:05:45:31 +0200] "POST /wp-cron.php?doing_wp_cron=1777347931.6300768852233886718750 HTTP/1.0" 200 409 "-" "WordPress/6.9.4; https://online.comeonline.ch"
80.74.154.100 - - [28/Apr/2026:06:12:47 +0200] "POST /wp-cron.php?doing_wp_cron=1777349566.9318089485168457031250 HTTP/1.0" 200 409 "-" "WordPress/6.9.4; https://online.comeonline.ch"
31.47.251.11 - - [28/Apr/2026:07:45:52 +0200] "GET / HTTP/1.0" 200 70895 "-" "Mozilla/5.0 (Windows NT 10.0; Win64; x64) AppleWebKit/537.36 (KHTML, like Gecko) Chrome/120.0.0.0 Safari/537.36"
31.47.251.11 - - [28/Apr/2026:07:45:52 +0200] "GET / HTTP/1.0" 200 70895 "-" "Mozilla/5.0 (Windows NT 10.0; Win64; x64) AppleWebKit/537.36 (KHTML, like Gecko) Chrome/120.0.0.0 Safari/537.36"
80.74.154.100 - - [28/Apr/2026:07:45:53 +0200] "POST /wp-cron.php?doing_wp_cron=1777355153.3310010433197021484375 HTTP/1.0" 200 409 "-" "WordPress/6.9.4; https://online.comeonline.ch"
80.74.154.100 - - [28/Apr/2026:07:45:53 +0200] "POST /wp-cron.php?doing_wp_cron=1777355153.3310010433197021484375 HTTP/1.0" 200 409 "-" "WordPress/6.9.4; https://online.comeonline.ch"
209.97.158.62 - - [28/Apr/2026:14:42:11 +0200] "GET / HTTP/1.0" 200 70895 "-" "Mozilla/5.0 (X11; Linux x86_64; rv:142.0) Gecko/20100101 Firefox/142.0"
80.74.154.100 - - [28/Apr/2026:14:42:12 +0200] "POST /wp-cron.php?doing_wp_cron=1777380131.9600360393524169921875 HTTP/1.0" 200 409 "-" "WordPress/6.9.4; https://online.comeonline.ch"
209.97.158.62 - - [28/Apr/2026:14:42:16 +0200] "GET /wp-content/uploads/2024/08/cropped-Online_Band_2022_7-scaled-2-32x32.jpg HTTP/1.0" 200 1765 "https://online.comeonline.ch/" "Mozilla/5.0 (X11; Linux x86_64; rv:142.0) Gecko/20100101 Firefox/142.0"
80.74.154.100 - - [29/Apr/2026:05:51:16 +0200] "POST /wp-cron.php?doing_wp_cron=1777434676.7361838817596435546875 HTTP/1.0" 200 409 "-" "WordPress/6.9.4; https://online.comeonline.ch"
80.74.154.100 - - [29/Apr/2026:06:19:23 +0200] "POST /wp-cron.php?doing_wp_cron=1777436362.7944800853729248046875 HTTP/1.0" 200 409 "-" "WordPress/6.9.4; https://online.comeonline.ch"
31.47.251.11 - - [29/Apr/2026:08:01:10 +0200] "GET / HTTP/1.0" 200 70895 "-" "Mozilla/5.0 (Windows NT 10.0; Win64; x64) AppleWebKit/537.36 (KHTML, like Gecko) Chrome/120.0.0.0 Safari/537.36"
31.47.251.11 - - [29/Apr/2026:08:01:10 +0200] "GET / HTTP/1.0" 200 70895 "-" "Mozilla/5.0 (Windows NT 10.0; Win64; x64) AppleWebKit/537.36 (KHTML, like Gecko) Chrome/120.0.0.0 Safari/537.36"
80.74.154.100 - - [29/Apr/2026:08:01:10 +0200] "POST /wp-cron.php?doing_wp_cron=1777442470.7181169986724853515625 HTTP/1.0" 200 409 "-" "WordPress/6.9.4; https://online.comeonline.ch"
64.227.169.243 - - [29/Apr/2026:17:37:22 +0200] "GET / HTTP/1.0" 200 70895 "-" "Mozilla/5.0 (X11; Linux x86_64) AppleWebKit/537.36 (KHTML, like Gecko) Chrome/142.0.0.0 Safari/537.36"
80.74.154.100 - - [29/Apr/2026:17:37:23 +0200] "POST /wp-cron.php?doing_wp_cron=1777477043.0014069080352783203125 HTTP/1.0" 200 409 "-" "WordPress/6.9.4; https://online.comeonline.ch"
64.227.169.243 - - [29/Apr/2026:17:37:28 +0200] "GET /wp-content/uploads/2024/08/cropped-Online_Band_2022_7-scaled-2-32x32.jpg HTTP/1.0" 200 1765 "https://online.comeonline.ch/" "Mozilla/5.0 (X11; Linux x86_64) AppleWebKit/537.36 (KHTML, like Gecko) Chrome/142.0.0.0 Safari/537.36"
80.74.154.100 - - [30/Apr/2026:05:55:54 +0200] "POST /wp-cron.php?doing_wp_cron=1777521353.9442129135131835937500 HTTP/1.0" 200 409 "-" "WordPress/6.9.4; https://online.comeonline.ch"
80.74.154.100 - - [30/Apr/2026:05:55:58 +0200] "POST /wp-cron.php?doing_wp_cron=1777521357.8315188884735107421875 HTTP/1.0" 200 409 "-" "WordPress/6.9.4; https://online.comeonline.ch"
31.47.251.11 - - [30/Apr/2026:08:15:45 +0200] "GET / HTTP/1.0" 200 70895 "-" "Mozilla/5.0 (Windows NT 10.0; Win64; x64) AppleWebKit/537.36 (KHTML, like Gecko) Chrome/120.0.0.0 Safari/537.36"
80.74.154.100 - - [30/Apr/2026:08:15:45 +0200] "POST /wp-cron.php?doing_wp_cron=1777529745.7228789329528808593750 HTTP/1.0" 200 409 "-" "WordPress/6.9.4; https://online.comeonline.ch"
31.47.251.11 - - [30/Apr/2026:08:15:45 +0200] "GET / HTTP/1.0" 200 70895 "-" "Mozilla/5.0 (Windows NT 10.0; Win64; x64) AppleWebKit/537.36 (KHTML, like Gecko) Chrome/120.0.0.0 Safari/537.36"
64.23.152.81 - - [30/Apr/2026:15:18:41 +0200] "GET / HTTP/1.0" 200 70895 "-" "Mozilla/5.0 (X11; Linux x86_64) AppleWebKit/537.36 (KHTML, like Gecko) Chrome/142.0.0.0 Safari/537.36"
80.74.154.100 - - [30/Apr/2026:15:18:42 +0200] "POST /wp-cron.php?doing_wp_cron=1777555122.4511110782623291015625 HTTP/1.0" 200 409 "-" "WordPress/6.9.4; https://online.comeonline.ch"
64.23.152.81 - - [30/Apr/2026:15:18:48 +0200] "GET /wp-content/uploads/2024/08/cropped-Online_Band_2022_7-scaled-2-32x32.jpg HTTP/1.0" 200 1765 "https://online.comeonline.ch/" "Mozilla/5.0 (X11; Linux x86_64) AppleWebKit/537.36 (KHTML, like Gecko) Chrome/142.0.0.0 Safari/537.36"
35.199.113.232 - - [30/Apr/2026:16:45:47 +0200] "GET /.git/config HTTP/1.0" 404 568 "-" "Mozilla/5.0 (Linux; Android 8.1.0; Nexus 6P) AppleWebKit/537.36 (KHTML, like Gecko) Chrome/76.0.3809.111 Mobile Safari/537.36"
80.74.154.100 - - [01/May/2026:05:48:45 +0200] "POST /wp-cron.php?doing_wp_cron=1777607325.5199990272521972656250 HTTP/1.0" 200 409 "-" "WordPress/6.9.4; https://online.comeonline.ch"
80.74.154.100 - - [01/May/2026:06:18:18 +0200] "POST /wp-cron.php?doing_wp_cron=1777609097.8573460578918457031250 HTTP/1.0" 200 409 "-" "WordPress/6.9.4; https://online.comeonline.ch"
31.47.251.11 - - [01/May/2026:08:30:49 +0200] "GET / HTTP/1.0" 200 70895 "-" "Mozilla/5.0 (Windows NT 10.0; Win64; x64) AppleWebKit/537.36 (KHTML, like Gecko) Chrome/120.0.0.0 Safari/537.36"
31.47.251.11 - - [01/May/2026:08:30:49 +0200] "GET / HTTP/1.0" 200 70895 "-" "Mozilla/5.0 (Windows NT 10.0; Win64; x64) AppleWebKit/537.36 (KHTML, like Gecko) Chrome/120.0.0.0 Safari/537.36"
80.74.154.100 - - [01/May/2026:08:30:50 +0200] "POST /wp-cron.php?doing_wp_cron=1777617050.0262169837951660156250 HTTP/1.0" 200 409 "-" "WordPress/6.9.4; https://online.comeonline.ch"
80.74.154.100 - - [02/May/2026:05:45:30 +0200] "POST /wp-cron.php HTTP/1.0" 200 409 "-" "WordPress/6.9.4; https://online.comeonline.ch"
80.74.154.100 - - [02/May/2026:05:45:31 +0200] "GET / HTTP/1.0" 200 70895 "-" "WordPress/6.9.4; https://online.comeonline.ch"
80.74.154.100 - - [02/May/2026:05:45:31 +0200] "GET / HTTP/1.0" 200 70895 "-" "WordPress/6.9.4; https://online.comeonline.ch"
80.74.154.100 - - [02/May/2026:05:45:31 +0200] "GET / HTTP/1.0" 200 70895 "-" "WordPress/6.9.4; https://online.comeonline.ch"
80.74.154.100 - - [02/May/2026:05:45:32 +0200] "GET / HTTP/1.0" 200 70895 "-" "WordPress/6.9.4; https://online.comeonline.ch"
80.74.154.100 - - [02/May/2026:05:45:27 +0200] "POST /wp-cron.php?doing_wp_cron=1777693527.3663659095764160156250 HTTP/1.0" 200 409 "-" "WordPress/6.9.4; https://online.comeonline.ch"
80.74.154.100 - - [02/May/2026:06:12:59 +0200] "POST /wp-cron.php?doing_wp_cron=1777695179.1728088855743408203125 HTTP/1.0" 200 409 "-" "WordPress/6.9.4; https://online.comeonline.ch"
31.47.251.11 - - [02/May/2026:08:45:58 +0200] "GET / HTTP/1.0" 200 70895 "-" "Mozilla/5.0 (Windows NT 10.0; Win64; x64) AppleWebKit/537.36 (KHTML, like Gecko) Chrome/120.0.0.0 Safari/537.36"
80.74.154.100 - - [02/May/2026:08:45:59 +0200] "POST /wp-cron.php?doing_wp_cron=1777704359.4542570114135742187500 HTTP/1.0" 200 409 "-" "WordPress/6.9.4; https://online.comeonline.ch"
31.47.251.11 - - [02/May/2026:08:45:59 +0200] "GET / HTTP/1.0" 200 70895 "-" "Mozilla/5.0 (Windows NT 10.0; Win64; x64) AppleWebKit/537.36 (KHTML, like Gecko) Chrome/120.0.0.0 Safari/537.36"
80.74.154.100 - - [03/May/2026:05:48:14 +0200] "POST /wp-cron.php?doing_wp_cron=1777780094.3783519268035888671875 HTTP/1.0" 200 409 "-" "WordPress/6.9.4; https://online.comeonline.ch"
80.74.154.100 - - [03/May/2026:06:15:28 +0200] "POST /wp-cron.php?doing_wp_cron=1777781728.0372290611267089843750 HTTP/1.0" 200 409 "-" "WordPress/6.9.4; https://online.comeonline.ch"
91.239.130.201 - - [03/May/2026:08:56:12 +0200] "GET /wp-content/uploads/ HTTP/1.0" 403 580 "-" "-"
91.239.130.201 - - [03/May/2026:08:56:12 +0200] "GET /wp-includes/ HTTP/1.0" 403 573 "-" "-"
91.239.130.201 - - [03/May/2026:08:56:12 +0200] "GET /wp-includes/css/ HTTP/1.0" 403 577 "-" "-"
91.239.130.201 - - [03/May/2026:08:56:12 +0200] "GET /wp-includes/ID3/ HTTP/1.0" 403 577 "-" "-"
91.239.130.201 - - [03/May/2026:08:56:12 +0200] "GET /wp-includes/IXR/ HTTP/1.0" 403 577 "-" "-"
91.239.130.201 - - [03/May/2026:08:56:12 +0200] "GET /wp-includes/Requests/ HTTP/1.0" 403 582 "-" "-"
91.239.130.201 - - [03/May/2026:08:56:12 +0200] "GET /wp-includes/SimplePie/ HTTP/1.0" 403 583 "-" "-"
91.239.130.201 - - [03/May/2026:08:56:12 +0200] "GET /wp-includes/Text/ HTTP/1.0" 403 578 "-" "-"
91.239.130.201 - - [03/May/2026:08:56:12 +0200] "GET /wp-content/mu-plugins-old/ HTTP/1.0" 404 583 "-" "-"
91.239.130.201 - - [03/May/2026:08:56:12 +0200] "GET /wp-content/themes/classic/inc/ HTTP/1.0" 404 587 "-" "-"
91.239.130.201 - - [03/May/2026:08:56:13 +0200] "GET /wp-content/plugins/ninja-forms/ HTTP/1.0" 404 588 "-" "-"
91.239.130.201 - - [03/May/2026:08:56:13 +0200] "GET /wp-content/mu-plugins/ HTTP/1.0" 404 579 "-" "-"
91.239.130.201 - - [03/May/2026:08:56:13 +0200] "GET /wp-includes/Text/Diff/Renderer/ HTTP/1.0" 403 592 "-" "-"
91.239.130.201 - - [03/May/2026:08:56:13 +0200] "GET /wp-includes/blocks/ HTTP/1.0" 200 328 "-" "-"
91.239.130.201 - - [03/May/2026:08:56:13 +0200] "GET /wp-includes/certificates/ HTTP/1.0" 403 586 "-" "-"
91.239.130.201 - - [03/May/2026:08:56:13 +0200] "GET /wp-includes/customize/ HTTP/1.0" 403 583 "-" "-"
91.239.130.201 - - [03/May/2026:08:56:13 +0200] "GET /wp-includes/fonts/ HTTP/1.0" 403 579 "-" "-"
91.239.130.201 - - [03/May/2026:08:56:13 +0200] "GET /wp-includes/images/ HTTP/1.0" 403 580 "-" "-"
91.239.130.201 - - [03/May/2026:08:56:13 +0200] "GET /.well-known/ HTTP/1.0" 404 569 "-" "-"
91.239.130.201 - - [03/May/2026:08:56:13 +0200] "GET /ALFA_DATA/ HTTP/1.0" 404 567 "-" "-"
91.239.130.201 - - [03/May/2026:08:56:13 +0200] "GET /.well-knownold/ HTTP/1.0" 404 572 "-" "-"
91.239.130.201 - - [03/May/2026:08:56:13 +0200] "GET /cgi-bin/ HTTP/1.0" 403 569 "-" "-"
91.239.130.201 - - [03/May/2026:08:56:13 +0200] "GET /index/ HTTP/1.0" 404 563 "-" "-"
91.239.130.201 - - [03/May/2026:08:56:14 +0200] "GET /id/ HTTP/1.0" 404 560 "-" "-"
91.239.130.201 - - [03/May/2026:08:56:14 +0200] "GET /www/ HTTP/1.0" 404 561 "-" "-"
91.239.130.201 - - [03/May/2026:08:56:14 +0200] "GET /web/ HTTP/1.0" 404 561 "-" "-"
91.239.130.201 - - [03/May/2026:08:56:14 +0200] "GET /uploads/ HTTP/1.0" 404 565 "-" "-"
91.239.130.201 - - [03/May/2026:08:56:14 +0200] "GET /upload/ HTTP/1.0" 404 564 "-" "-"
91.239.130.201 - - [03/May/2026:08:56:14 +0200] "GET /admin/uploads/ HTTP/1.0" 404 571 "-" "-"
91.239.130.201 - - [03/May/2026:08:56:14 +0200] "GET /Admin/uploads/ HTTP/1.0" 404 571 "-" "-"
91.239.130.201 - - [03/May/2026:08:56:14 +0200] "GET /admin/ HTTP/1.0" 404 563 "-" "-"
91.239.130.201 - - [03/May/2026:08:56:14 +0200] "GET /images/ HTTP/1.0" 404 564 "-" "-"
91.239.130.201 - - [03/May/2026:08:56:14 +0200] "GET /assets/ HTTP/1.0" 404 564 "-" "-"
91.239.130.201 - - [03/May/2026:08:56:14 +0200] "GET /vendor/phpunit/phpunit/src/Util/PHP/ HTTP/1.0" 404 593 "-" "-"
91.239.130.201 - - [03/May/2026:08:56:14 +0200] "GET /upload/image/ HTTP/1.0" 404 570 "-" "-"
91.239.130.201 - - [03/May/2026:08:56:14 +0200] "GET /assets/images/ HTTP/1.0" 404 571 "-" "-"
91.239.130.201 - - [03/May/2026:08:56:14 +0200] "GET /Public/ HTTP/1.0" 404 564 "-" "-"
91.239.130.201 - - [03/May/2026:08:56:14 +0200] "GET /vendor/ HTTP/1.0" 404 564 "-" "-"
91.239.130.201 - - [03/May/2026:08:56:14 +0200] "GET /local/ HTTP/1.0" 404 563 "-" "-"
91.239.130.201 - - [03/May/2026:08:56:14 +0200] "GET /modules/ HTTP/1.0" 404 565 "-" "-"
91.239.130.201 - - [03/May/2026:08:56:14 +0200] "GET /Site/ HTTP/1.0" 404 562 "-" "-"
91.239.130.201 - - [03/May/2026:08:56:15 +0200] "GET /system/ HTTP/1.0" 404 564 "-" "-"
91.239.130.201 - - [03/May/2026:08:56:15 +0200] "GET /template/ HTTP/1.0" 404 566 "-" "-"
91.239.130.201 - - [03/May/2026:08:56:15 +0200] "GET /shop/ HTTP/1.0" 404 562 "-" "-"
91.239.130.201 - - [03/May/2026:08:56:15 +0200] "GET /files/ HTTP/1.0" 404 563 "-" "-"
91.239.130.201 - - [03/May/2026:08:56:15 +0200] "GET /admin/editor/ HTTP/1.0" 404 570 "-" "-"
91.239.130.201 - - [03/May/2026:08:56:15 +0200] "GET /include/ HTTP/1.0" 404 565 "-" "-"
91.239.130.201 - - [03/May/2026:08:56:15 +0200] "GET /Assets/ HTTP/1.0" 404 564 "-" "-"
91.239.130.201 - - [03/May/2026:08:56:15 +0200] "GET /images/stories/ HTTP/1.0" 404 572 "-" "-"
91.239.130.201 - - [03/May/2026:08:56:15 +0200] "GET /plugins/ HTTP/1.0" 404 565 "-" "-"
91.239.130.201 - - [03/May/2026:08:56:15 +0200] "GET /php/ HTTP/1.0" 404 561 "-" "-"
91.239.130.201 - - [03/May/2026:08:56:15 +0200] "GET /wp-admin/css/ HTTP/1.0" 403 574 "-" "-"
91.239.130.201 - - [03/May/2026:08:56:15 +0200] "GET /wp-content/themes/twentytwenty/ HTTP/1.0" 404 588 "-" "-"
91.239.130.201 - - [03/May/2026:08:56:15 +0200] "GET /wp-content/cache/ HTTP/1.0" 404 574 "-" "-"
91.239.130.201 - - [03/May/2026:08:56:15 +0200] "GET /wp-admin/maint/ HTTP/1.0" 403 576 "-" "-"
91.239.130.201 - - [03/May/2026:08:56:15 +0200] "GET /wp-content/plugins/akismet/ HTTP/1.0" 403 588 "-" "-"
91.239.130.201 - - [03/May/2026:08:56:15 +0200] "GET /wp-includes/assets/ HTTP/1.0" 403 580 "-" "-"
91.239.130.201 - - [03/May/2026:08:56:15 +0200] "GET /wp-includes/block-patterns/ HTTP/1.0" 403 588 "-" "-"
91.239.130.201 - - [03/May/2026:08:56:15 +0200] "GET /wp-includes/block-supports/ HTTP/1.0" 403 588 "-" "-"
91.239.130.201 - - [03/May/2026:08:56:15 +0200] "GET /wp-includes/html-api/ HTTP/1.0" 403 582 "-" "-"
91.239.130.201 - - [03/May/2026:08:56:16 +0200] "GET /wp-includes/js/ HTTP/1.0" 403 576 "-" "-"
91.239.130.201 - - [03/May/2026:08:56:16 +0200] "GET /wp-includes/php-compat/ HTTP/1.0" 403 584 "-" "-"
91.239.130.201 - - [03/May/2026:08:56:16 +0200] "GET /wp-includes/PHPMailer/ HTTP/1.0" 403 583 "-" "-"
91.239.130.201 - - [03/May/2026:08:56:16 +0200] "GET /wp-includes/pomo/ HTTP/1.0" 403 578 "-" "-"
91.239.130.201 - - [03/May/2026:08:56:16 +0200] "GET /wp-includes/random_compat/ HTTP/1.0" 404 583 "-" "-"
91.239.130.201 - - [03/May/2026:08:56:16 +0200] "GET /wp-includes/rest-api/ HTTP/1.0" 403 582 "-" "-"
91.239.130.201 - - [03/May/2026:08:56:16 +0200] "GET /wp-includes/sitemaps/ HTTP/1.0" 403 582 "-" "-"
91.239.130.201 - - [03/May/2026:08:56:16 +0200] "GET /wp-includes/sodium_compat/ HTTP/1.0" 403 587 "-" "-"
91.239.130.201 - - [03/May/2026:08:56:16 +0200] "GET /wp-includes/style-engine/ HTTP/1.0" 403 586 "-" "-"
91.239.130.201 - - [03/May/2026:08:56:16 +0200] "GET /wp-includes/theme-compat/ HTTP/1.0" 403 586 "-" "-"
91.239.130.201 - - [03/May/2026:08:56:16 +0200] "GET /wp-includes/widgets/ HTTP/1.0" 403 581 "-" "-"
91.239.130.201 - - [03/May/2026:08:56:16 +0200] "GET /wp-admin/css/colors/ectoplasm/ HTTP/1.0" 403 591 "-" "-"
91.239.130.201 - - [03/May/2026:08:56:16 +0200] "GET /wp-admin/css/colors/ HTTP/1.0" 403 581 "-" "-"
91.239.130.201 - - [03/May/2026:08:56:16 +0200] "GET /admin/images/slider/ HTTP/1.0" 404 577 "-" "-"
91.239.130.201 - - [03/May/2026:08:56:16 +0200] "GET /admin/fckeditor/editor/filemanager/ HTTP/1.0" 404 592 "-" "-"
91.239.130.201 - - [03/May/2026:08:56:16 +0200] "GET /sites/default/files/ HTTP/1.0" 404 577 "-" "-"
91.239.130.201 - - [03/May/2026:08:56:16 +0200] "GET /admin/controller/extension/extension/ HTTP/1.0" 404 594 "-" "-"
91.239.130.201 - - [03/May/2026:08:56:17 +0200] "GET /modules/mod_simplefileuploadv1.3/elements/ HTTP/1.0" 404 599 "-" "-"
91.239.130.201 - - [03/May/2026:08:56:17 +0200] "GET /components/ HTTP/1.0" 404 568 "-" "-"
91.239.130.201 - - [03/May/2026:08:56:17 +0200] "GET /admin/uploads/images/ HTTP/1.0" 404 578 "-" "-"
91.239.130.201 - - [03/May/2026:08:56:17 +0200] "GET /wp-content/plugins/classic-editor/ HTTP/1.0" 404 591 "-" "-"
91.239.130.201 - - [03/May/2026:08:56:17 +0200] "GET /wp-content/fonts/ HTTP/1.0" 404 574 "-" "-"
91.239.130.201 - - [03/May/2026:08:56:17 +0200] "GET /wp-content/plugins/contact-form-7/admin/js/ HTTP/1.0" 404 600 "-" "-"
91.239.130.201 - - [03/May/2026:08:56:17 +0200] "GET /wp-content/plugins/contact-form-7/ HTTP/1.0" 404 591 "-" "-"
91.239.130.201 - - [03/May/2026:08:56:17 +0200] "GET /wordpress/ HTTP/1.0" 404 567 "-" "-"
91.239.130.201 - - [03/May/2026:08:56:17 +0200] "GET /wp-admin/images/ HTTP/1.0" 403 577 "-" "-"
91.239.130.201 - - [03/May/2026:08:56:17 +0200] "GET /wp-content/plugins/wordpress-seo/js/dist/ HTTP/1.0" 404 598 "-" "-"
91.239.130.201 - - [03/May/2026:08:56:17 +0200] "GET /wp-content/plugins/wordpress-seo/ HTTP/1.0" 404 590 "-" "-"
91.239.130.201 - - [03/May/2026:08:56:17 +0200] "GET /js/ HTTP/1.0" 404 560 "-" "-"
91.239.130.201 - - [03/May/2026:08:56:17 +0200] "GET /wp-content/plugins/woocommerce/assets/js/ HTTP/1.0" 404 598 "-" "-"
91.239.130.201 - - [03/May/2026:08:56:17 +0200] "GET /wp-content/plugins/woocommerce/ HTTP/1.0" 404 588 "-" "-"
91.239.130.201 - - [03/May/2026:08:56:17 +0200] "GET /wp-admin/meta/ HTTP/1.0" 404 571 "-" "-"
91.239.130.201 - - [03/May/2026:08:56:17 +0200] "GET /wp-admin/network/ HTTP/1.0" 302 590 "-" "-"
91.239.130.201 - - [03/May/2026:08:56:19 +0200] "GET /wp-login.php?redirect_to=https%3A%2F%2Fonline.comeonline.ch%2Fwp-admin%2Fnetwork%2F&reauth=1 HTTP/1.0" 200 11543 "-" "-"
91.239.130.201 - - [03/May/2026:08:56:20 +0200] "GET /wp-admin/user/ HTTP/1.0" 302 587 "-" "-"
91.239.130.201 - - [03/May/2026:08:56:20 +0200] "GET /wp-login.php?redirect_to=https%3A%2F%2Fonline.comeonline.ch%2Fwp-admin%2Fuser%2F&reauth=1 HTTP/1.0" 200 11537 "-" "-"
91.239.130.201 - - [03/May/2026:08:56:20 +0200] "GET /wp-content/ HTTP/1.0" 200 316 "-" "-"
80.74.154.100 - - [03/May/2026:08:56:18 +0200] "POST /wp-cron.php?doing_wp_cron=1777791378.5790970325469970703125 HTTP/1.0" 200 409 "-" "WordPress/6.9.4; https://online.comeonline.ch"
91.239.130.201 - - [03/May/2026:08:56:20 +0200] "GET /wp-content/plugins/ HTTP/1.0" 200 316 "-" "-"
91.239.130.201 - - [03/May/2026:08:56:20 +0200] "GET /wp-content/themes/ HTTP/1.0" 200 316 "-" "-"
91.239.130.201 - - [03/May/2026:08:56:20 +0200] "GET /wp-admin/includes/ HTTP/1.0" 403 579 "-" "-"
91.239.130.201 - - [03/May/2026:08:56:20 +0200] "GET /wp-admin/ HTTP/1.0" 302 580 "-" "-"
91.239.130.201 - - [03/May/2026:08:56:20 +0200] "GET /wp-login.php?redirect_to=https%3A%2F%2Fonline.comeonline.ch%2Fwp-admin%2F&reauth=1 HTTP/1.0" 200 11527 "-" "-"
91.239.130.201 - - [03/May/2026:08:56:20 +0200] "GET /wp-content/upgrade/ HTTP/1.0" 403 580 "-" "-"
31.47.251.11 - - [03/May/2026:09:00:42 +0200] "GET / HTTP/1.0" 200 70895 "-" "Mozilla/5.0 (Windows NT 10.0; Win64; x64) AppleWebKit/537.36 (KHTML, like Gecko) Chrome/120.0.0.0 Safari/537.36"
91.239.130.201 - - [03/May/2026:08:56:13 +0200] "GET /.well-known/acme-challenge/ HTTP/1.1" 403 146 "-" "-"
80.74.154.100 - - [04/May/2026:05:46:19 +0200] "POST /wp-cron.php?doing_wp_cron=1777866379.1671099662780761718750 HTTP/1.0" 200 409 "-" "WordPress/6.9.4; https://online.comeonline.ch"
80.74.154.100 - - [04/May/2026:06:12:47 +0200] "POST /wp-cron.php?doing_wp_cron=1777867967.3257501125335693359375 HTTP/1.0" 200 409 "-" "WordPress/6.9.4; https://online.comeonline.ch"
31.47.251.11 - - [04/May/2026:09:15:41 +0200] "GET / HTTP/1.0" 200 70895 "-" "Mozilla/5.0 (Windows NT 10.0; Win64; x64) AppleWebKit/537.36 (KHTML, like Gecko) Chrome/120.0.0.0 Safari/537.36"
80.74.154.100 - - [04/May/2026:09:15:42 +0200] "POST /wp-cron.php?doing_wp_cron=1777878942.2914929389953613281250 HTTP/1.0" 200 409 "-" "WordPress/6.9.4; https://online.comeonline.ch"
31.47.251.11 - - [04/May/2026:09:15:42 +0200] "GET / HTTP/1.0" 200 70895 "-" "Mozilla/5.0 (Windows NT 10.0; Win64; x64) AppleWebKit/537.36 (KHTML, like Gecko) Chrome/120.0.0.0 Safari/537.36"
80.74.154.100 - - [05/May/2026:05:49:16 +0200] "POST /wp-cron.php?doing_wp_cron=1777952956.6369919776916503906250 HTTP/1.0" 200 409 "-" "WordPress/6.9.4; https://online.comeonline.ch"
80.74.154.100 - - [05/May/2026:06:18:27 +0200] "POST /wp-cron.php?doing_wp_cron=1777954707.6777570247650146484375 HTTP/1.0" 200 409 "-" "WordPress/6.9.4; https://online.comeonline.ch"
31.47.251.11 - - [05/May/2026:09:15:50 +0200] "GET / HTTP/1.0" 200 70895 "-" "Mozilla/5.0 (Windows NT 10.0; Win64; x64) AppleWebKit/537.36 (KHTML, like Gecko) Chrome/120.0.0.0 Safari/537.36"
31.47.251.11 - - [05/May/2026:09:15:51 +0200] "GET / HTTP/1.0" 200 70895 "-" "Mozilla/5.0 (Windows NT 10.0; Win64; x64) AppleWebKit/537.36 (KHTML, like Gecko) Chrome/120.0.0.0 Safari/537.36"
80.74.154.100 - - [05/May/2026:09:15:51 +0200] "POST /wp-cron.php?doing_wp_cron=1777965351.5705790519714355468750 HTTP/1.0" 200 409 "-" "WordPress/6.9.4; https://online.comeonline.ch"
35.238.80.126 - - [05/May/2026:18:12:47 +0200] "GET / HTTP/1.0" 200 70895 "http://online.comeonline.ch" "Mozilla/5.0 (compatible; CMS-Checker/1.0; +https://example.com)"
80.74.154.100 - - [05/May/2026:18:12:48 +0200] "POST /wp-cron.php?doing_wp_cron=1777997568.5160911083221435546875 HTTP/1.0" 200 409 "-" "WordPress/6.9.4; https://online.comeonline.ch"
80.74.154.100 - - [06/May/2026:05:47:19 +0200] "POST /wp-cron.php?doing_wp_cron=1778039239.3788390159606933593750 HTTP/1.0" 200 409 "-" "WordPress/6.9.4; https://online.comeonline.ch"
80.74.154.100 - - [06/May/2026:06:15:46 +0200] "POST /wp-cron.php?doing_wp_cron=1778040946.6034479141235351562500 HTTP/1.0" 200 409 "-" "WordPress/6.9.4; https://online.comeonline.ch"
31.47.251.11 - - [06/May/2026:09:30:38 +0200] "GET / HTTP/1.0" 200 70895 "-" "Mozilla/5.0 (Windows NT 10.0; Win64; x64) AppleWebKit/537.36 (KHTML, like Gecko) Chrome/120.0.0.0 Safari/537.36"
31.47.251.11 - - [06/May/2026:09:30:38 +0200] "GET / HTTP/1.0" 200 70895 "-" "Mozilla/5.0 (Windows NT 10.0; Win64; x64) AppleWebKit/537.36 (KHTML, like Gecko) Chrome/120.0.0.0 Safari/537.36"
80.74.154.100 - - [06/May/2026:09:30:38 +0200] "POST /wp-cron.php?doing_wp_cron=1778052638.7544839382171630859375 HTTP/1.0" 200 409 "-" "WordPress/6.9.4; https://online.comeonline.ch"
35.223.196.157 - - [07/May/2026:02:07:13 +0200] "GET / HTTP/1.0" 200 70895 "-" "Mozilla/5.0 (Macintosh; Intel Mac OS X 10_10_1) AppleWebKit/537.36 (KHTML, like Gecko) Chrome/37.0.2062.124 Safari/537.36"
80.74.154.100 - - [07/May/2026:02:07:14 +0200] "POST /wp-cron.php?doing_wp_cron=1778112434.3617990016937255859375 HTTP/1.0" 200 409 "-" "WordPress/6.9.4; https://online.comeonline.ch"
80.74.154.100 - - [07/May/2026:06:05:09 +0200] "POST /wp-cron.php?doing_wp_cron=1778126708.8050689697265625000000 HTTP/1.0" 200 409 "-" "WordPress/6.9.4; https://online.comeonline.ch"
31.47.251.11 - - [07/May/2026:09:52:30 +0200] "GET / HTTP/1.0" 200 70895 "-" "Mozilla/5.0 (Windows NT 10.0; Win64; x64) AppleWebKit/537.36 (KHTML, like Gecko) Chrome/120.0.0.0 Safari/537.36"
80.74.154.100 - - [07/May/2026:09:52:41 +0200] "POST /wp-cron.php?doing_wp_cron=1778140360.7607450485229492187500 HTTP/1.0" 200 409 "-" "WordPress/6.9.4; https://online.comeonline.ch"
31.47.251.11 - - [07/May/2026:09:52:31 +0200] "GET / HTTP/1.0" 200 70895 "-" "Mozilla/5.0 (Windows NT 10.0; Win64; x64) AppleWebKit/537.36 (KHTML, like Gecko) Chrome/120.0.0.0 Safari/537.36"
34.6.5.215 - - [08/May/2026:00:11:27 +0200] "GET /.git/config HTTP/1.0" 404 568 "-" "Mozilla/5.0 (Linux; Android 9; Mi A1) AppleWebKit/537.36 (KHTML, like Gecko) Chrome/72.0.3626.121 Mobile Safari/537.36"
80.74.154.100 - - [08/May/2026:05:57:30 +0200] "POST /wp-cron.php?doing_wp_cron=1778212650.3701679706573486328125 HTTP/1.0" 200 7956 "-" "WordPress/6.9.4; https://online.comeonline.ch"
34.168.115.212 - - [08/May/2026:07:28:55 +0200] "GET / HTTP/1.0" 200 78442 "-" "Mozilla/5.0 (Windows NT 10.0; Win64; x64) AppleWebKit/537.36 (KHTML, like Gecko) Chrome/78.0.3904.108 Safari/537.36"
80.74.154.100 - - [08/May/2026:07:28:55 +0200] "POST /wp-cron.php?doing_wp_cron=1778218135.6644759178161621093750 HTTP/1.0" 200 409 "-" "WordPress/6.9.4; https://online.comeonline.ch"
34.168.115.212 - - [08/May/2026:07:28:57 +0200] "GET //wp-includes/wlwmanifest.xml HTTP/1.0" 404 584 "-" "Mozilla/5.0 (Windows NT 10.0; Win64; x64) AppleWebKit/537.36 (KHTML, like Gecko) Chrome/78.0.3904.108 Safari/537.36"
34.168.115.212 - - [08/May/2026:07:28:57 +0200] "GET //xmlrpc.php?rsd HTTP/1.0" 200 1173 "-" "Mozilla/5.0 (Windows NT 10.0; Win64; x64) AppleWebKit/537.36 (KHTML, like Gecko) Chrome/78.0.3904.108 Safari/537.36"
34.168.115.212 - - [08/May/2026:07:28:57 +0200] "GET //?author=1 HTTP/1.0" 301 407 "-" "Mozilla/5.0 (Windows NT 10.0; Win64; x64) AppleWebKit/537.36 (KHTML, like Gecko) Chrome/78.0.3904.108 Safari/537.36"
34.168.115.212 - - [08/May/2026:07:28:57 +0200] "GET //?author=2 HTTP/1.0" 301 519 "-" "Mozilla/5.0 (Windows NT 10.0; Win64; x64) AppleWebKit/537.36 (KHTML, like Gecko) Chrome/78.0.3904.108 Safari/537.36"
34.168.115.212 - - [08/May/2026:07:28:58 +0200] "GET //wp-json/wp/v2/users/ HTTP/1.0" 404 577 "-" "Mozilla/5.0 (Windows NT 10.0; Win64; x64) AppleWebKit/537.36 (KHTML, like Gecko) Chrome/78.0.3904.108 Safari/537.36"
34.168.115.212 - - [08/May/2026:07:28:58 +0200] "GET //wp-json/oembed/1.0/embed?url=https://online.comeonline.ch/ HTTP/1.0" 404 581 "-" "Mozilla/5.0 (Windows NT 10.0; Win64; x64) AppleWebKit/537.36 (KHTML, like Gecko) Chrome/78.0.3904.108 Safari/537.36"
34.168.115.212 - - [08/May/2026:07:28:58 +0200] "POST //xmlrpc.php HTTP/1.0" 200 741 "-" "Mozilla/5.0 (Windows NT 10.0; Win64; x64) AppleWebKit/537.36 (KHTML, like Gecko) Chrome/78.0.3904.108 Safari/537.36"
34.168.115.212 - - [08/May/2026:07:28:58 +0200] "POST //xmlrpc.php HTTP/1.0" 200 741 "-" "Mozilla/5.0 (Windows NT 10.0; Win64; x64) AppleWebKit/537.36 (KHTML, like Gecko) Chrome/78.0.3904.108 Safari/537.36"
34.168.115.212 - - [08/May/2026:07:28:58 +0200] "POST //xmlrpc.php HTTP/1.0" 200 741 "-" "Mozilla/5.0 (Windows NT 10.0; Win64; x64) AppleWebKit/537.36 (KHTML, like Gecko) Chrome/78.0.3904.108 Safari/537.36"
34.168.115.212 - - [08/May/2026:07:28:59 +0200] "POST //xmlrpc.php HTTP/1.0" 200 741 "-" "Mozilla/5.0 (Windows NT 10.0; Win64; x64) AppleWebKit/537.36 (KHTML, like Gecko) Chrome/78.0.3904.108 Safari/537.36"
34.168.115.212 - - [08/May/2026:07:28:59 +0200] "POST //xmlrpc.php HTTP/1.0" 200 741 "-" "Mozilla/5.0 (Windows NT 10.0; Win64; x64) AppleWebKit/537.36 (KHTML, like Gecko) Chrome/78.0.3904.108 Safari/537.36"
34.168.115.212 - - [08/May/2026:07:28:59 +0200] "POST //xmlrpc.php HTTP/1.0" 200 741 "-" "Mozilla/5.0 (Windows NT 10.0; Win64; x64) AppleWebKit/537.36 (KHTML, like Gecko) Chrome/78.0.3904.108 Safari/537.36"
34.168.115.212 - - [08/May/2026:07:28:59 +0200] "POST //xmlrpc.php HTTP/1.0" 200 741 "-" "Mozilla/5.0 (Windows NT 10.0; Win64; x64) AppleWebKit/537.36 (KHTML, like Gecko) Chrome/78.0.3904.108 Safari/537.36"
34.168.115.212 - - [08/May/2026:07:29:00 +0200] "POST //xmlrpc.php HTTP/1.0" 200 741 "-" "Mozilla/5.0 (Windows NT 10.0; Win64; x64) AppleWebKit/537.36 (KHTML, like Gecko) Chrome/78.0.3904.108 Safari/537.36"
31.47.251.11 - - [08/May/2026:10:01:47 +0200] "GET / HTTP/1.0" 200 70895 "-" "Mozilla/5.0 (Windows NT 10.0; Win64; x64) AppleWebKit/537.36 (KHTML, like Gecko) Chrome/120.0.0.0 Safari/537.36"
31.47.251.11 - - [08/May/2026:10:01:48 +0200] "GET / HTTP/1.0" 200 70895 "-" "Mozilla/5.0 (Windows NT 10.0; Win64; x64) AppleWebKit/537.36 (KHTML, like Gecko) Chrome/120.0.0.0 Safari/537.36"
80.74.154.100 - - [08/May/2026:10:01:51 +0200] "POST /wp-cron.php HTTP/1.0" 200 409 "-" "WordPress/6.9.4; https://online.comeonline.ch"
80.74.154.100 - - [08/May/2026:10:01:51 +0200] "GET / HTTP/1.0" 200 70895 "-" "WordPress/6.9.4; https://online.comeonline.ch"
80.74.154.100 - - [08/May/2026:10:01:51 +0200] "GET / HTTP/1.0" 200 70895 "-" "WordPress/6.9.4; https://online.comeonline.ch"
80.74.154.100 - - [08/May/2026:10:01:51 +0200] "GET / HTTP/1.0" 200 70895 "-" "WordPress/6.9.4; https://online.comeonline.ch"
80.74.154.100 - - [08/May/2026:10:01:52 +0200] "GET / HTTP/1.0" 200 70895 "-" "WordPress/6.9.4; https://online.comeonline.ch"
80.74.154.100 - - [08/May/2026:10:01:48 +0200] "POST /wp-cron.php?doing_wp_cron=1778227308.2642130851745605468750 HTTP/1.0" 200 409 "-" "WordPress/6.9.4; https://online.comeonline.ch"
80.74.154.100 - - [09/May/2026:05:58:50 +0200] "POST /wp-cron.php?doing_wp_cron=1778299129.7450230121612548828125 HTTP/1.0" 200 409 "-" "WordPress/6.9.4; https://online.comeonline.ch"
31.47.251.11 - - [09/May/2026:10:17:00 +0200] "GET / HTTP/1.0" 200 70895 "-" "Mozilla/5.0 (Windows NT 10.0; Win64; x64) AppleWebKit/537.36 (KHTML, like Gecko) Chrome/120.0.0.0 Safari/537.36"
80.74.154.100 - - [09/May/2026:10:17:01 +0200] "POST /wp-cron.php?doing_wp_cron=1778314620.7925040721893310546875 HTTP/1.0" 200 409 "-" "WordPress/6.9.4; https://online.comeonline.ch"
31.47.251.11 - - [09/May/2026:10:17:00 +0200] "GET / HTTP/1.0" 200 70895 "-" "Mozilla/5.0 (Windows NT 10.0; Win64; x64) AppleWebKit/537.36 (KHTML, like Gecko) Chrome/120.0.0.0 Safari/537.36"
80.74.154.100 - - [10/May/2026:05:58:40 +0200] "POST /wp-cron.php?doing_wp_cron=1778385520.0427880287170410156250 HTTP/1.0" 200 409 "-" "WordPress/6.9.4; https://online.comeonline.ch"
31.47.251.11 - - [10/May/2026:10:31:17 +0200] "GET / HTTP/1.0" 200 70895 "-" "Mozilla/5.0 (Windows NT 10.0; Win64; x64) AppleWebKit/537.36 (KHTML, like Gecko) Chrome/120.0.0.0 Safari/537.36"
31.47.251.11 - - [10/May/2026:10:31:18 +0200] "GET / HTTP/1.0" 200 70895 "-" "Mozilla/5.0 (Windows NT 10.0; Win64; x64) AppleWebKit/537.36 (KHTML, like Gecko) Chrome/120.0.0.0 Safari/537.36"
80.74.154.100 - - [10/May/2026:10:31:18 +0200] "POST /wp-cron.php?doing_wp_cron=1778401878.4376649856567382812500 HTTP/1.0" 200 409 "-" "WordPress/6.9.4; https://online.comeonline.ch"
35.203.118.91 - - [10/May/2026:20:39:10 +0200] "GET /.git/config HTTP/1.0" 404 568 "-" "Mozilla/5.0 (X11; Linux x86_64) AppleWebKit/537.36 (KHTML, like Gecko) Chrome/76.0.3809.111 Safari/537.36"
80.74.154.100 - - [11/May/2026:05:55:26 +0200] "POST /wp-cron.php?doing_wp_cron=1778471726.6253399848937988281250 HTTP/1.0" 200 409 "-" "WordPress/6.9.4; https://online.comeonline.ch"
80.74.154.100 - - [11/May/2026:06:25:08 +0200] "POST /wp-cron.php?doing_wp_cron=1778473508.3980851173400878906250 HTTP/1.0" 200 409 "-" "WordPress/6.9.4; https://online.comeonline.ch"
