34.182.20.89 - - [14/Dec/2025:17:23:54 +0100] "GET //xmlrpc.php?rsd HTTP/1.0" 200 1173 "-" "Mozilla/5.0 (Windows NT 10.0; Win64; x64) AppleWebKit/537.36 (KHTML, like Gecko) Chrome/78.0.3904.108 Safari/537.36"
34.182.20.89 - - [14/Dec/2025:17:23:55 +0100] "GET //?author=1 HTTP/1.0" 301 407 "-" "Mozilla/5.0 (Windows NT 10.0; Win64; x64) AppleWebKit/537.36 (KHTML, like Gecko) Chrome/78.0.3904.108 Safari/537.36"
34.182.20.89 - - [14/Dec/2025:17:23:55 +0100] "GET //?author=2 HTTP/1.0" 301 519 "-" "Mozilla/5.0 (Windows NT 10.0; Win64; x64) AppleWebKit/537.36 (KHTML, like Gecko) Chrome/78.0.3904.108 Safari/537.36"
34.182.20.89 - - [14/Dec/2025:17:23:55 +0100] "GET //wp-json/wp/v2/users/ HTTP/1.0" 404 577 "-" "Mozilla/5.0 (Windows NT 10.0; Win64; x64) AppleWebKit/537.36 (KHTML, like Gecko) Chrome/78.0.3904.108 Safari/537.36"
34.182.20.89 - - [14/Dec/2025:17:23:55 +0100] "GET //wp-json/oembed/1.0/embed?url=https://online.comeonline.ch/ HTTP/1.0" 404 581 "-" "Mozilla/5.0 (Windows NT 10.0; Win64; x64) AppleWebKit/537.36 (KHTML, like Gecko) Chrome/78.0.3904.108 Safari/537.36"
34.182.20.89 - - [14/Dec/2025:17:23:55 +0100] "POST //xmlrpc.php HTTP/1.0" 200 741 "-" "Mozilla/5.0 (Windows NT 10.0; Win64; x64) AppleWebKit/537.36 (KHTML, like Gecko) Chrome/78.0.3904.108 Safari/537.36"
34.182.20.89 - - [14/Dec/2025:17:23:56 +0100] "POST //xmlrpc.php HTTP/1.0" 200 741 "-" "Mozilla/5.0 (Windows NT 10.0; Win64; x64) AppleWebKit/537.36 (KHTML, like Gecko) Chrome/78.0.3904.108 Safari/537.36"
34.182.20.89 - - [14/Dec/2025:17:23:56 +0100] "POST //xmlrpc.php HTTP/1.0" 200 741 "-" "Mozilla/5.0 (Windows NT 10.0; Win64; x64) AppleWebKit/537.36 (KHTML, like Gecko) Chrome/78.0.3904.108 Safari/537.36"
34.182.20.89 - - [14/Dec/2025:17:23:56 +0100] "POST //xmlrpc.php HTTP/1.0" 200 741 "-" "Mozilla/5.0 (Windows NT 10.0; Win64; x64) AppleWebKit/537.36 (KHTML, like Gecko) Chrome/78.0.3904.108 Safari/537.36"
34.182.20.89 - - [14/Dec/2025:17:23:56 +0100] "POST //xmlrpc.php HTTP/1.0" 200 741 "-" "Mozilla/5.0 (Windows NT 10.0; Win64; x64) AppleWebKit/537.36 (KHTML, like Gecko) Chrome/78.0.3904.108 Safari/537.36"
34.182.20.89 - - [14/Dec/2025:17:23:56 +0100] "POST //xmlrpc.php HTTP/1.0" 200 741 "-" "Mozilla/5.0 (Windows NT 10.0; Win64; x64) AppleWebKit/537.36 (KHTML, like Gecko) Chrome/78.0.3904.108 Safari/537.36"
34.182.20.89 - - [14/Dec/2025:17:23:57 +0100] "POST //xmlrpc.php HTTP/1.0" 200 741 "-" "Mozilla/5.0 (Windows NT 10.0; Win64; x64) AppleWebKit/537.36 (KHTML, like Gecko) Chrome/78.0.3904.108 Safari/537.36"
74.7.175.192 - - [14/Dec/2025:22:39:20 +0100] "GET /robots.txt HTTP/1.0" 404 567 "-" "Mozilla/5.0 (Macintosh; Intel Mac OS X 10_15_7) AppleWebKit/537.36 (KHTML, like Gecko) Chrome/131.0.0.0 Safari/537.36; compatible; OAI-SearchBot/1.3; robots.txt; +https://openai.com/searchbot"
80.74.154.100 - - [15/Dec/2025:05:53:15 +0100] "POST /wp-cron.php?doing_wp_cron=1765774394.9710988998413085937500 HTTP/1.0" 200 409 "-" "WordPress/6.9; https://online.comeonline.ch"
80.74.154.100 - - [15/Dec/2025:06:16:56 +0100] "POST /wp-cron.php?doing_wp_cron=1765775815.9493060111999511718750 HTTP/1.0" 200 409 "-" "WordPress/6.9; https://online.comeonline.ch"
139.59.21.225 - - [15/Dec/2025:06:38:35 +0100] "GET /wp-login.php HTTP/1.0" 200 9395 "-" "Mozilla/5.0"
139.59.21.225 - - [15/Dec/2025:06:38:36 +0100] "GET /?author=1 HTTP/1.0" 200 71986 "-" "Mozilla/5.0"
139.59.21.225 - - [15/Dec/2025:06:38:36 +0100] "GET /?feed=rss2 HTTP/1.0" 200 2404 "-" "Mozilla/5.0"
158.173.152.193 - - [15/Dec/2025:06:55:44 +0100] "GET / HTTP/1.0" 200 70918 "-" "Mozilla/5.0 (Macintosh; Intel Mac OS X 10_15_7) AppleWebKit/605.1.15 (KHTML, like Gecko) Version/18.4 Safari/605.1.15"
141.11.164.107 - - [15/Dec/2025:06:55:46 +0100] "GET / HTTP/1.0" 200 70918 "-" "Mozilla/5.0 (Linux; arm_64; Android 12; M2102J20SG) AppleWebKit/537.36 (KHTML, like Gecko) Chrome/140.0.7339.112 YaBrowser/25.10.5.112.00 SA/3 Mobile Safari/537.36"
158.173.152.193 - - [15/Dec/2025:06:56:56 +0100] "GET /wp-content/uploads/2024/08/cropped-Online_Band_2022_7-scaled-2-32x32.jpg HTTP/1.0" 200 1765 "-" "Mozilla/5.0 (Macintosh; Intel Mac OS X 10_15_7) AppleWebKit/605.1.15 (KHTML, like Gecko) Version/18.4 Safari/605.1.15"
158.173.152.193 - - [15/Dec/2025:06:56:56 +0100] "GET /wp-content/uploads/2024/08/cropped-Online_Band_2022_7-scaled-2-192x192.jpg HTTP/1.0" 200 12029 "-" "Mozilla/5.0 (Macintosh; Intel Mac OS X 10_15_7) AppleWebKit/605.1.15 (KHTML, like Gecko) Version/18.4 Safari/605.1.15"
158.173.152.193 - - [15/Dec/2025:06:56:59 +0100] "GET /wp-content/uploads/2024/08/cropped-Online_Band_2022_7-scaled-2-180x180.jpg HTTP/1.0" 200 11188 "-" "Mozilla/5.0 (Macintosh; Intel Mac OS X 10_15_7) AppleWebKit/605.1.15 (KHTML, like Gecko) Version/18.4 Safari/605.1.15"
141.11.164.107 - - [15/Dec/2025:06:57:00 +0100] "GET /wp-content/uploads/2024/08/cropped-Online_Band_2022_7-scaled-2-32x32.jpg HTTP/1.0" 200 1765 "-" "Mozilla/5.0 (Linux; arm_64; Android 12; M2102J20SG) AppleWebKit/537.36 (KHTML, like Gecko) Chrome/140.0.7339.112 YaBrowser/25.10.5.112.00 SA/3 Mobile Safari/537.36"
141.11.164.107 - - [15/Dec/2025:06:57:00 +0100] "GET /wp-content/uploads/2024/08/cropped-Online_Band_2022_7-scaled-2-192x192.jpg HTTP/1.0" 200 12029 "-" "Mozilla/5.0 (Linux; arm_64; Android 12; M2102J20SG) AppleWebKit/537.36 (KHTML, like Gecko) Chrome/140.0.7339.112 YaBrowser/25.10.5.112.00 SA/3 Mobile Safari/537.36"
141.11.164.107 - - [15/Dec/2025:06:57:01 +0100] "GET /wp-content/uploads/2024/08/cropped-Online_Band_2022_7-scaled-2-180x180.jpg HTTP/1.0" 200 11188 "-" "Mozilla/5.0 (Linux; arm_64; Android 12; M2102J20SG) AppleWebKit/537.36 (KHTML, like Gecko) Chrome/140.0.7339.112 YaBrowser/25.10.5.112.00 SA/3 Mobile Safari/537.36"
158.173.152.193 - - [15/Dec/2025:06:58:19 +0100] "GET /favicon.ico HTTP/1.0" 404 568 "-" "Mozilla/5.0 (Macintosh; Intel Mac OS X 10_15_7) AppleWebKit/605.1.15 (KHTML, like Gecko) Version/18.4 Safari/605.1.15"
139.59.21.225 - - [15/Dec/2025:07:04:14 +0100] "POST /wp-login.php HTTP/1.0" 200 9819 "-" "Mozilla/5.0"
80.74.154.100 - - [15/Dec/2025:07:04:14 +0100] "POST /wp-cron.php?doing_wp_cron=1765778654.5616729259490966796875 HTTP/1.0" 200 409 "-" "WordPress/6.9; https://online.comeonline.ch"
139.59.21.225 - - [15/Dec/2025:07:10:49 +0100] "POST /wp-login.php HTTP/1.0" 200 9819 "-" "Mozilla/5.0"
139.59.21.225 - - [15/Dec/2025:07:17:27 +0100] "POST /wp-login.php HTTP/1.0" 200 9819 "-" "Mozilla/5.0"
139.59.21.225 - - [15/Dec/2025:07:25:19 +0100] "POST /wp-login.php HTTP/1.0" 200 9819 "-" "Mozilla/5.0"
139.59.21.225 - - [15/Dec/2025:07:35:21 +0100] "POST /wp-login.php HTTP/1.0" 200 9819 "-" "Mozilla/5.0"
139.59.21.225 - - [15/Dec/2025:07:45:31 +0100] "POST /wp-login.php HTTP/1.0" 200 9819 "-" "Mozilla/5.0"
139.59.21.225 - - [15/Dec/2025:07:55:49 +0100] "POST /wp-login.php HTTP/1.0" 200 9819 "-" "Mozilla/5.0"
139.59.21.225 - - [15/Dec/2025:08:06:21 +0100] "POST /wp-login.php HTTP/1.0" 200 9819 "-" "Mozilla/5.0"
80.74.154.100 - - [15/Dec/2025:08:06:22 +0100] "POST /wp-cron.php?doing_wp_cron=1765782381.9640040397644042968750 HTTP/1.0" 200 409 "-" "WordPress/6.9; https://online.comeonline.ch"
139.59.21.225 - - [15/Dec/2025:08:18:36 +0100] "POST /wp-login.php HTTP/1.0" 200 9819 "-" "Mozilla/5.0"
139.59.21.225 - - [15/Dec/2025:08:31:25 +0100] "POST /wp-login.php HTTP/1.0" 200 9819 "-" "Mozilla/5.0"
139.59.21.225 - - [15/Dec/2025:10:03:25 +0100] "POST /wp-login.php HTTP/1.0" 200 9819 "-" "Mozilla/5.0"
80.74.154.100 - - [15/Dec/2025:10:03:26 +0100] "POST /wp-cron.php?doing_wp_cron=1765789406.7508668899536132812500 HTTP/1.0" 200 409 "-" "WordPress/6.9; https://online.comeonline.ch"
139.59.21.225 - - [15/Dec/2025:10:30:35 +0100] "POST /wp-login.php HTTP/1.0" 200 9819 "-" "Mozilla/5.0"
80.74.154.100 - - [15/Dec/2025:10:30:36 +0100] "POST /wp-cron.php?doing_wp_cron=1765791036.1060349941253662109375 HTTP/1.0" 200 409 "-" "WordPress/6.9; https://online.comeonline.ch"
139.59.21.225 - - [15/Dec/2025:13:04:44 +0100] "POST /wp-login.php HTTP/1.0" 200 9819 "-" "Mozilla/5.0"
80.74.154.100 - - [15/Dec/2025:13:04:45 +0100] "POST /wp-cron.php?doing_wp_cron=1765800285.4004430770874023437500 HTTP/1.0" 200 409 "-" "WordPress/6.9; https://online.comeonline.ch"
139.59.21.225 - - [15/Dec/2025:13:32:29 +0100] "POST /wp-login.php HTTP/1.0" 200 9819 "-" "Mozilla/5.0"
139.59.21.225 - - [15/Dec/2025:14:00:39 +0100] "POST /wp-login.php HTTP/1.0" 200 9819 "-" "Mozilla/5.0"
80.74.154.100 - - [15/Dec/2025:14:00:40 +0100] "POST /wp-cron.php?doing_wp_cron=1765803640.4539039134979248046875 HTTP/1.0" 200 409 "-" "WordPress/6.9; https://online.comeonline.ch"
34.26.89.11 - - [15/Dec/2025:16:51:24 +0100] "GET / HTTP/1.0" 200 70918 "http://online.comeonline.ch" "Mozilla/5.0 (compatible; CMS-Checker/1.0; +https://example.com)"
80.74.154.100 - - [15/Dec/2025:16:51:24 +0100] "POST /wp-cron.php?doing_wp_cron=1765813884.6990950107574462890625 HTTP/1.0" 200 409 "-" "WordPress/6.9; https://online.comeonline.ch"
34.26.89.11 - - [15/Dec/2025:17:47:20 +0100] "GET / HTTP/1.0" 200 70918 "-" "Mozilla/5.0 (Windows NT 10.0; Win64; x64) AppleWebKit/537.36 (KHTML, like Gecko) Chrome/78.0.3904.108 Safari/537.36"
80.74.154.100 - - [15/Dec/2025:17:47:21 +0100] "POST /wp-cron.php?doing_wp_cron=1765817241.4570279121398925781250 HTTP/1.0" 200 409 "-" "WordPress/6.9; https://online.comeonline.ch"
34.26.89.11 - - [15/Dec/2025:17:47:22 +0100] "GET //wp-includes/wlwmanifest.xml HTTP/1.0" 404 584 "-" "Mozilla/5.0 (Windows NT 10.0; Win64; x64) AppleWebKit/537.36 (KHTML, like Gecko) Chrome/78.0.3904.108 Safari/537.36"
34.26.89.11 - - [15/Dec/2025:17:47:22 +0100] "GET //xmlrpc.php?rsd HTTP/1.0" 200 1173 "-" "Mozilla/5.0 (Windows NT 10.0; Win64; x64) AppleWebKit/537.36 (KHTML, like Gecko) Chrome/78.0.3904.108 Safari/537.36"
34.26.89.11 - - [15/Dec/2025:17:47:23 +0100] "GET //?author=1 HTTP/1.0" 301 407 "-" "Mozilla/5.0 (Windows NT 10.0; Win64; x64) AppleWebKit/537.36 (KHTML, like Gecko) Chrome/78.0.3904.108 Safari/537.36"
34.26.89.11 - - [15/Dec/2025:17:47:23 +0100] "GET //?author=2 HTTP/1.0" 301 519 "-" "Mozilla/5.0 (Windows NT 10.0; Win64; x64) AppleWebKit/537.36 (KHTML, like Gecko) Chrome/78.0.3904.108 Safari/537.36"
34.26.89.11 - - [15/Dec/2025:17:47:23 +0100] "GET //wp-json/wp/v2/users/ HTTP/1.0" 404 577 "-" "Mozilla/5.0 (Windows NT 10.0; Win64; x64) AppleWebKit/537.36 (KHTML, like Gecko) Chrome/78.0.3904.108 Safari/537.36"
34.26.89.11 - - [15/Dec/2025:17:47:23 +0100] "GET //wp-json/oembed/1.0/embed?url=https://online.comeonline.ch/ HTTP/1.0" 404 581 "-" "Mozilla/5.0 (Windows NT 10.0; Win64; x64) AppleWebKit/537.36 (KHTML, like Gecko) Chrome/78.0.3904.108 Safari/537.36"
34.26.89.11 - - [15/Dec/2025:17:47:23 +0100] "POST //xmlrpc.php HTTP/1.0" 200 741 "-" "Mozilla/5.0 (Windows NT 10.0; Win64; x64) AppleWebKit/537.36 (KHTML, like Gecko) Chrome/78.0.3904.108 Safari/537.36"
34.26.89.11 - - [15/Dec/2025:17:47:24 +0100] "POST //xmlrpc.php HTTP/1.0" 200 741 "-" "Mozilla/5.0 (Windows NT 10.0; Win64; x64) AppleWebKit/537.36 (KHTML, like Gecko) Chrome/78.0.3904.108 Safari/537.36"
34.26.89.11 - - [15/Dec/2025:17:47:24 +0100] "POST //xmlrpc.php HTTP/1.0" 200 741 "-" "Mozilla/5.0 (Windows NT 10.0; Win64; x64) AppleWebKit/537.36 (KHTML, like Gecko) Chrome/78.0.3904.108 Safari/537.36"
34.26.89.11 - - [15/Dec/2025:17:47:24 +0100] "POST //xmlrpc.php HTTP/1.0" 200 741 "-" "Mozilla/5.0 (Windows NT 10.0; Win64; x64) AppleWebKit/537.36 (KHTML, like Gecko) Chrome/78.0.3904.108 Safari/537.36"
34.26.89.11 - - [15/Dec/2025:17:47:24 +0100] "POST //xmlrpc.php HTTP/1.0" 200 741 "-" "Mozilla/5.0 (Windows NT 10.0; Win64; x64) AppleWebKit/537.36 (KHTML, like Gecko) Chrome/78.0.3904.108 Safari/537.36"
34.26.89.11 - - [15/Dec/2025:17:47:24 +0100] "POST //xmlrpc.php HTTP/1.0" 200 741 "-" "Mozilla/5.0 (Windows NT 10.0; Win64; x64) AppleWebKit/537.36 (KHTML, like Gecko) Chrome/78.0.3904.108 Safari/537.36"
34.26.89.11 - - [15/Dec/2025:17:47:24 +0100] "POST //xmlrpc.php HTTP/1.0" 200 741 "-" "Mozilla/5.0 (Windows NT 10.0; Win64; x64) AppleWebKit/537.36 (KHTML, like Gecko) Chrome/78.0.3904.108 Safari/537.36"
139.59.21.225 - - [15/Dec/2025:20:04:45 +0100] "POST /wp-login.php HTTP/1.0" 200 9819 "-" "Mozilla/5.0"
80.74.154.100 - - [15/Dec/2025:20:04:47 +0100] "POST /wp-cron.php?doing_wp_cron=1765825486.9121329784393310546875 HTTP/1.0" 200 409 "-" "WordPress/6.9; https://online.comeonline.ch"
139.59.21.225 - - [15/Dec/2025:20:33:25 +0100] "POST /wp-login.php HTTP/1.0" 200 9819 "-" "Mozilla/5.0"
139.59.21.225 - - [15/Dec/2025:21:02:13 +0100] "POST /wp-login.php HTTP/1.0" 200 9819 "-" "Mozilla/5.0"
80.74.154.100 - - [15/Dec/2025:21:02:13 +0100] "POST /wp-cron.php?doing_wp_cron=1765828933.6711969375610351562500 HTTP/1.0" 200 409 "-" "WordPress/6.9; https://online.comeonline.ch"
139.59.21.225 - - [15/Dec/2025:21:30:54 +0100] "POST /wp-login.php HTTP/1.0" 200 9819 "-" "Mozilla/5.0"
139.59.21.225 - - [15/Dec/2025:23:40:03 +0100] "POST /wp-login.php HTTP/1.0" 200 9819 "-" "Mozilla/5.0"
80.74.154.100 - - [15/Dec/2025:23:40:04 +0100] "POST /wp-cron.php?doing_wp_cron=1765838404.4464659690856933593750 HTTP/1.0" 200 409 "-" "WordPress/6.9; https://online.comeonline.ch"
74.7.175.166 - - [16/Dec/2025:02:38:01 +0100] "GET /robots.txt HTTP/1.0" 404 567 "-" "Mozilla/5.0 (Macintosh; Intel Mac OS X 10_15_7) AppleWebKit/537.36 (KHTML, like Gecko) Chrome/131.0.0.0 Safari/537.36; compatible; OAI-SearchBot/1.3; robots.txt; +https://openai.com/searchbot"
80.74.154.100 - - [16/Dec/2025:05:56:05 +0100] "POST /wp-cron.php?doing_wp_cron=1765860965.2850658893585205078125 HTTP/1.0" 200 409 "-" "WordPress/6.9; https://online.comeonline.ch"
35.93.108.32 - - [16/Dec/2025:06:09:00 +0100] "GET /robots.txt HTTP/1.0" 404 567 "-" "Mozilla/5.0 (compatible; wpbot/1.3; +https://forms.gle/ajBaxygz9jSR8p8G9)"
35.93.108.32 - - [16/Dec/2025:06:09:00 +0100] "GET /enhancecp HTTP/1.0" 404 566 "-" "Mozilla/5.0 (compatible; wpbot/1.3; +https://forms.gle/ajBaxygz9jSR8p8G9)"
74.7.175.166 - - [16/Dec/2025:15:41:24 +0100] "GET /robots.txt HTTP/1.0" 404 567 "-" "Mozilla/5.0 (Macintosh; Intel Mac OS X 10_15_7) AppleWebKit/537.36 (KHTML, like Gecko) Chrome/131.0.0.0 Safari/537.36; compatible; OAI-SearchBot/1.3; robots.txt; +https://openai.com/searchbot"
130.211.251.98 - - [16/Dec/2025:17:08:47 +0100] "GET /.git/config HTTP/1.0" 404 568 "-" "-"
139.59.133.87 - - [16/Dec/2025:20:48:47 +0100] "POST / HTTP/1.0" 406 615 "-" "Python/3.14 aiohttp/3.13.2"
51.44.15.61 - - [16/Dec/2025:21:22:19 +0100] "GET / HTTP/1.0" 200 70918 "-" "Mozilla/5.0 (Windows NT 10.0; Win64; x64) AppleWebKit/537.36 (KHTML, like Gecko) Chrome/60.0.3112.113 Safari/537.36 Assetnote/1.0.0"
51.44.15.61 - - [16/Dec/2025:21:22:20 +0100] "HEAD /apps HTTP/1.0" 404 137 "-" "Mozilla/5.0 (Windows NT 10.0; Win64; x64) AppleWebKit/537.36 (KHTML, like Gecko) Chrome/60.0.3112.113 Safari/537.36 Assetnote/1.0.0"
51.44.15.61 - - [16/Dec/2025:21:22:20 +0100] "HEAD /api/action HTTP/1.0" 404 137 "-" "Mozilla/5.0 (Windows NT 10.0; Win64; x64) AppleWebKit/537.36 (KHTML, like Gecko) Chrome/60.0.3112.113 Safari/537.36 Assetnote/1.0.0"
51.44.15.61 - - [16/Dec/2025:21:22:20 +0100] "HEAD /api/actions HTTP/1.0" 404 137 "-" "Mozilla/5.0 (Windows NT 10.0; Win64; x64) AppleWebKit/537.36 (KHTML, like Gecko) Chrome/60.0.3112.113 Safari/537.36 Assetnote/1.0.0"
51.44.15.61 - - [16/Dec/2025:21:22:20 +0100] "HEAD /_next/data HTTP/1.0" 404 137 "-" "Mozilla/5.0 (Windows NT 10.0; Win64; x64) AppleWebKit/537.36 (KHTML, like Gecko) Chrome/60.0.3112.113 Safari/537.36 Assetnote/1.0.0"
51.44.15.61 - - [16/Dec/2025:21:22:20 +0100] "POST / HTTP/1.0" 200 70918 "-" "Mozilla/5.0 (Windows NT 10.0; Win64; x64) AppleWebKit/537.36 (KHTML, like Gecko) Chrome/60.0.3112.113 Safari/537.36 Assetnote/1.0.0"
80.74.154.100 - - [16/Dec/2025:21:22:19 +0100] "POST /wp-cron.php?doing_wp_cron=1765916539.6401898860931396484375 HTTP/1.0" 200 409 "-" "WordPress/6.9; https://online.comeonline.ch"
151.80.144.77 - - [17/Dec/2025:03:08:43 +0100] "GET / HTTP/1.0" 200 70918 "-" "Mozilla/5.0"
80.74.154.100 - - [17/Dec/2025:03:08:44 +0100] "POST /wp-cron.php?doing_wp_cron=1765937324.4487590789794921875000 HTTP/1.0" 200 7956 "-" "WordPress/6.9; https://online.comeonline.ch"
80.74.154.100 - - [17/Dec/2025:05:54:33 +0100] "POST /wp-cron.php?doing_wp_cron=1765947273.0530240535736083984375 HTTP/1.0" 200 409 "-" "WordPress/6.9; https://online.comeonline.ch"
80.74.154.100 - - [17/Dec/2025:06:18:53 +0100] "POST /wp-cron.php?doing_wp_cron=1765948733.4412488937377929687500 HTTP/1.0" 200 409 "-" "WordPress/6.9; https://online.comeonline.ch"
3.71.205.138 - - [18/Dec/2025:00:24:28 +0100] "GET / HTTP/1.0" 200 70918 "-" "Mozilla/5.0 (Windows NT 10.0; Win64; x64) AppleWebKit/537.36 (KHTML, like Gecko) Chrome/60.0.3112.113 Safari/537.36 Assetnote/1.0.0"
3.71.205.138 - - [18/Dec/2025:00:24:30 +0100] "HEAD /apps HTTP/1.0" 404 137 "-" "Mozilla/5.0 (Windows NT 10.0; Win64; x64) AppleWebKit/537.36 (KHTML, like Gecko) Chrome/60.0.3112.113 Safari/537.36 Assetnote/1.0.0"
3.71.205.138 - - [18/Dec/2025:00:24:30 +0100] "HEAD /api/action HTTP/1.0" 404 137 "-" "Mozilla/5.0 (Windows NT 10.0; Win64; x64) AppleWebKit/537.36 (KHTML, like Gecko) Chrome/60.0.3112.113 Safari/537.36 Assetnote/1.0.0"
3.71.205.138 - - [18/Dec/2025:00:24:30 +0100] "HEAD /api/actions HTTP/1.0" 404 137 "-" "Mozilla/5.0 (Windows NT 10.0; Win64; x64) AppleWebKit/537.36 (KHTML, like Gecko) Chrome/60.0.3112.113 Safari/537.36 Assetnote/1.0.0"
3.71.205.138 - - [18/Dec/2025:00:24:30 +0100] "HEAD /_next/data HTTP/1.0" 404 137 "-" "Mozilla/5.0 (Windows NT 10.0; Win64; x64) AppleWebKit/537.36 (KHTML, like Gecko) Chrome/60.0.3112.113 Safari/537.36 Assetnote/1.0.0"
3.71.205.138 - - [18/Dec/2025:00:24:30 +0100] "POST / HTTP/1.0" 200 70918 "-" "Mozilla/5.0 (Windows NT 10.0; Win64; x64) AppleWebKit/537.36 (KHTML, like Gecko) Chrome/60.0.3112.113 Safari/537.36 Assetnote/1.0.0"
80.74.154.100 - - [18/Dec/2025:00:24:29 +0100] "POST /wp-cron.php?doing_wp_cron=1766013869.2556629180908203125000 HTTP/1.0" 200 409 "-" "WordPress/6.9; https://online.comeonline.ch"
80.74.154.100 - - [18/Dec/2025:05:56:30 +0100] "POST /wp-cron.php?doing_wp_cron=1766033790.2440710067749023437500 HTTP/1.0" 200 409 "-" "WordPress/6.9; https://online.comeonline.ch"
134.199.149.230 - - [18/Dec/2025:20:46:56 +0100] "HEAD / HTTP/1.0" 200 137 "-" "Mozilla/5.0 (Windows NT 10.0; Win64; x64) AppleWebKit/537.36 (KHTML, like Gecko) Chrome/125.0.0.0 Safari/537.36"
80.74.154.100 - - [18/Dec/2025:20:46:56 +0100] "POST /wp-cron.php?doing_wp_cron=1766087216.6537458896636962890625 HTTP/1.0" 200 409 "-" "WordPress/6.9; https://online.comeonline.ch"
134.199.149.230 - - [18/Dec/2025:20:46:57 +0100] "GET / HTTP/1.0" 200 70918 "-" "Mozilla/5.0 (Windows NT 10.0; Win64; x64) AppleWebKit/537.36 (KHTML, like Gecko) Chrome/125.0.0.0 Safari/537.36"
134.199.149.230 - - [18/Dec/2025:20:46:59 +0100] "GET /.env HTTP/1.0" 404 561 "-" "Mozilla/5.0 (Windows NT 10.0; Win64; x64) AppleWebKit/537.36 (KHTML, like Gecko) Chrome/125.0.0.0 Safari/537.36"
134.199.149.230 - - [18/Dec/2025:20:46:59 +0100] "GET / HTTP/1.0" 200 70918 "-" "Mozilla/5.0 (Windows NT 10.0; Win64; x64) AppleWebKit/537.36 (KHTML, like Gecko) Chrome/125.0.0.0 Safari/537.36"
134.199.149.230 - - [18/Dec/2025:20:47:00 +0100] "POST /vendor/phpunit/phpunit/src/Util/PHP/eval-stdin.php HTTP/1.0" 404 607 "-" "Mozilla/5.0 (Windows NT 10.0; Win64; x64) AppleWebKit/537.36 (KHTML, like Gecko) Chrome/125.0.0.0 Safari/537.36"
134.199.149.230 - - [18/Dec/2025:20:47:01 +0100] "GET /vendor/laravel-filemanager/js/script.js HTTP/1.0" 404 596 "-" "Mozilla/5.0 (Windows NT 10.0; Win64; x64) AppleWebKit/537.36 (KHTML, like Gecko) Chrome/125.0.0.0 Safari/537.36"
134.199.149.230 - - [18/Dec/2025:20:47:01 +0100] "GET /public/vendor/laravel-filemanager/js/script.js HTTP/1.0" 404 603 "-" "Mozilla/5.0 (Windows NT 10.0; Win64; x64) AppleWebKit/537.36 (KHTML, like Gecko) Chrome/125.0.0.0 Safari/537.36"
134.199.149.230 - - [18/Dec/2025:20:47:01 +0100] "POST / HTTP/1.0" 200 70918 "-" "Mozilla/5.0 (Windows NT 10.0; Win64; x64) AppleWebKit/537.36 (KHTML, like Gecko) Chrome/125.0.0.0 Safari/537.36"
134.199.149.230 - - [18/Dec/2025:20:47:02 +0100] "GET /_ignition/execute-solution HTTP/1.0" 404 583 "-" "Mozilla/5.0 (Windows NT 10.0; Win64; x64) AppleWebKit/537.36 (KHTML, like Gecko) Chrome/125.0.0.0 Safari/537.36"
134.199.149.230 - - [18/Dec/2025:20:47:02 +0100] "GET /public/_ignition/execute-solution HTTP/1.0" 404 590 "-" "Mozilla/5.0 (Windows NT 10.0; Win64; x64) AppleWebKit/537.36 (KHTML, like Gecko) Chrome/125.0.0.0 Safari/537.36"
134.199.149.230 - - [18/Dec/2025:20:47:02 +0100] "GET /.git/config HTTP/1.0" 404 568 "-" "Mozilla/5.0 (Windows NT 10.0; Win64; x64) AppleWebKit/537.36 (KHTML, like Gecko) Chrome/125.0.0.0 Safari/537.36"
51.89.23.223 - - [18/Dec/2025:23:21:53 +0100] "GET / HTTP/1.0" 200 70918 "-" "Mozilla/5.0"
80.74.154.100 - - [18/Dec/2025:23:21:54 +0100] "POST /wp-cron.php?doing_wp_cron=1766096514.0896699428558349609375 HTTP/1.0" 200 409 "-" "WordPress/6.9; https://online.comeonline.ch"
80.74.154.100 - - [19/Dec/2025:05:57:40 +0100] "POST /wp-cron.php?doing_wp_cron=1766120260.4153759479522705078125 HTTP/1.0" 200 409 "-" "WordPress/6.9; https://online.comeonline.ch"
74.7.175.160 - - [19/Dec/2025:18:47:44 +0100] "GET /robots.txt HTTP/1.0" 404 567 "-" "Mozilla/5.0 (Macintosh; Intel Mac OS X 10_15_7) AppleWebKit/537.36 (KHTML, like Gecko) Chrome/131.0.0.0 Safari/537.36; compatible; OAI-SearchBot/1.3; robots.txt; +https://openai.com/searchbot"
80.74.154.100 - - [20/Dec/2025:05:55:22 +0100] "POST /wp-cron.php HTTP/1.0" 200 409 "-" "WordPress/6.9; https://online.comeonline.ch"
80.74.154.100 - - [20/Dec/2025:05:55:23 +0100] "GET / HTTP/1.0" 200 70918 "-" "WordPress/6.9; https://online.comeonline.ch"
80.74.154.100 - - [20/Dec/2025:05:55:24 +0100] "GET / HTTP/1.0" 200 70918 "-" "WordPress/6.9; https://online.comeonline.ch"
80.74.154.100 - - [20/Dec/2025:05:55:24 +0100] "GET / HTTP/1.0" 200 70918 "-" "WordPress/6.9; https://online.comeonline.ch"
80.74.154.100 - - [20/Dec/2025:05:55:24 +0100] "GET / HTTP/1.0" 200 70918 "-" "WordPress/6.9; https://online.comeonline.ch"
80.74.154.100 - - [20/Dec/2025:05:55:19 +0100] "POST /wp-cron.php?doing_wp_cron=1766206519.5546329021453857421875 HTTP/1.0" 200 409 "-" "WordPress/6.9; https://online.comeonline.ch"
80.74.154.100 - - [20/Dec/2025:06:19:33 +0100] "POST /wp-cron.php?doing_wp_cron=1766207973.3529119491577148437500 HTTP/1.0" 200 409 "-" "WordPress/6.9; https://online.comeonline.ch"
80.74.154.100 - - [21/Dec/2025:05:54:42 +0100] "POST /wp-cron.php?doing_wp_cron=1766292882.2254900932312011718750 HTTP/1.0" 200 409 "-" "WordPress/6.9; https://online.comeonline.ch"
80.74.154.100 - - [21/Dec/2025:06:19:11 +0100] "POST /wp-cron.php?doing_wp_cron=1766294350.8236310482025146484375 HTTP/1.0" 200 409 "-" "WordPress/6.9; https://online.comeonline.ch"
74.7.175.160 - - [21/Dec/2025:07:51:01 +0100] "GET /robots.txt HTTP/1.0" 404 567 "-" "Mozilla/5.0 (Macintosh; Intel Mac OS X 10_15_7) AppleWebKit/537.36 (KHTML, like Gecko) Chrome/131.0.0.0 Safari/537.36; compatible; OAI-SearchBot/1.3; robots.txt; +https://openai.com/searchbot"
74.7.175.160 - - [22/Dec/2025:03:44:30 +0100] "GET /robots.txt HTTP/1.0" 404 567 "-" "Mozilla/5.0 (Macintosh; Intel Mac OS X 10_15_7) AppleWebKit/537.36 (KHTML, like Gecko) Chrome/131.0.0.0 Safari/537.36; compatible; OAI-SearchBot/1.3; robots.txt; +https://openai.com/searchbot"
80.74.154.100 - - [22/Dec/2025:05:53:10 +0100] "POST /wp-cron.php?doing_wp_cron=1766379189.9369459152221679687500 HTTP/1.0" 200 409 "-" "WordPress/6.9; https://online.comeonline.ch"
80.74.154.100 - - [22/Dec/2025:06:17:38 +0100] "POST /wp-cron.php?doing_wp_cron=1766380657.7519669532775878906250 HTTP/1.0" 200 409 "-" "WordPress/6.9; https://online.comeonline.ch"
34.90.96.148 - - [22/Dec/2025:13:31:50 +0100] "GET / HTTP/1.0" 200 70918 "-" "Scrapy/2.13.4 (+https://scrapy.org)"
80.74.154.100 - - [22/Dec/2025:13:31:50 +0100] "POST /wp-cron.php?doing_wp_cron=1766406710.5526039600372314453125 HTTP/1.0" 200 409 "-" "WordPress/6.9; https://online.comeonline.ch"
74.7.175.160 - - [22/Dec/2025:23:43:18 +0100] "GET /robots.txt HTTP/1.0" 404 567 "-" "Mozilla/5.0 (Macintosh; Intel Mac OS X 10_15_7) AppleWebKit/537.36 (KHTML, like Gecko) Chrome/131.0.0.0 Safari/537.36; compatible; OAI-SearchBot/1.3; robots.txt; +https://openai.com/searchbot"
44.250.152.46 - - [23/Dec/2025:00:42:56 +0100] "GET /robots.txt HTTP/1.0" 404 567 "-" "Mozilla/5.0 (compatible; wpbot/1.3; +https://forms.gle/ajBaxygz9jSR8p8G9)"
44.250.152.46 - - [23/Dec/2025:00:42:56 +0100] "GET / HTTP/1.0" 200 70918 "-" "Mozilla/5.0 (compatible; wpbot/1.3; +https://forms.gle/ajBaxygz9jSR8p8G9)"
80.74.154.100 - - [23/Dec/2025:00:42:57 +0100] "POST /wp-cron.php?doing_wp_cron=1766446977.2931430339813232421875 HTTP/1.0" 200 409 "-" "WordPress/6.9; https://online.comeonline.ch"
80.74.154.100 - - [23/Dec/2025:05:55:21 +0100] "POST /wp-cron.php?doing_wp_cron=1766465721.5354568958282470703125 HTTP/1.0" 200 409 "-" "WordPress/6.9; https://online.comeonline.ch"
80.74.154.100 - - [23/Dec/2025:06:19:14 +0100] "POST /wp-cron.php?doing_wp_cron=1766467154.2962470054626464843750 HTTP/1.0" 200 409 "-" "WordPress/6.9; https://online.comeonline.ch"
136.118.174.18 - - [23/Dec/2025:13:50:52 +0100] "GET / HTTP/1.0" 200 70918 "-" "Mozilla/5.0 (Windows NT 10.0; Win64; x64) AppleWebKit/537.36 (KHTML, like Gecko) Chrome/78.0.3904.108 Safari/537.36"
136.118.174.18 - - [23/Dec/2025:13:50:54 +0100] "GET //wp-includes/wlwmanifest.xml HTTP/1.0" 404 584 "-" "Mozilla/5.0 (Windows NT 10.0; Win64; x64) AppleWebKit/537.36 (KHTML, like Gecko) Chrome/78.0.3904.108 Safari/537.36"
80.74.154.100 - - [23/Dec/2025:13:50:53 +0100] "POST /wp-cron.php?doing_wp_cron=1766494253.3398849964141845703125 HTTP/1.0" 200 409 "-" "WordPress/6.9; https://online.comeonline.ch"
136.118.174.18 - - [23/Dec/2025:13:50:55 +0100] "GET //xmlrpc.php?rsd HTTP/1.0" 200 1173 "-" "Mozilla/5.0 (Windows NT 10.0; Win64; x64) AppleWebKit/537.36 (KHTML, like Gecko) Chrome/78.0.3904.108 Safari/537.36"
136.118.174.18 - - [23/Dec/2025:13:50:56 +0100] "GET //?author=1 HTTP/1.0" 301 407 "-" "Mozilla/5.0 (Windows NT 10.0; Win64; x64) AppleWebKit/537.36 (KHTML, like Gecko) Chrome/78.0.3904.108 Safari/537.36"
136.118.174.18 - - [23/Dec/2025:13:50:56 +0100] "GET //?author=2 HTTP/1.0" 301 519 "-" "Mozilla/5.0 (Windows NT 10.0; Win64; x64) AppleWebKit/537.36 (KHTML, like Gecko) Chrome/78.0.3904.108 Safari/537.36"
136.118.174.18 - - [23/Dec/2025:13:50:56 +0100] "GET //wp-json/wp/v2/users/ HTTP/1.0" 404 577 "-" "Mozilla/5.0 (Windows NT 10.0; Win64; x64) AppleWebKit/537.36 (KHTML, like Gecko) Chrome/78.0.3904.108 Safari/537.36"
136.118.174.18 - - [23/Dec/2025:13:50:56 +0100] "GET //wp-json/oembed/1.0/embed?url=https://online.comeonline.ch/ HTTP/1.0" 404 581 "-" "Mozilla/5.0 (Windows NT 10.0; Win64; x64) AppleWebKit/537.36 (KHTML, like Gecko) Chrome/78.0.3904.108 Safari/537.36"
136.118.174.18 - - [23/Dec/2025:13:50:57 +0100] "POST //xmlrpc.php HTTP/1.0" 200 741 "-" "Mozilla/5.0 (Windows NT 10.0; Win64; x64) AppleWebKit/537.36 (KHTML, like Gecko) Chrome/78.0.3904.108 Safari/537.36"
136.118.174.18 - - [23/Dec/2025:13:50:57 +0100] "POST //xmlrpc.php HTTP/1.0" 200 741 "-" "Mozilla/5.0 (Windows NT 10.0; Win64; x64) AppleWebKit/537.36 (KHTML, like Gecko) Chrome/78.0.3904.108 Safari/537.36"
136.118.174.18 - - [23/Dec/2025:13:50:57 +0100] "POST //xmlrpc.php HTTP/1.0" 200 741 "-" "Mozilla/5.0 (Windows NT 10.0; Win64; x64) AppleWebKit/537.36 (KHTML, like Gecko) Chrome/78.0.3904.108 Safari/537.36"
136.118.174.18 - - [23/Dec/2025:13:50:57 +0100] "POST //xmlrpc.php HTTP/1.0" 200 741 "-" "Mozilla/5.0 (Windows NT 10.0; Win64; x64) AppleWebKit/537.36 (KHTML, like Gecko) Chrome/78.0.3904.108 Safari/537.36"
136.118.174.18 - - [23/Dec/2025:13:50:57 +0100] "POST //xmlrpc.php HTTP/1.0" 200 741 "-" "Mozilla/5.0 (Windows NT 10.0; Win64; x64) AppleWebKit/537.36 (KHTML, like Gecko) Chrome/78.0.3904.108 Safari/537.36"
136.118.174.18 - - [23/Dec/2025:13:50:58 +0100] "POST //xmlrpc.php HTTP/1.0" 200 741 "-" "Mozilla/5.0 (Windows NT 10.0; Win64; x64) AppleWebKit/537.36 (KHTML, like Gecko) Chrome/78.0.3904.108 Safari/537.36"
136.118.174.18 - - [23/Dec/2025:13:50:58 +0100] "POST //xmlrpc.php HTTP/1.0" 200 741 "-" "Mozilla/5.0 (Windows NT 10.0; Win64; x64) AppleWebKit/537.36 (KHTML, like Gecko) Chrome/78.0.3904.108 Safari/537.36"
136.118.174.18 - - [23/Dec/2025:13:50:58 +0100] "POST //xmlrpc.php HTTP/1.0" 200 741 "-" "Mozilla/5.0 (Windows NT 10.0; Win64; x64) AppleWebKit/537.36 (KHTML, like Gecko) Chrome/78.0.3904.108 Safari/537.36"
74.7.175.160 - - [23/Dec/2025:18:18:51 +0100] "GET /robots.txt HTTP/1.0" 404 567 "-" "Mozilla/5.0 (Macintosh; Intel Mac OS X 10_15_7) AppleWebKit/537.36 (KHTML, like Gecko) Chrome/131.0.0.0 Safari/537.36; compatible; OAI-SearchBot/1.3; robots.txt; +https://openai.com/searchbot"
80.74.154.100 - - [24/Dec/2025:05:50:49 +0100] "POST /wp-cron.php?doing_wp_cron=1766551849.4529209136962890625000 HTTP/1.0" 200 409 "-" "WordPress/6.9; https://online.comeonline.ch"
80.74.154.100 - - [24/Dec/2025:06:15:23 +0100] "POST /wp-cron.php?doing_wp_cron=1766553323.6629700660705566406250 HTTP/1.0" 200 409 "-" "WordPress/6.9; https://online.comeonline.ch"
146.190.232.215 - - [24/Dec/2025:13:04:03 +0100] "GET / HTTP/1.0" 200 70918 "-" "Mozilla/5.0 (X11; Linux x86_64; rv:139.0) Gecko/20100101 Firefox/139.0"
146.190.232.215 - - [24/Dec/2025:13:04:05 +0100] "GET /wp-content/uploads/2024/08/cropped-Online_Band_2022_7-scaled-2-32x32.jpg HTTP/1.0" 200 1765 "https://online.comeonline.ch/" "Mozilla/5.0 (X11; Linux x86_64; rv:139.0) Gecko/20100101 Firefox/139.0"
80.74.154.100 - - [24/Dec/2025:13:04:04 +0100] "POST /wp-cron.php?doing_wp_cron=1766577844.4129369258880615234375 HTTP/1.0" 200 409 "-" "WordPress/6.9; https://online.comeonline.ch"
18.184.17.253 - - [24/Dec/2025:13:05:35 +0100] "GET / HTTP/1.0" 200 70918 "-" "Mozilla/5.0 (Windows NT 10.0; Win64; x64) AppleWebKit/537.36 (KHTML, like Gecko) Chrome/60.0.3112.113 Safari/537.36 Assetnote/1.0.0"
18.184.17.253 - - [24/Dec/2025:13:05:35 +0100] "HEAD /apps HTTP/1.0" 404 137 "-" "Mozilla/5.0 (Windows NT 10.0; Win64; x64) AppleWebKit/537.36 (KHTML, like Gecko) Chrome/60.0.3112.113 Safari/537.36 Assetnote/1.0.0"
18.184.17.253 - - [24/Dec/2025:13:05:35 +0100] "HEAD /api/action HTTP/1.0" 404 137 "-" "Mozilla/5.0 (Windows NT 10.0; Win64; x64) AppleWebKit/537.36 (KHTML, like Gecko) Chrome/60.0.3112.113 Safari/537.36 Assetnote/1.0.0"
18.184.17.253 - - [24/Dec/2025:13:05:35 +0100] "HEAD /api/actions HTTP/1.0" 404 137 "-" "Mozilla/5.0 (Windows NT 10.0; Win64; x64) AppleWebKit/537.36 (KHTML, like Gecko) Chrome/60.0.3112.113 Safari/537.36 Assetnote/1.0.0"
18.184.17.253 - - [24/Dec/2025:13:05:35 +0100] "HEAD /_next/data HTTP/1.0" 404 137 "-" "Mozilla/5.0 (Windows NT 10.0; Win64; x64) AppleWebKit/537.36 (KHTML, like Gecko) Chrome/60.0.3112.113 Safari/537.36 Assetnote/1.0.0"
18.184.17.253 - - [24/Dec/2025:13:05:35 +0100] "POST / HTTP/1.0" 200 70918 "-" "Mozilla/5.0 (Windows NT 10.0; Win64; x64) AppleWebKit/537.36 (KHTML, like Gecko) Chrome/60.0.3112.113 Safari/537.36 Assetnote/1.0.0"
80.74.154.100 - - [25/Dec/2025:05:52:09 +0100] "POST /wp-cron.php?doing_wp_cron=1766638329.0447781085968017578125 HTTP/1.0" 200 409 "-" "WordPress/6.9; https://online.comeonline.ch"
80.74.154.100 - - [25/Dec/2025:06:16:52 +0100] "POST /wp-cron.php?doing_wp_cron=1766639812.5346660614013671875000 HTTP/1.0" 200 409 "-" "WordPress/6.9; https://online.comeonline.ch"
193.19.82.13 - - [25/Dec/2025:10:23:00 +0100] "HEAD / HTTP/1.0" 200 137 "-" "Mozilla/5.0 (Windows NT 10.0; Win64; x64) AppleWebKit/537.36 (KHTML, like Gecko) Chrome/108.0.0.0 Safari/537.36"
80.74.154.100 - - [25/Dec/2025:10:23:00 +0100] "POST /wp-cron.php?doing_wp_cron=1766654580.7776350975036621093750 HTTP/1.0" 200 409 "-" "WordPress/6.9; https://online.comeonline.ch"
193.19.82.13 - - [25/Dec/2025:10:23:14 +0100] "GET / HTTP/1.0" 200 70918 "-" "Mozilla/5.0 (Windows NT 10.0; Win64; x64) AppleWebKit/537.36 (KHTML, like Gecko) Chrome/108.0.0.0 Safari/537.36"
74.7.175.160 - - [25/Dec/2025:19:39:24 +0100] "GET /robots.txt HTTP/1.0" 404 567 "-" "Mozilla/5.0 (Macintosh; Intel Mac OS X 10_15_7) AppleWebKit/537.36 (KHTML, like Gecko) Chrome/131.0.0.0 Safari/537.36; compatible; OAI-SearchBot/1.3; robots.txt; +https://openai.com/searchbot"
80.74.154.100 - - [26/Dec/2025:05:51:52 +0100] "POST /wp-cron.php?doing_wp_cron=1766724712.4295859336853027343750 HTTP/1.0" 200 409 "-" "WordPress/6.9; https://online.comeonline.ch"
80.74.154.100 - - [26/Dec/2025:06:15:03 +0100] "POST /wp-cron.php?doing_wp_cron=1766726103.3309020996093750000000 HTTP/1.0" 200 409 "-" "WordPress/6.9; https://online.comeonline.ch"
179.48.82.68 - - [26/Dec/2025:10:57:15 +0100] "GET / HTTP/1.0" 200 70918 "-" "Mozilla/5.0 (Windows NT 10.0; Win64; x64) AppleWebKit/537.36 (KHTML, like Gecko) Chrome/119.0.0.0 Safari/537.36"
45.184.243.146 - - [26/Dec/2025:10:57:18 +0100] "GET /favicon.ico HTTP/1.0" 404 568 "-" "Mozilla/5.0"
80.74.154.100 - - [26/Dec/2025:10:57:19 +0100] "POST /wp-cron.php HTTP/1.0" 200 409 "-" "WordPress/6.9; https://online.comeonline.ch"
80.74.154.100 - - [26/Dec/2025:10:57:20 +0100] "GET / HTTP/1.0" 200 70918 "-" "WordPress/6.9; https://online.comeonline.ch"
80.74.154.100 - - [26/Dec/2025:10:57:21 +0100] "GET / HTTP/1.0" 200 70918 "-" "WordPress/6.9; https://online.comeonline.ch"
80.74.154.100 - - [26/Dec/2025:10:57:21 +0100] "GET / HTTP/1.0" 200 70918 "-" "WordPress/6.9; https://online.comeonline.ch"
80.74.154.100 - - [26/Dec/2025:10:57:21 +0100] "GET / HTTP/1.0" 200 70918 "-" "WordPress/6.9; https://online.comeonline.ch"
80.74.154.100 - - [26/Dec/2025:10:57:16 +0100] "POST /wp-cron.php?doing_wp_cron=1766743036.3904070854187011718750 HTTP/1.0" 200 409 "-" "WordPress/6.9; https://online.comeonline.ch"
80.74.154.100 - - [27/Dec/2025:05:53:25 +0100] "POST /wp-cron.php?doing_wp_cron=1766811205.1548690795898437500000 HTTP/1.0" 200 409 "-" "WordPress/6.9; https://online.comeonline.ch"
80.74.154.100 - - [27/Dec/2025:06:17:18 +0100] "POST /wp-cron.php?doing_wp_cron=1766812638.2346279621124267578125 HTTP/1.0" 200 409 "-" "WordPress/6.9; https://online.comeonline.ch"
74.7.241.176 - - [27/Dec/2025:08:42:09 +0100] "GET /robots.txt HTTP/1.0" 404 567 "-" "Mozilla/5.0 (Macintosh; Intel Mac OS X 10_15_7) AppleWebKit/537.36 (KHTML, like Gecko) Chrome/131.0.0.0 Safari/537.36; compatible; OAI-SearchBot/1.3; robots.txt; +https://openai.com/searchbot"
80.74.154.100 - - [28/Dec/2025:05:51:36 +0100] "POST /wp-cron.php?doing_wp_cron=1766897495.8505649566650390625000 HTTP/1.0" 200 409 "-" "WordPress/6.9; https://online.comeonline.ch"
80.74.154.100 - - [28/Dec/2025:06:15:32 +0100] "POST /wp-cron.php?doing_wp_cron=1766898932.6304519176483154296875 HTTP/1.0" 200 409 "-" "WordPress/6.9; https://online.comeonline.ch"
3.87.142.212 - - [28/Dec/2025:15:10:53 +0100] "GET / HTTP/1.0" 200 70918 "-" "Mozilla/5.0 (Windows NT 10.0; Win64; x64) AppleWebKit/537.36 (KHTML, like Gecko) Chrome/60.0.3112.113 Safari/537.36 Assetnote/1.0.0"
3.87.142.212 - - [28/Dec/2025:15:10:54 +0100] "HEAD /apps HTTP/1.0" 404 137 "-" "Mozilla/5.0 (Windows NT 10.0; Win64; x64) AppleWebKit/537.36 (KHTML, like Gecko) Chrome/60.0.3112.113 Safari/537.36 Assetnote/1.0.0"
3.87.142.212 - - [28/Dec/2025:15:10:55 +0100] "HEAD /api/action HTTP/1.0" 404 137 "-" "Mozilla/5.0 (Windows NT 10.0; Win64; x64) AppleWebKit/537.36 (KHTML, like Gecko) Chrome/60.0.3112.113 Safari/537.36 Assetnote/1.0.0"
3.87.142.212 - - [28/Dec/2025:15:10:55 +0100] "HEAD /api/actions HTTP/1.0" 404 137 "-" "Mozilla/5.0 (Windows NT 10.0; Win64; x64) AppleWebKit/537.36 (KHTML, like Gecko) Chrome/60.0.3112.113 Safari/537.36 Assetnote/1.0.0"
3.87.142.212 - - [28/Dec/2025:15:10:55 +0100] "HEAD /_next/data HTTP/1.0" 404 137 "-" "Mozilla/5.0 (Windows NT 10.0; Win64; x64) AppleWebKit/537.36 (KHTML, like Gecko) Chrome/60.0.3112.113 Safari/537.36 Assetnote/1.0.0"
80.74.154.100 - - [28/Dec/2025:15:10:53 +0100] "POST /wp-cron.php?doing_wp_cron=1766931053.7051680088043212890625 HTTP/1.0" 200 409 "-" "WordPress/6.9; https://online.comeonline.ch"
3.87.142.212 - - [28/Dec/2025:15:10:55 +0100] "POST / HTTP/1.0" 200 70918 "-" "Mozilla/5.0 (Windows NT 10.0; Win64; x64) AppleWebKit/537.36 (KHTML, like Gecko) Chrome/60.0.3112.113 Safari/537.36 Assetnote/1.0.0"
80.74.154.100 - - [29/Dec/2025:05:51:46 +0100] "POST /wp-cron.php?doing_wp_cron=1766983906.1765499114990234375000 HTTP/1.0" 200 409 "-" "WordPress/6.9; https://online.comeonline.ch"
80.74.154.100 - - [29/Dec/2025:06:14:59 +0100] "POST /wp-cron.php?doing_wp_cron=1766985299.3805809020996093750000 HTTP/1.0" 200 409 "-" "WordPress/6.9; https://online.comeonline.ch"
31.10.151.237 - - [29/Dec/2025:14:20:48 +0100] "GET /favicon.ico HTTP/1.0" 404 568 "-" "Mozilla/5.0 (Windows NT 10.0; Win64; x64) AppleWebKit/537.36 (KHTML, like Gecko) Chrome/143.0.0.0 Safari/537.36"
80.74.154.100 - - [30/Dec/2025:05:51:49 +0100] "POST /wp-cron.php?doing_wp_cron=1767070309.6602249145507812500000 HTTP/1.0" 200 409 "-" "WordPress/6.9; https://online.comeonline.ch"
80.74.154.100 - - [30/Dec/2025:06:15:28 +0100] "POST /wp-cron.php?doing_wp_cron=1767071728.6004021167755126953125 HTTP/1.0" 200 409 "-" "WordPress/6.9; https://online.comeonline.ch"
78.190.158.62 - - [30/Dec/2025:17:29:42 +0100] "GET /robots.txt HTTP/1.0" 404 567 "-" "Mozilla/5.0 (Windows NT 10.0; Win64; x64) AppleWebKit/537.36 (KHTML, like Gecko) Chrome/114.0.0.0 Safari/537.36 Edg/114.0.1823.43"
18.130.122.15 - - [31/Dec/2025:02:31:45 +0100] "GET /index.php?rest_route=/wp/v2/posts HTTP/1.0" 200 2761 "https://online.comeonline.ch" "Mozilla/5.0 (Linux; Android 10; K) AppleWebKit/537.36 (KHTML, like Gecko) Chrome/135.0.0.0 Mobile Safari/537.36"
80.74.154.100 - - [31/Dec/2025:02:31:46 +0100] "POST /wp-cron.php?doing_wp_cron=1767144706.1163430213928222656250 HTTP/1.0" 200 409 "-" "WordPress/6.9; https://online.comeonline.ch"
80.74.154.100 - - [31/Dec/2025:05:49:20 +0100] "POST /wp-cron.php?doing_wp_cron=1767156560.6906011104583740234375 HTTP/1.0" 200 409 "-" "WordPress/6.9; https://online.comeonline.ch"
80.74.154.100 - - [31/Dec/2025:06:12:44 +0100] "POST /wp-cron.php?doing_wp_cron=1767157964.4155619144439697265625 HTTP/1.0" 200 409 "-" "WordPress/6.9; https://online.comeonline.ch"
80.74.154.100 - - [01/Jan/2026:05:52:54 +0100] "POST /wp-cron.php?doing_wp_cron=1767243173.9836149215698242187500 HTTP/1.0" 200 409 "-" "WordPress/6.9; https://online.comeonline.ch"
80.74.154.100 - - [01/Jan/2026:06:17:37 +0100] "POST /wp-cron.php?doing_wp_cron=1767244656.7537109851837158203125 HTTP/1.0" 200 409 "-" "WordPress/6.9; https://online.comeonline.ch"
80.74.154.100 - - [02/Jan/2026:05:50:34 +0100] "POST /wp-cron.php?doing_wp_cron=1767329434.2182099819183349609375 HTTP/1.0" 200 409 "-" "WordPress/6.9; https://online.comeonline.ch"
80.74.154.100 - - [02/Jan/2026:06:14:21 +0100] "POST /wp-cron.php?doing_wp_cron=1767330861.4983949661254882812500 HTTP/1.0" 200 409 "-" "WordPress/6.9; https://online.comeonline.ch"
3.255.214.163 - - [02/Jan/2026:22:11:14 +0100] "GET / HTTP/1.0" 200 70918 "-" "Mozilla/5.0 (compatible; NetcraftSurveyAgent/1.0; +info@netcraft.com)"
80.74.154.100 - - [02/Jan/2026:22:11:18 +0100] "POST /wp-cron.php HTTP/1.0" 200 409 "-" "WordPress/6.9; https://online.comeonline.ch"
80.74.154.100 - - [02/Jan/2026:22:11:19 +0100] "GET / HTTP/1.0" 200 70918 "-" "WordPress/6.9; https://online.comeonline.ch"
80.74.154.100 - - [02/Jan/2026:22:11:19 +0100] "GET / HTTP/1.0" 200 70918 "-" "WordPress/6.9; https://online.comeonline.ch"
80.74.154.100 - - [02/Jan/2026:22:11:19 +0100] "GET / HTTP/1.0" 200 70918 "-" "WordPress/6.9; https://online.comeonline.ch"
80.74.154.100 - - [02/Jan/2026:22:11:19 +0100] "GET / HTTP/1.0" 200 70918 "-" "WordPress/6.9; https://online.comeonline.ch"
80.74.154.100 - - [02/Jan/2026:22:11:14 +0100] "POST /wp-cron.php?doing_wp_cron=1767388274.7799201011657714843750 HTTP/1.0" 200 409 "-" "WordPress/6.9; https://online.comeonline.ch"
38.76.247.51 - - [02/Jan/2026:23:19:11 +0100] "POST / HTTP/1.0" 200 70918 "-" "Mozilla/5.0 (Windows NT 10.0; Win64; x64) AppleWebKit/537.36 (KHTML, like Gecko) Chrome/60.0.3112.113 Safari/537.36 Assetnote/1.0.0"
80.74.154.100 - - [02/Jan/2026:23:19:11 +0100] "POST /wp-cron.php?doing_wp_cron=1767392351.4896650314331054687500 HTTP/1.0" 200 409 "-" "WordPress/6.9; https://online.comeonline.ch"
80.74.154.100 - - [03/Jan/2026:05:50:31 +0100] "POST /wp-cron.php?doing_wp_cron=1767415831.0983560085296630859375 HTTP/1.0" 200 409 "-" "WordPress/6.9; https://online.comeonline.ch"
80.74.154.100 - - [03/Jan/2026:06:14:02 +0100] "POST /wp-cron.php?doing_wp_cron=1767417242.6048860549926757812500 HTTP/1.0" 200 409 "-" "WordPress/6.9; https://online.comeonline.ch"
18.170.98.109 - - [03/Jan/2026:17:35:14 +0100] "POST /wp-admin/admin-ajax.php HTTP/1.0" 400 633 "-" "Mozilla/5.0 (Windows NT 10.0; Win64; x64) AppleWebKit/537.36 (KHTML, like Gecko) Chrome/135.0.0.0 Safari/537.36"
80.74.154.100 - - [03/Jan/2026:17:35:15 +0100] "POST /wp-cron.php?doing_wp_cron=1767458115.0839390754699707031250 HTTP/1.0" 200 409 "-" "WordPress/6.9; https://online.comeonline.ch"
80.74.154.100 - - [04/Jan/2026:05:52:31 +0100] "POST /wp-cron.php?doing_wp_cron=1767502351.4660959243774414062500 HTTP/1.0" 200 409 "-" "WordPress/6.9; https://online.comeonline.ch"
80.74.154.100 - - [04/Jan/2026:06:16:29 +0100] "POST /wp-cron.php?doing_wp_cron=1767503789.4246590137481689453125 HTTP/1.0" 200 409 "-" "WordPress/6.9; https://online.comeonline.ch"
80.74.154.100 - - [05/Jan/2026:05:51:59 +0100] "POST /wp-cron.php?doing_wp_cron=1767588719.7478039264678955078125 HTTP/1.0" 200 409 "-" "WordPress/6.9; https://online.comeonline.ch"
80.74.154.100 - - [05/Jan/2026:06:15:56 +0100] "POST /wp-cron.php?doing_wp_cron=1767590156.5636301040649414062500 HTTP/1.0" 200 409 "-" "WordPress/6.9; https://online.comeonline.ch"
31.10.151.237 - - [05/Jan/2026:08:05:02 +0100] "GET /favicon.ico HTTP/1.0" 404 568 "-" "Mozilla/5.0 (Windows NT 10.0; Win64; x64) AppleWebKit/537.36 (KHTML, like Gecko) Chrome/143.0.0.0 Safari/537.36"
156.245.246.155 - - [05/Jan/2026:20:01:14 +0100] "GET /index.php?rest_route=/wp/v2/posts&per_page=100&fields=id,comment_status HTTP/1.0" 200 2761 "https://online.comeonline.ch" "Mozilla/5.0 (Windows NT 10.0; Win64; x64) AppleWebKit/537.36 (KHTML, like Gecko) Chrome/134.0.0.0 Safari/537.36"
80.74.154.100 - - [05/Jan/2026:20:01:15 +0100] "POST /wp-cron.php?doing_wp_cron=1767639674.8477649688720703125000 HTTP/1.0" 200 409 "-" "WordPress/6.9; https://online.comeonline.ch"
156.245.246.155 - - [05/Jan/2026:20:01:16 +0100] "POST /wp-comments-post.php HTTP/1.0" 302 947 "https://online.comeonline.ch" "Mozilla/5.0 (Windows NT 10.0; Win64; x64) AppleWebKit/537.36 (KHTML, like Gecko) Chrome/134.0.0.0 Safari/537.36"
80.74.154.100 - - [06/Jan/2026:05:53:05 +0100] "POST /wp-cron.php?doing_wp_cron=1767675185.7263350486755371093750 HTTP/1.0" 200 409 "-" "WordPress/6.9; https://online.comeonline.ch"
80.74.154.100 - - [06/Jan/2026:06:17:30 +0100] "POST /wp-cron.php?doing_wp_cron=1767676650.7369239330291748046875 HTTP/1.0" 200 409 "-" "WordPress/6.9; https://online.comeonline.ch"
156.245.246.168 - - [06/Jan/2026:18:31:36 +0100] "GET /index.php?rest_route=/wp/v2/posts&per_page=100&fields=id,comment_status HTTP/1.0" 200 2761 "https://online.comeonline.ch" "Mozilla/5.0 (Windows NT 10.0; Win64; x64) AppleWebKit/537.36 (KHTML, like Gecko) Chrome/135.0.0.0 Safari/537.36"
80.74.154.100 - - [06/Jan/2026:18:31:37 +0100] "POST /wp-cron.php?doing_wp_cron=1767720697.4787681102752685546875 HTTP/1.0" 200 409 "-" "WordPress/6.9; https://online.comeonline.ch"
156.245.246.168 - - [06/Jan/2026:18:31:38 +0100] "POST /wp-comments-post.php HTTP/1.0" 302 947 "https://online.comeonline.ch" "Mozilla/5.0 (Windows NT 10.0; Win64; x64) AppleWebKit/537.36 (KHTML, like Gecko) Chrome/135.0.0.0 Safari/537.36"
80.74.154.100 - - [07/Jan/2026:05:51:08 +0100] "POST /wp-cron.php?doing_wp_cron=1767761468.4146070480346679687500 HTTP/1.0" 200 409 "-" "WordPress/6.9; https://online.comeonline.ch"
74.7.230.13 - - [07/Jan/2026:06:13:34 +0100] "GET /robots.txt HTTP/1.0" 404 567 "-" "Mozilla/5.0 (Macintosh; Intel Mac OS X 10_15_7) AppleWebKit/537.36 (KHTML, like Gecko) Chrome/131.0.0.0 Safari/537.36; compatible; OAI-SearchBot/1.3; robots.txt; +https://openai.com/searchbot"
80.74.154.100 - - [07/Jan/2026:06:14:40 +0100] "POST /wp-cron.php?doing_wp_cron=1767762880.6279718875885009765625 HTTP/1.0" 200 409 "-" "WordPress/6.9; https://online.comeonline.ch"
165.22.225.220 - - [07/Jan/2026:10:53:33 +0100] "GET / HTTP/1.0" 200 70918 "-" "Mozilla/5.0 (X11; Linux x86_64) AppleWebKit/537.36 (KHTML, like Gecko) Chrome/139.0.0.0 Safari/537.36"
80.74.154.100 - - [07/Jan/2026:10:53:34 +0100] "POST /wp-cron.php?doing_wp_cron=1767779613.8773279190063476562500 HTTP/1.0" 200 409 "-" "WordPress/6.9; https://online.comeonline.ch"
165.22.225.220 - - [07/Jan/2026:10:53:37 +0100] "GET /wp-content/uploads/2024/08/cropped-Online_Band_2022_7-scaled-2-32x32.jpg HTTP/1.0" 200 1765 "https://online.comeonline.ch/" "Mozilla/5.0 (X11; Linux x86_64) AppleWebKit/537.36 (KHTML, like Gecko) Chrome/139.0.0.0 Safari/537.36"
74.7.230.13 - - [07/Jan/2026:21:58:10 +0100] "GET /robots.txt HTTP/1.0" 404 567 "-" "Mozilla/5.0 (Macintosh; Intel Mac OS X 10_15_7) AppleWebKit/537.36 (KHTML, like Gecko) Chrome/131.0.0.0 Safari/537.36; compatible; OAI-SearchBot/1.3; robots.txt; +https://openai.com/searchbot"
74.7.175.171 - - [08/Jan/2026:01:41:24 +0100] "GET /robots.txt HTTP/1.0" 404 567 "-" "Mozilla/5.0 (Macintosh; Intel Mac OS X 10_15_7) AppleWebKit/537.36 (KHTML, like Gecko) Chrome/131.0.0.0 Safari/537.36; compatible; OAI-SearchBot/1.3; robots.txt; +https://openai.com/searchbot"
80.74.154.100 - - [08/Jan/2026:06:00:21 +0100] "POST /wp-cron.php?doing_wp_cron=1767848421.5511200428009033203125 HTTP/1.0" 200 409 "-" "WordPress/6.9; https://online.comeonline.ch"
74.7.175.171 - - [09/Jan/2026:05:04:56 +0100] "GET /robots.txt HTTP/1.0" 404 567 "-" "Mozilla/5.0 (Macintosh; Intel Mac OS X 10_15_7) AppleWebKit/537.36 (KHTML, like Gecko) Chrome/131.0.0.0 Safari/537.36; compatible; OAI-SearchBot/1.3; robots.txt; +https://openai.com/searchbot"
80.74.154.100 - - [09/Jan/2026:05:53:43 +0100] "POST /wp-cron.php?doing_wp_cron=1767934422.8586199283599853515625 HTTP/1.0" 200 409 "-" "WordPress/6.9; https://online.comeonline.ch"
80.74.154.100 - - [09/Jan/2026:06:18:47 +0100] "POST /wp-cron.php?doing_wp_cron=1767935926.8293690681457519531250 HTTP/1.0" 200 409 "-" "WordPress/6.9; https://online.comeonline.ch"
54.253.24.220 - - [09/Jan/2026:14:14:17 +0100] "POST /?wpfi-ajax=wp_freeio_ajax_register HTTP/1.0" 200 70880 "-" "Mozilla/5.0 (Windows NT 10.0; Win64; x64) AppleWebKit/537.36 (KHTML, like Gecko) Chrome/135.0.0.0 Safari/537.36"
80.74.154.100 - - [09/Jan/2026:14:14:21 +0100] "POST /wp-cron.php HTTP/1.0" 200 409 "-" "WordPress/6.9; https://online.comeonline.ch"
80.74.154.100 - - [09/Jan/2026:14:14:22 +0100] "GET / HTTP/1.0" 200 70918 "-" "WordPress/6.9; https://online.comeonline.ch"
80.74.154.100 - - [09/Jan/2026:14:14:23 +0100] "GET / HTTP/1.0" 200 70918 "-" "WordPress/6.9; https://online.comeonline.ch"
80.74.154.100 - - [09/Jan/2026:14:14:23 +0100] "GET / HTTP/1.0" 200 70918 "-" "WordPress/6.9; https://online.comeonline.ch"
80.74.154.100 - - [09/Jan/2026:14:14:23 +0100] "GET / HTTP/1.0" 200 70918 "-" "WordPress/6.9; https://online.comeonline.ch"
80.74.154.100 - - [09/Jan/2026:14:14:18 +0100] "POST /wp-cron.php?doing_wp_cron=1767964458.3653581142425537109375 HTTP/1.0" 200 409 "-" "WordPress/6.9; https://online.comeonline.ch"
74.7.175.171 - - [09/Jan/2026:15:56:52 +0100] "GET /robots.txt HTTP/1.0" 404 567 "-" "Mozilla/5.0 (Macintosh; Intel Mac OS X 10_15_7) AppleWebKit/537.36 (KHTML, like Gecko) Chrome/131.0.0.0 Safari/537.36; compatible; OAI-SearchBot/1.3; robots.txt; +https://openai.com/searchbot"
80.74.154.100 - - [10/Jan/2026:05:51:11 +0100] "POST /wp-cron.php?doing_wp_cron=1768020671.2604188919067382812500 HTTP/1.0" 200 409 "-" "WordPress/6.9; https://online.comeonline.ch"
80.74.154.100 - - [10/Jan/2026:06:16:07 +0100] "POST /wp-cron.php?doing_wp_cron=1768022167.5839240550994873046875 HTTP/1.0" 200 409 "-" "WordPress/6.9; https://online.comeonline.ch"
80.74.154.100 - - [11/Jan/2026:05:52:50 +0100] "POST /wp-cron.php?doing_wp_cron=1768107170.3535580635070800781250 HTTP/1.0" 200 409 "-" "WordPress/6.9; https://online.comeonline.ch"
80.74.154.100 - - [11/Jan/2026:06:16:53 +0100] "POST /wp-cron.php?doing_wp_cron=1768108612.9612600803375244140625 HTTP/1.0" 200 409 "-" "WordPress/6.9; https://online.comeonline.ch"
80.74.154.100 - - [12/Jan/2026:05:52:29 +0100] "POST /wp-cron.php?doing_wp_cron=1768193549.4717381000518798828125 HTTP/1.0" 200 409 "-" "WordPress/6.9; https://online.comeonline.ch"
80.74.154.100 - - [12/Jan/2026:06:16:58 +0100] "POST /wp-cron.php?doing_wp_cron=1768195018.4156808853149414062500 HTTP/1.0" 200 409 "-" "WordPress/6.9; https://online.comeonline.ch"
200.107.21.130 - - [12/Jan/2026:20:45:26 +0100] "GET / HTTP/1.0" 200 70918 "-" "Mozilla/5.0 (Windows NT 10.0; Win64; x64) AppleWebKit/537.36 (KHTML, like Gecko) Chrome/120.0.0.0 Safari/537.36"
80.74.154.100 - - [12/Jan/2026:20:45:27 +0100] "POST /wp-cron.php?doing_wp_cron=1768247126.8645589351654052734375 HTTP/1.0" 200 409 "-" "WordPress/6.9; https://online.comeonline.ch"
102.66.144.96 - - [12/Jan/2026:20:45:36 +0100] "GET /favicon.ico HTTP/1.0" 404 568 "-" "Mozilla/5.0"
44.243.55.111 - - [12/Jan/2026:22:37:45 +0100] "GET /robots.txt HTTP/1.0" 404 567 "-" "Mozilla/5.0 (compatible; wpbot/1.4; +https://forms.gle/ajBaxygz9jSR8p8G9)"
44.243.55.111 - - [12/Jan/2026:22:37:45 +0100] "GET / HTTP/1.0" 200 70918 "-" "Mozilla/5.0 (compatible; wpbot/1.4; +https://forms.gle/ajBaxygz9jSR8p8G9)"
80.74.154.100 - - [12/Jan/2026:22:37:46 +0100] "POST /wp-cron.php?doing_wp_cron=1768253866.1313779354095458984375 HTTP/1.0" 200 409 "-" "WordPress/6.9; https://online.comeonline.ch"
54.171.59.45 - - [12/Jan/2026:23:11:49 +0100] "GET / HTTP/1.0" 200 70918 "-" "Mozilla/5.0 (compatible; NetcraftSurveyAgent/1.0; +info@netcraft.com)"
80.74.154.100 - - [12/Jan/2026:23:11:49 +0100] "POST /wp-cron.php?doing_wp_cron=1768255909.7700231075286865234375 HTTP/1.0" 200 409 "-" "WordPress/6.9; https://online.comeonline.ch"
