34.77.223.211 - - [10/Jul/2025:10:17:18 +0200] "GET //wp-json/oembed/1.0/embed?url=https://online.comeonline.ch/ HTTP/1.0" 404 581 "-" "Mozilla/5.0 (Windows NT 10.0; Win64; x64) AppleWebKit/537.36 (KHTML, like Gecko) Chrome/78.0.3904.108 Safari/537.36"
34.77.223.211 - - [10/Jul/2025:10:17:18 +0200] "POST //xmlrpc.php HTTP/1.0" 200 741 "-" "Mozilla/5.0 (Windows NT 10.0; Win64; x64) AppleWebKit/537.36 (KHTML, like Gecko) Chrome/78.0.3904.108 Safari/537.36"
34.77.223.211 - - [10/Jul/2025:10:17:18 +0200] "POST //xmlrpc.php HTTP/1.0" 200 741 "-" "Mozilla/5.0 (Windows NT 10.0; Win64; x64) AppleWebKit/537.36 (KHTML, like Gecko) Chrome/78.0.3904.108 Safari/537.36"
34.77.223.211 - - [10/Jul/2025:10:17:19 +0200] "POST //xmlrpc.php HTTP/1.0" 200 741 "-" "Mozilla/5.0 (Windows NT 10.0; Win64; x64) AppleWebKit/537.36 (KHTML, like Gecko) Chrome/78.0.3904.108 Safari/537.36"
34.77.223.211 - - [10/Jul/2025:10:17:19 +0200] "POST //xmlrpc.php HTTP/1.0" 200 741 "-" "Mozilla/5.0 (Windows NT 10.0; Win64; x64) AppleWebKit/537.36 (KHTML, like Gecko) Chrome/78.0.3904.108 Safari/537.36"
34.77.223.211 - - [10/Jul/2025:10:17:19 +0200] "POST //xmlrpc.php HTTP/1.0" 200 741 "-" "Mozilla/5.0 (Windows NT 10.0; Win64; x64) AppleWebKit/537.36 (KHTML, like Gecko) Chrome/78.0.3904.108 Safari/537.36"
34.77.223.211 - - [10/Jul/2025:10:17:19 +0200] "POST //xmlrpc.php HTTP/1.0" 200 741 "-" "Mozilla/5.0 (Windows NT 10.0; Win64; x64) AppleWebKit/537.36 (KHTML, like Gecko) Chrome/78.0.3904.108 Safari/537.36"
80.74.154.100 - - [10/Jul/2025:10:17:17 +0200] "POST /wp-cron.php?doing_wp_cron=1752135437.5668480396270751953125 HTTP/1.0" 200 409 "-" "WordPress/6.8.1; https://online.comeonline.ch"
34.77.223.211 - - [10/Jul/2025:10:17:19 +0200] "POST //xmlrpc.php HTTP/1.0" 200 741 "-" "Mozilla/5.0 (Windows NT 10.0; Win64; x64) AppleWebKit/537.36 (KHTML, like Gecko) Chrome/78.0.3904.108 Safari/537.36"
34.77.223.211 - - [10/Jul/2025:10:17:19 +0200] "POST //xmlrpc.php HTTP/1.0" 200 741 "-" "Mozilla/5.0 (Windows NT 10.0; Win64; x64) AppleWebKit/537.36 (KHTML, like Gecko) Chrome/78.0.3904.108 Safari/537.36"
34.77.223.211 - - [10/Jul/2025:10:17:19 +0200] "POST //xmlrpc.php HTTP/1.0" 200 741 "-" "Mozilla/5.0 (Windows NT 10.0; Win64; x64) AppleWebKit/537.36 (KHTML, like Gecko) Chrome/78.0.3904.108 Safari/537.36"
80.74.154.100 - - [11/Jul/2025:06:05:42 +0200] "POST /wp-cron.php?doing_wp_cron=1752206741.7834179401397705078125 HTTP/1.0" 200 409 "-" "WordPress/6.8.1; https://online.comeonline.ch"
35.231.177.223 - - [11/Jul/2025:18:32:00 +0200] "GET /.git/config HTTP/1.0" 404 568 "-" "-"
80.74.154.100 - - [12/Jul/2025:06:06:32 +0200] "POST /wp-cron.php HTTP/1.0" 200 409 "-" "WordPress/6.8.1; https://online.comeonline.ch"
80.74.154.100 - - [12/Jul/2025:06:06:33 +0200] "GET / HTTP/1.0" 200 69356 "-" "WordPress/6.8.1; https://online.comeonline.ch"
80.74.154.100 - - [12/Jul/2025:06:06:34 +0200] "GET / HTTP/1.0" 200 69356 "-" "WordPress/6.8.1; https://online.comeonline.ch"
80.74.154.100 - - [12/Jul/2025:06:06:34 +0200] "GET / HTTP/1.0" 200 69327 "-" "WordPress/6.8.1; https://online.comeonline.ch"
80.74.154.100 - - [12/Jul/2025:06:06:34 +0200] "GET / HTTP/1.0" 200 69327 "-" "WordPress/6.8.1; https://online.comeonline.ch"
80.74.154.100 - - [12/Jul/2025:06:06:30 +0200] "POST /wp-cron.php?doing_wp_cron=1752293189.7937750816345214843750 HTTP/1.0" 200 409 "-" "WordPress/6.8.1; https://online.comeonline.ch"
80.74.154.100 - - [13/Jul/2025:05:56:51 +0200] "POST /wp-cron.php?doing_wp_cron=1752379011.5442841053009033203125 HTTP/1.0" 200 409 "-" "WordPress/6.8.1; https://online.comeonline.ch"
80.74.154.100 - - [14/Jul/2025:06:05:16 +0200] "POST /wp-cron.php?doing_wp_cron=1752465916.5686199665069580078125 HTTP/1.0" 200 409 "-" "WordPress/6.8.1; https://online.comeonline.ch"
64.15.129.105 - - [14/Jul/2025:20:34:10 +0200] "GET / HTTP/1.0" 200 69356 "http://online.comeonline.ch/" "Mozilla/5.0 (Windows NT 10.0; Win64; x64) AppleWebKit/537.36 (KHTML, like Gecko) Chrome/138.0.0.0 Safari/537.36"
80.74.154.100 - - [14/Jul/2025:20:34:10 +0200] "POST /wp-cron.php?doing_wp_cron=1752518050.7596240043640136718750 HTTP/1.0" 200 409 "-" "WordPress/6.8.1; https://online.comeonline.ch"
192.175.111.252 - - [14/Jul/2025:20:34:12 +0200] "GET / HTTP/1.0" 200 69356 "http://online.comeonline.ch/" "Mozilla/5.0 (Windows NT 10.0; Win64; x64) AppleWebKit/537.36 (KHTML, like Gecko) Chrome/138.0.0.0 Safari/537.36"
64.15.129.115 - - [14/Jul/2025:20:34:14 +0200] "GET /favicon.ico HTTP/1.0" 404 568 "http://online.comeonline.ch/favicon.ico" "Mozilla/5.0 (Windows NT 10.0; Win64; x64) AppleWebKit/537.36 (KHTML, like Gecko) Chrome/138.0.0.0 Safari/537.36"
64.15.129.112 - - [14/Jul/2025:20:34:14 +0200] "GET /wp-content/uploads/2024/08/cropped-Online_Band_2022_7-scaled-2-32x32.jpg HTTP/1.0" 200 1765 "-" "Mozilla/5.0 (Windows NT 10.0; Win64; x64) AppleWebKit/537.36 (KHTML, like Gecko) Chrome/138.0.0.0 Safari/537.36"
192.175.111.245 - - [14/Jul/2025:20:34:14 +0200] "GET /wp-content/uploads/2024/08/cropped-Online_Band_2022_7-scaled-2-192x192.jpg HTTP/1.0" 200 12029 "-" "Mozilla/5.0 (Windows NT 10.0; Win64; x64) AppleWebKit/537.36 (KHTML, like Gecko) Chrome/138.0.0.0 Safari/537.36"
64.15.129.123 - - [14/Jul/2025:20:34:15 +0200] "GET /wp-content/uploads/2024/08/cropped-Online_Band_2022_7-scaled-2-180x180.jpg HTTP/1.0" 200 11188 "-" "Mozilla/5.0 (Windows NT 10.0; Win64; x64) AppleWebKit/537.36 (KHTML, like Gecko) Chrome/138.0.0.0 Safari/537.36"
192.175.111.240 - - [14/Jul/2025:20:34:16 +0200] "GET / HTTP/1.0" 200 69356 "http://online.comeonline.ch/" "Mozilla/5.0 (Windows NT 10.0; Win64; x64) AppleWebKit/537.36 (KHTML, like Gecko) Chrome/138.0.0.0 Safari/537.36"
64.15.129.114 - - [14/Jul/2025:20:34:16 +0200] "GET / HTTP/1.0" 200 69356 "-" "Mozilla/5.0 (Windows NT 10.0; Win64; x64) AppleWebKit/537.36 (KHTML, like Gecko) Chrome/138.0.0.0 Safari/537.36"
192.175.111.245 - - [14/Jul/2025:20:34:17 +0200] "GET / HTTP/1.0" 200 69356 "http://online.comeonline.ch/" "Mozilla/5.0 (Windows NT 10.0; Win64; x64) AppleWebKit/537.36 (KHTML, like Gecko) Chrome/138.0.0.0 Safari/537.36"
80.74.154.100 - - [15/Jul/2025:06:08:35 +0200] "POST /wp-cron.php?doing_wp_cron=1752552515.2210450172424316406250 HTTP/1.0" 200 409 "-" "WordPress/6.8.1; https://online.comeonline.ch"
31.10.150.247 - - [15/Jul/2025:16:31:39 +0200] "GET /favicon.ico HTTP/1.0" 404 568 "-" "Mozilla/5.0 (Windows NT 10.0; Win64; x64) AppleWebKit/537.36 (KHTML, like Gecko) Chrome/138.0.0.0 Safari/537.36"
80.74.154.100 - - [16/Jul/2025:07:11:41 +0200] "POST /wp-cron.php?doing_wp_cron=1752642701.3044788837432861328125 HTTP/1.0" 200 409 "-" "WordPress/6.8.1; https://online.comeonline.ch"
80.74.154.100 - - [16/Jul/2025:07:11:55 +0200] "HEAD / HTTP/1.0" 200 137 "-" "-"
80.74.154.100 - - [16/Jul/2025:07:12:01 +0200] "POST /wp-admin/upgrade.php?step=upgrade_db HTTP/1.0" 200 439 "-" "WordPress/6.8.1; https://online.comeonline.ch"
80.74.154.100 - - [16/Jul/2025:07:12:08 +0200] "HEAD / HTTP/1.0" 200 137 "-" "-"
80.74.154.100 - - [17/Jul/2025:06:11:46 +0200] "POST /wp-cron.php?doing_wp_cron=1752725505.9839789867401123046875 HTTP/1.0" 200 409 "-" "WordPress/6.8.2; https://online.comeonline.ch"
80.74.154.100 - - [18/Jul/2025:06:09:35 +0200] "POST /wp-cron.php?doing_wp_cron=1752811775.3570001125335693359375 HTTP/1.0" 200 409 "-" "WordPress/6.8.2; https://online.comeonline.ch"
80.74.154.100 - - [19/Jul/2025:06:09:32 +0200] "POST /wp-cron.php HTTP/1.0" 200 409 "-" "WordPress/6.8.2; https://online.comeonline.ch"
80.74.154.100 - - [19/Jul/2025:06:09:33 +0200] "GET / HTTP/1.0" 200 69474 "-" "WordPress/6.8.2; https://online.comeonline.ch"
80.74.154.100 - - [19/Jul/2025:06:09:33 +0200] "GET / HTTP/1.0" 200 69503 "-" "WordPress/6.8.2; https://online.comeonline.ch"
80.74.154.100 - - [19/Jul/2025:06:09:33 +0200] "GET / HTTP/1.0" 200 69474 "-" "WordPress/6.8.2; https://online.comeonline.ch"
80.74.154.100 - - [19/Jul/2025:06:09:33 +0200] "GET / HTTP/1.0" 200 69503 "-" "WordPress/6.8.2; https://online.comeonline.ch"
80.74.154.100 - - [19/Jul/2025:06:09:29 +0200] "POST /wp-cron.php?doing_wp_cron=1752898169.2092440128326416015625 HTTP/1.0" 200 409 "-" "WordPress/6.8.2; https://online.comeonline.ch"
80.74.154.100 - - [20/Jul/2025:06:08:27 +0200] "POST /wp-cron.php?doing_wp_cron=1752984507.1004068851470947265625 HTTP/1.0" 200 409 "-" "WordPress/6.8.2; https://online.comeonline.ch"
80.74.154.100 - - [21/Jul/2025:06:09:55 +0200] "POST /wp-cron.php?doing_wp_cron=1753070994.8086979389190673828125 HTTP/1.0" 200 409 "-" "WordPress/6.8.2; https://online.comeonline.ch"
80.74.154.100 - - [22/Jul/2025:06:10:03 +0200] "POST /wp-cron.php?doing_wp_cron=1753157402.8793840408325195312500 HTTP/1.0" 200 409 "-" "WordPress/6.8.2; https://online.comeonline.ch"
3.145.2.190 - - [22/Jul/2025:22:03:18 +0200] "GET /wp-admin/install.php?step=1 HTTP/1.0" 200 1762 "-" "Mozilla/5.0 (Macintosh; Intel Mac OS X 10_9_3) AppleWebKit/537.75.14 (KHTML, like Gecko) Version/7.0.3 Safari/7046A194A"
80.74.154.100 - - [22/Jul/2025:22:03:19 +0200] "POST /wp-cron.php?doing_wp_cron=1753214599.3540511131286621093750 HTTP/1.0" 200 7956 "-" "WordPress/6.8.2; https://online.comeonline.ch"
80.74.154.100 - - [23/Jul/2025:06:15:23 +0200] "POST /wp-cron.php?doing_wp_cron=1753244123.4260559082031250000000 HTTP/1.0" 200 409 "-" "WordPress/6.8.2; https://online.comeonline.ch"
144.126.211.136 - - [23/Jul/2025:11:20:20 +0200] "GET / HTTP/1.0" 200 69503 "-" "Mozilla/5.0 (X11; Linux x86_64) AppleWebKit/537.36 (KHTML, like Gecko) Chrome/137.0.0.0 Safari/537.36"
80.74.154.100 - - [23/Jul/2025:11:20:20 +0200] "POST /wp-cron.php?doing_wp_cron=1753262420.5813109874725341796875 HTTP/1.0" 200 409 "-" "WordPress/6.8.2; https://online.comeonline.ch"
144.126.211.136 - - [23/Jul/2025:11:20:25 +0200] "GET /wp-content/uploads/2024/08/cropped-Online_Band_2022_7-scaled-2-32x32.jpg HTTP/1.0" 200 1765 "https://online.comeonline.ch/" "Mozilla/5.0 (X11; Linux x86_64) AppleWebKit/537.36 (KHTML, like Gecko) Chrome/137.0.0.0 Safari/537.36"
46.252.194.78 - - [23/Jul/2025:19:46:48 +0200] "GET / HTTP/1.0" 200 69503 "-" "python-requests/2.31.0"
80.74.154.100 - - [23/Jul/2025:19:46:49 +0200] "POST /wp-cron.php?doing_wp_cron=1753292809.3772339820861816406250 HTTP/1.0" 200 409 "-" "WordPress/6.8.2; https://online.comeonline.ch"
80.74.154.100 - - [24/Jul/2025:06:13:42 +0200] "POST /wp-cron.php?doing_wp_cron=1753330421.7815659046173095703125 HTTP/1.0" 200 409 "-" "WordPress/6.8.2; https://online.comeonline.ch"
47.82.11.21 - - [24/Jul/2025:22:42:18 +0200] "GET / HTTP/1.0" 200 69503 "http://online.comeonline.ch" "Mozilla/5.0 (Windows NT 10.0; Win64; x64) AppleWebKit/537.36 (KHTML, like Gecko) Chrome/114.0.0.0 Safari/537.36 Edg/114.0.1823.43"
80.74.154.100 - - [24/Jul/2025:22:42:18 +0200] "POST /wp-cron.php?doing_wp_cron=1753389738.7622640132904052734375 HTTP/1.0" 200 409 "-" "WordPress/6.8.2; https://online.comeonline.ch"
80.74.154.100 - - [25/Jul/2025:06:08:48 +0200] "POST /wp-cron.php?doing_wp_cron=1753416528.6836040019989013671875 HTTP/1.0" 200 409 "-" "WordPress/6.8.2; https://online.comeonline.ch"
80.74.154.100 - - [26/Jul/2025:06:09:40 +0200] "POST /wp-cron.php HTTP/1.0" 200 409 "-" "WordPress/6.8.2; https://online.comeonline.ch"
80.74.154.100 - - [26/Jul/2025:06:09:41 +0200] "GET / HTTP/1.0" 200 69503 "-" "WordPress/6.8.2; https://online.comeonline.ch"
80.74.154.100 - - [26/Jul/2025:06:09:42 +0200] "GET / HTTP/1.0" 200 69503 "-" "WordPress/6.8.2; https://online.comeonline.ch"
80.74.154.100 - - [26/Jul/2025:06:09:42 +0200] "GET / HTTP/1.0" 200 69503 "-" "WordPress/6.8.2; https://online.comeonline.ch"
80.74.154.100 - - [26/Jul/2025:06:09:42 +0200] "GET / HTTP/1.0" 200 69503 "-" "WordPress/6.8.2; https://online.comeonline.ch"
80.74.154.100 - - [26/Jul/2025:06:09:38 +0200] "POST /wp-cron.php?doing_wp_cron=1753502977.7804560661315917968750 HTTP/1.0" 200 409 "-" "WordPress/6.8.2; https://online.comeonline.ch"
80.74.154.100 - - [27/Jul/2025:06:07:29 +0200] "POST /wp-cron.php?doing_wp_cron=1753589249.5528941154479980468750 HTTP/1.0" 200 409 "-" "WordPress/6.8.2; https://online.comeonline.ch"
31.10.150.247 - - [27/Jul/2025:18:18:42 +0200] "GET /favicon.ico HTTP/1.0" 404 568 "-" "Mozilla/5.0 (Windows NT 10.0; Win64; x64) AppleWebKit/537.36 (KHTML, like Gecko) Chrome/138.0.0.0 Safari/537.36"
80.74.154.100 - - [28/Jul/2025:06:05:28 +0200] "POST /wp-cron.php?doing_wp_cron=1753675528.5876541137695312500000 HTTP/1.0" 200 409 "-" "WordPress/6.8.2; https://online.comeonline.ch"
80.74.154.100 - - [29/Jul/2025:06:08:09 +0200] "POST /wp-cron.php?doing_wp_cron=1753762088.8425610065460205078125 HTTP/1.0" 200 409 "-" "WordPress/6.8.2; https://online.comeonline.ch"
80.74.154.100 - - [30/Jul/2025:06:15:04 +0200] "POST /wp-cron.php?doing_wp_cron=1753848904.2345170974731445312500 HTTP/1.0" 200 409 "-" "WordPress/6.8.2; https://online.comeonline.ch"
80.74.154.100 - - [31/Jul/2025:06:14:20 +0200] "POST /wp-cron.php?doing_wp_cron=1753935259.8479540348052978515625 HTTP/1.0" 200 409 "-" "WordPress/6.8.2; https://online.comeonline.ch"
80.74.154.100 - - [01/Aug/2025:06:11:31 +0200] "POST /wp-cron.php?doing_wp_cron=1754021491.6407899856567382812500 HTTP/1.0" 200 409 "-" "WordPress/6.8.2; https://online.comeonline.ch"
80.74.154.100 - - [02/Aug/2025:06:05:33 +0200] "POST /wp-cron.php HTTP/1.0" 200 409 "-" "WordPress/6.8.2; https://online.comeonline.ch"
80.74.154.100 - - [02/Aug/2025:06:05:34 +0200] "GET / HTTP/1.0" 200 69503 "-" "WordPress/6.8.2; https://online.comeonline.ch"
80.74.154.100 - - [02/Aug/2025:06:05:35 +0200] "GET / HTTP/1.0" 200 69503 "-" "WordPress/6.8.2; https://online.comeonline.ch"
80.74.154.100 - - [02/Aug/2025:06:05:35 +0200] "GET / HTTP/1.0" 200 69503 "-" "WordPress/6.8.2; https://online.comeonline.ch"
80.74.154.100 - - [02/Aug/2025:06:05:35 +0200] "GET / HTTP/1.0" 200 69503 "-" "WordPress/6.8.2; https://online.comeonline.ch"
80.74.154.100 - - [02/Aug/2025:06:05:31 +0200] "POST /wp-cron.php?doing_wp_cron=1754107531.1655080318450927734375 HTTP/1.0" 200 409 "-" "WordPress/6.8.2; https://online.comeonline.ch"
34.91.115.13 - - [02/Aug/2025:19:42:34 +0200] "GET / HTTP/1.0" 200 69503 "-" "Scrapy/2.12.0 (+https://scrapy.org)"
80.74.154.100 - - [02/Aug/2025:19:42:35 +0200] "POST /wp-cron.php?doing_wp_cron=1754156555.0800991058349609375000 HTTP/1.0" 200 409 "-" "WordPress/6.8.2; https://online.comeonline.ch"
80.74.154.100 - - [03/Aug/2025:06:06:37 +0200] "POST /wp-cron.php?doing_wp_cron=1754193997.5613350868225097656250 HTTP/1.0" 200 409 "-" "WordPress/6.8.2; https://online.comeonline.ch"
80.74.154.100 - - [04/Aug/2025:06:06:02 +0200] "POST /wp-cron.php?doing_wp_cron=1754280361.8240180015563964843750 HTTP/1.0" 200 409 "-" "WordPress/6.8.2; https://online.comeonline.ch"
80.74.154.100 - - [05/Aug/2025:06:08:35 +0200] "POST /wp-cron.php?doing_wp_cron=1754366915.6916649341583251953125 HTTP/1.0" 200 409 "-" "WordPress/6.8.2; https://online.comeonline.ch"
13.229.122.61 - - [05/Aug/2025:12:16:41 +0200] "GET / HTTP/1.0" 200 69503 "-" "Mozilla/5.0 (Windows NT 10.0; Win64; x64) AppleWebKit/537.36 (KHTML, like Gecko) Chrome/78.0.3904.108 Safari/537.36"
13.229.122.61 - - [05/Aug/2025:12:16:43 +0200] "GET //wp-includes/wlwmanifest.xml HTTP/1.0" 404 584 "-" "Mozilla/5.0 (Windows NT 10.0; Win64; x64) AppleWebKit/537.36 (KHTML, like Gecko) Chrome/78.0.3904.108 Safari/537.36"
80.74.154.100 - - [05/Aug/2025:12:16:42 +0200] "POST /wp-cron.php?doing_wp_cron=1754389002.3514699935913085937500 HTTP/1.0" 200 409 "-" "WordPress/6.8.2; https://online.comeonline.ch"
13.229.122.61 - - [05/Aug/2025:12:16:44 +0200] "GET //xmlrpc.php?rsd HTTP/1.0" 200 1173 "-" "Mozilla/5.0 (Windows NT 10.0; Win64; x64) AppleWebKit/537.36 (KHTML, like Gecko) Chrome/78.0.3904.108 Safari/537.36"
13.229.122.61 - - [05/Aug/2025:12:16:45 +0200] "GET //?author=1 HTTP/1.0" 301 407 "-" "Mozilla/5.0 (Windows NT 10.0; Win64; x64) AppleWebKit/537.36 (KHTML, like Gecko) Chrome/78.0.3904.108 Safari/537.36"
13.229.122.61 - - [05/Aug/2025:12:16:45 +0200] "GET //?author=2 HTTP/1.0" 301 519 "-" "Mozilla/5.0 (Windows NT 10.0; Win64; x64) AppleWebKit/537.36 (KHTML, like Gecko) Chrome/78.0.3904.108 Safari/537.36"
13.229.122.61 - - [05/Aug/2025:12:16:45 +0200] "GET //wp-json/wp/v2/users/ HTTP/1.0" 404 577 "-" "Mozilla/5.0 (Windows NT 10.0; Win64; x64) AppleWebKit/537.36 (KHTML, like Gecko) Chrome/78.0.3904.108 Safari/537.36"
13.229.122.61 - - [05/Aug/2025:12:16:45 +0200] "GET //wp-json/oembed/1.0/embed?url=https://online.comeonline.ch/ HTTP/1.0" 404 581 "-" "Mozilla/5.0 (Windows NT 10.0; Win64; x64) AppleWebKit/537.36 (KHTML, like Gecko) Chrome/78.0.3904.108 Safari/537.36"
13.229.122.61 - - [05/Aug/2025:12:16:45 +0200] "POST //xmlrpc.php HTTP/1.0" 200 741 "-" "Mozilla/5.0 (Windows NT 10.0; Win64; x64) AppleWebKit/537.36 (KHTML, like Gecko) Chrome/78.0.3904.108 Safari/537.36"
13.229.122.61 - - [05/Aug/2025:12:16:46 +0200] "POST //xmlrpc.php HTTP/1.0" 200 741 "-" "Mozilla/5.0 (Windows NT 10.0; Win64; x64) AppleWebKit/537.36 (KHTML, like Gecko) Chrome/78.0.3904.108 Safari/537.36"
13.229.122.61 - - [05/Aug/2025:12:16:46 +0200] "POST //xmlrpc.php HTTP/1.0" 200 741 "-" "Mozilla/5.0 (Windows NT 10.0; Win64; x64) AppleWebKit/537.36 (KHTML, like Gecko) Chrome/78.0.3904.108 Safari/537.36"
13.229.122.61 - - [05/Aug/2025:12:16:46 +0200] "POST //xmlrpc.php HTTP/1.0" 200 741 "-" "Mozilla/5.0 (Windows NT 10.0; Win64; x64) AppleWebKit/537.36 (KHTML, like Gecko) Chrome/78.0.3904.108 Safari/537.36"
13.229.122.61 - - [05/Aug/2025:12:16:46 +0200] "POST //xmlrpc.php HTTP/1.0" 200 741 "-" "Mozilla/5.0 (Windows NT 10.0; Win64; x64) AppleWebKit/537.36 (KHTML, like Gecko) Chrome/78.0.3904.108 Safari/537.36"
13.229.122.61 - - [05/Aug/2025:12:16:46 +0200] "POST //xmlrpc.php HTTP/1.0" 200 741 "-" "Mozilla/5.0 (Windows NT 10.0; Win64; x64) AppleWebKit/537.36 (KHTML, like Gecko) Chrome/78.0.3904.108 Safari/537.36"
13.229.122.61 - - [05/Aug/2025:12:16:47 +0200] "POST //xmlrpc.php HTTP/1.0" 200 741 "-" "Mozilla/5.0 (Windows NT 10.0; Win64; x64) AppleWebKit/537.36 (KHTML, like Gecko) Chrome/78.0.3904.108 Safari/537.36"
18.142.50.98 - - [05/Aug/2025:12:17:36 +0200] "GET / HTTP/1.0" 200 69503 "-" "Mozilla/5.0 (Windows NT 10.0; Win64; x64) AppleWebKit/537.36 (KHTML, like Gecko) Chrome/78.0.3904.108 Safari/537.36"
18.142.50.98 - - [05/Aug/2025:12:17:36 +0200] "GET //wp-includes/wlwmanifest.xml HTTP/1.0" 404 584 "-" "Mozilla/5.0 (Windows NT 10.0; Win64; x64) AppleWebKit/537.36 (KHTML, like Gecko) Chrome/78.0.3904.108 Safari/537.36"
18.142.50.98 - - [05/Aug/2025:12:17:37 +0200] "GET //xmlrpc.php?rsd HTTP/1.0" 200 1173 "-" "Mozilla/5.0 (Windows NT 10.0; Win64; x64) AppleWebKit/537.36 (KHTML, like Gecko) Chrome/78.0.3904.108 Safari/537.36"
18.142.50.98 - - [05/Aug/2025:12:17:37 +0200] "GET //?author=1 HTTP/1.0" 301 407 "-" "Mozilla/5.0 (Windows NT 10.0; Win64; x64) AppleWebKit/537.36 (KHTML, like Gecko) Chrome/78.0.3904.108 Safari/537.36"
18.142.50.98 - - [05/Aug/2025:12:17:37 +0200] "GET //?author=2 HTTP/1.0" 301 519 "-" "Mozilla/5.0 (Windows NT 10.0; Win64; x64) AppleWebKit/537.36 (KHTML, like Gecko) Chrome/78.0.3904.108 Safari/537.36"
18.142.50.98 - - [05/Aug/2025:12:17:37 +0200] "GET //wp-json/wp/v2/users/ HTTP/1.0" 404 577 "-" "Mozilla/5.0 (Windows NT 10.0; Win64; x64) AppleWebKit/537.36 (KHTML, like Gecko) Chrome/78.0.3904.108 Safari/537.36"
18.142.50.98 - - [05/Aug/2025:12:17:37 +0200] "GET //wp-json/oembed/1.0/embed?url=https://online.comeonline.ch/ HTTP/1.0" 404 581 "-" "Mozilla/5.0 (Windows NT 10.0; Win64; x64) AppleWebKit/537.36 (KHTML, like Gecko) Chrome/78.0.3904.108 Safari/537.36"
18.142.50.98 - - [05/Aug/2025:12:17:37 +0200] "POST //xmlrpc.php HTTP/1.0" 200 741 "-" "Mozilla/5.0 (Windows NT 10.0; Win64; x64) AppleWebKit/537.36 (KHTML, like Gecko) Chrome/78.0.3904.108 Safari/537.36"
18.142.50.98 - - [05/Aug/2025:12:17:38 +0200] "POST //xmlrpc.php HTTP/1.0" 200 741 "-" "Mozilla/5.0 (Windows NT 10.0; Win64; x64) AppleWebKit/537.36 (KHTML, like Gecko) Chrome/78.0.3904.108 Safari/537.36"
18.142.50.98 - - [05/Aug/2025:12:17:38 +0200] "POST //xmlrpc.php HTTP/1.0" 200 741 "-" "Mozilla/5.0 (Windows NT 10.0; Win64; x64) AppleWebKit/537.36 (KHTML, like Gecko) Chrome/78.0.3904.108 Safari/537.36"
18.142.50.98 - - [05/Aug/2025:12:17:38 +0200] "POST //xmlrpc.php HTTP/1.0" 200 741 "-" "Mozilla/5.0 (Windows NT 10.0; Win64; x64) AppleWebKit/537.36 (KHTML, like Gecko) Chrome/78.0.3904.108 Safari/537.36"
18.142.50.98 - - [05/Aug/2025:12:17:38 +0200] "POST //xmlrpc.php HTTP/1.0" 200 741 "-" "Mozilla/5.0 (Windows NT 10.0; Win64; x64) AppleWebKit/537.36 (KHTML, like Gecko) Chrome/78.0.3904.108 Safari/537.36"
18.142.50.98 - - [05/Aug/2025:12:17:38 +0200] "POST //xmlrpc.php HTTP/1.0" 200 741 "-" "Mozilla/5.0 (Windows NT 10.0; Win64; x64) AppleWebKit/537.36 (KHTML, like Gecko) Chrome/78.0.3904.108 Safari/537.36"
18.142.50.98 - - [05/Aug/2025:12:17:39 +0200] "POST //xmlrpc.php HTTP/1.0" 200 741 "-" "Mozilla/5.0 (Windows NT 10.0; Win64; x64) AppleWebKit/537.36 (KHTML, like Gecko) Chrome/78.0.3904.108 Safari/537.36"
18.142.50.98 - - [05/Aug/2025:12:17:39 +0200] "POST //xmlrpc.php HTTP/1.0" 200 741 "-" "Mozilla/5.0 (Windows NT 10.0; Win64; x64) AppleWebKit/537.36 (KHTML, like Gecko) Chrome/78.0.3904.108 Safari/537.36"
80.74.154.100 - - [06/Aug/2025:07:20:46 +0200] "POST /wp-cron.php?doing_wp_cron=1754457645.9305870532989501953125 HTTP/1.0" 200 409 "-" "WordPress/6.8.2; https://online.comeonline.ch"
159.65.25.185 - - [06/Aug/2025:08:45:26 +0200] "GET / HTTP/1.0" 200 69503 "-" "Mozilla/5.0 (X11; Linux x86_64) AppleWebKit/537.36 (KHTML, like Gecko) Chrome/137.0.0.0 Safari/537.36"
80.74.154.100 - - [06/Aug/2025:08:45:27 +0200] "POST /wp-cron.php?doing_wp_cron=1754462726.9357600212097167968750 HTTP/1.0" 200 409 "-" "WordPress/6.8.2; https://online.comeonline.ch"
159.65.25.185 - - [06/Aug/2025:08:45:28 +0200] "GET /wp-content/uploads/2024/08/cropped-Online_Band_2022_7-scaled-2-32x32.jpg HTTP/1.0" 200 1765 "https://online.comeonline.ch/" "Mozilla/5.0 (X11; Linux x86_64) AppleWebKit/537.36 (KHTML, like Gecko) Chrome/137.0.0.0 Safari/537.36"
122.51.242.63 - - [06/Aug/2025:13:35:39 +0200] "GET / HTTP/1.0" 200 69503 "-" "NokiaN73-1/3.0649.0.0.1 Series60/3.0 Profile/MIDP2.0 Configuration/CLDC-1.1"
80.74.154.100 - - [06/Aug/2025:13:35:40 +0200] "POST /wp-cron.php?doing_wp_cron=1754480139.9269659519195556640625 HTTP/1.0" 200 409 "-" "WordPress/6.8.2; https://online.comeonline.ch"
80.74.154.100 - - [07/Aug/2025:06:17:44 +0200] "POST /wp-cron.php?doing_wp_cron=1754540263.9405729770660400390625 HTTP/1.0" 200 409 "-" "WordPress/6.8.2; https://online.comeonline.ch"
47.79.7.122 - - [07/Aug/2025:16:30:59 +0200] "GET /robots.txt HTTP/1.0" 404 567 "-" "Mozilla/5.0 (Macintosh; Intel Mac OS X 10_15_7) AppleWebKit/537.36 (KHTML, like Gecko) Chrome/128.0.0.0 Safari/537.36"
47.82.11.62 - - [07/Aug/2025:17:58:55 +0200] "GET / HTTP/1.0" 200 69503 "http://online.comeonline.ch" "Mozilla/5.0 (Windows NT 10.0; Win64; x64) AppleWebKit/537.36 (KHTML, like Gecko) Chrome/114.0.0.0 Safari/537.36 Edg/114.0.1823.43"
80.74.154.100 - - [07/Aug/2025:17:58:56 +0200] "POST /wp-cron.php?doing_wp_cron=1754582335.9256119728088378906250 HTTP/1.0" 200 409 "-" "WordPress/6.8.2; https://online.comeonline.ch"
34.253.149.107 - - [08/Aug/2025:03:48:54 +0200] "GET / HTTP/1.0" 200 69503 "-" "Mozilla/5.0 (compatible; NetcraftSurveyAgent/1.0; +info@netcraft.com)"
80.74.154.100 - - [08/Aug/2025:03:48:55 +0200] "POST /wp-cron.php?doing_wp_cron=1754617734.9611630439758300781250 HTTP/1.0" 200 409 "-" "WordPress/6.8.2; https://online.comeonline.ch"
80.74.154.100 - - [08/Aug/2025:06:08:22 +0200] "POST /wp-cron.php?doing_wp_cron=1754626102.0594809055328369140625 HTTP/1.0" 200 409 "-" "WordPress/6.8.2; https://online.comeonline.ch"
80.74.154.100 - - [09/Aug/2025:06:06:12 +0200] "POST /wp-cron.php HTTP/1.0" 200 409 "-" "WordPress/6.8.2; https://online.comeonline.ch"
80.74.154.100 - - [09/Aug/2025:06:06:13 +0200] "GET / HTTP/1.0" 200 69503 "-" "WordPress/6.8.2; https://online.comeonline.ch"
80.74.154.100 - - [09/Aug/2025:06:06:13 +0200] "GET / HTTP/1.0" 200 69503 "-" "WordPress/6.8.2; https://online.comeonline.ch"
80.74.154.100 - - [09/Aug/2025:06:06:13 +0200] "GET / HTTP/1.0" 200 69503 "-" "WordPress/6.8.2; https://online.comeonline.ch"
80.74.154.100 - - [09/Aug/2025:06:06:13 +0200] "GET / HTTP/1.0" 200 69503 "-" "WordPress/6.8.2; https://online.comeonline.ch"
80.74.154.100 - - [09/Aug/2025:06:06:09 +0200] "POST /wp-cron.php?doing_wp_cron=1754712368.8577709197998046875000 HTTP/1.0" 200 409 "-" "WordPress/6.8.2; https://online.comeonline.ch"
80.74.154.100 - - [10/Aug/2025:06:05:45 +0200] "POST /wp-cron.php?doing_wp_cron=1754798745.5897300243377685546875 HTTP/1.0" 200 409 "-" "WordPress/6.8.2; https://online.comeonline.ch"
80.74.154.100 - - [11/Aug/2025:06:07:41 +0200] "POST /wp-cron.php?doing_wp_cron=1754885261.4704349040985107421875 HTTP/1.0" 200 409 "-" "WordPress/6.8.2; https://online.comeonline.ch"
44.251.135.219 - - [11/Aug/2025:13:22:07 +0200] "GET /robots.txt HTTP/1.0" 404 567 "-" "Mozilla/5.0 (compatible; wpbot/1.3; +https://forms.gle/ajBaxygz9jSR8p8G9)"
44.251.135.219 - - [11/Aug/2025:13:22:08 +0200] "GET / HTTP/1.0" 200 69503 "-" "Mozilla/5.0 (compatible; wpbot/1.3; +https://forms.gle/ajBaxygz9jSR8p8G9)"
80.74.154.100 - - [11/Aug/2025:13:22:08 +0200] "POST /wp-cron.php?doing_wp_cron=1754911328.5701971054077148437500 HTTP/1.0" 200 409 "-" "WordPress/6.8.2; https://online.comeonline.ch"
80.74.154.100 - - [12/Aug/2025:02:53:48 +0200] "POST /wp-cron.php?doing_wp_cron=1754960028.6644520759582519531250 HTTP/1.0" 200 409 "-" "WordPress/6.8.2; https://online.comeonline.ch"
103.4.250.12 - - [12/Aug/2025:02:54:50 +0200] "GET / HTTP/1.0" 200 69503 "-" "Mozilla/5.0 (Windows NT 10.0; Win64; x64) AppleWebKit/537.36 (KHTML, like Gecko) Chrome/117.0.0.0 Safari/537.36"
103.4.251.172 - - [12/Aug/2025:02:54:50 +0200] "GET / HTTP/1.0" 200 69503 "-" "Mozilla/5.0 (Windows NT 10.0; Win64; x64) AppleWebKit/537.36 (KHTML, like Gecko) Chrome/116.0.0.0 Safari/537.36"
103.4.251.172 - - [12/Aug/2025:02:54:59 +0200] "GET / HTTP/1.0" 200 69503 "-" "Mozilla/5.0 (Windows NT 10.0; Win64; x64) AppleWebKit/537.36 (KHTML, like Gecko) Chrome/116.0.0.0 Safari/537.36"
84.39.112.86 - - [12/Aug/2025:03:15:26 +0200] "GET / HTTP/1.0" 200 69503 "-" "Mozilla/5.0 (Windows NT 10.0; Win64; x64) AppleWebKit/537.36 (KHTML, like Gecko) Chrome/132.0.0.0 Safari/537.36 Edg/132.0.0.0"
80.74.154.100 - - [12/Aug/2025:03:15:26 +0200] "POST /wp-cron.php?doing_wp_cron=1754961326.5400159358978271484375 HTTP/1.0" 200 409 "-" "WordPress/6.8.2; https://online.comeonline.ch"
157.230.195.44 - - [12/Aug/2025:03:15:26 +0200] "GET / HTTP/1.0" 200 69503 "-" "Mozilla/5.0 (iPhone; CPU iPhone OS 18_5 like Mac OS X) AppleWebKit/605.1.15 (KHTML, like Gecko) Version/18.5 Mobile/15E148 Safari/604.1"
84.39.112.86 - - [12/Aug/2025:03:15:28 +0200] "GET / HTTP/1.0" 200 69503 "-" "Mozilla/5.0 (Linux; Android 10; K) AppleWebKit/537.36 (KHTML, like Gecko) Chrome/132.0.0.0 Mobile Safari/537.36"
84.39.112.86 - - [12/Aug/2025:03:16:34 +0200] "GET /wp-content/uploads/2024/08/cropped-Online_Band_2022_7-scaled-2-32x32.jpg HTTP/1.0" 200 1765 "-" "Mozilla/5.0 (Linux; Android 10; K) AppleWebKit/537.36 (KHTML, like Gecko) Chrome/132.0.0.0 Mobile Safari/537.36"
84.39.112.86 - - [12/Aug/2025:03:16:34 +0200] "GET /wp-content/uploads/2024/08/cropped-Online_Band_2022_7-scaled-2-192x192.jpg HTTP/1.0" 200 12029 "-" "Mozilla/5.0 (Linux; Android 10; K) AppleWebKit/537.36 (KHTML, like Gecko) Chrome/132.0.0.0 Mobile Safari/537.36"
84.39.112.86 - - [12/Aug/2025:03:16:34 +0200] "GET /wp-content/uploads/2024/08/cropped-Online_Band_2022_7-scaled-2-32x32.jpg HTTP/1.0" 200 1765 "-" "Mozilla/5.0 (Windows NT 10.0; Win64; x64) AppleWebKit/537.36 (KHTML, like Gecko) Chrome/132.0.0.0 Safari/537.36 Edg/132.0.0.0"
84.39.112.86 - - [12/Aug/2025:03:16:34 +0200] "GET /wp-content/uploads/2024/08/cropped-Online_Band_2022_7-scaled-2-180x180.jpg HTTP/1.0" 200 11188 "-" "Mozilla/5.0 (Linux; Android 10; K) AppleWebKit/537.36 (KHTML, like Gecko) Chrome/132.0.0.0 Mobile Safari/537.36"
84.39.112.86 - - [12/Aug/2025:03:16:35 +0200] "GET /wp-content/uploads/2024/08/cropped-Online_Band_2022_7-scaled-2-192x192.jpg HTTP/1.0" 200 12029 "-" "Mozilla/5.0 (Windows NT 10.0; Win64; x64) AppleWebKit/537.36 (KHTML, like Gecko) Chrome/132.0.0.0 Safari/537.36 Edg/132.0.0.0"
157.230.195.44 - - [12/Aug/2025:03:16:35 +0200] "GET /wp-content/uploads/2024/08/cropped-Online_Band_2022_7-scaled-2-32x32.jpg HTTP/1.0" 200 1765 "-" "Mozilla/5.0 (iPhone; CPU iPhone OS 18_5 like Mac OS X) AppleWebKit/605.1.15 (KHTML, like Gecko) Version/18.5 Mobile/15E148 Safari/604.1"
157.230.195.44 - - [12/Aug/2025:03:16:35 +0200] "GET /wp-content/uploads/2024/08/cropped-Online_Band_2022_7-scaled-2-192x192.jpg HTTP/1.0" 200 12029 "-" "Mozilla/5.0 (iPhone; CPU iPhone OS 18_5 like Mac OS X) AppleWebKit/605.1.15 (KHTML, like Gecko) Version/18.5 Mobile/15E148 Safari/604.1"
157.230.195.44 - - [12/Aug/2025:03:16:35 +0200] "GET /wp-content/uploads/2024/08/cropped-Online_Band_2022_7-scaled-2-180x180.jpg HTTP/1.0" 200 11188 "-" "Mozilla/5.0 (iPhone; CPU iPhone OS 18_5 like Mac OS X) AppleWebKit/605.1.15 (KHTML, like Gecko) Version/18.5 Mobile/15E148 Safari/604.1"
84.39.112.86 - - [12/Aug/2025:03:16:38 +0200] "GET /wp-content/uploads/2024/08/cropped-Online_Band_2022_7-scaled-2-180x180.jpg HTTP/1.0" 200 11188 "-" "Mozilla/5.0 (Windows NT 10.0; Win64; x64) AppleWebKit/537.36 (KHTML, like Gecko) Chrome/132.0.0.0 Safari/537.36 Edg/132.0.0.0"
84.39.112.86 - - [12/Aug/2025:03:17:39 +0200] "GET /favicon.ico HTTP/1.0" 404 568 "-" "Mozilla/5.0 (Windows NT 10.0; Win64; x64) AppleWebKit/537.36 (KHTML, like Gecko) Chrome/132.0.0.0 Safari/537.36 Edg/132.0.0.0"
23.178.112.106 - - [12/Aug/2025:02:53:39 +0200] "GET /.well-known/acme-challenge/_tCgmBQo1zJgAhB3DSJSLTcRnXuVl348Koikp6cfoN4 HTTP/1.1" 200 87 "http://online.comeonline.ch/.well-known/acme-challenge/_tCgmBQo1zJgAhB3DSJSLTcRnXuVl348Koikp6cfoN4" "Mozilla/5.0 (compatible; Let's Encrypt validation server; +https://www.letsencrypt.org)"
16.16.127.243 - - [12/Aug/2025:02:53:39 +0200] "GET /.well-known/acme-challenge/_tCgmBQo1zJgAhB3DSJSLTcRnXuVl348Koikp6cfoN4 HTTP/1.1" 200 87 "http://online.comeonline.ch/.well-known/acme-challenge/_tCgmBQo1zJgAhB3DSJSLTcRnXuVl348Koikp6cfoN4" "Mozilla/5.0 (compatible; Let's Encrypt validation server; +https://www.letsencrypt.org)"
3.21.158.14 - - [12/Aug/2025:02:53:40 +0200] "GET /.well-known/acme-challenge/_tCgmBQo1zJgAhB3DSJSLTcRnXuVl348Koikp6cfoN4 HTTP/1.1" 200 87 "http://online.comeonline.ch/.well-known/acme-challenge/_tCgmBQo1zJgAhB3DSJSLTcRnXuVl348Koikp6cfoN4" "Mozilla/5.0 (compatible; Let's Encrypt validation server; +https://www.letsencrypt.org)"
35.95.72.174 - - [12/Aug/2025:02:53:40 +0200] "GET /.well-known/acme-challenge/_tCgmBQo1zJgAhB3DSJSLTcRnXuVl348Koikp6cfoN4 HTTP/1.1" 200 87 "http://online.comeonline.ch/.well-known/acme-challenge/_tCgmBQo1zJgAhB3DSJSLTcRnXuVl348Koikp6cfoN4" "Mozilla/5.0 (compatible; Let's Encrypt validation server; +https://www.letsencrypt.org)"
13.251.43.121 - - [12/Aug/2025:02:53:40 +0200] "GET /.well-known/acme-challenge/_tCgmBQo1zJgAhB3DSJSLTcRnXuVl348Koikp6cfoN4 HTTP/1.1" 200 87 "http://online.comeonline.ch/.well-known/acme-challenge/_tCgmBQo1zJgAhB3DSJSLTcRnXuVl348Koikp6cfoN4" "Mozilla/5.0 (compatible; Let's Encrypt validation server; +https://www.letsencrypt.org)"
103.4.251.157 - - [12/Aug/2025:03:46:01 +0200] "GET / HTTP/1.0" 200 69474 "-" "Mozilla/5.0 (Macintosh; Intel Mac OS X 10_15_7) AppleWebKit/537.36 (KHTML, like Gecko) Chrome/116.0.0.0 Safari/537.36"
104.164.173.192 - - [12/Aug/2025:03:46:01 +0200] "GET / HTTP/1.0" 200 69503 "-" "Mozilla/5.0 (X11; Linux x86_64) AppleWebKit/537.36 (KHTML, like Gecko) Chrome/116.0.0.0 Safari/537.36"
103.4.251.157 - - [12/Aug/2025:03:46:12 +0200] "GET / HTTP/1.0" 200 69503 "-" "Mozilla/5.0 (Macintosh; Intel Mac OS X 10_15_7) AppleWebKit/537.36 (KHTML, like Gecko) Chrome/116.0.0.0 Safari/537.36"
5.29.81.38 - - [12/Aug/2025:04:29:29 +0200] "GET / HTTP/1.0" 406 615 "-" "Python/3.8 aiohttp/3.5.4"
80.74.154.100 - - [12/Aug/2025:06:10:26 +0200] "POST /wp-cron.php?doing_wp_cron=1754971825.8042600154876708984375 HTTP/1.0" 200 409 "-" "WordPress/6.8.2; https://online.comeonline.ch"
107.172.195.95 - - [12/Aug/2025:07:19:52 +0200] "GET / HTTP/1.0" 200 69503 "-" "Mozilla/5.0 (X11; Linux x86_64) AppleWebKit/537.36 (KHTML, like Gecko) Chrome/116.0.0.0 Safari/537.36"
80.74.154.100 - - [12/Aug/2025:07:19:52 +0200] "POST /wp-cron.php?doing_wp_cron=1754975992.5682671070098876953125 HTTP/1.0" 200 409 "-" "WordPress/6.8.2; https://online.comeonline.ch"
104.164.173.103 - - [12/Aug/2025:07:19:53 +0200] "GET / HTTP/1.0" 200 69474 "-" "Mozilla/5.0 (Macintosh; Intel Mac OS X 10_15_7) AppleWebKit/537.36 (KHTML, like Gecko) Chrome/117.0.0.0 Safari/537.36"
104.164.173.103 - - [12/Aug/2025:07:20:07 +0200] "GET / HTTP/1.0" 200 69503 "-" "Mozilla/5.0 (X11; Linux x86_64) AppleWebKit/537.36 (KHTML, like Gecko) Chrome/116.0.0.0 Safari/537.36"
193.32.127.204 - - [12/Aug/2025:10:50:02 +0200] "GET / HTTP/1.0" 200 69503 "-" "Mozilla/5.0 (Windows NT 10.0; Win64; x64) AppleWebKit/537.36 (KHTML, like Gecko) Chrome/137.0.0.0 Safari/537.36"
80.74.154.100 - - [12/Aug/2025:10:50:03 +0200] "POST /wp-cron.php?doing_wp_cron=1754988603.0113539695739746093750 HTTP/1.0" 200 409 "-" "WordPress/6.8.2; https://online.comeonline.ch"
193.32.127.204 - - [12/Aug/2025:10:50:06 +0200] "GET /favicon.ico HTTP/1.0" 404 568 "-" "Mozilla/5.0 (Windows NT 10.0; Win64; x64) AppleWebKit/537.36 (KHTML, like Gecko) Chrome/137.0.0.0 Safari/537.36"
35.192.123.99 - - [12/Aug/2025:18:54:21 +0200] "GET / HTTP/1.0" 200 69503 "http://online.comeonline.ch" "Mozilla/5.0 (compatible; CMS-Checker/1.0; +https://example.com)"
80.74.154.100 - - [12/Aug/2025:18:54:22 +0200] "POST /wp-cron.php?doing_wp_cron=1755017661.9495859146118164062500 HTTP/1.0" 200 409 "-" "WordPress/6.8.2; https://online.comeonline.ch"
34.230.57.81 - - [13/Aug/2025:04:05:43 +0200] "GET / HTTP/1.0" 200 69503 "-" "Mozilla/5.0 (Windows NT 10.0; Win64; x64) AppleWebKit/537.36 (KHTML, like Gecko) Chrome/78.0.3904.108 Safari/537.36"
34.230.57.81 - - [13/Aug/2025:04:05:45 +0200] "GET //wp-includes/wlwmanifest.xml HTTP/1.0" 404 584 "-" "Mozilla/5.0 (Windows NT 10.0; Win64; x64) AppleWebKit/537.36 (KHTML, like Gecko) Chrome/78.0.3904.108 Safari/537.36"
80.74.154.100 - - [13/Aug/2025:04:05:44 +0200] "POST /wp-cron.php?doing_wp_cron=1755050743.9368040561676025390625 HTTP/1.0" 200 409 "-" "WordPress/6.8.2; https://online.comeonline.ch"
34.230.57.81 - - [13/Aug/2025:04:05:45 +0200] "GET //xmlrpc.php?rsd HTTP/1.0" 200 1173 "-" "Mozilla/5.0 (Windows NT 10.0; Win64; x64) AppleWebKit/537.36 (KHTML, like Gecko) Chrome/78.0.3904.108 Safari/537.36"
34.230.57.81 - - [13/Aug/2025:04:05:46 +0200] "GET //?author=1 HTTP/1.0" 301 407 "-" "Mozilla/5.0 (Windows NT 10.0; Win64; x64) AppleWebKit/537.36 (KHTML, like Gecko) Chrome/78.0.3904.108 Safari/537.36"
34.230.57.81 - - [13/Aug/2025:04:05:46 +0200] "GET //?author=2 HTTP/1.0" 301 519 "-" "Mozilla/5.0 (Windows NT 10.0; Win64; x64) AppleWebKit/537.36 (KHTML, like Gecko) Chrome/78.0.3904.108 Safari/537.36"
34.230.57.81 - - [13/Aug/2025:04:05:47 +0200] "GET //wp-json/wp/v2/users/ HTTP/1.0" 404 577 "-" "Mozilla/5.0 (Windows NT 10.0; Win64; x64) AppleWebKit/537.36 (KHTML, like Gecko) Chrome/78.0.3904.108 Safari/537.36"
34.230.57.81 - - [13/Aug/2025:04:05:47 +0200] "GET //wp-json/oembed/1.0/embed?url=https://online.comeonline.ch/ HTTP/1.0" 404 581 "-" "Mozilla/5.0 (Windows NT 10.0; Win64; x64) AppleWebKit/537.36 (KHTML, like Gecko) Chrome/78.0.3904.108 Safari/537.36"
34.230.57.81 - - [13/Aug/2025:04:05:47 +0200] "POST //xmlrpc.php HTTP/1.0" 200 741 "-" "Mozilla/5.0 (Windows NT 10.0; Win64; x64) AppleWebKit/537.36 (KHTML, like Gecko) Chrome/78.0.3904.108 Safari/537.36"
34.230.57.81 - - [13/Aug/2025:04:05:47 +0200] "POST //xmlrpc.php HTTP/1.0" 200 741 "-" "Mozilla/5.0 (Windows NT 10.0; Win64; x64) AppleWebKit/537.36 (KHTML, like Gecko) Chrome/78.0.3904.108 Safari/537.36"
34.230.57.81 - - [13/Aug/2025:04:05:47 +0200] "POST //xmlrpc.php HTTP/1.0" 200 741 "-" "Mozilla/5.0 (Windows NT 10.0; Win64; x64) AppleWebKit/537.36 (KHTML, like Gecko) Chrome/78.0.3904.108 Safari/537.36"
34.230.57.81 - - [13/Aug/2025:04:05:47 +0200] "POST //xmlrpc.php HTTP/1.0" 200 741 "-" "Mozilla/5.0 (Windows NT 10.0; Win64; x64) AppleWebKit/537.36 (KHTML, like Gecko) Chrome/78.0.3904.108 Safari/537.36"
34.230.57.81 - - [13/Aug/2025:04:05:48 +0200] "POST //xmlrpc.php HTTP/1.0" 200 741 "-" "Mozilla/5.0 (Windows NT 10.0; Win64; x64) AppleWebKit/537.36 (KHTML, like Gecko) Chrome/78.0.3904.108 Safari/537.36"
34.230.57.81 - - [13/Aug/2025:04:05:48 +0200] "POST //xmlrpc.php HTTP/1.0" 200 741 "-" "Mozilla/5.0 (Windows NT 10.0; Win64; x64) AppleWebKit/537.36 (KHTML, like Gecko) Chrome/78.0.3904.108 Safari/537.36"
34.230.57.81 - - [13/Aug/2025:04:05:48 +0200] "POST //xmlrpc.php HTTP/1.0" 200 741 "-" "Mozilla/5.0 (Windows NT 10.0; Win64; x64) AppleWebKit/537.36 (KHTML, like Gecko) Chrome/78.0.3904.108 Safari/537.36"
34.230.57.81 - - [13/Aug/2025:04:05:48 +0200] "POST //xmlrpc.php HTTP/1.0" 200 741 "-" "Mozilla/5.0 (Windows NT 10.0; Win64; x64) AppleWebKit/537.36 (KHTML, like Gecko) Chrome/78.0.3904.108 Safari/537.36"
34.230.57.81 - - [13/Aug/2025:04:05:48 +0200] "POST //xmlrpc.php HTTP/1.0" 200 741 "-" "Mozilla/5.0 (Windows NT 10.0; Win64; x64) AppleWebKit/537.36 (KHTML, like Gecko) Chrome/78.0.3904.108 Safari/537.36"
34.230.57.81 - - [13/Aug/2025:04:05:48 +0200] "POST //xmlrpc.php HTTP/1.0" 200 741 "-" "Mozilla/5.0 (Windows NT 10.0; Win64; x64) AppleWebKit/537.36 (KHTML, like Gecko) Chrome/78.0.3904.108 Safari/537.36"
34.230.57.81 - - [13/Aug/2025:04:05:48 +0200] "POST //xmlrpc.php HTTP/1.0" 200 741 "-" "Mozilla/5.0 (Windows NT 10.0; Win64; x64) AppleWebKit/537.36 (KHTML, like Gecko) Chrome/78.0.3904.108 Safari/537.36"
80.74.154.100 - - [13/Aug/2025:06:07:19 +0200] "POST /wp-cron.php?doing_wp_cron=1755058039.0674409866333007812500 HTTP/1.0" 200 409 "-" "WordPress/6.8.2; https://online.comeonline.ch"
37.120.213.166 - - [13/Aug/2025:07:08:45 +0200] "GET / HTTP/1.0" 200 69503 "-" "Mozilla/5.0 (X11; Linux x86_64) AppleWebKit/537.36 (KHTML, like Gecko) Ubuntu Chromium/114.0.5775.194 Chrome/114.0.5775.194 Safari/537.36"
80.74.154.100 - - [13/Aug/2025:07:08:46 +0200] "POST /wp-cron.php?doing_wp_cron=1755061726.2616009712219238281250 HTTP/1.0" 200 409 "-" "WordPress/6.8.2; https://online.comeonline.ch"
169.150.197.146 - - [13/Aug/2025:07:08:46 +0200] "GET / HTTP/1.0" 200 69503 "-" "Mozilla/5.0 (iPhone; CPU iPhone OS 18_3_1 like Mac OS X) AppleWebKit/605.1.15 (KHTML, like Gecko) Mobile/15E148 THDConsumer/7.45.0.1 (iPhone;iOS 18.3.1)DID:"
190.153.11.70 - - [13/Aug/2025:07:08:50 +0200] "GET / HTTP/1.0" 200 69503 "-" "Mozilla/5.0 (Linux; Android 10; K) AppleWebKit/537.36 (KHTML, like Gecko) Chrome/132.0.0.0 Mobile Safari/537.36"
169.150.197.146 - - [13/Aug/2025:07:09:22 +0200] "GET /wp-content/uploads/2024/08/cropped-Online_Band_2022_7-scaled-2-192x192.jpg HTTP/1.0" 200 12029 "-" "Mozilla/5.0 (iPhone; CPU iPhone OS 18_3_1 like Mac OS X) AppleWebKit/605.1.15 (KHTML, like Gecko) Mobile/15E148 THDConsumer/7.45.0.1 (iPhone;iOS 18.3.1)DID:"
169.150.197.146 - - [13/Aug/2025:07:09:22 +0200] "GET /wp-content/uploads/2024/08/cropped-Online_Band_2022_7-scaled-2-180x180.jpg HTTP/1.0" 200 11188 "-" "Mozilla/5.0 (iPhone; CPU iPhone OS 18_3_1 like Mac OS X) AppleWebKit/605.1.15 (KHTML, like Gecko) Mobile/15E148 THDConsumer/7.45.0.1 (iPhone;iOS 18.3.1)DID:"
169.150.197.146 - - [13/Aug/2025:07:09:22 +0200] "GET /wp-content/uploads/2024/08/cropped-Online_Band_2022_7-scaled-2-32x32.jpg HTTP/1.0" 200 1765 "-" "Mozilla/5.0 (iPhone; CPU iPhone OS 18_3_1 like Mac OS X) AppleWebKit/605.1.15 (KHTML, like Gecko) Mobile/15E148 THDConsumer/7.45.0.1 (iPhone;iOS 18.3.1)DID:"
37.120.213.166 - - [13/Aug/2025:07:09:24 +0200] "GET /wp-content/uploads/2024/08/cropped-Online_Band_2022_7-scaled-2-180x180.jpg HTTP/1.0" 200 11188 "-" "Mozilla/5.0 (X11; Linux x86_64) AppleWebKit/537.36 (KHTML, like Gecko) Ubuntu Chromium/114.0.5775.194 Chrome/114.0.5775.194 Safari/537.36"
37.120.213.166 - - [13/Aug/2025:07:09:25 +0200] "GET /wp-content/uploads/2024/08/cropped-Online_Band_2022_7-scaled-2-192x192.jpg HTTP/1.0" 200 12029 "-" "Mozilla/5.0 (X11; Linux x86_64) AppleWebKit/537.36 (KHTML, like Gecko) Ubuntu Chromium/114.0.5775.194 Chrome/114.0.5775.194 Safari/537.36"
190.153.11.70 - - [13/Aug/2025:07:09:25 +0200] "GET /wp-content/uploads/2024/08/cropped-Online_Band_2022_7-scaled-2-32x32.jpg HTTP/1.0" 200 1765 "-" "Mozilla/5.0 (Linux; Android 10; K) AppleWebKit/537.36 (KHTML, like Gecko) Chrome/132.0.0.0 Mobile Safari/537.36"
37.120.213.166 - - [13/Aug/2025:07:09:26 +0200] "GET /wp-content/uploads/2024/08/cropped-Online_Band_2022_7-scaled-2-32x32.jpg HTTP/1.0" 200 1765 "-" "Mozilla/5.0 (X11; Linux x86_64) AppleWebKit/537.36 (KHTML, like Gecko) Ubuntu Chromium/114.0.5775.194 Chrome/114.0.5775.194 Safari/537.36"
190.153.11.70 - - [13/Aug/2025:07:09:27 +0200] "GET /wp-content/uploads/2024/08/cropped-Online_Band_2022_7-scaled-2-180x180.jpg HTTP/1.0" 200 11188 "-" "Mozilla/5.0 (Linux; Android 10; K) AppleWebKit/537.36 (KHTML, like Gecko) Chrome/132.0.0.0 Mobile Safari/537.36"
190.153.11.70 - - [13/Aug/2025:07:09:30 +0200] "GET /wp-content/uploads/2024/08/cropped-Online_Band_2022_7-scaled-2-192x192.jpg HTTP/1.0" 200 12029 "-" "Mozilla/5.0 (Linux; Android 10; K) AppleWebKit/537.36 (KHTML, like Gecko) Chrome/132.0.0.0 Mobile Safari/537.36"
37.120.213.166 - - [13/Aug/2025:07:09:53 +0200] "GET /favicon.ico HTTP/1.0" 404 568 "-" "Mozilla/5.0 (X11; Linux x86_64) AppleWebKit/537.36 (KHTML, like Gecko) Ubuntu Chromium/114.0.5775.194 Chrome/114.0.5775.194 Safari/537.36"
3.254.0.175 - - [13/Aug/2025:11:36:31 +0200] "GET / HTTP/1.0" 200 69474 "-" "Mozilla/5.0 (compatible; NetcraftSurveyAgent/1.0; +info@netcraft.com)"
80.74.154.100 - - [13/Aug/2025:11:36:31 +0200] "POST /wp-cron.php?doing_wp_cron=1755077791.6666650772094726562500 HTTP/1.0" 200 409 "-" "WordPress/6.8.2; https://online.comeonline.ch"
5.63.19.17 - - [13/Aug/2025:11:39:51 +0200] "GET /.git/config HTTP/1.0" 404 568 "-" "Mozilla/5.0 (Windows; U; Windows NT 6.1; en-GB; rv:1.9.1.17) Gecko/20110123 (like Firefox/3.x) SeaMonkey/2.0.12"
139.59.185.16 - - [13/Aug/2025:16:00:35 +0200] "GET / HTTP/1.0" 200 69503 "-" "Mozilla/5.0 (X11; Linux x86_64) AppleWebKit/537.36 (KHTML, like Gecko) Chrome/139.0.0.0 Safari/537.36"
80.74.154.100 - - [13/Aug/2025:16:00:36 +0200] "POST /wp-cron.php?doing_wp_cron=1755093636.4476380348205566406250 HTTP/1.0" 200 409 "-" "WordPress/6.8.2; https://online.comeonline.ch"
139.59.185.16 - - [13/Aug/2025:16:00:38 +0200] "GET /wp-content/uploads/2024/08/cropped-Online_Band_2022_7-scaled-2-32x32.jpg HTTP/1.0" 200 1765 "https://online.comeonline.ch/" "Mozilla/5.0 (X11; Linux x86_64) AppleWebKit/537.36 (KHTML, like Gecko) Chrome/139.0.0.0 Safari/537.36"
35.184.239.53 - - [13/Aug/2025:18:23:39 +0200] "GET / HTTP/1.0" 200 69503 "http://online.comeonline.ch" "Mozilla/5.0 (compatible; CMS-Checker/1.0; +https://example.com)"
80.74.154.100 - - [13/Aug/2025:18:23:40 +0200] "POST /wp-cron.php?doing_wp_cron=1755102220.3187699317932128906250 HTTP/1.0" 200 409 "-" "WordPress/6.8.2; https://online.comeonline.ch"
34.31.194.146 - - [13/Aug/2025:18:53:52 +0200] "GET / HTTP/1.0" 200 69503 "http://online.comeonline.ch" "Mozilla/5.0 (compatible; CMS-Checker/1.0; +https://example.com)"
35.184.239.53 - - [13/Aug/2025:19:35:58 +0200] "GET / HTTP/1.0" 200 69503 "-" "Mozilla/5.0 (Windows NT 10.0; Win64; x64) AppleWebKit/537.36 (KHTML, like Gecko) Chrome/78.0.3904.108 Safari/537.36"
80.74.154.100 - - [13/Aug/2025:19:35:59 +0200] "POST /wp-cron.php?doing_wp_cron=1755106559.3067550659179687500000 HTTP/1.0" 200 409 "-" "WordPress/6.8.2; https://online.comeonline.ch"
35.184.239.53 - - [13/Aug/2025:19:36:00 +0200] "GET //wp-includes/wlwmanifest.xml HTTP/1.0" 404 584 "-" "Mozilla/5.0 (Windows NT 10.0; Win64; x64) AppleWebKit/537.36 (KHTML, like Gecko) Chrome/78.0.3904.108 Safari/537.36"
35.184.239.53 - - [13/Aug/2025:19:36:00 +0200] "GET //xmlrpc.php?rsd HTTP/1.0" 200 1173 "-" "Mozilla/5.0 (Windows NT 10.0; Win64; x64) AppleWebKit/537.36 (KHTML, like Gecko) Chrome/78.0.3904.108 Safari/537.36"
35.184.239.53 - - [13/Aug/2025:19:36:01 +0200] "GET //?author=1 HTTP/1.0" 301 407 "-" "Mozilla/5.0 (Windows NT 10.0; Win64; x64) AppleWebKit/537.36 (KHTML, like Gecko) Chrome/78.0.3904.108 Safari/537.36"
35.184.239.53 - - [13/Aug/2025:19:36:01 +0200] "GET //?author=2 HTTP/1.0" 301 519 "-" "Mozilla/5.0 (Windows NT 10.0; Win64; x64) AppleWebKit/537.36 (KHTML, like Gecko) Chrome/78.0.3904.108 Safari/537.36"
35.184.239.53 - - [13/Aug/2025:19:36:01 +0200] "GET //wp-json/wp/v2/users/ HTTP/1.0" 404 577 "-" "Mozilla/5.0 (Windows NT 10.0; Win64; x64) AppleWebKit/537.36 (KHTML, like Gecko) Chrome/78.0.3904.108 Safari/537.36"
35.184.239.53 - - [13/Aug/2025:19:36:01 +0200] "GET //wp-json/oembed/1.0/embed?url=https://online.comeonline.ch/ HTTP/1.0" 404 581 "-" "Mozilla/5.0 (Windows NT 10.0; Win64; x64) AppleWebKit/537.36 (KHTML, like Gecko) Chrome/78.0.3904.108 Safari/537.36"
35.184.239.53 - - [13/Aug/2025:19:36:01 +0200] "POST //xmlrpc.php HTTP/1.0" 200 741 "-" "Mozilla/5.0 (Windows NT 10.0; Win64; x64) AppleWebKit/537.36 (KHTML, like Gecko) Chrome/78.0.3904.108 Safari/537.36"
35.184.239.53 - - [13/Aug/2025:19:36:01 +0200] "POST //xmlrpc.php HTTP/1.0" 200 741 "-" "Mozilla/5.0 (Windows NT 10.0; Win64; x64) AppleWebKit/537.36 (KHTML, like Gecko) Chrome/78.0.3904.108 Safari/537.36"
35.184.239.53 - - [13/Aug/2025:19:36:02 +0200] "POST //xmlrpc.php HTTP/1.0" 200 741 "-" "Mozilla/5.0 (Windows NT 10.0; Win64; x64) AppleWebKit/537.36 (KHTML, like Gecko) Chrome/78.0.3904.108 Safari/537.36"
35.184.239.53 - - [13/Aug/2025:19:36:02 +0200] "POST //xmlrpc.php HTTP/1.0" 200 741 "-" "Mozilla/5.0 (Windows NT 10.0; Win64; x64) AppleWebKit/537.36 (KHTML, like Gecko) Chrome/78.0.3904.108 Safari/537.36"
35.184.239.53 - - [13/Aug/2025:19:36:02 +0200] "POST //xmlrpc.php HTTP/1.0" 200 741 "-" "Mozilla/5.0 (Windows NT 10.0; Win64; x64) AppleWebKit/537.36 (KHTML, like Gecko) Chrome/78.0.3904.108 Safari/537.36"
35.184.239.53 - - [13/Aug/2025:19:36:02 +0200] "POST //xmlrpc.php HTTP/1.0" 200 741 "-" "Mozilla/5.0 (Windows NT 10.0; Win64; x64) AppleWebKit/537.36 (KHTML, like Gecko) Chrome/78.0.3904.108 Safari/537.36"
35.184.239.53 - - [13/Aug/2025:19:36:02 +0200] "POST //xmlrpc.php HTTP/1.0" 200 741 "-" "Mozilla/5.0 (Windows NT 10.0; Win64; x64) AppleWebKit/537.36 (KHTML, like Gecko) Chrome/78.0.3904.108 Safari/537.36"
35.184.239.53 - - [13/Aug/2025:19:36:03 +0200] "POST //xmlrpc.php HTTP/1.0" 200 741 "-" "Mozilla/5.0 (Windows NT 10.0; Win64; x64) AppleWebKit/537.36 (KHTML, like Gecko) Chrome/78.0.3904.108 Safari/537.36"
18.220.156.193 - - [13/Aug/2025:21:50:04 +0200] "GET /.git/config HTTP/1.0" 404 568 "-" "Mozilla/5.0 (X11; Linux i686) AppleWebKit/537.36 (KHTML, like Gecko) Chrome/48.0.2564.116 Safari/537.36"
34.70.240.180 - - [13/Aug/2025:21:57:08 +0200] "GET / HTTP/1.0" 200 69503 "http://online.comeonline.ch" "Mozilla/5.0 (compatible; CMS-Checker/1.0; +https://example.com)"
80.74.154.100 - - [13/Aug/2025:21:57:08 +0200] "POST /wp-cron.php?doing_wp_cron=1755115028.6913690567016601562500 HTTP/1.0" 200 409 "-" "WordPress/6.8.2; https://online.comeonline.ch"
34.70.240.180 - - [13/Aug/2025:23:06:00 +0200] "GET / HTTP/1.0" 200 69503 "-" "Mozilla/5.0 (Windows NT 10.0; Win64; x64) AppleWebKit/537.36 (KHTML, like Gecko) Chrome/78.0.3904.108 Safari/537.36"
80.74.154.100 - - [13/Aug/2025:23:06:01 +0200] "POST /wp-cron.php?doing_wp_cron=1755119160.9267508983612060546875 HTTP/1.0" 200 409 "-" "WordPress/6.8.2; https://online.comeonline.ch"
34.70.240.180 - - [13/Aug/2025:23:06:02 +0200] "GET //wp-includes/wlwmanifest.xml HTTP/1.0" 404 584 "-" "Mozilla/5.0 (Windows NT 10.0; Win64; x64) AppleWebKit/537.36 (KHTML, like Gecko) Chrome/78.0.3904.108 Safari/537.36"
34.70.240.180 - - [13/Aug/2025:23:06:02 +0200] "GET //xmlrpc.php?rsd HTTP/1.0" 200 1173 "-" "Mozilla/5.0 (Windows NT 10.0; Win64; x64) AppleWebKit/537.36 (KHTML, like Gecko) Chrome/78.0.3904.108 Safari/537.36"
34.70.240.180 - - [13/Aug/2025:23:06:02 +0200] "GET //?author=1 HTTP/1.0" 301 407 "-" "Mozilla/5.0 (Windows NT 10.0; Win64; x64) AppleWebKit/537.36 (KHTML, like Gecko) Chrome/78.0.3904.108 Safari/537.36"
34.70.240.180 - - [13/Aug/2025:23:06:02 +0200] "GET //?author=2 HTTP/1.0" 301 519 "-" "Mozilla/5.0 (Windows NT 10.0; Win64; x64) AppleWebKit/537.36 (KHTML, like Gecko) Chrome/78.0.3904.108 Safari/537.36"
34.70.240.180 - - [13/Aug/2025:23:06:03 +0200] "GET //wp-json/wp/v2/users/ HTTP/1.0" 404 577 "-" "Mozilla/5.0 (Windows NT 10.0; Win64; x64) AppleWebKit/537.36 (KHTML, like Gecko) Chrome/78.0.3904.108 Safari/537.36"
34.70.240.180 - - [13/Aug/2025:23:06:03 +0200] "GET //wp-json/oembed/1.0/embed?url=https://online.comeonline.ch/ HTTP/1.0" 404 581 "-" "Mozilla/5.0 (Windows NT 10.0; Win64; x64) AppleWebKit/537.36 (KHTML, like Gecko) Chrome/78.0.3904.108 Safari/537.36"
34.70.240.180 - - [13/Aug/2025:23:06:03 +0200] "POST //xmlrpc.php HTTP/1.0" 200 741 "-" "Mozilla/5.0 (Windows NT 10.0; Win64; x64) AppleWebKit/537.36 (KHTML, like Gecko) Chrome/78.0.3904.108 Safari/537.36"
34.70.240.180 - - [13/Aug/2025:23:06:03 +0200] "POST //xmlrpc.php HTTP/1.0" 200 741 "-" "Mozilla/5.0 (Windows NT 10.0; Win64; x64) AppleWebKit/537.36 (KHTML, like Gecko) Chrome/78.0.3904.108 Safari/537.36"
34.70.240.180 - - [13/Aug/2025:23:06:03 +0200] "POST //xmlrpc.php HTTP/1.0" 200 741 "-" "Mozilla/5.0 (Windows NT 10.0; Win64; x64) AppleWebKit/537.36 (KHTML, like Gecko) Chrome/78.0.3904.108 Safari/537.36"
34.70.240.180 - - [13/Aug/2025:23:06:03 +0200] "POST //xmlrpc.php HTTP/1.0" 200 741 "-" "Mozilla/5.0 (Windows NT 10.0; Win64; x64) AppleWebKit/537.36 (KHTML, like Gecko) Chrome/78.0.3904.108 Safari/537.36"
34.70.240.180 - - [13/Aug/2025:23:06:04 +0200] "POST //xmlrpc.php HTTP/1.0" 200 741 "-" "Mozilla/5.0 (Windows NT 10.0; Win64; x64) AppleWebKit/537.36 (KHTML, like Gecko) Chrome/78.0.3904.108 Safari/537.36"
