57.129.15.32 - - [14/Apr/2025:03:10:18 +0200] "GET /wp-content/uploads/2024/08/cropped-Online_Band_2022_7-scaled-1-1024x614.jpg HTTP/1.0" 200 125669 "-" "Mozilla/5.0 (Linux; Android 10; K) AppleWebKit/537.36 (KHTML, like Gecko) Chrome/117.0.0.0 Mobile Safari/537.3"
57.129.15.32 - - [14/Apr/2025:03:10:19 +0200] "GET /wp-content/uploads/2024/08/cropped-Online_Band_2022_7-scaled-1-768x461.jpg HTTP/1.0" 200 78150 "-" "Mozilla/5.0 (Linux; Android 10; K) AppleWebKit/537.36 (KHTML, like Gecko) Chrome/117.0.0.0 Mobile Safari/537.3"
57.129.15.32 - - [14/Apr/2025:03:10:21 +0200] "GET /wp-content/uploads/2024/08/cropped-Online_Band_2022_7-scaled-1-768x461.jpg HTTP/1.0" 200 78150 "-" "Mozilla/5.0 (Linux; Android 10; K) AppleWebKit/537.36 (KHTML, like Gecko) Chrome/117.0.0.0 Mobile Safari/537.3"
57.129.15.32 - - [14/Apr/2025:03:10:31 +0200] "GET /wp-content/uploads/2024/08/cropped-Online_Band_2022_7-scaled-1-1536x922.jpg HTTP/1.0" 200 246803 "-" "Mozilla/5.0 (Linux; Android 10; K) AppleWebKit/537.36 (KHTML, like Gecko) Chrome/117.0.0.0 Mobile Safari/537.3"
57.129.15.32 - - [14/Apr/2025:03:10:37 +0200] "GET /wp-content/uploads/2024/08/cropped-Online_Band_2022_7-scaled-1-1536x922.jpg HTTP/1.0" 200 246803 "-" "Mozilla/5.0 (Linux; Android 10; K) AppleWebKit/537.36 (KHTML, like Gecko) Chrome/117.0.0.0 Mobile Safari/537.3"
57.129.15.32 - - [14/Apr/2025:03:10:39 +0200] "GET /?page_id=76 HTTP/1.0" 200 69084 "-" "Mozilla/5.0 (Linux; Android 10; K) AppleWebKit/537.36 (KHTML, like Gecko) Chrome/117.0.0.0 Mobile Safari/537.3"
57.129.15.32 - - [14/Apr/2025:03:10:50 +0200] "GET /?page_id=76 HTTP/1.0" 200 69055 "-" "Mozilla/5.0 (Linux; Android 10; K) AppleWebKit/537.36 (KHTML, like Gecko) Chrome/117.0.0.0 Mobile Safari/537.3"
57.129.15.32 - - [14/Apr/2025:03:10:56 +0200] "GET /index.php?rest_route=/wp/v2/pages/76 HTTP/1.0" 200 2502 "-" "Mozilla/5.0 (Linux; Android 10; K) AppleWebKit/537.36 (KHTML, like Gecko) Chrome/117.0.0.0 Mobile Safari/537.3"
57.129.15.32 - - [14/Apr/2025:03:11:18 +0200] "GET /index.php?rest_route=/wp/v2/pages/76 HTTP/1.0" 200 2502 "-" "Mozilla/5.0 (Linux; Android 10; K) AppleWebKit/537.36 (KHTML, like Gecko) Chrome/117.0.0.0 Mobile Safari/537.3"
154.28.229.28 - - [14/Apr/2025:03:11:25 +0200] "GET / HTTP/1.0" 200 69307 "-" "Mozilla/5.0 (X11; Linux x86_64) AppleWebKit/537.36 (KHTML, like Gecko) Chrome/116.0.0.0 Safari/537.36"
154.28.229.62 - - [14/Apr/2025:03:11:25 +0200] "GET / HTTP/1.0" 200 69307 "-" "Mozilla/5.0 (Macintosh; Intel Mac OS X 10_15_7) AppleWebKit/537.36 (KHTML, like Gecko) Chrome/116.0.0.0 Safari/537.36"
57.129.15.32 - - [14/Apr/2025:03:11:27 +0200] "GET /?p=76 HTTP/1.0" 301 502 "-" "Mozilla/5.0 (Linux; Android 10; K) AppleWebKit/537.36 (KHTML, like Gecko) Chrome/117.0.0.0 Mobile Safari/537.3"
57.129.15.32 - - [14/Apr/2025:03:11:27 +0200] "GET /?page_id=76 HTTP/1.0" 200 69084 "-" "Mozilla/5.0 (Linux; Android 10; K) AppleWebKit/537.36 (KHTML, like Gecko) Chrome/117.0.0.0 Mobile Safari/537.3"
57.129.15.32 - - [14/Apr/2025:03:11:34 +0200] "GET /?p=76 HTTP/1.0" 301 502 "-" "Mozilla/5.0 (Linux; Android 10; K) AppleWebKit/537.36 (KHTML, like Gecko) Chrome/117.0.0.0 Mobile Safari/537.3"
57.129.15.32 - - [14/Apr/2025:03:11:34 +0200] "GET /?page_id=76 HTTP/1.0" 200 69084 "-" "Mozilla/5.0 (Linux; Android 10; K) AppleWebKit/537.36 (KHTML, like Gecko) Chrome/117.0.0.0 Mobile Safari/537.3"
57.129.15.32 - - [14/Apr/2025:03:11:41 +0200] "GET /index.php?rest_route=%2Foembed%2F1.0%2Fembed&url=https%3A%2F%2Fonline.comeonline.ch%2F%3Fpage_id%3D76 HTTP/1.0" 200 2788 "-" "Mozilla/5.0 (Linux; Android 10; K) AppleWebKit/537.36 (KHTML, like Gecko) Chrome/117.0.0.0 Mobile Safari/537.3"
57.129.15.32 - - [14/Apr/2025:03:11:44 +0200] "GET /index.php?rest_route=%2Foembed%2F1.0%2Fembed&url=https%3A%2F%2Fonline.comeonline.ch%2F%3Fpage_id%3D76 HTTP/1.0" 200 2788 "-" "Mozilla/5.0 (Linux; Android 10; K) AppleWebKit/537.36 (KHTML, like Gecko) Chrome/117.0.0.0 Mobile Safari/537.3"
57.129.15.32 - - [14/Apr/2025:03:11:49 +0200] "GET /index.php?rest_route=%2Foembed%2F1.0%2Fembed&url=https%3A%2F%2Fonline.comeonline.ch%2F%3Fpage_id%3D76&format=xml HTTP/1.0" 200 2930 "-" "Mozilla/5.0 (Linux; Android 10; K) AppleWebKit/537.36 (KHTML, like Gecko) Chrome/117.0.0.0 Mobile Safari/537.3"
57.129.15.32 - - [14/Apr/2025:03:11:51 +0200] "GET /index.php?rest_route=%2Foembed%2F1.0%2Fembed&url=https%3A%2F%2Fonline.comeonline.ch%2F%3Fpage_id%3D76&format=xml HTTP/1.0" 200 2930 "-" "Mozilla/5.0 (Linux; Android 10; K) AppleWebKit/537.36 (KHTML, like Gecko) Chrome/117.0.0.0 Mobile Safari/537.3"
57.129.15.32 - - [14/Apr/2025:03:11:52 +0200] "GET /favicon.ico HTTP/1.0" 404 568 "-" "Mozilla/5.0 (Linux; Android 10; K) AppleWebKit/537.36 (KHTML, like Gecko) Chrome/117.0.0.0 Mobile Safari/537.3"
54.221.102.88 - - [14/Apr/2025:05:23:34 +0200] "GET / HTTP/1.0" 200 69307 "-" "Mozilla/5.0 (Windows NT 10.0; Win64; x64) AppleWebKit/537.36 (KHTML, like Gecko) Chrome/130.0.0.0 Safari/537.36"
80.74.154.100 - - [14/Apr/2025:05:23:34 +0200] "POST /wp-cron.php?doing_wp_cron=1744601014.5577800273895263671875 HTTP/1.0" 200 409 "-" "WordPress/6.7.2; https://online.comeonline.ch"
54.221.102.88 - - [14/Apr/2025:05:23:35 +0200] "GET /wp-content/themes/twentyseventeen/assets/css/blocks.css?ver=20240624 HTTP/1.0" 200 11319 "https://online.comeonline.ch/" "Mozilla/5.0 (Windows NT 10.0; Win64; x64) AppleWebKit/537.36 (KHTML, like Gecko) Chrome/130.0.0.0 Safari/537.36"
54.221.102.88 - - [14/Apr/2025:05:23:35 +0200] "GET /wp-content/themes/twentyseventeen/assets/fonts/font-libre-franklin.css?ver=20230328 HTTP/1.0" 200 11902 "https://online.comeonline.ch/" "Mozilla/5.0 (Windows NT 10.0; Win64; x64) AppleWebKit/537.36 (KHTML, like Gecko) Chrome/130.0.0.0 Safari/537.36"
54.221.102.88 - - [14/Apr/2025:05:23:35 +0200] "GET /wp-content/themes/twentyseventeen/style.css?ver=20240716 HTTP/1.0" 200 84673 "https://online.comeonline.ch/" "Mozilla/5.0 (Windows NT 10.0; Win64; x64) AppleWebKit/537.36 (KHTML, like Gecko) Chrome/130.0.0.0 Safari/537.36"
54.221.102.88 - - [14/Apr/2025:05:23:35 +0200] "GET /wp-includes/css/dist/block-library/style.min.css?ver=6.7.2 HTTP/1.0" 200 115340 "https://online.comeonline.ch/" "Mozilla/5.0 (Windows NT 10.0; Win64; x64) AppleWebKit/537.36 (KHTML, like Gecko) Chrome/130.0.0.0 Safari/537.36"
54.221.102.88 - - [14/Apr/2025:05:23:36 +0200] "GET /wp-content/uploads/2024/08/cropped-Online_Band_2022_7-scaled-1.jpg HTTP/1.0" 200 398479 "https://online.comeonline.ch/" "Mozilla/5.0 (Windows NT 10.0; Win64; x64) AppleWebKit/537.36 (KHTML, like Gecko) Chrome/130.0.0.0 Safari/537.36"
54.221.102.88 - - [14/Apr/2025:05:23:36 +0200] "GET /wp-includes/js/jquery/jquery-migrate.min.js?ver=3.4.1 HTTP/1.0" 200 14020 "https://online.comeonline.ch/" "Mozilla/5.0 (Windows NT 10.0; Win64; x64) AppleWebKit/537.36 (KHTML, like Gecko) Chrome/130.0.0.0 Safari/537.36"
54.221.102.88 - - [14/Apr/2025:05:23:36 +0200] "GET /wp-includes/js/jquery/jquery.min.js?ver=3.7.1 HTTP/1.0" 200 88142 "https://online.comeonline.ch/" "Mozilla/5.0 (Windows NT 10.0; Win64; x64) AppleWebKit/537.36 (KHTML, like Gecko) Chrome/130.0.0.0 Safari/537.36"
54.221.102.88 - - [14/Apr/2025:05:23:36 +0200] "GET /wp-content/themes/twentyseventeen/assets/js/global.js?ver=20211130 HTTP/1.0" 200 8267 "https://online.comeonline.ch/" "Mozilla/5.0 (Windows NT 10.0; Win64; x64) AppleWebKit/537.36 (KHTML, like Gecko) Chrome/130.0.0.0 Safari/537.36"
54.221.102.88 - - [14/Apr/2025:05:23:38 +0200] "GET /wp-content/themes/twentyseventeen/assets/js/navigation.js?ver=20210122 HTTP/1.0" 200 4201 "https://online.comeonline.ch/" "Mozilla/5.0 (Windows NT 10.0; Win64; x64) AppleWebKit/537.36 (KHTML, like Gecko) Chrome/130.0.0.0 Safari/537.36"
54.221.102.88 - - [14/Apr/2025:05:23:38 +0200] "GET /wp-content/themes/twentyseventeen/assets/js/jquery.scrollTo.js?ver=2.1.3 HTTP/1.0" 200 6259 "https://online.comeonline.ch/" "Mozilla/5.0 (Windows NT 10.0; Win64; x64) AppleWebKit/537.36 (KHTML, like Gecko) Chrome/130.0.0.0 Safari/537.36"
54.221.102.88 - - [14/Apr/2025:05:23:38 +0200] "GET /wp-content/themes/twentyseventeen/assets/fonts/libre-franklin/libre-franklin-latin-400-normal.woff2?ver=13 HTTP/1.0" 200 14557 "https://online.comeonline.ch/wp-content/themes/twentyseventeen/assets/fonts/font-libre-franklin.css?ver=20230328" "Mozilla/5.0 (Windows NT 10.0; Win64; x64) AppleWebKit/537.36 (KHTML, like Gecko) Chrome/130.0.0.0 Safari/537.36"
54.221.102.88 - - [14/Apr/2025:05:23:38 +0200] "GET /wp-content/themes/twentyseventeen/assets/fonts/libre-franklin/libre-franklin-latin-800-normal.woff2?ver=13 HTTP/1.0" 200 14665 "https://online.comeonline.ch/wp-content/themes/twentyseventeen/assets/fonts/font-libre-franklin.css?ver=20230328" "Mozilla/5.0 (Windows NT 10.0; Win64; x64) AppleWebKit/537.36 (KHTML, like Gecko) Chrome/130.0.0.0 Safari/537.36"
54.221.102.88 - - [14/Apr/2025:05:23:38 +0200] "GET /wp-content/themes/twentyseventeen/assets/fonts/libre-franklin/libre-franklin-latin-600-normal.woff2?ver=13 HTTP/1.0" 200 14625 "https://online.comeonline.ch/wp-content/themes/twentyseventeen/assets/fonts/font-libre-franklin.css?ver=20230328" "Mozilla/5.0 (Windows NT 10.0; Win64; x64) AppleWebKit/537.36 (KHTML, like Gecko) Chrome/130.0.0.0 Safari/537.36"
54.221.102.88 - - [14/Apr/2025:05:23:38 +0200] "GET /wp-content/uploads/2024/08/cropped-Online_Band_2022_7-scaled-2-32x32.jpg HTTP/1.0" 200 1765 "https://online.comeonline.ch/" "Mozilla/5.0 (Windows NT 10.0; Win64; x64) AppleWebKit/537.36 (KHTML, like Gecko) Chrome/130.0.0.0 Safari/537.36"
23.178.112.101 - - [14/Apr/2025:02:52:37 +0200] "GET /.well-known/acme-challenge/Z3K23ce700NBs_IgHOESh33InCOqaoXtv-vq2KvRkF0 HTTP/1.1" 200 87 "http://online.comeonline.ch/.well-known/acme-challenge/Z3K23ce700NBs_IgHOESh33InCOqaoXtv-vq2KvRkF0" "Mozilla/5.0 (compatible; Let's Encrypt validation server; +https://www.letsencrypt.org)"
16.170.220.15 - - [14/Apr/2025:02:52:37 +0200] "GET /.well-known/acme-challenge/Z3K23ce700NBs_IgHOESh33InCOqaoXtv-vq2KvRkF0 HTTP/1.1" 200 87 "http://online.comeonline.ch/.well-known/acme-challenge/Z3K23ce700NBs_IgHOESh33InCOqaoXtv-vq2KvRkF0" "Mozilla/5.0 (compatible; Let's Encrypt validation server; +https://www.letsencrypt.org)"
3.145.52.109 - - [14/Apr/2025:02:52:38 +0200] "GET /.well-known/acme-challenge/Z3K23ce700NBs_IgHOESh33InCOqaoXtv-vq2KvRkF0 HTTP/1.1" 200 87 "http://online.comeonline.ch/.well-known/acme-challenge/Z3K23ce700NBs_IgHOESh33InCOqaoXtv-vq2KvRkF0" "Mozilla/5.0 (compatible; Let's Encrypt validation server; +https://www.letsencrypt.org)"
13.212.202.178 - - [14/Apr/2025:02:52:38 +0200] "GET /.well-known/acme-challenge/Z3K23ce700NBs_IgHOESh33InCOqaoXtv-vq2KvRkF0 HTTP/1.1" 200 87 "http://online.comeonline.ch/.well-known/acme-challenge/Z3K23ce700NBs_IgHOESh33InCOqaoXtv-vq2KvRkF0" "Mozilla/5.0 (compatible; Let's Encrypt validation server; +https://www.letsencrypt.org)"
54.245.12.253 - - [14/Apr/2025:02:52:38 +0200] "GET /.well-known/acme-challenge/Z3K23ce700NBs_IgHOESh33InCOqaoXtv-vq2KvRkF0 HTTP/1.1" 200 87 "http://online.comeonline.ch/.well-known/acme-challenge/Z3K23ce700NBs_IgHOESh33InCOqaoXtv-vq2KvRkF0" "Mozilla/5.0 (compatible; Let's Encrypt validation server; +https://www.letsencrypt.org)"
80.74.154.100 - - [14/Apr/2025:06:05:49 +0200] "POST /wp-cron.php?doing_wp_cron=1744603549.3130140304565429687500 HTTP/1.0" 200 409 "-" "WordPress/6.7.2; https://online.comeonline.ch"
146.70.185.32 - - [14/Apr/2025:15:45:03 +0200] "HEAD / HTTP/1.0" 200 137 "-" "Mozilla/5.0 (Windows NT 10.0; Win64; x64) AppleWebKit/537.36 (KHTML, like Gecko) Chrome/58.0.3029.110 Safari/537.3"
80.74.154.100 - - [14/Apr/2025:15:45:04 +0200] "POST /wp-cron.php?doing_wp_cron=1744638304.0207688808441162109375 HTTP/1.0" 200 409 "-" "WordPress/6.7.2; https://online.comeonline.ch"
80.74.154.100 - - [15/Apr/2025:06:08:12 +0200] "POST /wp-cron.php?doing_wp_cron=1744690092.5739920139312744140625 HTTP/1.0" 200 409 "-" "WordPress/6.7.2; https://online.comeonline.ch"
146.190.65.185 - - [15/Apr/2025:15:45:14 +0200] "GET / HTTP/1.0" 200 69307 "-" "Mozilla/5.0 (compatible)"
80.74.154.100 - - [15/Apr/2025:15:45:15 +0200] "POST /wp-cron.php?doing_wp_cron=1744724715.3214590549468994140625 HTTP/1.0" 200 409 "-" "WordPress/6.7.2; https://online.comeonline.ch"
146.190.65.185 - - [15/Apr/2025:15:45:19 +0200] "GET /wp-content/uploads/2024/08/cropped-Online_Band_2022_7-scaled-2-32x32.jpg HTTP/1.0" 200 1765 "https://online.comeonline.ch/" "Mozilla/5.0 (compatible)"
96.44.189.105 - - [15/Apr/2025:16:33:04 +0200] "GET / HTTP/1.0" 200 69307 "-" "Mozilla/5.0 (Windows NT 10.0; Win64; x64) AppleWebKit/537.36 (KHTML, like Gecko) Chrome/110.0.0.0 Safari/537.36"
80.74.154.100 - - [15/Apr/2025:16:33:04 +0200] "POST /wp-cron.php?doing_wp_cron=1744727584.7755970954895019531250 HTTP/1.0" 200 409 "-" "WordPress/6.7.2; https://online.comeonline.ch"
96.44.189.105 - - [15/Apr/2025:16:33:06 +0200] "GET /favicon.ico HTTP/1.0" 404 568 "-" "Mozilla/5.0 (Windows NT 10.0; Win64; x64) AppleWebKit/537.36 (KHTML, like Gecko) Chrome/110.0.0.0 Safari/537.36"
89.187.162.176 - - [15/Apr/2025:20:36:41 +0200] "GET /favicon.ico HTTP/1.0" 404 568 "http://online.comeonline.ch:80/favicon.ico" "Go-http-client/2.0"
146.70.39.9 - - [15/Apr/2025:20:38:04 +0200] "GET /favicon.ico HTTP/1.0" 404 568 "http://online.comeonline.ch:80/favicon.ico" "Go-http-client/2.0"
188.214.122.47 - - [15/Apr/2025:20:39:53 +0200] "GET /favicon.ico HTTP/1.0" 404 568 "-" "Go-http-client/2.0"
146.70.11.3 - - [15/Apr/2025:20:41:12 +0200] "GET /favicon.ico HTTP/1.0" 404 568 "-" "Go-http-client/2.0"
80.74.154.100 - - [16/Apr/2025:07:25:45 +0200] "POST /wp-cron.php?doing_wp_cron=1744781145.6754488945007324218750 HTTP/1.0" 200 409 "-" "WordPress/6.7.2; https://online.comeonline.ch"
80.74.154.100 - - [16/Apr/2025:07:26:00 +0200] "HEAD / HTTP/1.0" 200 137 "-" "-"
80.74.154.100 - - [16/Apr/2025:07:26:07 +0200] "POST /wp-admin/upgrade.php?step=upgrade_db HTTP/1.0" 200 439 "-" "WordPress/6.7.2; https://online.comeonline.ch"
80.74.154.100 - - [16/Apr/2025:07:26:16 +0200] "HEAD / HTTP/1.0" 200 137 "-" "-"
80.74.154.100 - - [16/Apr/2025:07:59:03 +0200] "POST /wp-cron.php?doing_wp_cron=1744783143.1342968940734863281250 HTTP/1.0" 200 409 "-" "WordPress/6.8; https://online.comeonline.ch"
165.232.149.39 - - [16/Apr/2025:11:59:13 +0200] "GET / HTTP/1.0" 200 69350 "-" "Mozilla/5.0 (compatible)"
80.74.154.100 - - [16/Apr/2025:11:59:14 +0200] "POST /wp-cron.php?doing_wp_cron=1744797554.1300239562988281250000 HTTP/1.0" 200 409 "-" "WordPress/6.8; https://online.comeonline.ch"
165.232.149.39 - - [16/Apr/2025:11:59:19 +0200] "GET /wp-content/uploads/2024/08/cropped-Online_Band_2022_7-scaled-2-32x32.jpg HTTP/1.0" 200 1765 "https://online.comeonline.ch/" "Mozilla/5.0 (compatible)"
165.232.149.39 - - [16/Apr/2025:11:59:19 +0200] "GET /ads.txt HTTP/1.0" 404 564 "-" "Mozilla/5.0 (compatible)"
80.74.154.100 - - [17/Apr/2025:06:09:16 +0200] "POST /wp-cron.php?doing_wp_cron=1744862956.5515339374542236328125 HTTP/1.0" 200 409 "-" "WordPress/6.8; https://online.comeonline.ch"
165.232.154.147 - - [17/Apr/2025:16:39:12 +0200] "GET / HTTP/1.0" 200 69350 "-" "Mozilla/5.0 (compatible)"
80.74.154.100 - - [17/Apr/2025:16:39:12 +0200] "POST /wp-cron.php?doing_wp_cron=1744900752.7896039485931396484375 HTTP/1.0" 200 409 "-" "WordPress/6.8; https://online.comeonline.ch"
165.232.154.147 - - [17/Apr/2025:16:39:18 +0200] "GET /wp-content/uploads/2024/08/cropped-Online_Band_2022_7-scaled-2-32x32.jpg HTTP/1.0" 200 1765 "https://online.comeonline.ch/" "Mozilla/5.0 (compatible)"
80.74.154.100 - - [18/Apr/2025:06:09:41 +0200] "POST /wp-cron.php?doing_wp_cron=1744949381.2833030223846435546875 HTTP/1.0" 200 409 "-" "WordPress/6.8; https://online.comeonline.ch"
198.244.164.27 - - [18/Apr/2025:18:44:19 +0200] "GET / HTTP/1.0" 500 8238 "-" "Mozilla/5.0 (Windows NT 10.0; Win64; x64) AppleWebKit/537.36 (KHTML, like Gecko) Chrome/90.0.4430.93 Safari/537.36"
198.244.164.27 - - [18/Apr/2025:18:44:19 +0200] "GET / HTTP/1.0" 500 8238 "-" "Mozilla/5.0 (Windows NT 10.0; Win64; x64) AppleWebKit/537.36 (KHTML, like Gecko) Chrome/91.0.4472.124 Safari/537.36 Edge/91.0.864.48"
80.74.154.100 - - [18/Apr/2025:18:44:22 +0200] "POST /wp-cron.php HTTP/1.0" 200 409 "-" "WordPress/6.8; https://online.comeonline.ch"
80.74.154.100 - - [18/Apr/2025:18:44:24 +0200] "GET / HTTP/1.0" 200 69350 "-" "WordPress/6.8; https://online.comeonline.ch"
80.74.154.100 - - [18/Apr/2025:18:44:24 +0200] "GET / HTTP/1.0" 200 69350 "-" "WordPress/6.8; https://online.comeonline.ch"
80.74.154.100 - - [18/Apr/2025:18:44:24 +0200] "GET / HTTP/1.0" 200 69350 "-" "WordPress/6.8; https://online.comeonline.ch"
80.74.154.100 - - [18/Apr/2025:18:44:24 +0200] "GET / HTTP/1.0" 200 69321 "-" "WordPress/6.8; https://online.comeonline.ch"
198.244.164.27 - - [18/Apr/2025:18:44:23 +0200] "GET / HTTP/1.0" 200 69350 "-" "Mozilla/5.0 (Linux; Android 10; Samsung Galaxy A50 Build/QP1A.190711.020) AppleWebKit/537.36 (KHTML, like Gecko) Chrome/91.0.4472.120 Mobile Safari/537.36"
80.74.154.100 - - [18/Apr/2025:18:44:19 +0200] "POST /wp-cron.php?doing_wp_cron=1744994659.5849339962005615234375 HTTP/1.0" 200 409 "-" "WordPress/6.8; https://online.comeonline.ch"
198.244.164.27 - - [18/Apr/2025:18:44:24 +0200] "GET / HTTP/1.0" 200 69350 "-" "Mozilla/5.0 (Linux; Android 9; LG-M700 Build/PKQ1.181013.001) AppleWebKit/537.36 (KHTML, like Gecko) Chrome/91.0.4472.120 Mobile Safari/537.36"
80.74.154.100 - - [19/Apr/2025:06:06:23 +0200] "POST /wp-cron.php?doing_wp_cron=1745035583.4851279258728027343750 HTTP/1.0" 200 409 "-" "WordPress/6.8; https://online.comeonline.ch"
86.104.252.57 - - [19/Apr/2025:10:54:10 +0200] "GET / HTTP/1.0" 200 69350 "-" "Mozilla/5.0 (Windows NT 10.0; Win64; x64)"
80.74.154.100 - - [19/Apr/2025:10:54:11 +0200] "POST /wp-cron.php?doing_wp_cron=1745052851.3175489902496337890625 HTTP/1.0" 200 409 "-" "WordPress/6.8; https://online.comeonline.ch"
167.71.173.208 - - [19/Apr/2025:15:07:07 +0200] "GET / HTTP/1.0" 200 69350 "-" "Mozilla/5.0 (compatible)"
80.74.154.100 - - [19/Apr/2025:15:07:07 +0200] "POST /wp-cron.php?doing_wp_cron=1745068027.5990729331970214843750 HTTP/1.0" 200 409 "-" "WordPress/6.8; https://online.comeonline.ch"
167.71.173.208 - - [19/Apr/2025:15:07:11 +0200] "GET /wp-content/uploads/2024/08/cropped-Online_Band_2022_7-scaled-2-32x32.jpg HTTP/1.0" 200 1765 "https://online.comeonline.ch/" "Mozilla/5.0 (compatible)"
80.74.154.100 - - [20/Apr/2025:06:06:53 +0200] "POST /wp-cron.php?doing_wp_cron=1745122013.0020530223846435546875 HTTP/1.0" 200 409 "-" "WordPress/6.8; https://online.comeonline.ch"
80.74.154.100 - - [21/Apr/2025:06:07:29 +0200] "POST /wp-cron.php?doing_wp_cron=1745208449.6763679981231689453125 HTTP/1.0" 200 409 "-" "WordPress/6.8; https://online.comeonline.ch"
15.237.187.242 - - [21/Apr/2025:11:39:35 +0200] "GET / HTTP/1.0" 200 69350 "www.google.com" "Mozilla/5.0 (Linux; Android 7.0; SM-G892A Build/NRD90M; wv) AppleWebKit/537.36 (KHTML, like Gecko) Version/4.0 Chrome/60.0.3112.107 Mobile Safari/537.36"
15.237.187.242 - - [21/Apr/2025:11:39:37 +0200] "GET /wp HTTP/1.0" 404 559 "www.google.com" "Mozilla/5.0 (Linux; Android 7.0; SM-G892A Build/NRD90M; wv) AppleWebKit/537.36 (KHTML, like Gecko) Version/4.0 Chrome/60.0.3112.107 Mobile Safari/537.36"
15.237.187.242 - - [21/Apr/2025:11:39:37 +0200] "GET /wordpress HTTP/1.0" 404 566 "www.google.com" "Mozilla/5.0 (Linux; Android 7.0; SM-G892A Build/NRD90M; wv) AppleWebKit/537.36 (KHTML, like Gecko) Version/4.0 Chrome/60.0.3112.107 Mobile Safari/537.36"
80.74.154.100 - - [21/Apr/2025:11:39:35 +0200] "POST /wp-cron.php?doing_wp_cron=1745228375.7905869483947753906250 HTTP/1.0" 200 409 "-" "WordPress/6.8; https://online.comeonline.ch"
15.237.187.242 - - [21/Apr/2025:11:39:37 +0200] "GET /online HTTP/1.0" 404 563 "www.google.com" "Mozilla/5.0 (Linux; Android 7.0; SM-G892A Build/NRD90M; wv) AppleWebKit/537.36 (KHTML, like Gecko) Version/4.0 Chrome/60.0.3112.107 Mobile Safari/537.36"
15.237.187.242 - - [21/Apr/2025:11:39:37 +0200] "GET /wordpress HTTP/1.0" 404 566 "www.google.com" "Mozilla/5.0 (Linux; Android 7.0; SM-G892A Build/NRD90M; wv) AppleWebKit/537.36 (KHTML, like Gecko) Version/4.0 Chrome/60.0.3112.107 Mobile Safari/537.36"
15.237.187.242 - - [21/Apr/2025:11:39:37 +0200] "GET /old HTTP/1.0" 404 560 "www.google.com" "Mozilla/5.0 (Linux; Android 7.0; SM-G892A Build/NRD90M; wv) AppleWebKit/537.36 (KHTML, like Gecko) Version/4.0 Chrome/60.0.3112.107 Mobile Safari/537.36"
15.237.187.242 - - [21/Apr/2025:11:39:38 +0200] "GET /backup HTTP/1.0" 404 563 "www.google.com" "Mozilla/5.0 (Linux; Android 7.0; SM-G892A Build/NRD90M; wv) AppleWebKit/537.36 (KHTML, like Gecko) Version/4.0 Chrome/60.0.3112.107 Mobile Safari/537.36"
15.237.187.242 - - [21/Apr/2025:11:39:38 +0200] "GET /new HTTP/1.0" 404 560 "www.google.com" "Mozilla/5.0 (Linux; Android 7.0; SM-G892A Build/NRD90M; wv) AppleWebKit/537.36 (KHTML, like Gecko) Version/4.0 Chrome/60.0.3112.107 Mobile Safari/537.36"
15.237.187.242 - - [21/Apr/2025:11:39:38 +0200] "GET /test HTTP/1.0" 404 561 "www.google.com" "Mozilla/5.0 (Linux; Android 7.0; SM-G892A Build/NRD90M; wv) AppleWebKit/537.36 (KHTML, like Gecko) Version/4.0 Chrome/60.0.3112.107 Mobile Safari/537.36"
15.237.187.242 - - [21/Apr/2025:11:39:38 +0200] "GET /wp HTTP/1.0" 404 559 "www.google.com" "Mozilla/5.0 (Linux; Android 7.0; SM-G892A Build/NRD90M; wv) AppleWebKit/537.36 (KHTML, like Gecko) Version/4.0 Chrome/60.0.3112.107 Mobile Safari/537.36"
15.237.187.242 - - [21/Apr/2025:11:39:38 +0200] "GET /temp HTTP/1.0" 404 561 "www.google.com" "Mozilla/5.0 (Linux; Android 7.0; SM-G892A Build/NRD90M; wv) AppleWebKit/537.36 (KHTML, like Gecko) Version/4.0 Chrome/60.0.3112.107 Mobile Safari/537.36"
15.237.187.242 - - [21/Apr/2025:11:39:39 +0200] "GET /blog HTTP/1.0" 404 561 "www.google.com" "Mozilla/5.0 (Linux; Android 7.0; SM-G892A Build/NRD90M; wv) AppleWebKit/537.36 (KHTML, like Gecko) Version/4.0 Chrome/60.0.3112.107 Mobile Safari/537.36"
198.244.164.27 - - [21/Apr/2025:21:37:56 +0200] "GET / HTTP/1.0" 500 8238 "-" "Mozilla/5.0 (Windows NT 10.0; Win64; x64) AppleWebKit/537.36 (KHTML, like Gecko) Chrome/100.0.4896.60 Safari/537.36 Edge/100.0.1185.39"
80.74.154.100 - - [21/Apr/2025:21:37:57 +0200] "POST /wp-cron.php?doing_wp_cron=1745264276.8332190513610839843750 HTTP/1.0" 200 409 "-" "WordPress/6.8; https://online.comeonline.ch"
198.244.164.27 - - [21/Apr/2025:21:38:02 +0200] "GET / HTTP/1.0" 200 69350 "-" "Mozilla/5.0 (Linux; Android 9; SM-G973F Build/PPR1.180610.011) AppleWebKit/537.36 (KHTML, like Gecko) Chrome/84.0.4147.125 Mobile Safari/537.36"
13.38.228.54 - - [22/Apr/2025:02:49:43 +0200] "GET /sftp-config.json HTTP/1.0" 404 573 "-" "Mozilla/5.0 (Macintosh; Intel Mac OS X 10.15; rv:77.0) Gecko/20100101 Firefox/77.0"
13.38.228.54 - - [22/Apr/2025:02:49:44 +0200] "GET /.vscode/sftp.json HTTP/1.0" 404 574 "-" "Mozilla/5.0 (Macintosh; Intel Mac OS X 10.15; rv:77.0) Gecko/20100101 Firefox/77.0"
80.74.154.100 - - [22/Apr/2025:06:07:03 +0200] "POST /wp-cron.php?doing_wp_cron=1745294823.2242989540100097656250 HTTP/1.0" 200 409 "-" "WordPress/6.8; https://online.comeonline.ch"
80.74.154.100 - - [23/Apr/2025:06:10:48 +0200] "POST /wp-cron.php?doing_wp_cron=1745381448.6378879547119140625000 HTTP/1.0" 200 409 "-" "WordPress/6.8; https://online.comeonline.ch"
80.74.154.100 - - [24/Apr/2025:06:09:25 +0200] "POST /wp-cron.php?doing_wp_cron=1745467765.2767210006713867187500 HTTP/1.0" 200 409 "-" "WordPress/6.8; https://online.comeonline.ch"
80.74.154.100 - - [25/Apr/2025:06:08:00 +0200] "POST /wp-cron.php?doing_wp_cron=1745554080.7541840076446533203125 HTTP/1.0" 200 409 "-" "WordPress/6.8; https://online.comeonline.ch"
80.74.154.100 - - [26/Apr/2025:06:06:48 +0200] "POST /wp-cron.php HTTP/1.0" 200 409 "-" "WordPress/6.8; https://online.comeonline.ch"
80.74.154.100 - - [26/Apr/2025:06:06:49 +0200] "GET / HTTP/1.0" 200 69350 "-" "WordPress/6.8; https://online.comeonline.ch"
80.74.154.100 - - [26/Apr/2025:06:06:50 +0200] "GET / HTTP/1.0" 200 69350 "-" "WordPress/6.8; https://online.comeonline.ch"
80.74.154.100 - - [26/Apr/2025:06:06:50 +0200] "GET / HTTP/1.0" 200 69350 "-" "WordPress/6.8; https://online.comeonline.ch"
80.74.154.100 - - [26/Apr/2025:06:06:50 +0200] "GET / HTTP/1.0" 200 69350 "-" "WordPress/6.8; https://online.comeonline.ch"
80.74.154.100 - - [26/Apr/2025:06:06:46 +0200] "POST /wp-cron.php?doing_wp_cron=1745640405.8966639041900634765625 HTTP/1.0" 200 409 "-" "WordPress/6.8; https://online.comeonline.ch"
80.74.154.100 - - [27/Apr/2025:06:06:38 +0200] "POST /wp-cron.php?doing_wp_cron=1745726798.6587629318237304687500 HTTP/1.0" 200 409 "-" "WordPress/6.8; https://online.comeonline.ch"
80.74.154.100 - - [28/Apr/2025:06:06:06 +0200] "POST /wp-cron.php?doing_wp_cron=1745813166.3619999885559082031250 HTTP/1.0" 200 409 "-" "WordPress/6.8; https://online.comeonline.ch"
80.74.154.100 - - [29/Apr/2025:06:06:13 +0200] "POST /wp-cron.php?doing_wp_cron=1745899572.8303749561309814453125 HTTP/1.0" 200 409 "-" "WordPress/6.8; https://online.comeonline.ch"
159.89.13.179 - - [30/Apr/2025:06:11:37 +0200] "GET / HTTP/1.0" 200 69350 "-" "Mozilla/5.0 (compatible)"
159.89.13.179 - - [30/Apr/2025:06:11:39 +0200] "GET /wp-content/uploads/2024/08/cropped-Online_Band_2022_7-scaled-2-32x32.jpg HTTP/1.0" 200 1765 "https://online.comeonline.ch/" "Mozilla/5.0 (compatible)"
159.89.13.179 - - [30/Apr/2025:06:11:39 +0200] "GET /ads.txt HTTP/1.0" 404 564 "-" "Mozilla/5.0 (compatible)"
80.74.154.100 - - [30/Apr/2025:06:11:38 +0200] "POST /wp-cron.php?doing_wp_cron=1745986297.8411810398101806640625 HTTP/1.0" 200 409 "-" "WordPress/6.8; https://online.comeonline.ch"
80.74.154.100 - - [01/May/2025:06:53:56 +0200] "POST /wp-cron.php?doing_wp_cron=1746075236.3237130641937255859375 HTTP/1.0" 200 409 "-" "WordPress/6.8; https://online.comeonline.ch"
80.74.154.100 - - [01/May/2025:06:54:10 +0200] "HEAD / HTTP/1.0" 200 137 "-" "-"
80.74.154.100 - - [01/May/2025:06:54:16 +0200] "POST /wp-admin/upgrade.php?step=upgrade_db HTTP/1.0" 200 439 "-" "WordPress/6.8; https://online.comeonline.ch"
80.74.154.100 - - [01/May/2025:06:54:23 +0200] "HEAD / HTTP/1.0" 200 137 "-" "-"
80.74.154.100 - - [01/May/2025:07:20:26 +0200] "POST /wp-cron.php?doing_wp_cron=1746076826.3401010036468505859375 HTTP/1.0" 200 409 "-" "WordPress/6.8.1; https://online.comeonline.ch"
80.74.154.100 - - [02/May/2025:06:06:23 +0200] "POST /wp-cron.php?doing_wp_cron=1746158783.7758989334106445312500 HTTP/1.0" 200 409 "-" "WordPress/6.8.1; https://online.comeonline.ch"
216.81.248.54 - - [02/May/2025:16:33:45 +0200] "GET /.git/config HTTP/1.0" 404 568 "-" "Mozilla/5.0 (X11; Linux x86_64) AppleWebKit/537.36 (KHTML, like Gecko) Falkon/3.0.0 Chrome/65.0.3325.230 Safari/537.36"
118.107.14.110 - - [03/May/2025:03:14:37 +0200] "GET /wp-content/ HTTP/1.0" 200 316 "-" "Mozilla/5.0 (Windows NT 10.0; Win64; x64) AppleWebKit/537.36 (KHTML, like Gecko) Chrome/91.0.4472.124 Safari/537.36"
80.74.154.100 - - [03/May/2025:06:04:45 +0200] "POST /wp-cron.php HTTP/1.0" 200 409 "-" "WordPress/6.8.1; https://online.comeonline.ch"
80.74.154.100 - - [03/May/2025:06:04:46 +0200] "GET / HTTP/1.0" 200 69356 "-" "WordPress/6.8.1; https://online.comeonline.ch"
80.74.154.100 - - [03/May/2025:06:04:47 +0200] "GET / HTTP/1.0" 200 69356 "-" "WordPress/6.8.1; https://online.comeonline.ch"
80.74.154.100 - - [03/May/2025:06:04:47 +0200] "GET / HTTP/1.0" 200 69356 "-" "WordPress/6.8.1; https://online.comeonline.ch"
80.74.154.100 - - [03/May/2025:06:04:47 +0200] "GET / HTTP/1.0" 200 69356 "-" "WordPress/6.8.1; https://online.comeonline.ch"
80.74.154.100 - - [03/May/2025:06:04:43 +0200] "POST /wp-cron.php?doing_wp_cron=1746245083.0707690715789794921875 HTTP/1.0" 200 409 "-" "WordPress/6.8.1; https://online.comeonline.ch"
164.92.126.178 - - [03/May/2025:15:39:53 +0200] "GET / HTTP/1.0" 200 69356 "-" "Mozilla/5.0 (X11; Linux x86_64) AppleWebKit/537.36 (KHTML, like Gecko) Chrome/135.0.0.0 Safari/537.36"
80.74.154.100 - - [03/May/2025:15:39:54 +0200] "POST /wp-cron.php?doing_wp_cron=1746279594.4899599552154541015625 HTTP/1.0" 200 409 "-" "WordPress/6.8.1; https://online.comeonline.ch"
164.92.126.178 - - [03/May/2025:15:39:59 +0200] "GET /wp-content/uploads/2024/08/cropped-Online_Band_2022_7-scaled-2-32x32.jpg HTTP/1.0" 200 1765 "https://online.comeonline.ch/" "Mozilla/5.0 (X11; Linux x86_64) AppleWebKit/537.36 (KHTML, like Gecko) Chrome/135.0.0.0 Safari/537.36"
80.74.154.100 - - [04/May/2025:06:08:54 +0200] "POST /wp-cron.php?doing_wp_cron=1746331734.6311249732971191406250 HTTP/1.0" 200 409 "-" "WordPress/6.8.1; https://online.comeonline.ch"
80.74.154.100 - - [05/May/2025:06:04:58 +0200] "POST /wp-cron.php?doing_wp_cron=1746417898.1933801174163818359375 HTTP/1.0" 200 409 "-" "WordPress/6.8.1; https://online.comeonline.ch"
159.89.168.160 - - [05/May/2025:16:22:03 +0200] "GET / HTTP/1.0" 200 69356 "-" "Mozilla/5.0 (X11; Linux x86_64; rv:136.0) Gecko/20100101 Firefox/136.0"
80.74.154.100 - - [05/May/2025:16:22:03 +0200] "POST /wp-cron.php?doing_wp_cron=1746454923.7926390171051025390625 HTTP/1.0" 200 409 "-" "WordPress/6.8.1; https://online.comeonline.ch"
159.89.168.160 - - [05/May/2025:16:22:08 +0200] "GET /wp-content/uploads/2024/08/cropped-Online_Band_2022_7-scaled-2-32x32.jpg HTTP/1.0" 200 1765 "https://online.comeonline.ch/" "Mozilla/5.0 (X11; Linux x86_64; rv:136.0) Gecko/20100101 Firefox/136.0"
80.74.154.100 - - [06/May/2025:06:05:55 +0200] "POST /wp-cron.php?doing_wp_cron=1746504354.8620939254760742187500 HTTP/1.0" 200 409 "-" "WordPress/6.8.1; https://online.comeonline.ch"
86.104.252.36 - - [06/May/2025:18:41:24 +0200] "GET / HTTP/1.0" 200 69356 "-" "Mozilla/5.0 (Windows NT 10.0; Win64; x64)"
80.74.154.100 - - [06/May/2025:18:41:25 +0200] "POST /wp-cron.php?doing_wp_cron=1746549685.2197520732879638671875 HTTP/1.0" 200 409 "-" "WordPress/6.8.1; https://online.comeonline.ch"
80.74.154.100 - - [07/May/2025:06:09:31 +0200] "POST /wp-cron.php?doing_wp_cron=1746590971.2746760845184326171875 HTTP/1.0" 200 409 "-" "WordPress/6.8.1; https://online.comeonline.ch"
80.74.154.100 - - [08/May/2025:06:11:51 +0200] "POST /wp-cron.php?doing_wp_cron=1746677511.4820868968963623046875 HTTP/1.0" 200 409 "-" "WordPress/6.8.1; https://online.comeonline.ch"
80.74.154.100 - - [09/May/2025:06:07:04 +0200] "POST /wp-cron.php?doing_wp_cron=1746763624.6695439815521240234375 HTTP/1.0" 200 409 "-" "WordPress/6.8.1; https://online.comeonline.ch"
80.74.154.100 - - [10/May/2025:06:05:35 +0200] "POST /wp-cron.php HTTP/1.0" 200 409 "-" "WordPress/6.8.1; https://online.comeonline.ch"
80.74.154.100 - - [10/May/2025:06:05:36 +0200] "GET / HTTP/1.0" 200 69356 "-" "WordPress/6.8.1; https://online.comeonline.ch"
80.74.154.100 - - [10/May/2025:06:05:36 +0200] "GET / HTTP/1.0" 200 69356 "-" "WordPress/6.8.1; https://online.comeonline.ch"
80.74.154.100 - - [10/May/2025:06:05:36 +0200] "GET / HTTP/1.0" 200 69356 "-" "WordPress/6.8.1; https://online.comeonline.ch"
80.74.154.100 - - [10/May/2025:06:05:37 +0200] "GET / HTTP/1.0" 200 69356 "-" "WordPress/6.8.1; https://online.comeonline.ch"
80.74.154.100 - - [10/May/2025:06:05:32 +0200] "POST /wp-cron.php?doing_wp_cron=1746849932.4203350543975830078125 HTTP/1.0" 200 409 "-" "WordPress/6.8.1; https://online.comeonline.ch"
34.13.145.130 - - [10/May/2025:15:17:21 +0200] "GET / HTTP/1.0" 200 75010 "-" "Scrapy/2.12.0 (+https://scrapy.org)"
80.74.154.100 - - [10/May/2025:15:17:22 +0200] "POST /wp-cron.php?doing_wp_cron=1746883041.8684000968933105468750 HTTP/1.0" 200 409 "-" "WordPress/6.8.1; https://online.comeonline.ch"
80.74.154.100 - - [11/May/2025:06:06:48 +0200] "POST /wp-cron.php?doing_wp_cron=1746936408.6605579853057861328125 HTTP/1.0" 200 409 "-" "WordPress/6.8.1; https://online.comeonline.ch"
80.74.154.100 - - [12/May/2025:06:06:25 +0200] "POST /wp-cron.php?doing_wp_cron=1747022785.2705230712890625000000 HTTP/1.0" 200 409 "-" "WordPress/6.8.1; https://online.comeonline.ch"
35.86.179.62 - - [12/May/2025:12:46:28 +0200] "GET /robots.txt HTTP/1.0" 404 567 "-" "Mozilla/5.0 (compatible; wpbot/1.3; +https://forms.gle/ajBaxygz9jSR8p8G9)"
35.86.179.62 - - [12/May/2025:12:46:28 +0200] "GET / HTTP/1.0" 200 69356 "-" "Mozilla/5.0 (compatible; wpbot/1.3; +https://forms.gle/ajBaxygz9jSR8p8G9)"
80.74.154.100 - - [12/May/2025:12:46:29 +0200] "POST /wp-cron.php?doing_wp_cron=1747046789.3905661106109619140625 HTTP/1.0" 200 409 "-" "WordPress/6.8.1; https://online.comeonline.ch"
35.232.49.114 - - [12/May/2025:19:25:57 +0200] "GET / HTTP/1.0" 200 69356 "-" "Mozilla/5.0 (Windows NT 6.2; Win64; x64) AppleWebKit/537.36 (KHTML, like Gecko) Chrome/32.0.1667.0 Safari/537.36"
80.74.154.100 - - [12/May/2025:19:25:58 +0200] "POST /wp-cron.php?doing_wp_cron=1747070758.4668140411376953125000 HTTP/1.0" 200 409 "-" "WordPress/6.8.1; https://online.comeonline.ch"
54.91.98.162 - - [12/May/2025:20:01:26 +0200] "GET / HTTP/1.0" 200 69356 "-" "Mozilla/5.0 (Windows NT 10.0; Win64; x64) AppleWebKit/537.36 (KHTML, like Gecko) Chrome/104.0.0.0 Safari/537.36"
80.74.154.100 - - [12/May/2025:20:01:27 +0200] "POST /wp-cron.php?doing_wp_cron=1747072887.0770149230957031250000 HTTP/1.0" 200 409 "-" "WordPress/6.8.1; https://online.comeonline.ch"
54.91.98.162 - - [12/May/2025:20:01:28 +0200] "GET / HTTP/1.0" 200 69356 "-" "Mozilla/5.0 (Windows NT 10.0; Win64; x64) AppleWebKit/537.36 (KHTML, like Gecko) Chrome/104.0.0.0 Safari/537.36"
80.74.154.100 - - [13/May/2025:06:07:18 +0200] "POST /wp-cron.php?doing_wp_cron=1747109237.7440030574798583984375 HTTP/1.0" 200 409 "-" "WordPress/6.8.1; https://online.comeonline.ch"
52.210.100.220 - - [14/May/2025:03:59:56 +0200] "GET / HTTP/1.0" 200 69356 "-" "Mozilla/5.0 (compatible; NetcraftSurveyAgent/1.0; +info@netcraft.com)"
80.74.154.100 - - [14/May/2025:03:59:57 +0200] "POST /wp-cron.php?doing_wp_cron=1747187997.5066359043121337890625 HTTP/1.0" 200 409 "-" "WordPress/6.8.1; https://online.comeonline.ch"
178.128.230.203 - - [14/May/2025:04:19:14 +0200] "GET / HTTP/1.0" 200 69327 "-" "Mozilla/5.0 (X11; Linux x86_64) AppleWebKit/537.36 (KHTML, like Gecko) Chrome/135.0.0.0 Safari/537.36"
178.128.230.203 - - [14/May/2025:04:19:18 +0200] "GET /wp-content/uploads/2024/08/cropped-Online_Band_2022_7-scaled-2-32x32.jpg HTTP/1.0" 200 1765 "https://online.comeonline.ch/" "Mozilla/5.0 (X11; Linux x86_64) AppleWebKit/537.36 (KHTML, like Gecko) Chrome/135.0.0.0 Safari/537.36"
178.128.230.203 - - [14/May/2025:04:19:18 +0200] "GET /ads.txt HTTP/1.0" 404 564 "-" "Mozilla/5.0 (X11; Linux x86_64) AppleWebKit/537.36 (KHTML, like Gecko) Chrome/135.0.0.0 Safari/537.36"
80.74.154.100 - - [14/May/2025:06:10:13 +0200] "POST /wp-cron.php?doing_wp_cron=1747195813.7446858882904052734375 HTTP/1.0" 200 409 "-" "WordPress/6.8.1; https://online.comeonline.ch"
80.74.154.100 - - [15/May/2025:06:08:01 +0200] "POST /wp-cron.php?doing_wp_cron=1747282081.6653909683227539062500 HTTP/1.0" 200 409 "-" "WordPress/6.8.1; https://online.comeonline.ch"
80.74.154.100 - - [16/May/2025:06:07:45 +0200] "POST /wp-cron.php?doing_wp_cron=1747368465.4308249950408935546875 HTTP/1.0" 200 409 "-" "WordPress/6.8.1; https://online.comeonline.ch"
80.74.154.100 - - [17/May/2025:06:06:26 +0200] "POST /wp-cron.php HTTP/1.0" 200 409 "-" "WordPress/6.8.1; https://online.comeonline.ch"
80.74.154.100 - - [17/May/2025:06:06:27 +0200] "GET / HTTP/1.0" 200 69356 "-" "WordPress/6.8.1; https://online.comeonline.ch"
80.74.154.100 - - [17/May/2025:06:06:28 +0200] "GET / HTTP/1.0" 200 69356 "-" "WordPress/6.8.1; https://online.comeonline.ch"
80.74.154.100 - - [17/May/2025:06:06:28 +0200] "GET / HTTP/1.0" 200 69356 "-" "WordPress/6.8.1; https://online.comeonline.ch"
80.74.154.100 - - [17/May/2025:06:06:28 +0200] "GET / HTTP/1.0" 200 69356 "-" "WordPress/6.8.1; https://online.comeonline.ch"
80.74.154.100 - - [17/May/2025:06:06:23 +0200] "POST /wp-cron.php?doing_wp_cron=1747454783.4013140201568603515625 HTTP/1.0" 200 409 "-" "WordPress/6.8.1; https://online.comeonline.ch"
80.74.154.100 - - [18/May/2025:06:12:56 +0200] "POST /wp-cron.php?doing_wp_cron=1747541575.8153450489044189453125 HTTP/1.0" 200 409 "-" "WordPress/6.8.1; https://online.comeonline.ch"
80.74.154.100 - - [19/May/2025:06:08:05 +0200] "POST /wp-cron.php?doing_wp_cron=1747627684.9567470550537109375000 HTTP/1.0" 200 409 "-" "WordPress/6.8.1; https://online.comeonline.ch"
80.74.154.100 - - [20/May/2025:06:10:50 +0200] "POST /wp-cron.php?doing_wp_cron=1747714250.7623789310455322265625 HTTP/1.0" 200 409 "-" "WordPress/6.8.1; https://online.comeonline.ch"
80.74.154.100 - - [21/May/2025:06:07:32 +0200] "POST /wp-cron.php?doing_wp_cron=1747800452.3870000839233398437500 HTTP/1.0" 200 409 "-" "WordPress/6.8.1; https://online.comeonline.ch"
146.190.33.62 - - [21/May/2025:14:24:06 +0200] "GET / HTTP/1.0" 200 69356 "-" "Mozilla/5.0 (X11; Linux x86_64; rv:136.0) Gecko/20100101 Firefox/136.0"
80.74.154.100 - - [21/May/2025:14:24:07 +0200] "POST /wp-cron.php?doing_wp_cron=1747830247.4051980972290039062500 HTTP/1.0" 200 409 "-" "WordPress/6.8.1; https://online.comeonline.ch"
146.190.33.62 - - [21/May/2025:14:24:12 +0200] "GET /wp-content/uploads/2024/08/cropped-Online_Band_2022_7-scaled-2-32x32.jpg HTTP/1.0" 200 1765 "https://online.comeonline.ch/" "Mozilla/5.0 (X11; Linux x86_64; rv:136.0) Gecko/20100101 Firefox/136.0"
80.74.154.100 - - [22/May/2025:06:08:55 +0200] "POST /wp-cron.php?doing_wp_cron=1747886935.4971499443054199218750 HTTP/1.0" 200 409 "-" "WordPress/6.8.1; https://online.comeonline.ch"
34.106.14.240 - - [22/May/2025:23:45:34 +0200] "GET /.git/config HTTP/1.0" 404 568 "-" "-"
54.236.241.105 - - [23/May/2025:04:46:37 +0200] "GET / HTTP/1.0" 200 69356 "-" "Mozilla/5.0 (Windows NT 10.0; Win64; x64) AppleWebKit/537.36 (KHTML, like Gecko) Chrome/104.0.0.0 Safari/537.36"
80.74.154.100 - - [23/May/2025:04:46:38 +0200] "POST /wp-cron.php?doing_wp_cron=1747968398.5207099914550781250000 HTTP/1.0" 200 409 "-" "WordPress/6.8.1; https://online.comeonline.ch"
80.74.154.100 - - [23/May/2025:06:09:26 +0200] "POST /wp-cron.php?doing_wp_cron=1747973366.0708560943603515625000 HTTP/1.0" 200 409 "-" "WordPress/6.8.1; https://online.comeonline.ch"
159.203.38.33 - - [23/May/2025:15:34:09 +0200] "GET / HTTP/1.0" 200 69356 "-" "Mozilla/5.0 (X11; Linux x86_64) AppleWebKit/537.36 (KHTML, like Gecko) Chrome/135.0.0.0 Safari/537.36"
159.203.38.33 - - [23/May/2025:15:34:14 +0200] "GET /wp-content/uploads/2024/08/cropped-Online_Band_2022_7-scaled-2-32x32.jpg HTTP/1.0" 200 1765 "https://online.comeonline.ch/" "Mozilla/5.0 (X11; Linux x86_64) AppleWebKit/537.36 (KHTML, like Gecko) Chrome/135.0.0.0 Safari/537.36"
80.74.154.100 - - [23/May/2025:15:34:13 +0200] "POST /wp-cron.php HTTP/1.0" 200 409 "-" "WordPress/6.8.1; https://online.comeonline.ch"
80.74.154.100 - - [23/May/2025:15:34:14 +0200] "GET / HTTP/1.0" 200 69327 "-" "WordPress/6.8.1; https://online.comeonline.ch"
80.74.154.100 - - [23/May/2025:15:34:15 +0200] "GET / HTTP/1.0" 200 69356 "-" "WordPress/6.8.1; https://online.comeonline.ch"
80.74.154.100 - - [23/May/2025:15:34:15 +0200] "GET / HTTP/1.0" 200 69356 "-" "WordPress/6.8.1; https://online.comeonline.ch"
80.74.154.100 - - [23/May/2025:15:34:15 +0200] "GET / HTTP/1.0" 200 69356 "-" "WordPress/6.8.1; https://online.comeonline.ch"
80.74.154.100 - - [23/May/2025:15:34:10 +0200] "POST /wp-cron.php?doing_wp_cron=1748007250.4066469669342041015625 HTTP/1.0" 200 409 "-" "WordPress/6.8.1; https://online.comeonline.ch"
80.74.154.100 - - [24/May/2025:06:06:04 +0200] "POST /wp-cron.php?doing_wp_cron=1748059564.0395679473876953125000 HTTP/1.0" 200 409 "-" "WordPress/6.8.1; https://online.comeonline.ch"
216.81.248.85 - - [24/May/2025:11:37:00 +0200] "GET /.git/config HTTP/1.0" 404 568 "-" "Mozilla/5.0 (Linux; U; Android 8.1.0; es-us; Redmi Note 5 Build/OPM1.171019.011) AppleWebKit/537.36 (KHTML, like Gecko) Version/4.0 Chrome/71.0.3578.141 Mobile Safari/537.36 XiaoMi/MiuiBrowser/10.9.7-g"
80.74.154.100 - - [25/May/2025:06:09:14 +0200] "POST /wp-cron.php?doing_wp_cron=1748146153.9271869659423828125000 HTTP/1.0" 200 409 "-" "WordPress/6.8.1; https://online.comeonline.ch"
80.74.154.100 - - [26/May/2025:06:07:38 +0200] "POST /wp-cron.php?doing_wp_cron=1748232458.3091619014739990234375 HTTP/1.0" 200 409 "-" "WordPress/6.8.1; https://online.comeonline.ch"
80.74.154.100 - - [27/May/2025:06:11:12 +0200] "POST /wp-cron.php?doing_wp_cron=1748319072.5167200565338134765625 HTTP/1.0" 200 409 "-" "WordPress/6.8.1; https://online.comeonline.ch"
144.126.228.61 - - [28/May/2025:05:32:43 +0200] "GET / HTTP/1.0" 200 69327 "-" "Mozilla/5.0 (X11; Linux x86_64) AppleWebKit/537.36 (KHTML, like Gecko) Chrome/135.0.0.0 Safari/537.36"
144.126.228.61 - - [28/May/2025:05:32:45 +0200] "GET /wp-content/uploads/2024/08/cropped-Online_Band_2022_7-scaled-2-32x32.jpg HTTP/1.0" 200 1765 "https://online.comeonline.ch/" "Mozilla/5.0 (X11; Linux x86_64) AppleWebKit/537.36 (KHTML, like Gecko) Chrome/135.0.0.0 Safari/537.36"
80.74.154.100 - - [28/May/2025:05:32:44 +0200] "POST /wp-cron.php?doing_wp_cron=1748403163.8240909576416015625000 HTTP/1.0" 200 409 "-" "WordPress/6.8.1; https://online.comeonline.ch"
144.126.228.61 - - [28/May/2025:05:32:45 +0200] "GET /ads.txt HTTP/1.0" 404 564 "-" "Mozilla/5.0 (X11; Linux x86_64) AppleWebKit/537.36 (KHTML, like Gecko) Chrome/135.0.0.0 Safari/537.36"
80.74.154.100 - - [28/May/2025:06:10:24 +0200] "POST /wp-cron.php?doing_wp_cron=1748405424.5746760368347167968750 HTTP/1.0" 200 409 "-" "WordPress/6.8.1; https://online.comeonline.ch"
80.74.154.100 - - [29/May/2025:06:14:55 +0200] "POST /wp-cron.php?doing_wp_cron=1748492095.7342889308929443359375 HTTP/1.0" 200 409 "-" "WordPress/6.8.1; https://online.comeonline.ch"
157.245.73.208 - - [29/May/2025:16:00:43 +0200] "GET / HTTP/1.0" 200 69356 "-" "Mozilla/5.0 (X11; Linux x86_64; rv:136.0) Gecko/20100101 Firefox/136.0"
157.245.73.208 - - [29/May/2025:16:00:45 +0200] "GET /wp-content/uploads/2024/08/cropped-Online_Band_2022_7-scaled-2-32x32.jpg HTTP/1.0" 200 1765 "https://online.comeonline.ch/" "Mozilla/5.0 (X11; Linux x86_64; rv:136.0) Gecko/20100101 Firefox/136.0"
80.74.154.100 - - [29/May/2025:16:00:43 +0200] "POST /wp-cron.php?doing_wp_cron=1748527243.6542270183563232421875 HTTP/1.0" 200 409 "-" "WordPress/6.8.1; https://online.comeonline.ch"
80.74.154.100 - - [30/May/2025:06:08:17 +0200] "POST /wp-cron.php?doing_wp_cron=1748578096.9961469173431396484375 HTTP/1.0" 200 409 "-" "WordPress/6.8.1; https://online.comeonline.ch"
54.74.115.232 - - [30/May/2025:16:33:55 +0200] "GET / HTTP/1.0" 200 69356 "-" "Plesk screenshot bot https://support.plesk.com/hc/en-us/articles/10301006946066"
54.74.115.232 - - [30/May/2025:16:33:56 +0200] "GET /wp-content/themes/twentyseventeen/assets/fonts/font-libre-franklin.css?ver=20230328 HTTP/1.0" 200 11902 "https://online.comeonline.ch/" "Plesk screenshot bot https://support.plesk.com/hc/en-us/articles/10301006946066"
54.74.115.232 - - [30/May/2025:16:33:56 +0200] "GET /wp-includes/css/dist/block-library/style.min.css?ver=6.8.1 HTTP/1.0" 200 116997 "https://online.comeonline.ch/" "Plesk screenshot bot https://support.plesk.com/hc/en-us/articles/10301006946066"
54.74.115.232 - - [30/May/2025:16:33:56 +0200] "GET /wp-content/themes/twentyseventeen/assets/css/blocks.css?ver=20240624 HTTP/1.0" 200 11319 "https://online.comeonline.ch/" "Plesk screenshot bot https://support.plesk.com/hc/en-us/articles/10301006946066"
54.74.115.232 - - [30/May/2025:16:33:56 +0200] "GET /wp-content/themes/twentyseventeen/style.css?ver=20240716 HTTP/1.0" 200 84673 "https://online.comeonline.ch/" "Plesk screenshot bot https://support.plesk.com/hc/en-us/articles/10301006946066"
54.74.115.232 - - [30/May/2025:16:33:56 +0200] "GET /wp-includes/js/jquery/jquery-migrate.min.js?ver=3.4.1 HTTP/1.0" 200 14020 "https://online.comeonline.ch/" "Plesk screenshot bot https://support.plesk.com/hc/en-us/articles/10301006946066"
54.74.115.232 - - [30/May/2025:16:33:56 +0200] "GET /wp-includes/js/jquery/jquery.min.js?ver=3.7.1 HTTP/1.0" 200 88142 "https://online.comeonline.ch/" "Plesk screenshot bot https://support.plesk.com/hc/en-us/articles/10301006946066"
54.74.115.232 - - [30/May/2025:16:33:56 +0200] "GET /wp-content/uploads/2024/08/cropped-Online_Band_2022_7-scaled-1-1024x614.jpg HTTP/1.0" 200 125669 "https://online.comeonline.ch/" "Plesk screenshot bot https://support.plesk.com/hc/en-us/articles/10301006946066"
54.74.115.232 - - [30/May/2025:16:33:56 +0200] "GET /wp-content/themes/twentyseventeen/assets/js/global.js?ver=20211130 HTTP/1.0" 200 8267 "https://online.comeonline.ch/" "Plesk screenshot bot https://support.plesk.com/hc/en-us/articles/10301006946066"
54.74.115.232 - - [30/May/2025:16:33:56 +0200] "GET /wp-content/themes/twentyseventeen/assets/js/navigation.js?ver=20210122 HTTP/1.0" 200 4201 "https://online.comeonline.ch/" "Plesk screenshot bot https://support.plesk.com/hc/en-us/articles/10301006946066"
54.74.115.232 - - [30/May/2025:16:33:56 +0200] "GET /wp-content/themes/twentyseventeen/assets/js/jquery.scrollTo.js?ver=2.1.3 HTTP/1.0" 200 6259 "https://online.comeonline.ch/" "Plesk screenshot bot https://support.plesk.com/hc/en-us/articles/10301006946066"
54.74.115.232 - - [30/May/2025:16:33:56 +0200] "GET /wp-content/themes/twentyseventeen/assets/fonts/libre-franklin/libre-franklin-latin-800-normal.woff2?ver=13 HTTP/1.0" 200 14665 "https://online.comeonline.ch/wp-content/themes/twentyseventeen/assets/fonts/font-libre-franklin.css?ver=20230328" "Plesk screenshot bot https://support.plesk.com/hc/en-us/articles/10301006946066"
54.74.115.232 - - [30/May/2025:16:33:56 +0200] "GET /wp-content/themes/twentyseventeen/assets/fonts/libre-franklin/libre-franklin-latin-600-normal.woff2?ver=13 HTTP/1.0" 200 14625 "https://online.comeonline.ch/wp-content/themes/twentyseventeen/assets/fonts/font-libre-franklin.css?ver=20230328" "Plesk screenshot bot https://support.plesk.com/hc/en-us/articles/10301006946066"
54.74.115.232 - - [30/May/2025:16:33:56 +0200] "GET /wp-content/themes/twentyseventeen/assets/fonts/libre-franklin/libre-franklin-latin-400-normal.woff2?ver=13 HTTP/1.0" 200 14557 "https://online.comeonline.ch/wp-content/themes/twentyseventeen/assets/fonts/font-libre-franklin.css?ver=20230328" "Plesk screenshot bot https://support.plesk.com/hc/en-us/articles/10301006946066"
54.74.115.232 - - [30/May/2025:16:33:57 +0200] "GET /wp-includes/js/wp-emoji-release.min.js?ver=6.8.1 HTTP/1.0" 200 19736 "https://online.comeonline.ch/" "Plesk screenshot bot https://support.plesk.com/hc/en-us/articles/10301006946066"
54.74.115.232 - - [30/May/2025:16:33:57 +0200] "GET /wp-content/uploads/2024/08/cropped-Online_Band_2022_7-scaled-2-32x32.jpg HTTP/1.0" 200 1765 "https://online.comeonline.ch/" "Plesk screenshot bot https://support.plesk.com/hc/en-us/articles/10301006946066"
80.74.154.100 - - [30/May/2025:16:33:59 +0200] "POST /wp-cron.php HTTP/1.0" 200 409 "-" "WordPress/6.8.1; https://online.comeonline.ch"
80.74.154.100 - - [30/May/2025:16:34:00 +0200] "GET / HTTP/1.0" 200 69356 "-" "WordPress/6.8.1; https://online.comeonline.ch"
80.74.154.100 - - [30/May/2025:16:34:00 +0200] "GET / HTTP/1.0" 200 69327 "-" "WordPress/6.8.1; https://online.comeonline.ch"
80.74.154.100 - - [30/May/2025:16:34:00 +0200] "GET / HTTP/1.0" 200 69356 "-" "WordPress/6.8.1; https://online.comeonline.ch"
80.74.154.100 - - [30/May/2025:16:34:00 +0200] "GET / HTTP/1.0" 200 69356 "-" "WordPress/6.8.1; https://online.comeonline.ch"
80.74.154.100 - - [30/May/2025:16:33:56 +0200] "POST /wp-cron.php?doing_wp_cron=1748615635.7989859580993652343750 HTTP/1.0" 200 409 "-" "WordPress/6.8.1; https://online.comeonline.ch"
80.74.154.100 - - [31/May/2025:06:08:35 +0200] "POST /wp-cron.php?doing_wp_cron=1748664514.9685409069061279296875 HTTP/1.0" 200 409 "-" "WordPress/6.8.1; https://online.comeonline.ch"
93.119.227.19 - - [31/May/2025:09:44:24 +0200] "GET / HTTP/1.0" 200 69356 "-" "Mozilla/5.0 (Windows NT 10.0; Win64; x64) AppleWebKit/537.36 (KHTML, like Gecko) Chrome/58.0.3029.110 Safari/537.36 Edge/16.16299"
80.74.154.100 - - [31/May/2025:09:44:25 +0200] "POST /wp-cron.php?doing_wp_cron=1748677465.0913360118865966796875 HTTP/1.0" 200 409 "-" "WordPress/6.8.1; https://online.comeonline.ch"
142.93.141.242 - - [31/May/2025:14:23:35 +0200] "GET / HTTP/1.0" 200 69356 "-" "Mozilla/5.0 (X11; Linux x86_64) AppleWebKit/537.36 (KHTML, like Gecko) Chrome/135.0.0.0 Safari/537.36"
142.93.141.242 - - [31/May/2025:14:23:37 +0200] "GET /wp-content/uploads/2024/08/cropped-Online_Band_2022_7-scaled-2-32x32.jpg HTTP/1.0" 200 1765 "https://online.comeonline.ch/" "Mozilla/5.0 (X11; Linux x86_64) AppleWebKit/537.36 (KHTML, like Gecko) Chrome/135.0.0.0 Safari/537.36"
80.74.154.100 - - [31/May/2025:14:23:36 +0200] "POST /wp-cron.php?doing_wp_cron=1748694216.1014540195465087890625 HTTP/1.0" 200 409 "-" "WordPress/6.8.1; https://online.comeonline.ch"
51.96.153.212 - - [31/May/2025:18:56:46 +0200] "GET / HTTP/1.0" 200 69356 "-" "Mozilla/5.0 (Windows NT 10.0; Win64; x64) AppleWebKit/537.36 (KHTML, like Gecko) Chrome/58.0.3029.110 Safari/537.3"
80.74.154.100 - - [31/May/2025:18:56:47 +0200] "POST /wp-cron.php?doing_wp_cron=1748710607.1676290035247802734375 HTTP/1.0" 200 409 "-" "WordPress/6.8.1; https://online.comeonline.ch"
51.96.153.212 - - [31/May/2025:18:56:50 +0200] "GET /phpinfo.php HTTP/1.0" 404 568 "-" "Mozilla/5.0 (Windows NT 10.0; Win64; x64) AppleWebKit/537.36 (KHTML, like Gecko) Chrome/58.0.3029.110 Safari/537.3"
51.96.153.212 - - [31/May/2025:18:56:53 +0200] "GET /test.php HTTP/1.0" 404 565 "-" "Mozilla/5.0 (Windows NT 10.0; Win64; x64) AppleWebKit/537.36 (KHTML, like Gecko) Chrome/58.0.3029.110 Safari/537.3"
51.96.153.212 - - [31/May/2025:18:56:56 +0200] "GET /_profiler/phpinfo HTTP/1.0" 404 574 "-" "Mozilla/5.0 (Windows NT 10.0; Win64; x64) AppleWebKit/537.36 (KHTML, like Gecko) Chrome/58.0.3029.110 Safari/537.3"
51.96.153.212 - - [31/May/2025:18:56:59 +0200] "GET /.env HTTP/1.0" 404 561 "-" "Mozilla/5.0 (Windows NT 10.0; Win64; x64) AppleWebKit/537.36 (KHTML, like Gecko) Chrome/58.0.3029.110 Safari/537.3"
51.96.153.212 - - [31/May/2025:18:57:02 +0200] "GET / HTTP/1.0" 200 69356 "-" "Mozilla/5.0 (Windows NT 10.0; Win64; x64) AppleWebKit/537.36 (KHTML, like Gecko) Chrome/58.0.3029.110 Safari/537.3"
