51.79.161.227 - - [10/Dec/2025:18:29:57 +0100] "GET /index.php?rest_route=%2Foembed%2F1.0%2Fembed&url=https%3A%2F%2Fonline.comeonline.ch%2F&format=xml HTTP/1.0" 200 3017 "-" "Mozilla/5.0 (Windows NT 10.0; Win64; x64) AppleWebKit/537.36 (KHTML, like Gecko) Chrome/117.0.0.0 Safari/537.36 Edg/117.0.2045.4"
51.79.161.227 - - [10/Dec/2025:18:30:21 +0100] "GET /index.php?rest_route=/ HTTP/1.0" 200 210454 "-" "Mozilla/5.0 (Windows NT 10.0; Win64; x64) AppleWebKit/537.36 (KHTML, like Gecko) Chrome/117.0.0.0 Safari/537.36 Edg/117.0.2045.4"
51.79.161.227 - - [10/Dec/2025:18:30:28 +0100] "GET /index.php?rest_route=/ HTTP/1.0" 200 210454 "-" "Mozilla/5.0 (Windows NT 10.0; Win64; x64) AppleWebKit/537.36 (KHTML, like Gecko) Chrome/117.0.0.0 Safari/537.36 Edg/117.0.2045.4"
51.79.161.227 - - [10/Dec/2025:18:30:54 +0100] "GET /index.php?rest_route=/wp/v2/pages/48 HTTP/1.0" 200 2323 "-" "Mozilla/5.0 (Windows NT 10.0; Win64; x64) AppleWebKit/537.36 (KHTML, like Gecko) Chrome/117.0.0.0 Safari/537.36 Edg/117.0.2045.4"
51.79.161.227 - - [10/Dec/2025:18:31:48 +0100] "GET /index.php?rest_route=/wp/v2/pages/48 HTTP/1.0" 200 2323 "-" "Mozilla/5.0 (Windows NT 10.0; Win64; x64) AppleWebKit/537.36 (KHTML, like Gecko) Chrome/117.0.0.0 Safari/537.36 Edg/117.0.2045.4"
51.79.161.227 - - [10/Dec/2025:18:32:09 +0100] "GET /xmlrpc.php?rsd HTTP/1.0" 200 1173 "-" "Mozilla/5.0 (Windows NT 10.0; Win64; x64) AppleWebKit/537.36 (KHTML, like Gecko) Chrome/117.0.0.0 Safari/537.36 Edg/117.0.2045.4"
51.79.161.227 - - [10/Dec/2025:18:35:08 +0100] "GET /xmlrpc.php?rsd HTTP/1.0" 200 1173 "-" "Mozilla/5.0 (Windows NT 10.0; Win64; x64) AppleWebKit/537.36 (KHTML, like Gecko) Chrome/117.0.0.0 Safari/537.36 Edg/117.0.2045.4"
51.79.161.227 - - [10/Dec/2025:18:36:26 +0100] "GET /wp-content/uploads/2024/08/cropped-Online_Band_2022_7-scaled-2-32x32.jpg HTTP/1.0" 200 1765 "-" "Mozilla/5.0 (Windows NT 10.0; Win64; x64) AppleWebKit/537.36 (KHTML, like Gecko) Chrome/117.0.0.0 Safari/537.36 Edg/117.0.2045.4"
51.79.161.227 - - [10/Dec/2025:18:36:54 +0100] "GET /wp-content/uploads/2024/08/cropped-Online_Band_2022_7-scaled-2-32x32.jpg HTTP/1.0" 200 1765 "-" "Mozilla/5.0 (Windows NT 10.0; Win64; x64) AppleWebKit/537.36 (KHTML, like Gecko) Chrome/117.0.0.0 Safari/537.36 Edg/117.0.2045.4"
51.79.161.227 - - [10/Dec/2025:18:37:23 +0100] "GET /wp-content/uploads/2024/08/cropped-Online_Band_2022_7-scaled-2-192x192.jpg HTTP/1.0" 200 12029 "-" "Mozilla/5.0 (Windows NT 10.0; Win64; x64) AppleWebKit/537.36 (KHTML, like Gecko) Chrome/117.0.0.0 Safari/537.36 Edg/117.0.2045.4"
51.79.161.227 - - [10/Dec/2025:18:37:37 +0100] "GET /wp-content/uploads/2024/08/cropped-Online_Band_2022_7-scaled-2-192x192.jpg HTTP/1.0" 200 12029 "-" "Mozilla/5.0 (Windows NT 10.0; Win64; x64) AppleWebKit/537.36 (KHTML, like Gecko) Chrome/117.0.0.0 Safari/537.36 Edg/117.0.2045.4"
51.79.161.227 - - [10/Dec/2025:18:37:50 +0100] "GET /wp-content/uploads/2024/08/cropped-Online_Band_2022_7-scaled-2-180x180.jpg HTTP/1.0" 200 11188 "-" "Mozilla/5.0 (Windows NT 10.0; Win64; x64) AppleWebKit/537.36 (KHTML, like Gecko) Chrome/117.0.0.0 Safari/537.36 Edg/117.0.2045.4"
51.79.161.227 - - [10/Dec/2025:18:38:03 +0100] "GET /wp-content/uploads/2024/08/cropped-Online_Band_2022_7-scaled-2-180x180.jpg HTTP/1.0" 200 11188 "-" "Mozilla/5.0 (Windows NT 10.0; Win64; x64) AppleWebKit/537.36 (KHTML, like Gecko) Chrome/117.0.0.0 Safari/537.36 Edg/117.0.2045.4"
51.79.161.227 - - [10/Dec/2025:18:38:13 +0100] "GET /wp-content/uploads/2024/08/cropped-Online_Band_2022_7-scaled-1.jpg HTTP/1.0" 200 398479 "-" "Mozilla/5.0 (Windows NT 10.0; Win64; x64) AppleWebKit/537.36 (KHTML, like Gecko) Chrome/117.0.0.0 Safari/537.36 Edg/117.0.2045.4"
51.79.161.227 - - [10/Dec/2025:18:38:21 +0100] "GET /wp-content/uploads/2024/08/cropped-Online_Band_2022_7-scaled-1.jpg HTTP/1.0" 200 398479 "-" "Mozilla/5.0 (Windows NT 10.0; Win64; x64) AppleWebKit/537.36 (KHTML, like Gecko) Chrome/117.0.0.0 Safari/537.36 Edg/117.0.2045.4"
51.79.161.227 - - [10/Dec/2025:18:38:26 +0100] "GET /wp-content/uploads/2024/08/cropped-Online_Band_2022_7-scaled-1-300x180.jpg HTTP/1.0" 200 17362 "-" "Mozilla/5.0 (Windows NT 10.0; Win64; x64) AppleWebKit/537.36 (KHTML, like Gecko) Chrome/117.0.0.0 Safari/537.36 Edg/117.0.2045.4"
51.79.161.227 - - [10/Dec/2025:18:39:00 +0100] "GET /wp-content/uploads/2024/08/cropped-Online_Band_2022_7-scaled-1-300x180.jpg HTTP/1.0" 200 17362 "-" "Mozilla/5.0 (Windows NT 10.0; Win64; x64) AppleWebKit/537.36 (KHTML, like Gecko) Chrome/117.0.0.0 Safari/537.36 Edg/117.0.2045.4"
51.79.161.227 - - [10/Dec/2025:18:39:51 +0100] "GET /wp-content/uploads/2024/08/cropped-Online_Band_2022_7-scaled-1-1024x614.jpg HTTP/1.0" 200 125669 "-" "Mozilla/5.0 (Windows NT 10.0; Win64; x64) AppleWebKit/537.36 (KHTML, like Gecko) Chrome/117.0.0.0 Safari/537.36 Edg/117.0.2045.4"
51.79.161.227 - - [10/Dec/2025:18:40:08 +0100] "GET /wp-content/uploads/2024/08/cropped-Online_Band_2022_7-scaled-1-1024x614.jpg HTTP/1.0" 200 125669 "-" "Mozilla/5.0 (Windows NT 10.0; Win64; x64) AppleWebKit/537.36 (KHTML, like Gecko) Chrome/117.0.0.0 Safari/537.36 Edg/117.0.2045.4"
51.79.161.227 - - [10/Dec/2025:18:42:44 +0100] "GET /wp-content/uploads/2024/08/cropped-Online_Band_2022_7-scaled-1-1536x922.jpg HTTP/1.0" 200 246803 "-" "Mozilla/5.0 (Windows NT 10.0; Win64; x64) AppleWebKit/537.36 (KHTML, like Gecko) Chrome/117.0.0.0 Safari/537.36 Edg/117.0.2045.4"
51.79.161.227 - - [10/Dec/2025:18:43:01 +0100] "GET /wp-content/uploads/2024/08/cropped-Online_Band_2022_7-scaled-1-1536x922.jpg HTTP/1.0" 200 246803 "-" "Mozilla/5.0 (Windows NT 10.0; Win64; x64) AppleWebKit/537.36 (KHTML, like Gecko) Chrome/117.0.0.0 Safari/537.36 Edg/117.0.2045.4"
51.79.161.227 - - [10/Dec/2025:18:43:52 +0100] "GET /?page_id=76 HTTP/1.0" 200 71998 "-" "Mozilla/5.0 (Windows NT 10.0; Win64; x64) AppleWebKit/537.36 (KHTML, like Gecko) Chrome/117.0.0.0 Safari/537.36 Edg/117.0.2045.4"
51.79.161.227 - - [10/Dec/2025:18:44:52 +0100] "GET /?page_id=76 HTTP/1.0" 200 71998 "-" "Mozilla/5.0 (Windows NT 10.0; Win64; x64) AppleWebKit/537.36 (KHTML, like Gecko) Chrome/117.0.0.0 Safari/537.36 Edg/117.0.2045.4"
13.40.47.80 - - [10/Dec/2025:18:45:01 +0100] "GET /?auto-login=1&user_id=1&token=c4ca4238a0 HTTP/1.0" 200 70880 "-" "Mozilla/5.0 (Windows NT 10.0; Win64; x64) AppleWebKit/537.36 (KHTML, like Gecko) Chrome/135.0.0.0 Safari/537.36"
51.79.161.227 - - [10/Dec/2025:18:46:33 +0100] "GET /index.php?rest_route=%2Foembed%2F1.0%2Fembed&url=https%3A%2F%2Fonline.comeonline.ch%2F%3Fpage_id%3D76 HTTP/1.0" 200 2870 "-" "Mozilla/5.0 (Windows NT 10.0; Win64; x64) AppleWebKit/537.36 (KHTML, like Gecko) Chrome/117.0.0.0 Safari/537.36 Edg/117.0.2045.4"
51.79.161.227 - - [10/Dec/2025:18:48:33 +0100] "GET /index.php?rest_route=%2Foembed%2F1.0%2Fembed&url=https%3A%2F%2Fonline.comeonline.ch%2F%3Fpage_id%3D76 HTTP/1.0" 200 2870 "-" "Mozilla/5.0 (Windows NT 10.0; Win64; x64) AppleWebKit/537.36 (KHTML, like Gecko) Chrome/117.0.0.0 Safari/537.36 Edg/117.0.2045.4"
51.79.161.227 - - [10/Dec/2025:18:48:34 +0100] "GET /index.php?rest_route=%2Foembed%2F1.0%2Fembed&url=https%3A%2F%2Fonline.comeonline.ch%2F%3Fpage_id%3D76&format=xml HTTP/1.0" 200 3004 "-" "Mozilla/5.0 (Windows NT 10.0; Win64; x64) AppleWebKit/537.36 (KHTML, like Gecko) Chrome/117.0.0.0 Safari/537.36 Edg/117.0.2045.4"
51.79.161.227 - - [10/Dec/2025:18:49:01 +0100] "GET /index.php?rest_route=%2Foembed%2F1.0%2Fembed&url=https%3A%2F%2Fonline.comeonline.ch%2F%3Fpage_id%3D76&format=xml HTTP/1.0" 200 3004 "-" "Mozilla/5.0 (Windows NT 10.0; Win64; x64) AppleWebKit/537.36 (KHTML, like Gecko) Chrome/117.0.0.0 Safari/537.36 Edg/117.0.2045.4"
51.79.161.227 - - [10/Dec/2025:18:49:16 +0100] "GET /index.php?rest_route=/wp/v2/pages/76 HTTP/1.0" 200 2502 "-" "Mozilla/5.0 (Windows NT 10.0; Win64; x64) AppleWebKit/537.36 (KHTML, like Gecko) Chrome/117.0.0.0 Safari/537.36 Edg/117.0.2045.4"
51.79.161.227 - - [10/Dec/2025:18:49:17 +0100] "GET /index.php?rest_route=/wp/v2/pages/76 HTTP/1.0" 200 2502 "-" "Mozilla/5.0 (Windows NT 10.0; Win64; x64) AppleWebKit/537.36 (KHTML, like Gecko) Chrome/117.0.0.0 Safari/537.36 Edg/117.0.2045.4"
51.79.161.227 - - [10/Dec/2025:18:49:19 +0100] "GET /?p=76 HTTP/1.0" 301 521 "-" "Mozilla/5.0 (Windows NT 10.0; Win64; x64) AppleWebKit/537.36 (KHTML, like Gecko) Chrome/117.0.0.0 Safari/537.36 Edg/117.0.2045.4"
51.79.161.227 - - [10/Dec/2025:18:49:19 +0100] "GET /?page_id=76 HTTP/1.0" 200 71998 "-" "Mozilla/5.0 (Windows NT 10.0; Win64; x64) AppleWebKit/537.36 (KHTML, like Gecko) Chrome/117.0.0.0 Safari/537.36 Edg/117.0.2045.4"
51.79.161.227 - - [10/Dec/2025:18:49:24 +0100] "GET /?p=76 HTTP/1.0" 301 521 "-" "Mozilla/5.0 (Windows NT 10.0; Win64; x64) AppleWebKit/537.36 (KHTML, like Gecko) Chrome/117.0.0.0 Safari/537.36 Edg/117.0.2045.4"
51.79.161.227 - - [10/Dec/2025:18:49:24 +0100] "GET /?page_id=76 HTTP/1.0" 200 71998 "-" "Mozilla/5.0 (Windows NT 10.0; Win64; x64) AppleWebKit/537.36 (KHTML, like Gecko) Chrome/117.0.0.0 Safari/537.36 Edg/117.0.2045.4"
34.16.212.166 - - [10/Dec/2025:18:56:04 +0100] "GET / HTTP/1.0" 200 70918 "-" "Mozilla/5.0 (Windows NT 10.0; Win64; x64) AppleWebKit/537.36 (KHTML, like Gecko) Chrome/78.0.3904.108 Safari/537.36"
80.74.154.100 - - [10/Dec/2025:18:56:05 +0100] "POST /wp-cron.php?doing_wp_cron=1765389365.0208709239959716796875 HTTP/1.0" 200 409 "-" "WordPress/6.9; https://online.comeonline.ch"
34.16.212.166 - - [10/Dec/2025:18:56:06 +0100] "GET //wp-includes/wlwmanifest.xml HTTP/1.0" 404 584 "-" "Mozilla/5.0 (Windows NT 10.0; Win64; x64) AppleWebKit/537.36 (KHTML, like Gecko) Chrome/78.0.3904.108 Safari/537.36"
34.16.212.166 - - [10/Dec/2025:18:56:06 +0100] "GET //xmlrpc.php?rsd HTTP/1.0" 200 1173 "-" "Mozilla/5.0 (Windows NT 10.0; Win64; x64) AppleWebKit/537.36 (KHTML, like Gecko) Chrome/78.0.3904.108 Safari/537.36"
34.16.212.166 - - [10/Dec/2025:18:56:07 +0100] "GET //?author=1 HTTP/1.0" 301 407 "-" "Mozilla/5.0 (Windows NT 10.0; Win64; x64) AppleWebKit/537.36 (KHTML, like Gecko) Chrome/78.0.3904.108 Safari/537.36"
34.16.212.166 - - [10/Dec/2025:18:56:07 +0100] "GET //?author=2 HTTP/1.0" 301 519 "-" "Mozilla/5.0 (Windows NT 10.0; Win64; x64) AppleWebKit/537.36 (KHTML, like Gecko) Chrome/78.0.3904.108 Safari/537.36"
34.16.212.166 - - [10/Dec/2025:18:56:07 +0100] "GET //wp-json/wp/v2/users/ HTTP/1.0" 404 577 "-" "Mozilla/5.0 (Windows NT 10.0; Win64; x64) AppleWebKit/537.36 (KHTML, like Gecko) Chrome/78.0.3904.108 Safari/537.36"
34.16.212.166 - - [10/Dec/2025:18:56:07 +0100] "GET //wp-json/oembed/1.0/embed?url=https://online.comeonline.ch/ HTTP/1.0" 404 581 "-" "Mozilla/5.0 (Windows NT 10.0; Win64; x64) AppleWebKit/537.36 (KHTML, like Gecko) Chrome/78.0.3904.108 Safari/537.36"
34.16.212.166 - - [10/Dec/2025:18:56:07 +0100] "POST //xmlrpc.php HTTP/1.0" 200 741 "-" "Mozilla/5.0 (Windows NT 10.0; Win64; x64) AppleWebKit/537.36 (KHTML, like Gecko) Chrome/78.0.3904.108 Safari/537.36"
34.16.212.166 - - [10/Dec/2025:18:56:08 +0100] "POST //xmlrpc.php HTTP/1.0" 200 741 "-" "Mozilla/5.0 (Windows NT 10.0; Win64; x64) AppleWebKit/537.36 (KHTML, like Gecko) Chrome/78.0.3904.108 Safari/537.36"
34.16.212.166 - - [10/Dec/2025:18:56:08 +0100] "POST //xmlrpc.php HTTP/1.0" 200 741 "-" "Mozilla/5.0 (Windows NT 10.0; Win64; x64) AppleWebKit/537.36 (KHTML, like Gecko) Chrome/78.0.3904.108 Safari/537.36"
34.16.212.166 - - [10/Dec/2025:18:56:08 +0100] "POST //xmlrpc.php HTTP/1.0" 200 741 "-" "Mozilla/5.0 (Windows NT 10.0; Win64; x64) AppleWebKit/537.36 (KHTML, like Gecko) Chrome/78.0.3904.108 Safari/537.36"
34.16.212.166 - - [10/Dec/2025:18:56:08 +0100] "POST //xmlrpc.php HTTP/1.0" 200 741 "-" "Mozilla/5.0 (Windows NT 10.0; Win64; x64) AppleWebKit/537.36 (KHTML, like Gecko) Chrome/78.0.3904.108 Safari/537.36"
34.16.212.166 - - [10/Dec/2025:18:56:09 +0100] "POST //xmlrpc.php HTTP/1.0" 200 741 "-" "Mozilla/5.0 (Windows NT 10.0; Win64; x64) AppleWebKit/537.36 (KHTML, like Gecko) Chrome/78.0.3904.108 Safari/537.36"
34.16.212.166 - - [10/Dec/2025:18:56:09 +0100] "POST //xmlrpc.php HTTP/1.0" 200 741 "-" "Mozilla/5.0 (Windows NT 10.0; Win64; x64) AppleWebKit/537.36 (KHTML, like Gecko) Chrome/78.0.3904.108 Safari/537.36"
34.16.212.166 - - [10/Dec/2025:18:56:09 +0100] "POST //xmlrpc.php HTTP/1.0" 200 741 "-" "Mozilla/5.0 (Windows NT 10.0; Win64; x64) AppleWebKit/537.36 (KHTML, like Gecko) Chrome/78.0.3904.108 Safari/537.36"
34.87.134.193 - - [10/Dec/2025:20:09:41 +0100] "GET / HTTP/1.0" 200 70918 "-" "Mozilla/5.0 (Windows NT 10.0; Win64; x64) Chrome/120.0 Safari/537.36"
80.74.154.100 - - [10/Dec/2025:20:09:41 +0100] "POST /wp-cron.php?doing_wp_cron=1765393781.5010221004486083984375 HTTP/1.0" 200 409 "-" "WordPress/6.9; https://online.comeonline.ch"
34.87.134.193 - - [10/Dec/2025:20:09:45 +0100] "GET /wordpress/ HTTP/1.0" 404 567 "-" "Mozilla/5.0 (compatible; Googlebot/2.1; +http://www.google.com/bot.html)"
18.235.94.119 - - [10/Dec/2025:21:10:29 +0100] "GET / HTTP/1.0" 200 70918 "-" "Mozilla/5.0 (X11; Linux x86_64) AppleWebKit/537.36 (KHTML, like Gecko) Chrome/134.0.0.0 Safari/537.36"
80.74.154.100 - - [10/Dec/2025:21:10:30 +0100] "POST /wp-cron.php?doing_wp_cron=1765397429.8317260742187500000000 HTTP/1.0" 200 409 "-" "WordPress/6.9; https://online.comeonline.ch"
18.235.94.119 - - [10/Dec/2025:21:52:13 +0100] "GET / HTTP/1.0" 200 70918 "-" "Mozilla/5.0 (X11; Linux x86_64) AppleWebKit/537.36 (KHTML, like Gecko) Chrome/134.0.0.0 Safari/537.36"
57.180.37.205 - - [11/Dec/2025:02:37:34 +0100] "GET / HTTP/1.0" 200 70918 "-" "Mozilla/5.0 (Windows NT 10.0; Win64; x64) AppleWebKit/537.36 (KHTML, like Gecko) Chrome/60.0.3112.113 Safari/537.36 Assetnote/1.0.0"
57.180.37.205 - - [11/Dec/2025:02:37:36 +0100] "HEAD /apps HTTP/1.0" 404 137 "-" "Mozilla/5.0 (Windows NT 10.0; Win64; x64) AppleWebKit/537.36 (KHTML, like Gecko) Chrome/60.0.3112.113 Safari/537.36 Assetnote/1.0.0"
57.180.37.205 - - [11/Dec/2025:02:37:37 +0100] "HEAD /api/action HTTP/1.0" 404 137 "-" "Mozilla/5.0 (Windows NT 10.0; Win64; x64) AppleWebKit/537.36 (KHTML, like Gecko) Chrome/60.0.3112.113 Safari/537.36 Assetnote/1.0.0"
80.74.154.100 - - [11/Dec/2025:02:37:35 +0100] "POST /wp-cron.php?doing_wp_cron=1765417055.4520990848541259765625 HTTP/1.0" 200 409 "-" "WordPress/6.9; https://online.comeonline.ch"
57.180.37.205 - - [11/Dec/2025:02:37:37 +0100] "HEAD /api/actions HTTP/1.0" 404 137 "-" "Mozilla/5.0 (Windows NT 10.0; Win64; x64) AppleWebKit/537.36 (KHTML, like Gecko) Chrome/60.0.3112.113 Safari/537.36 Assetnote/1.0.0"
57.180.37.205 - - [11/Dec/2025:02:37:37 +0100] "HEAD /_next/data HTTP/1.0" 404 137 "-" "Mozilla/5.0 (Windows NT 10.0; Win64; x64) AppleWebKit/537.36 (KHTML, like Gecko) Chrome/60.0.3112.113 Safari/537.36 Assetnote/1.0.0"
57.180.37.205 - - [11/Dec/2025:02:37:37 +0100] "POST / HTTP/1.0" 200 70918 "-" "Mozilla/5.0 (Windows NT 10.0; Win64; x64) AppleWebKit/537.36 (KHTML, like Gecko) Chrome/60.0.3112.113 Safari/537.36 Assetnote/1.0.0"
128.140.53.20 - - [11/Dec/2025:04:31:15 +0100] "GET / HTTP/1.0" 200 70918 "-" "Mozilla/5.0 (Windows NT 10.0; Win64; x64) AppleWebKit/537.36 (KHTML, like Gecko) Chrome/137.0.0.0 Safari/537.36"
80.74.154.100 - - [11/Dec/2025:04:31:16 +0100] "POST /wp-cron.php?doing_wp_cron=1765423875.9324910640716552734375 HTTP/1.0" 200 409 "-" "WordPress/6.9; https://online.comeonline.ch"
128.140.53.20 - - [11/Dec/2025:04:31:18 +0100] "GET /favicon.ico HTTP/1.0" 404 568 "-" "Mozilla/5.0 (Windows NT 10.0; Win64; x64) AppleWebKit/537.36 (KHTML, like Gecko) Chrome/137.0.0.0 Safari/537.36"
18.235.94.119 - - [11/Dec/2025:05:06:21 +0100] "GET / HTTP/1.0" 200 70918 "-" "Mozilla/5.0 (X11; Linux x86_64) AppleWebKit/537.36 (KHTML, like Gecko) Chrome/134.0.0.0 Safari/537.36"
80.74.154.100 - - [11/Dec/2025:05:06:22 +0100] "POST /wp-cron.php?doing_wp_cron=1765425982.3272550106048583984375 HTTP/1.0" 200 409 "-" "WordPress/6.9; https://online.comeonline.ch"
80.74.154.100 - - [11/Dec/2025:06:21:15 +0100] "POST /wp-cron.php?doing_wp_cron=1765430474.8082768917083740234375 HTTP/1.0" 200 409 "-" "WordPress/6.9; https://online.comeonline.ch"
158.173.152.193 - - [11/Dec/2025:06:57:53 +0100] "GET / HTTP/1.0" 200 70918 "-" "Mozilla/5.0 (Linux; Android 10; K) AppleWebKit/537.36 (KHTML, like Gecko) Chrome/143.0.0.0 Mobile Safari/537.36"
81.17.24.163 - - [11/Dec/2025:06:57:53 +0100] "GET / HTTP/1.0" 200 70918 "-" "Mozilla/5.0 (Macintosh; Intel Mac OS X 10_15_7) AppleWebKit/605.1.15 (KHTML, like Gecko) Version/17.3 Safari/605.1.15"
80.74.154.100 - - [11/Dec/2025:06:57:54 +0100] "POST /wp-cron.php?doing_wp_cron=1765432673.8081650733947753906250 HTTP/1.0" 200 409 "-" "WordPress/6.9; https://online.comeonline.ch"
81.17.24.163 - - [11/Dec/2025:07:00:48 +0100] "GET /wp-content/uploads/2024/08/cropped-Online_Band_2022_7-scaled-2-180x180.jpg HTTP/1.0" 200 11188 "-" "Mozilla/5.0 (Macintosh; Intel Mac OS X 10_15_7) AppleWebKit/605.1.15 (KHTML, like Gecko) Version/17.3 Safari/605.1.15"
81.17.24.163 - - [11/Dec/2025:07:00:48 +0100] "GET /wp-content/uploads/2024/08/cropped-Online_Band_2022_7-scaled-2-192x192.jpg HTTP/1.0" 200 12029 "-" "Mozilla/5.0 (Macintosh; Intel Mac OS X 10_15_7) AppleWebKit/605.1.15 (KHTML, like Gecko) Version/17.3 Safari/605.1.15"
158.173.152.193 - - [11/Dec/2025:07:00:48 +0100] "GET /wp-content/uploads/2024/08/cropped-Online_Band_2022_7-scaled-2-180x180.jpg HTTP/1.0" 200 11188 "-" "Mozilla/5.0 (Linux; Android 10; K) AppleWebKit/537.36 (KHTML, like Gecko) Chrome/143.0.0.0 Mobile Safari/537.36"
158.173.152.193 - - [11/Dec/2025:07:00:48 +0100] "GET /wp-content/uploads/2024/08/cropped-Online_Band_2022_7-scaled-2-192x192.jpg HTTP/1.0" 200 12029 "-" "Mozilla/5.0 (Linux; Android 10; K) AppleWebKit/537.36 (KHTML, like Gecko) Chrome/143.0.0.0 Mobile Safari/537.36"
158.173.152.193 - - [11/Dec/2025:07:00:48 +0100] "GET /wp-content/uploads/2024/08/cropped-Online_Band_2022_7-scaled-2-32x32.jpg HTTP/1.0" 200 1765 "-" "Mozilla/5.0 (Linux; Android 10; K) AppleWebKit/537.36 (KHTML, like Gecko) Chrome/143.0.0.0 Mobile Safari/537.36"
81.17.24.163 - - [11/Dec/2025:07:00:49 +0100] "GET /wp-content/uploads/2024/08/cropped-Online_Band_2022_7-scaled-2-32x32.jpg HTTP/1.0" 200 1765 "-" "Mozilla/5.0 (Macintosh; Intel Mac OS X 10_15_7) AppleWebKit/605.1.15 (KHTML, like Gecko) Version/17.3 Safari/605.1.15"
81.17.24.163 - - [11/Dec/2025:07:03:01 +0100] "GET /favicon.ico HTTP/1.0" 404 568 "-" "Mozilla/5.0 (Macintosh; Intel Mac OS X 10_15_7) AppleWebKit/605.1.15 (KHTML, like Gecko) Version/17.3 Safari/605.1.15"
74.7.230.26 - - [11/Dec/2025:07:10:26 +0100] "GET /robots.txt HTTP/1.0" 404 567 "-" "Mozilla/5.0 (Macintosh; Intel Mac OS X 10_15_7) AppleWebKit/537.36 (KHTML, like Gecko) Chrome/131.0.0.0 Safari/537.36; compatible; OAI-SearchBot/1.3; robots.txt; +https://openai.com/searchbot"
31.10.151.237 - - [11/Dec/2025:09:03:55 +0100] "GET /favicon.ico HTTP/1.0" 404 568 "-" "Mozilla/5.0 (Windows NT 10.0; Win64; x64) AppleWebKit/537.36 (KHTML, like Gecko) Chrome/142.0.0.0 Safari/537.36"
159.65.191.63 - - [11/Dec/2025:14:43:02 +0100] "GET / HTTP/1.0" 200 70918 "-" "Mozilla/5.0 (X11; Linux x86_64) AppleWebKit/537.36 (KHTML, like Gecko) Chrome/142.0.0.0 Safari/537.36"
80.74.154.100 - - [11/Dec/2025:14:43:03 +0100] "POST /wp-cron.php?doing_wp_cron=1765460582.9944128990173339843750 HTTP/1.0" 200 409 "-" "WordPress/6.9; https://online.comeonline.ch"
159.65.191.63 - - [11/Dec/2025:14:43:09 +0100] "GET /wp-content/uploads/2024/08/cropped-Online_Band_2022_7-scaled-2-32x32.jpg HTTP/1.0" 200 1765 "https://online.comeonline.ch/" "Mozilla/5.0 (X11; Linux x86_64) AppleWebKit/537.36 (KHTML, like Gecko) Chrome/142.0.0.0 Safari/537.36"
74.7.230.26 - - [11/Dec/2025:15:32:24 +0100] "GET /robots.txt HTTP/1.0" 404 567 "-" "Mozilla/5.0 (Macintosh; Intel Mac OS X 10_15_7) AppleWebKit/537.36 (KHTML, like Gecko) Chrome/131.0.0.0 Safari/537.36; compatible; OAI-SearchBot/1.3; robots.txt; +https://openai.com/searchbot"
34.55.87.209 - - [11/Dec/2025:15:40:57 +0100] "GET / HTTP/1.0" 200 70918 "http://online.comeonline.ch" "Mozilla/5.0 (compatible; CMS-Checker/1.0; +https://example.com)"
80.74.154.100 - - [11/Dec/2025:15:40:58 +0100] "POST /wp-cron.php?doing_wp_cron=1765464058.4587969779968261718750 HTTP/1.0" 200 409 "-" "WordPress/6.9; https://online.comeonline.ch"
34.55.87.209 - - [11/Dec/2025:16:07:31 +0100] "GET / HTTP/1.0" 200 70918 "-" "Mozilla/5.0 (Windows NT 10.0; Win64; x64) AppleWebKit/537.36 (KHTML, like Gecko) Chrome/78.0.3904.108 Safari/537.36"
80.74.154.100 - - [11/Dec/2025:16:07:31 +0100] "POST /wp-cron.php?doing_wp_cron=1765465651.7521269321441650390625 HTTP/1.0" 200 409 "-" "WordPress/6.9; https://online.comeonline.ch"
34.55.87.209 - - [11/Dec/2025:16:07:33 +0100] "GET //wp-includes/wlwmanifest.xml HTTP/1.0" 404 584 "-" "Mozilla/5.0 (Windows NT 10.0; Win64; x64) AppleWebKit/537.36 (KHTML, like Gecko) Chrome/78.0.3904.108 Safari/537.36"
34.55.87.209 - - [11/Dec/2025:16:07:33 +0100] "GET //xmlrpc.php?rsd HTTP/1.0" 200 1173 "-" "Mozilla/5.0 (Windows NT 10.0; Win64; x64) AppleWebKit/537.36 (KHTML, like Gecko) Chrome/78.0.3904.108 Safari/537.36"
34.55.87.209 - - [11/Dec/2025:16:07:33 +0100] "GET //?author=1 HTTP/1.0" 301 407 "-" "Mozilla/5.0 (Windows NT 10.0; Win64; x64) AppleWebKit/537.36 (KHTML, like Gecko) Chrome/78.0.3904.108 Safari/537.36"
34.55.87.209 - - [11/Dec/2025:16:07:33 +0100] "GET //?author=2 HTTP/1.0" 301 519 "-" "Mozilla/5.0 (Windows NT 10.0; Win64; x64) AppleWebKit/537.36 (KHTML, like Gecko) Chrome/78.0.3904.108 Safari/537.36"
34.55.87.209 - - [11/Dec/2025:16:07:33 +0100] "GET //wp-json/wp/v2/users/ HTTP/1.0" 404 577 "-" "Mozilla/5.0 (Windows NT 10.0; Win64; x64) AppleWebKit/537.36 (KHTML, like Gecko) Chrome/78.0.3904.108 Safari/537.36"
34.55.87.209 - - [11/Dec/2025:16:07:33 +0100] "GET //wp-json/oembed/1.0/embed?url=https://online.comeonline.ch/ HTTP/1.0" 404 581 "-" "Mozilla/5.0 (Windows NT 10.0; Win64; x64) AppleWebKit/537.36 (KHTML, like Gecko) Chrome/78.0.3904.108 Safari/537.36"
34.55.87.209 - - [11/Dec/2025:16:07:34 +0100] "POST //xmlrpc.php HTTP/1.0" 200 741 "-" "Mozilla/5.0 (Windows NT 10.0; Win64; x64) AppleWebKit/537.36 (KHTML, like Gecko) Chrome/78.0.3904.108 Safari/537.36"
34.55.87.209 - - [11/Dec/2025:16:07:34 +0100] "POST //xmlrpc.php HTTP/1.0" 200 741 "-" "Mozilla/5.0 (Windows NT 10.0; Win64; x64) AppleWebKit/537.36 (KHTML, like Gecko) Chrome/78.0.3904.108 Safari/537.36"
34.55.87.209 - - [11/Dec/2025:16:07:34 +0100] "POST //xmlrpc.php HTTP/1.0" 200 741 "-" "Mozilla/5.0 (Windows NT 10.0; Win64; x64) AppleWebKit/537.36 (KHTML, like Gecko) Chrome/78.0.3904.108 Safari/537.36"
34.55.87.209 - - [11/Dec/2025:16:07:34 +0100] "POST //xmlrpc.php HTTP/1.0" 200 741 "-" "Mozilla/5.0 (Windows NT 10.0; Win64; x64) AppleWebKit/537.36 (KHTML, like Gecko) Chrome/78.0.3904.108 Safari/537.36"
34.55.87.209 - - [11/Dec/2025:16:07:34 +0100] "POST //xmlrpc.php HTTP/1.0" 200 741 "-" "Mozilla/5.0 (Windows NT 10.0; Win64; x64) AppleWebKit/537.36 (KHTML, like Gecko) Chrome/78.0.3904.108 Safari/537.36"
34.55.87.209 - - [11/Dec/2025:16:07:35 +0100] "POST //xmlrpc.php HTTP/1.0" 200 741 "-" "Mozilla/5.0 (Windows NT 10.0; Win64; x64) AppleWebKit/537.36 (KHTML, like Gecko) Chrome/78.0.3904.108 Safari/537.36"
34.55.87.209 - - [11/Dec/2025:16:07:35 +0100] "POST //xmlrpc.php HTTP/1.0" 200 741 "-" "Mozilla/5.0 (Windows NT 10.0; Win64; x64) AppleWebKit/537.36 (KHTML, like Gecko) Chrome/78.0.3904.108 Safari/537.36"
34.55.87.209 - - [11/Dec/2025:16:07:35 +0100] "POST //xmlrpc.php HTTP/1.0" 200 741 "-" "Mozilla/5.0 (Windows NT 10.0; Win64; x64) AppleWebKit/537.36 (KHTML, like Gecko) Chrome/78.0.3904.108 Safari/537.36"
34.55.87.209 - - [11/Dec/2025:16:07:35 +0100] "POST //xmlrpc.php HTTP/1.0" 200 741 "-" "Mozilla/5.0 (Windows NT 10.0; Win64; x64) AppleWebKit/537.36 (KHTML, like Gecko) Chrome/78.0.3904.108 Safari/537.36"
51.81.245.138 - - [11/Dec/2025:16:35:36 +0100] "GET / HTTP/1.0" 200 70918 "-" "Mozilla/5.0 (Windows NT 10.0; Win64; x64) AppleWebKit/537.36 (KHTML, like Gecko) Chrome/108.0.0.0 Safari/537.36"
51.81.245.138 - - [11/Dec/2025:16:35:38 +0100] "GET /favicon.ico HTTP/1.0" 404 568 "-" "python-requests/2.25.1"
13.38.56.130 - - [11/Dec/2025:16:40:03 +0100] "GET / HTTP/1.0" 200 70918 "-" "Mozilla/5.0 (Windows NT 10.0; Win64; x64) AppleWebKit/537.36 (KHTML, like Gecko) Chrome/60.0.3112.113 Safari/537.36 Assetnote/1.0.0"
13.38.56.130 - - [11/Dec/2025:16:40:03 +0100] "HEAD /apps HTTP/1.0" 404 137 "-" "Mozilla/5.0 (Windows NT 10.0; Win64; x64) AppleWebKit/537.36 (KHTML, like Gecko) Chrome/60.0.3112.113 Safari/537.36 Assetnote/1.0.0"
13.38.56.130 - - [11/Dec/2025:16:40:03 +0100] "HEAD /api/action HTTP/1.0" 404 137 "-" "Mozilla/5.0 (Windows NT 10.0; Win64; x64) AppleWebKit/537.36 (KHTML, like Gecko) Chrome/60.0.3112.113 Safari/537.36 Assetnote/1.0.0"
13.38.56.130 - - [11/Dec/2025:16:40:03 +0100] "HEAD /api/actions HTTP/1.0" 404 137 "-" "Mozilla/5.0 (Windows NT 10.0; Win64; x64) AppleWebKit/537.36 (KHTML, like Gecko) Chrome/60.0.3112.113 Safari/537.36 Assetnote/1.0.0"
13.38.56.130 - - [11/Dec/2025:16:40:03 +0100] "HEAD /_next/data HTTP/1.0" 404 137 "-" "Mozilla/5.0 (Windows NT 10.0; Win64; x64) AppleWebKit/537.36 (KHTML, like Gecko) Chrome/60.0.3112.113 Safari/537.36 Assetnote/1.0.0"
13.38.56.130 - - [11/Dec/2025:16:40:03 +0100] "POST / HTTP/1.0" 200 70918 "-" "Mozilla/5.0 (Windows NT 10.0; Win64; x64) AppleWebKit/537.36 (KHTML, like Gecko) Chrome/60.0.3112.113 Safari/537.36 Assetnote/1.0.0"
34.173.34.67 - - [11/Dec/2025:17:01:50 +0100] "GET / HTTP/1.0" 200 70918 "http://online.comeonline.ch" "Mozilla/5.0 (compatible; CMS-Checker/1.0; +https://example.com)"
80.74.154.100 - - [11/Dec/2025:17:01:50 +0100] "POST /wp-cron.php?doing_wp_cron=1765468910.5550689697265625000000 HTTP/1.0" 200 409 "-" "WordPress/6.9; https://online.comeonline.ch"
34.173.34.67 - - [11/Dec/2025:18:04:02 +0100] "GET / HTTP/1.0" 200 70918 "-" "Mozilla/5.0 (Windows NT 10.0; Win64; x64) AppleWebKit/537.36 (KHTML, like Gecko) Chrome/78.0.3904.108 Safari/537.36"
80.74.154.100 - - [11/Dec/2025:18:04:03 +0100] "POST /wp-cron.php?doing_wp_cron=1765472643.3283491134643554687500 HTTP/1.0" 200 409 "-" "WordPress/6.9; https://online.comeonline.ch"
34.173.34.67 - - [11/Dec/2025:18:04:04 +0100] "GET //wp-includes/wlwmanifest.xml HTTP/1.0" 404 584 "-" "Mozilla/5.0 (Windows NT 10.0; Win64; x64) AppleWebKit/537.36 (KHTML, like Gecko) Chrome/78.0.3904.108 Safari/537.36"
34.173.34.67 - - [11/Dec/2025:18:04:05 +0100] "GET //xmlrpc.php?rsd HTTP/1.0" 200 1173 "-" "Mozilla/5.0 (Windows NT 10.0; Win64; x64) AppleWebKit/537.36 (KHTML, like Gecko) Chrome/78.0.3904.108 Safari/537.36"
34.173.34.67 - - [11/Dec/2025:18:04:05 +0100] "GET //?author=1 HTTP/1.0" 301 407 "-" "Mozilla/5.0 (Windows NT 10.0; Win64; x64) AppleWebKit/537.36 (KHTML, like Gecko) Chrome/78.0.3904.108 Safari/537.36"
34.173.34.67 - - [11/Dec/2025:18:04:05 +0100] "GET //?author=2 HTTP/1.0" 301 519 "-" "Mozilla/5.0 (Windows NT 10.0; Win64; x64) AppleWebKit/537.36 (KHTML, like Gecko) Chrome/78.0.3904.108 Safari/537.36"
34.173.34.67 - - [11/Dec/2025:18:04:05 +0100] "GET //wp-json/wp/v2/users/ HTTP/1.0" 404 577 "-" "Mozilla/5.0 (Windows NT 10.0; Win64; x64) AppleWebKit/537.36 (KHTML, like Gecko) Chrome/78.0.3904.108 Safari/537.36"
34.173.34.67 - - [11/Dec/2025:18:04:05 +0100] "GET //wp-json/oembed/1.0/embed?url=https://online.comeonline.ch/ HTTP/1.0" 404 581 "-" "Mozilla/5.0 (Windows NT 10.0; Win64; x64) AppleWebKit/537.36 (KHTML, like Gecko) Chrome/78.0.3904.108 Safari/537.36"
34.173.34.67 - - [11/Dec/2025:18:04:05 +0100] "POST //xmlrpc.php HTTP/1.0" 200 741 "-" "Mozilla/5.0 (Windows NT 10.0; Win64; x64) AppleWebKit/537.36 (KHTML, like Gecko) Chrome/78.0.3904.108 Safari/537.36"
34.173.34.67 - - [11/Dec/2025:18:04:06 +0100] "POST //xmlrpc.php HTTP/1.0" 200 741 "-" "Mozilla/5.0 (Windows NT 10.0; Win64; x64) AppleWebKit/537.36 (KHTML, like Gecko) Chrome/78.0.3904.108 Safari/537.36"
34.173.34.67 - - [11/Dec/2025:18:04:06 +0100] "POST //xmlrpc.php HTTP/1.0" 200 741 "-" "Mozilla/5.0 (Windows NT 10.0; Win64; x64) AppleWebKit/537.36 (KHTML, like Gecko) Chrome/78.0.3904.108 Safari/537.36"
34.173.34.67 - - [11/Dec/2025:18:04:06 +0100] "POST //xmlrpc.php HTTP/1.0" 200 741 "-" "Mozilla/5.0 (Windows NT 10.0; Win64; x64) AppleWebKit/537.36 (KHTML, like Gecko) Chrome/78.0.3904.108 Safari/537.36"
34.173.34.67 - - [11/Dec/2025:18:04:06 +0100] "POST //xmlrpc.php HTTP/1.0" 200 741 "-" "Mozilla/5.0 (Windows NT 10.0; Win64; x64) AppleWebKit/537.36 (KHTML, like Gecko) Chrome/78.0.3904.108 Safari/537.36"
34.173.34.67 - - [11/Dec/2025:18:04:06 +0100] "POST //xmlrpc.php HTTP/1.0" 200 741 "-" "Mozilla/5.0 (Windows NT 10.0; Win64; x64) AppleWebKit/537.36 (KHTML, like Gecko) Chrome/78.0.3904.108 Safari/537.36"
34.173.34.67 - - [11/Dec/2025:18:04:07 +0100] "POST //xmlrpc.php HTTP/1.0" 200 741 "-" "Mozilla/5.0 (Windows NT 10.0; Win64; x64) AppleWebKit/537.36 (KHTML, like Gecko) Chrome/78.0.3904.108 Safari/537.36"
80.74.154.100 - - [12/Dec/2025:05:55:11 +0100] "POST /wp-cron.php?doing_wp_cron=1765515311.0334699153900146484375 HTTP/1.0" 200 409 "-" "WordPress/6.9; https://online.comeonline.ch"
80.74.154.100 - - [12/Dec/2025:06:18:47 +0100] "POST /wp-cron.php?doing_wp_cron=1765516727.1393508911132812500000 HTTP/1.0" 200 409 "-" "WordPress/6.9; https://online.comeonline.ch"
81.17.24.163 - - [12/Dec/2025:13:41:35 +0100] "GET / HTTP/1.0" 200 70918 "-" "Mozilla/5.0 (Linux; Android 10; K) AppleWebKit/537.36 (KHTML, like Gecko) Chrome/143.0.0.0 Mobile Safari/537.36"
62.93.176.73 - - [12/Dec/2025:13:41:36 +0100] "GET / HTTP/1.0" 200 70918 "-" "Mozilla/5.0 (iPhone; CPU iPhone OS 18_0_1 like Mac OS X) AppleWebKit/605.1.15 (KHTML, like Gecko) Version/18.0.1 Mobile/15E148 Safari/604.1"
141.11.164.107 - - [12/Dec/2025:13:41:36 +0100] "GET / HTTP/1.0" 200 70918 "-" "Mozilla/5.0 (iPhone; CPU iPhone OS 18_0_1 like Mac OS X) AppleWebKit/605.1.15 (KHTML, like Gecko) Version/18.0.1 Mobile/15E148 Safari/604.1"
80.74.154.100 - - [12/Dec/2025:13:41:38 +0100] "POST /wp-cron.php HTTP/1.0" 200 409 "-" "WordPress/6.9; https://online.comeonline.ch"
80.74.154.100 - - [12/Dec/2025:13:41:38 +0100] "GET / HTTP/1.0" 200 70918 "-" "WordPress/6.9; https://online.comeonline.ch"
80.74.154.100 - - [12/Dec/2025:13:41:39 +0100] "GET / HTTP/1.0" 200 70918 "-" "WordPress/6.9; https://online.comeonline.ch"
80.74.154.100 - - [12/Dec/2025:13:41:39 +0100] "GET / HTTP/1.0" 200 70918 "-" "WordPress/6.9; https://online.comeonline.ch"
80.74.154.100 - - [12/Dec/2025:13:41:39 +0100] "GET / HTTP/1.0" 200 70918 "-" "WordPress/6.9; https://online.comeonline.ch"
80.74.154.100 - - [12/Dec/2025:13:41:36 +0100] "POST /wp-cron.php?doing_wp_cron=1765543295.9587559700012207031250 HTTP/1.0" 200 409 "-" "WordPress/6.9; https://online.comeonline.ch"
81.17.24.163 - - [12/Dec/2025:13:43:00 +0100] "GET /wp-content/uploads/2024/08/cropped-Online_Band_2022_7-scaled-2-180x180.jpg HTTP/1.0" 200 11188 "-" "Mozilla/5.0 (Linux; Android 10; K) AppleWebKit/537.36 (KHTML, like Gecko) Chrome/143.0.0.0 Mobile Safari/537.36"
141.11.164.107 - - [12/Dec/2025:13:43:01 +0100] "GET /wp-content/uploads/2024/08/cropped-Online_Band_2022_7-scaled-2-192x192.jpg HTTP/1.0" 200 12029 "-" "Mozilla/5.0 (iPhone; CPU iPhone OS 18_0_1 like Mac OS X) AppleWebKit/605.1.15 (KHTML, like Gecko) Version/18.0.1 Mobile/15E148 Safari/604.1"
81.17.24.163 - - [12/Dec/2025:13:43:01 +0100] "GET /wp-content/uploads/2024/08/cropped-Online_Band_2022_7-scaled-2-32x32.jpg HTTP/1.0" 200 1765 "-" "Mozilla/5.0 (Linux; Android 10; K) AppleWebKit/537.36 (KHTML, like Gecko) Chrome/143.0.0.0 Mobile Safari/537.36"
141.11.164.107 - - [12/Dec/2025:13:43:01 +0100] "GET /wp-content/uploads/2024/08/cropped-Online_Band_2022_7-scaled-2-180x180.jpg HTTP/1.0" 200 11188 "-" "Mozilla/5.0 (iPhone; CPU iPhone OS 18_0_1 like Mac OS X) AppleWebKit/605.1.15 (KHTML, like Gecko) Version/18.0.1 Mobile/15E148 Safari/604.1"
62.93.176.73 - - [12/Dec/2025:13:43:01 +0100] "GET /wp-content/uploads/2024/08/cropped-Online_Band_2022_7-scaled-2-32x32.jpg HTTP/1.0" 200 1765 "-" "Mozilla/5.0 (iPhone; CPU iPhone OS 18_0_1 like Mac OS X) AppleWebKit/605.1.15 (KHTML, like Gecko) Version/18.0.1 Mobile/15E148 Safari/604.1"
81.17.24.163 - - [12/Dec/2025:13:43:01 +0100] "GET /wp-content/uploads/2024/08/cropped-Online_Band_2022_7-scaled-2-192x192.jpg HTTP/1.0" 200 12029 "-" "Mozilla/5.0 (Linux; Android 10; K) AppleWebKit/537.36 (KHTML, like Gecko) Chrome/143.0.0.0 Mobile Safari/537.36"
62.93.176.73 - - [12/Dec/2025:13:43:01 +0100] "GET /wp-content/uploads/2024/08/cropped-Online_Band_2022_7-scaled-2-180x180.jpg HTTP/1.0" 200 11188 "-" "Mozilla/5.0 (iPhone; CPU iPhone OS 18_0_1 like Mac OS X) AppleWebKit/605.1.15 (KHTML, like Gecko) Version/18.0.1 Mobile/15E148 Safari/604.1"
141.11.164.107 - - [12/Dec/2025:13:43:04 +0100] "GET /wp-content/uploads/2024/08/cropped-Online_Band_2022_7-scaled-2-32x32.jpg HTTP/1.0" 200 1765 "-" "Mozilla/5.0 (iPhone; CPU iPhone OS 18_0_1 like Mac OS X) AppleWebKit/605.1.15 (KHTML, like Gecko) Version/18.0.1 Mobile/15E148 Safari/604.1"
62.93.176.73 - - [12/Dec/2025:13:43:04 +0100] "GET /wp-content/uploads/2024/08/cropped-Online_Band_2022_7-scaled-2-192x192.jpg HTTP/1.0" 200 12029 "-" "Mozilla/5.0 (iPhone; CPU iPhone OS 18_0_1 like Mac OS X) AppleWebKit/605.1.15 (KHTML, like Gecko) Version/18.0.1 Mobile/15E148 Safari/604.1"
141.11.164.107 - - [12/Dec/2025:13:44:03 +0100] "GET /favicon.ico HTTP/1.0" 404 568 "-" "Mozilla/5.0 (iPhone; CPU iPhone OS 18_0_1 like Mac OS X) AppleWebKit/605.1.15 (KHTML, like Gecko) Version/18.0.1 Mobile/15E148 Safari/604.1"
35.176.11.205 - - [12/Dec/2025:14:05:39 +0100] "GET / HTTP/1.0" 200 70918 "-" "Mozilla/5.0 (Windows NT 10.0; Win64; x64) AppleWebKit/537.36 (KHTML, like Gecko) Chrome/60.0.3112.113 Safari/537.36 Assetnote/1.0.0"
35.176.11.205 - - [12/Dec/2025:14:05:41 +0100] "HEAD /apps HTTP/1.0" 404 137 "-" "Mozilla/5.0 (Windows NT 10.0; Win64; x64) AppleWebKit/537.36 (KHTML, like Gecko) Chrome/60.0.3112.113 Safari/537.36 Assetnote/1.0.0"
35.176.11.205 - - [12/Dec/2025:14:05:41 +0100] "HEAD /api/action HTTP/1.0" 404 137 "-" "Mozilla/5.0 (Windows NT 10.0; Win64; x64) AppleWebKit/537.36 (KHTML, like Gecko) Chrome/60.0.3112.113 Safari/537.36 Assetnote/1.0.0"
35.176.11.205 - - [12/Dec/2025:14:05:41 +0100] "HEAD /api/actions HTTP/1.0" 404 137 "-" "Mozilla/5.0 (Windows NT 10.0; Win64; x64) AppleWebKit/537.36 (KHTML, like Gecko) Chrome/60.0.3112.113 Safari/537.36 Assetnote/1.0.0"
35.176.11.205 - - [12/Dec/2025:14:05:41 +0100] "HEAD /_next/data HTTP/1.0" 404 137 "-" "Mozilla/5.0 (Windows NT 10.0; Win64; x64) AppleWebKit/537.36 (KHTML, like Gecko) Chrome/60.0.3112.113 Safari/537.36 Assetnote/1.0.0"
35.176.11.205 - - [12/Dec/2025:14:05:41 +0100] "POST / HTTP/1.0" 200 70918 "-" "Mozilla/5.0 (Windows NT 10.0; Win64; x64) AppleWebKit/537.36 (KHTML, like Gecko) Chrome/60.0.3112.113 Safari/537.36 Assetnote/1.0.0"
80.74.154.100 - - [12/Dec/2025:14:05:40 +0100] "POST /wp-cron.php?doing_wp_cron=1765544740.1879119873046875000000 HTTP/1.0" 200 409 "-" "WordPress/6.9; https://online.comeonline.ch"
141.11.164.107 - - [12/Dec/2025:14:56:15 +0100] "GET / HTTP/1.0" 200 70918 "-" "Mozilla/5.0 (Macintosh; Intel Mac OS X 10_15_7) AppleWebKit/537.36 (KHTML, like Gecko) Chrome/125.0.0.0 Safari/537.36"
80.74.154.100 - - [12/Dec/2025:14:56:16 +0100] "POST /wp-cron.php?doing_wp_cron=1765547775.8542540073394775390625 HTTP/1.0" 200 409 "-" "WordPress/6.9; https://online.comeonline.ch"
158.173.152.193 - - [12/Dec/2025:14:56:17 +0100] "GET / HTTP/1.0" 200 70918 "-" "Mozilla/5.0 (iPhone; CPU iPhone OS 18_0_1 like Mac OS X) AppleWebKit/605.1.15 (KHTML, like Gecko) Version/18.0.1 Mobile/15E148 Safari/604.1"
158.173.152.193 - - [12/Dec/2025:14:57:31 +0100] "GET /wp-content/uploads/2024/08/cropped-Online_Band_2022_7-scaled-2-192x192.jpg HTTP/1.0" 200 12029 "-" "Mozilla/5.0 (iPhone; CPU iPhone OS 18_0_1 like Mac OS X) AppleWebKit/605.1.15 (KHTML, like Gecko) Version/18.0.1 Mobile/15E148 Safari/604.1"
141.11.164.107 - - [12/Dec/2025:14:57:32 +0100] "GET /wp-content/uploads/2024/08/cropped-Online_Band_2022_7-scaled-2-192x192.jpg HTTP/1.0" 200 12029 "-" "Mozilla/5.0 (Macintosh; Intel Mac OS X 10_15_7) AppleWebKit/537.36 (KHTML, like Gecko) Chrome/125.0.0.0 Safari/537.36"
158.173.152.193 - - [12/Dec/2025:14:57:32 +0100] "GET /wp-content/uploads/2024/08/cropped-Online_Band_2022_7-scaled-2-32x32.jpg HTTP/1.0" 200 1765 "-" "Mozilla/5.0 (iPhone; CPU iPhone OS 18_0_1 like Mac OS X) AppleWebKit/605.1.15 (KHTML, like Gecko) Version/18.0.1 Mobile/15E148 Safari/604.1"
141.11.164.107 - - [12/Dec/2025:14:57:32 +0100] "GET /wp-content/uploads/2024/08/cropped-Online_Band_2022_7-scaled-2-32x32.jpg HTTP/1.0" 200 1765 "-" "Mozilla/5.0 (Macintosh; Intel Mac OS X 10_15_7) AppleWebKit/537.36 (KHTML, like Gecko) Chrome/125.0.0.0 Safari/537.36"
141.11.164.107 - - [12/Dec/2025:14:57:33 +0100] "GET /wp-content/uploads/2024/08/cropped-Online_Band_2022_7-scaled-2-180x180.jpg HTTP/1.0" 200 11188 "-" "Mozilla/5.0 (Macintosh; Intel Mac OS X 10_15_7) AppleWebKit/537.36 (KHTML, like Gecko) Chrome/125.0.0.0 Safari/537.36"
158.173.152.193 - - [12/Dec/2025:14:57:34 +0100] "GET /wp-content/uploads/2024/08/cropped-Online_Band_2022_7-scaled-2-180x180.jpg HTTP/1.0" 200 11188 "-" "Mozilla/5.0 (iPhone; CPU iPhone OS 18_0_1 like Mac OS X) AppleWebKit/605.1.15 (KHTML, like Gecko) Version/18.0.1 Mobile/15E148 Safari/604.1"
141.11.164.107 - - [12/Dec/2025:14:58:22 +0100] "GET /favicon.ico HTTP/1.0" 404 568 "-" "Mozilla/5.0 (Macintosh; Intel Mac OS X 10_15_7) AppleWebKit/537.36 (KHTML, like Gecko) Chrome/125.0.0.0 Safari/537.36"
80.74.154.100 - - [13/Dec/2025:05:56:29 +0100] "POST /wp-cron.php?doing_wp_cron=1765601789.5205919742584228515625 HTTP/1.0" 200 409 "-" "WordPress/6.9; https://online.comeonline.ch"
47.129.181.69 - - [13/Dec/2025:06:49:10 +0100] "GET / HTTP/1.0" 200 70918 "-" "Mozilla/5.0 (Windows NT 10.0; Win64; x64) AppleWebKit/537.36 (KHTML, like Gecko) Chrome/60.0.3112.113 Safari/537.36 Assetnote/1.0.0"
47.129.181.69 - - [13/Dec/2025:06:49:10 +0100] "HEAD /apps HTTP/1.0" 404 137 "-" "Mozilla/5.0 (Windows NT 10.0; Win64; x64) AppleWebKit/537.36 (KHTML, like Gecko) Chrome/60.0.3112.113 Safari/537.36 Assetnote/1.0.0"
47.129.181.69 - - [13/Dec/2025:06:49:11 +0100] "HEAD /api/action HTTP/1.0" 404 137 "-" "Mozilla/5.0 (Windows NT 10.0; Win64; x64) AppleWebKit/537.36 (KHTML, like Gecko) Chrome/60.0.3112.113 Safari/537.36 Assetnote/1.0.0"
47.129.181.69 - - [13/Dec/2025:06:49:11 +0100] "HEAD /api/actions HTTP/1.0" 404 137 "-" "Mozilla/5.0 (Windows NT 10.0; Win64; x64) AppleWebKit/537.36 (KHTML, like Gecko) Chrome/60.0.3112.113 Safari/537.36 Assetnote/1.0.0"
47.129.181.69 - - [13/Dec/2025:06:49:11 +0100] "HEAD /_next/data HTTP/1.0" 404 137 "-" "Mozilla/5.0 (Windows NT 10.0; Win64; x64) AppleWebKit/537.36 (KHTML, like Gecko) Chrome/60.0.3112.113 Safari/537.36 Assetnote/1.0.0"
47.129.181.69 - - [13/Dec/2025:06:49:11 +0100] "POST / HTTP/1.0" 200 70918 "-" "Mozilla/5.0 (Windows NT 10.0; Win64; x64) AppleWebKit/537.36 (KHTML, like Gecko) Chrome/60.0.3112.113 Safari/537.36 Assetnote/1.0.0"
74.7.230.0 - - [13/Dec/2025:12:05:31 +0100] "GET /robots.txt HTTP/1.0" 404 567 "-" "Mozilla/5.0 (Macintosh; Intel Mac OS X 10_15_7) AppleWebKit/537.36 (KHTML, like Gecko) Chrome/131.0.0.0 Safari/537.36; compatible; OAI-SearchBot/1.3; robots.txt; +https://openai.com/searchbot"
206.189.127.188 - - [13/Dec/2025:13:18:28 +0100] "GET / HTTP/1.0" 200 70918 "-" "Mozilla/5.0 (X11; Linux x86_64) AppleWebKit/537.36 (KHTML, like Gecko) Chrome/142.0.0.0 Safari/537.36"
206.189.127.188 - - [13/Dec/2025:13:18:30 +0100] "GET /wp-content/uploads/2024/08/cropped-Online_Band_2022_7-scaled-2-32x32.jpg HTTP/1.0" 200 1765 "https://online.comeonline.ch/" "Mozilla/5.0 (X11; Linux x86_64) AppleWebKit/537.36 (KHTML, like Gecko) Chrome/142.0.0.0 Safari/537.36"
80.74.154.100 - - [13/Dec/2025:13:18:28 +0100] "POST /wp-cron.php?doing_wp_cron=1765628308.5211560726165771484375 HTTP/1.0" 200 409 "-" "WordPress/6.9; https://online.comeonline.ch"
16.147.7.175 - - [13/Dec/2025:16:56:55 +0100] "GET / HTTP/1.0" 200 70918 "-" "Mozilla/5.0 (X11; Linux i686; rv:124.0) Gecko/20100101 Firefox/124.0"
80.74.154.100 - - [13/Dec/2025:16:56:55 +0100] "POST /wp-cron.php?doing_wp_cron=1765641415.5250980854034423828125 HTTP/1.0" 200 409 "-" "WordPress/6.9; https://online.comeonline.ch"
103.196.9.188 - - [13/Dec/2025:17:56:38 +0100] "GET / HTTP/1.0" 200 70918 "-" "Mozilla/5.0 (X11; Linux x86_64) AppleWebKit/537.36 (KHTML, like Gecko) Chrome/116.0.0.0 Safari/537.36"
80.74.154.100 - - [13/Dec/2025:17:56:39 +0100] "POST /wp-cron.php?doing_wp_cron=1765644999.0899269580841064453125 HTTP/1.0" 200 409 "-" "WordPress/6.9; https://online.comeonline.ch"
104.252.191.182 - - [13/Dec/2025:17:56:38 +0100] "GET / HTTP/1.0" 200 70918 "-" "Mozilla/5.0 (X11; Linux x86_64) AppleWebKit/537.36 (KHTML, like Gecko) Chrome/117.0.0.0 Safari/537.36"
104.252.191.182 - - [13/Dec/2025:17:56:41 +0100] "GET / HTTP/1.0" 200 70918 "-" "Mozilla/5.0 (Macintosh; Intel Mac OS X 10_15_7) AppleWebKit/537.36 (KHTML, like Gecko) Chrome/117.0.0.0 Safari/537.36"
104.164.173.240 - - [13/Dec/2025:18:48:09 +0100] "GET / HTTP/1.0" 200 70918 "-" "Mozilla/5.0 (X11; Linux x86_64) AppleWebKit/537.36 (KHTML, like Gecko) Chrome/117.0.0.0 Safari/537.36"
104.164.173.38 - - [13/Dec/2025:18:48:09 +0100] "GET / HTTP/1.0" 200 70918 "-" "Mozilla/5.0 (Macintosh; Intel Mac OS X 10_15_7) AppleWebKit/537.36 (KHTML, like Gecko) Chrome/117.0.0.0 Safari/537.36"
104.164.173.38 - - [13/Dec/2025:18:48:17 +0100] "GET / HTTP/1.0" 200 70918 "-" "Mozilla/5.0 (X11; Linux x86_64) AppleWebKit/537.36 (KHTML, like Gecko) Chrome/116.0.0.0 Safari/537.36"
3.249.147.157 - - [14/Dec/2025:00:55:26 +0100] "GET / HTTP/1.0" 200 70918 "-" "Mozilla/5.0 (compatible; NetcraftSurveyAgent/1.0; +info@netcraft.com)"
80.74.154.100 - - [14/Dec/2025:00:55:27 +0100] "POST /wp-cron.php?doing_wp_cron=1765670127.3569450378417968750000 HTTP/1.0" 200 409 "-" "WordPress/6.9; https://online.comeonline.ch"
107.172.195.109 - - [14/Dec/2025:01:10:33 +0100] "GET / HTTP/1.0" 200 70918 "-" "Mozilla/5.0 (X11; Linux x86_64) AppleWebKit/537.36 (KHTML, like Gecko) Chrome/116.0.0.0 Safari/537.36"
80.74.154.100 - - [14/Dec/2025:01:10:34 +0100] "POST /wp-cron.php?doing_wp_cron=1765671034.1299700736999511718750 HTTP/1.0" 200 409 "-" "WordPress/6.9; https://online.comeonline.ch"
104.164.126.235 - - [14/Dec/2025:01:10:40 +0100] "GET / HTTP/1.0" 200 70918 "-" "Mozilla/5.0 (Macintosh; Intel Mac OS X 10_15_7) AppleWebKit/537.36 (KHTML, like Gecko) Chrome/117.0.0.0 Safari/537.36"
107.172.195.109 - - [14/Dec/2025:01:10:44 +0100] "GET / HTTP/1.0" 200 70918 "-" "Mozilla/5.0 (Macintosh; Intel Mac OS X 10_15_7) AppleWebKit/537.36 (KHTML, like Gecko) Chrome/117.0.0.0 Safari/537.36"
107.172.195.109 - - [14/Dec/2025:01:11:04 +0100] "GET /https%3A/gmpg.org/xfn/11 HTTP/1.0" 404 579 "-" "Mozilla/5.0 (Macintosh; Intel Mac OS X 10_15_7) AppleWebKit/537.36 (KHTML, like Gecko) Chrome/117.0.0.0 Safari/537.36"
107.172.195.109 - - [14/Dec/2025:01:11:05 +0100] "GET /https%3A/online.comeonline.ch/%3Ffeed%3Dcomments-rss2 HTTP/1.0" 404 604 "-" "Mozilla/5.0 (Macintosh; Intel Mac OS X 10_15_7) AppleWebKit/537.36 (KHTML, like Gecko) Chrome/117.0.0.0 Safari/537.36"
107.172.195.109 - - [14/Dec/2025:01:11:05 +0100] "GET /https%3A/online.comeonline.ch/index.php%3Frest_route%3D/oembed/1.0/embed%26url%3Dhttps%3A/online.comeonline.ch/ HTTP/1.0" 404 660 "-" "Mozilla/5.0 (Macintosh; Intel Mac OS X 10_15_7) AppleWebKit/537.36 (KHTML, like Gecko) Chrome/117.0.0.0 Safari/537.36"
107.172.195.109 - - [14/Dec/2025:01:11:05 +0100] "GET /https%3A/online.comeonline.ch/%3Ffeed%3Drss2 HTTP/1.0" 404 595 "-" "Mozilla/5.0 (Macintosh; Intel Mac OS X 10_15_7) AppleWebKit/537.36 (KHTML, like Gecko) Chrome/117.0.0.0 Safari/537.36"
107.172.195.109 - - [14/Dec/2025:01:11:05 +0100] "GET /https%3A/online.comeonline.ch/index.php%3Frest_route%3D/oembed/1.0/embed%26url%3Dhttps%3A/online.comeonline.ch/%26format%3Dxml HTTP/1.0" 404 675 "-" "Mozilla/5.0 (Macintosh; Intel Mac OS X 10_15_7) AppleWebKit/537.36 (KHTML, like Gecko) Chrome/117.0.0.0 Safari/537.36"
107.172.195.109 - - [14/Dec/2025:01:11:06 +0100] "GET /https%3A/online.comeonline.ch/wp-content/themes/twentyseventeen/assets/fonts/font-libre-franklin.css%3Fver%3D20230328 HTTP/1.0" 404 668 "-" "Mozilla/5.0 (Macintosh; Intel Mac OS X 10_15_7) AppleWebKit/537.36 (KHTML, like Gecko) Chrome/117.0.0.0 Safari/537.36"
107.172.195.109 - - [14/Dec/2025:01:11:06 +0100] "GET /https%3A/online.comeonline.ch/index.php%3Frest_route%3D/wp/v2/pages/48 HTTP/1.0" 404 621 "-" "Mozilla/5.0 (Macintosh; Intel Mac OS X 10_15_7) AppleWebKit/537.36 (KHTML, like Gecko) Chrome/117.0.0.0 Safari/537.36"
107.172.195.109 - - [14/Dec/2025:01:11:06 +0100] "GET /https%3A/online.comeonline.ch/wp-content/themes/twentyseventeen/assets/css/blocks.css%3Fver%3D20240624 HTTP/1.0" 404 653 "-" "Mozilla/5.0 (Macintosh; Intel Mac OS X 10_15_7) AppleWebKit/537.36 (KHTML, like Gecko) Chrome/117.0.0.0 Safari/537.36"
107.172.195.109 - - [14/Dec/2025:01:11:06 +0100] "GET /https%3A/online.comeonline.ch/xmlrpc.php%3Frsd HTTP/1.0" 404 599 "-" "Mozilla/5.0 (Macintosh; Intel Mac OS X 10_15_7) AppleWebKit/537.36 (KHTML, like Gecko) Chrome/117.0.0.0 Safari/537.36"
107.172.195.109 - - [14/Dec/2025:01:11:06 +0100] "GET /https%3A/online.comeonline.ch/wp-content/themes/twentyseventeen/style.css%3Fver%3D20240716 HTTP/1.0" 404 641 "-" "Mozilla/5.0 (Macintosh; Intel Mac OS X 10_15_7) AppleWebKit/537.36 (KHTML, like Gecko) Chrome/117.0.0.0 Safari/537.36"
107.172.195.109 - - [14/Dec/2025:01:11:06 +0100] "GET /https%3A/online.comeonline.ch/index.php%3Frest_route%3D/ HTTP/1.0" 404 607 "-" "Mozilla/5.0 (Macintosh; Intel Mac OS X 10_15_7) AppleWebKit/537.36 (KHTML, like Gecko) Chrome/117.0.0.0 Safari/537.36"
107.172.195.109 - - [14/Dec/2025:01:11:06 +0100] "GET /https%3A/online.comeonline.ch/ HTTP/1.0" 404 585 "-" "Mozilla/5.0 (Macintosh; Intel Mac OS X 10_15_7) AppleWebKit/537.36 (KHTML, like Gecko) Chrome/117.0.0.0 Safari/537.36"
107.172.195.109 - - [14/Dec/2025:01:11:06 +0100] "GET /%23content HTTP/1.0" 404 565 "-" "Mozilla/5.0 (Macintosh; Intel Mac OS X 10_15_7) AppleWebKit/537.36 (KHTML, like Gecko) Chrome/117.0.0.0 Safari/537.36"
107.172.195.109 - - [14/Dec/2025:01:11:06 +0100] "GET /https%3A/online.comeonline.ch/%3Fpage_id%3D76 HTTP/1.0" 404 596 "-" "Mozilla/5.0 (Macintosh; Intel Mac OS X 10_15_7) AppleWebKit/537.36 (KHTML, like Gecko) Chrome/117.0.0.0 Safari/537.36"
107.172.195.109 - - [14/Dec/2025:01:11:07 +0100] "GET /https%3A/de.wordpress.org/ HTTP/1.0" 404 581 "-" "Mozilla/5.0 (Macintosh; Intel Mac OS X 10_15_7) AppleWebKit/537.36 (KHTML, like Gecko) Chrome/117.0.0.0 Safari/537.36"
107.172.195.109 - - [14/Dec/2025:01:11:07 +0100] "GET /wp-includes/js/jquery/jquery-migrate.min.js?ver=3.4.1 HTTP/1.0" 200 14020 "-" "Mozilla/5.0 (Macintosh; Intel Mac OS X 10_15_7) AppleWebKit/537.36 (KHTML, like Gecko) Chrome/117.0.0.0 Safari/537.36"
107.172.195.109 - - [14/Dec/2025:01:11:07 +0100] "GET /wp-content/themes/twentyseventeen/assets/js/jquery.scrollTo.js?ver=2.1.3 HTTP/1.0" 200 6259 "-" "Mozilla/5.0 (Macintosh; Intel Mac OS X 10_15_7) AppleWebKit/537.36 (KHTML, like Gecko) Chrome/117.0.0.0 Safari/537.36"
107.172.195.109 - - [14/Dec/2025:01:11:08 +0100] "GET /wp-includes/js/jquery/jquery.min.js?ver=3.7.1 HTTP/1.0" 200 88142 "-" "Mozilla/5.0 (Macintosh; Intel Mac OS X 10_15_7) AppleWebKit/537.36 (KHTML, like Gecko) Chrome/117.0.0.0 Safari/537.36"
107.172.195.109 - - [14/Dec/2025:01:11:08 +0100] "GET /wp-includes/js/wp-emoji-release.min.js?ver=6.9 HTTP/1.0" 200 23234 "-" "Mozilla/5.0 (Macintosh; Intel Mac OS X 10_15_7) AppleWebKit/537.36 (KHTML, like Gecko) Chrome/117.0.0.0 Safari/537.36"
107.172.195.109 - - [14/Dec/2025:01:11:08 +0100] "GET /wp-content/themes/twentyseventeen/assets/js/global.js?ver=20211130 HTTP/1.0" 200 8267 "-" "Mozilla/5.0 (Macintosh; Intel Mac OS X 10_15_7) AppleWebKit/537.36 (KHTML, like Gecko) Chrome/117.0.0.0 Safari/537.36"
107.172.195.109 - - [14/Dec/2025:01:11:08 +0100] "GET /wp-content/themes/twentyseventeen/assets/js/navigation.js?ver=20210122 HTTP/1.0" 200 4201 "-" "Mozilla/5.0 (Macintosh; Intel Mac OS X 10_15_7) AppleWebKit/537.36 (KHTML, like Gecko) Chrome/117.0.0.0 Safari/537.36"
154.28.229.153 - - [14/Dec/2025:01:58:38 +0100] "GET / HTTP/1.0" 200 70918 "-" "Mozilla/5.0 (X11; Linux x86_64) AppleWebKit/537.36 (KHTML, like Gecko) Chrome/116.0.0.0 Safari/537.36"
80.74.154.100 - - [14/Dec/2025:01:58:39 +0100] "POST /wp-cron.php?doing_wp_cron=1765673919.1549549102783203125000 HTTP/1.0" 200 409 "-" "WordPress/6.9; https://online.comeonline.ch"
104.164.126.128 - - [14/Dec/2025:01:58:45 +0100] "GET / HTTP/1.0" 200 70918 "-" "Mozilla/5.0 (Macintosh; Intel Mac OS X 10_15_7) AppleWebKit/537.36 (KHTML, like Gecko) Chrome/117.0.0.0 Safari/537.36"
104.164.126.128 - - [14/Dec/2025:01:59:02 +0100] "GET / HTTP/1.0" 200 70918 "-" "Mozilla/5.0 (Windows NT 10.0; Win64; x64) AppleWebKit/537.36 (KHTML, like Gecko) Chrome/117.0.0.0 Safari/537.36"
80.74.154.100 - - [14/Dec/2025:05:52:46 +0100] "POST /wp-cron.php?doing_wp_cron=1765687966.4720489978790283203125 HTTP/1.0" 200 409 "-" "WordPress/6.9; https://online.comeonline.ch"
80.74.154.100 - - [14/Dec/2025:06:15:53 +0100] "POST /wp-cron.php?doing_wp_cron=1765689352.9870169162750244140625 HTTP/1.0" 200 409 "-" "WordPress/6.9; https://online.comeonline.ch"
34.182.20.89 - - [14/Dec/2025:16:28:50 +0100] "GET / HTTP/1.0" 200 70918 "http://online.comeonline.ch" "Mozilla/5.0 (compatible; CMS-Checker/1.0; +https://example.com)"
80.74.154.100 - - [14/Dec/2025:16:28:51 +0100] "POST /wp-cron.php?doing_wp_cron=1765726130.9817130565643310546875 HTTP/1.0" 200 409 "-" "WordPress/6.9; https://online.comeonline.ch"
34.182.20.89 - - [14/Dec/2025:17:23:52 +0100] "GET / HTTP/1.0" 200 70918 "-" "Mozilla/5.0 (Windows NT 10.0; Win64; x64) AppleWebKit/537.36 (KHTML, like Gecko) Chrome/78.0.3904.108 Safari/537.36"
80.74.154.100 - - [14/Dec/2025:17:23:53 +0100] "POST /wp-cron.php?doing_wp_cron=1765729433.2346940040588378906250 HTTP/1.0" 200 409 "-" "WordPress/6.9; https://online.comeonline.ch"
34.182.20.89 - - [14/Dec/2025:17:23:54 +0100] "GET //wp-includes/wlwmanifest.xml HTTP/1.0" 404 584 "-" "Mozilla/5.0 (Windows NT 10.0; Win64; x64) AppleWebKit/537.36 (KHTML, like Gecko) Chrome/78.0.3904.108 Safari/537.36"
