80.74.154.100 - - [20/Sep/2025:06:02:19 +0200] "GET / HTTP/1.0" 200 69474 "-" "WordPress/6.8.2; https://online.comeonline.ch"
80.74.154.100 - - [20/Sep/2025:06:02:19 +0200] "GET / HTTP/1.0" 200 69503 "-" "WordPress/6.8.2; https://online.comeonline.ch"
80.74.154.100 - - [20/Sep/2025:06:02:15 +0200] "POST /wp-cron.php?doing_wp_cron=1758340935.0155789852142333984375 HTTP/1.0" 200 409 "-" "WordPress/6.8.2; https://online.comeonline.ch"
194.233.81.136 - - [20/Sep/2025:13:32:25 +0200] "GET /wp-aa.php HTTP/1.0" 404 566 "-" "Mozilla/5.0 (Macintosh; Intel Mac OS X 10_15_5) AppleWebKit/537.36 (KHTML, like Gecko) Chrome/83.0.4103.97 Safari/537.36"
194.233.81.136 - - [20/Sep/2025:13:32:26 +0200] "GET /wp-content/plugins/wp-automatic/inc/csv.php HTTP/1.0" 404 600 "-" "Mozilla/5.0 (Macintosh; Intel Mac OS X 10_15_5) AppleWebKit/537.36 (KHTML, like Gecko) Chrome/83.0.4103.97 Safari/537.36"
80.74.154.100 - - [21/Sep/2025:06:03:44 +0200] "POST /wp-cron.php?doing_wp_cron=1758427423.9485940933227539062500 HTTP/1.0" 200 409 "-" "WordPress/6.8.2; https://online.comeonline.ch"
80.74.154.100 - - [22/Sep/2025:06:05:20 +0200] "POST /wp-cron.php?doing_wp_cron=1758513919.7745940685272216796875 HTTP/1.0" 200 409 "-" "WordPress/6.8.2; https://online.comeonline.ch"
3.26.163.176 - - [22/Sep/2025:11:08:21 +0200] "GET /wp-json/sure-triggers/v1 HTTP/1.0" 404 581 "-" "Mozilla/5.0 (Linux; Android 10; K) AppleWebKit/537.36 (KHTML, like Gecko) Chrome/135.0.0.0 Mobile Safari/537.36"
80.74.154.100 - - [23/Sep/2025:06:05:17 +0200] "POST /wp-cron.php?doing_wp_cron=1758600317.1113090515136718750000 HTTP/1.0" 200 409 "-" "WordPress/6.8.2; https://online.comeonline.ch"
13.40.85.16 - - [23/Sep/2025:07:36:56 +0200] "GET /register-as-agent/ HTTP/1.0" 404 575 "-" "Mozilla/5.0 (iPhone; CPU iPhone OS 17_6_1 like Mac OS X) AppleWebKit/605.1.15 (KHTML, like Gecko) Version/17.6 Mobile/15E148 Safari/604.1"
54.169.46.232 - - [24/Sep/2025:01:58:58 +0200] "GET / HTTP/1.0" 200 69503 "-" "Mozilla/5.0 (iPhone; CPU iPhone OS 18_3_2 like Mac OS X) AppleWebKit/605.1.15 (KHTML, like Gecko) Version/18.3.1 Mobile/15E148 Safari/604.1"
80.74.154.100 - - [24/Sep/2025:01:58:58 +0200] "POST /wp-cron.php?doing_wp_cron=1758671938.7193748950958251953125 HTTP/1.0" 200 409 "-" "WordPress/6.8.2; https://online.comeonline.ch"
80.74.154.100 - - [24/Sep/2025:06:07:36 +0200] "POST /wp-cron.php?doing_wp_cron=1758686856.7107329368591308593750 HTTP/1.0" 200 409 "-" "WordPress/6.8.2; https://online.comeonline.ch"
194.233.81.136 - - [24/Sep/2025:22:30:55 +0200] "GET /file.php HTTP/1.0" 404 565 "-" "Mozilla/5.0 (Linux; Android 7.0; SM-G892A Build/NRD90M; wv) AppleWebKit/537.36 (KHTML, like Gecko) Version/4.0 Chrome/60.0.3112.107 Mobile Safari/537.36"
194.233.81.136 - - [24/Sep/2025:22:30:56 +0200] "GET /file17.php HTTP/1.0" 404 567 "-" "Mozilla/5.0 (Linux; Android 7.0; SM-G892A Build/NRD90M; wv) AppleWebKit/537.36 (KHTML, like Gecko) Version/4.0 Chrome/60.0.3112.107 Mobile Safari/537.36"
194.233.81.136 - - [24/Sep/2025:22:31:00 +0200] "GET /file5.php HTTP/1.0" 404 566 "-" "Mozilla/5.0 (Linux; Android 7.0; SM-G892A Build/NRD90M; wv) AppleWebKit/537.36 (KHTML, like Gecko) Version/4.0 Chrome/60.0.3112.107 Mobile Safari/537.36"
194.233.81.136 - - [24/Sep/2025:22:31:05 +0200] "GET /file88.php HTTP/1.0" 404 567 "-" "Mozilla/5.0 (Linux; Android 7.0; SM-G892A Build/NRD90M; wv) AppleWebKit/537.36 (KHTML, like Gecko) Version/4.0 Chrome/60.0.3112.107 Mobile Safari/537.36"
194.233.81.136 - - [24/Sep/2025:22:31:07 +0200] "GET /NewFile.php HTTP/1.0" 404 568 "-" "Mozilla/5.0 (Linux; Android 7.0; SM-G892A Build/NRD90M; wv) AppleWebKit/537.36 (KHTML, like Gecko) Version/4.0 Chrome/60.0.3112.107 Mobile Safari/537.36"
80.74.154.100 - - [25/Sep/2025:06:04:38 +0200] "POST /wp-cron.php?doing_wp_cron=1758773078.1162650585174560546875 HTTP/1.0" 200 409 "-" "WordPress/6.8.2; https://online.comeonline.ch"
80.74.154.100 - - [26/Sep/2025:06:07:38 +0200] "POST /wp-cron.php?doing_wp_cron=1758859658.4190280437469482421875 HTTP/1.0" 200 409 "-" "WordPress/6.8.2; https://online.comeonline.ch"
34.87.80.175 - - [26/Sep/2025:17:21:09 +0200] "GET / HTTP/1.0" 200 69503 "http://online.comeonline.ch/" "Mozilla/5.0 (Linux; Android 5.1.1; SM-J111F)"
34.87.80.175 - - [26/Sep/2025:17:21:11 +0200] "GET /wordpress/ HTTP/1.0" 404 567 "http://online.comeonline.ch/wordpress/" "Mozilla/5.0 (Linux; Android 5.1.1; SM-J111F)"
80.74.154.100 - - [26/Sep/2025:17:21:12 +0200] "POST /wp-cron.php HTTP/1.0" 200 409 "-" "WordPress/6.8.2; https://online.comeonline.ch"
80.74.154.100 - - [26/Sep/2025:17:21:13 +0200] "GET / HTTP/1.0" 200 69503 "-" "WordPress/6.8.2; https://online.comeonline.ch"
80.74.154.100 - - [26/Sep/2025:17:21:14 +0200] "GET / HTTP/1.0" 200 69503 "-" "WordPress/6.8.2; https://online.comeonline.ch"
80.74.154.100 - - [26/Sep/2025:17:21:14 +0200] "GET / HTTP/1.0" 200 69503 "-" "WordPress/6.8.2; https://online.comeonline.ch"
80.74.154.100 - - [26/Sep/2025:17:21:14 +0200] "GET / HTTP/1.0" 200 69503 "-" "WordPress/6.8.2; https://online.comeonline.ch"
80.74.154.100 - - [26/Sep/2025:17:21:09 +0200] "POST /wp-cron.php?doing_wp_cron=1758900069.6458449363708496093750 HTTP/1.0" 200 409 "-" "WordPress/6.8.2; https://online.comeonline.ch"
80.74.154.100 - - [27/Sep/2025:06:05:31 +0200] "POST /wp-cron.php?doing_wp_cron=1758945930.9161798954010009765625 HTTP/1.0" 200 409 "-" "WordPress/6.8.2; https://online.comeonline.ch"
80.74.154.100 - - [28/Sep/2025:06:02:14 +0200] "POST /wp-cron.php?doing_wp_cron=1759032134.3036260604858398437500 HTTP/1.0" 200 409 "-" "WordPress/6.8.2; https://online.comeonline.ch"
47.82.11.183 - - [28/Sep/2025:12:39:27 +0200] "GET /wp-includes/css/dist/block-library/style.min.css HTTP/1.0" 200 116979 "-" "Mozilla/5.0 (Windows NT 10.0; Win64; x64) AppleWebKit/537.36 (KHTML, like Gecko) Chrome/134.0.0.0 Safari/537.36 Edg/134.0.0.0"
47.82.11.33 - - [28/Sep/2025:12:39:31 +0200] "GET /wp-content/themes/twentyseventeen/assets/fonts/font-libre-franklin.css HTTP/1.0" 200 11902 "-" "Mozilla/5.0 (Windows NT 10.0; Win64; x64; rv:137.0) Gecko/20100101 Firefox/137.0"
47.82.11.32 - - [28/Sep/2025:12:39:33 +0200] "GET /wp-content/themes/twentyseventeen/style.css HTTP/1.0" 200 84673 "-" "Mozilla/5.0 (Windows NT 10.0; Win64; x64) AppleWebKit/537.36 (KHTML, like Gecko) Chrome/135.0.0.0 Safari/537.36"
47.82.11.71 - - [28/Sep/2025:12:41:57 +0200] "GET /wp-content/themes/twentyseventeen/assets/css/blocks.css HTTP/1.0" 200 11319 "-" "Mozilla/5.0 (Macintosh; Intel Mac OS X 10_15_7) AppleWebKit/537.36 (KHTML, like Gecko) Chrome/135.0.0.0 Safari/537.36"
47.82.11.215 - - [28/Sep/2025:23:38:05 +0200] "GET /wp-content/themes/twentyseventeen/assets/js/global.js HTTP/1.0" 200 8267 "-" "Mozilla/5.0 (Windows NT 10.0; Win64; x64) AppleWebKit/537.36 (KHTML, like Gecko) Chrome/135.0.0.0 Safari/537.36"
47.82.11.230 - - [28/Sep/2025:23:40:34 +0200] "GET /wp-content/themes/twentyseventeen/assets/js/navigation.js HTTP/1.0" 200 4201 "-" "Mozilla/5.0 (Macintosh; Intel Mac OS X 10_15_7) AppleWebKit/537.36 (KHTML, like Gecko) Chrome/134.0.0.0 Safari/537.36"
80.74.154.100 - - [29/Sep/2025:06:03:53 +0200] "POST /wp-cron.php?doing_wp_cron=1759118633.3395690917968750000000 HTTP/1.0" 200 409 "-" "WordPress/6.8.2; https://online.comeonline.ch"
34.34.22.183 - - [29/Sep/2025:17:54:19 +0200] "GET /.git/config HTTP/1.0" 404 568 "-" "-"
80.74.154.100 - - [30/Sep/2025:06:00:17 +0200] "POST /wp-cron.php?doing_wp_cron=1759204817.4083759784698486328125 HTTP/1.0" 200 409 "-" "WordPress/6.8.2; https://online.comeonline.ch"
134.209.115.173 - - [01/Oct/2025:06:52:59 +0200] "GET / HTTP/1.0" 200 69503 "-" "Mozilla/5.0 (X11; Linux x86_64) AppleWebKit/537.36 (KHTML, like Gecko) Chrome/139.0.0.0 Safari/537.36"
80.74.154.100 - - [01/Oct/2025:06:53:00 +0200] "POST /wp-cron.php?doing_wp_cron=1759294380.2803909778594970703125 HTTP/1.0" 200 409 "-" "WordPress/6.8.2; https://online.comeonline.ch"
134.209.115.173 - - [01/Oct/2025:06:53:03 +0200] "GET /wp-content/uploads/2024/08/cropped-Online_Band_2022_7-scaled-2-32x32.jpg HTTP/1.0" 200 1765 "https://online.comeonline.ch/" "Mozilla/5.0 (X11; Linux x86_64) AppleWebKit/537.36 (KHTML, like Gecko) Chrome/139.0.0.0 Safari/537.36"
80.74.154.100 - - [01/Oct/2025:07:25:49 +0200] "POST /wp-cron.php?doing_wp_cron=1759296349.7035799026489257812500 HTTP/1.0" 200 409 "-" "WordPress/6.8.2; https://online.comeonline.ch"
80.74.154.100 - - [01/Oct/2025:07:26:03 +0200] "HEAD / HTTP/1.0" 200 137 "-" "-"
80.74.154.100 - - [01/Oct/2025:07:26:09 +0200] "POST /wp-admin/upgrade.php?step=upgrade_db HTTP/1.0" 200 439 "-" "WordPress/6.8.2; https://online.comeonline.ch"
80.74.154.100 - - [01/Oct/2025:07:26:17 +0200] "HEAD / HTTP/1.0" 200 137 "-" "-"
80.74.154.100 - - [01/Oct/2025:07:59:49 +0200] "POST /wp-cron.php?doing_wp_cron=1759298388.9189360141754150390625 HTTP/1.0" 200 409 "-" "WordPress/6.8.3; https://online.comeonline.ch"
3.135.187.167 - - [02/Oct/2025:05:17:16 +0200] "POST /wp-admin/admin-ajax.php HTTP/1.0" 400 583 "-" "Mozilla/5.0 (iPhone; CPU iPhone OS 18_3_2 like Mac OS X) AppleWebKit/605.1.15 (KHTML, like Gecko) Version/18.3.1 Mobile/15E148 Safari/604.1"
80.74.154.100 - - [02/Oct/2025:05:17:17 +0200] "POST /wp-cron.php?doing_wp_cron=1759375037.1155738830566406250000 HTTP/1.0" 200 409 "-" "WordPress/6.8.3; https://online.comeonline.ch"
80.74.154.100 - - [02/Oct/2025:05:58:32 +0200] "POST /wp-cron.php?doing_wp_cron=1759377512.4485421180725097656250 HTTP/1.0" 200 409 "-" "WordPress/6.8.3; https://online.comeonline.ch"
34.32.135.176 - - [02/Oct/2025:23:20:04 +0200] "GET / HTTP/1.0" 200 69503 "-" "Scrapy/2.13.3 (+https://scrapy.org)"
80.74.154.100 - - [02/Oct/2025:23:20:05 +0200] "POST /wp-cron.php?doing_wp_cron=1759440005.4463570117950439453125 HTTP/1.0" 200 409 "-" "WordPress/6.8.3; https://online.comeonline.ch"
80.74.154.100 - - [03/Oct/2025:05:53:31 +0200] "POST /wp-cron.php?doing_wp_cron=1759463611.0477640628814697265625 HTTP/1.0" 200 409 "-" "WordPress/6.8.3; https://online.comeonline.ch"
80.74.154.100 - - [03/Oct/2025:06:13:28 +0200] "POST /wp-cron.php?doing_wp_cron=1759464808.0834450721740722656250 HTTP/1.0" 200 409 "-" "WordPress/6.8.3; https://online.comeonline.ch"
80.74.154.100 - - [04/Oct/2025:05:54:48 +0200] "POST /wp-cron.php HTTP/1.0" 200 409 "-" "WordPress/6.8.3; https://online.comeonline.ch"
80.74.154.100 - - [04/Oct/2025:05:54:49 +0200] "GET / HTTP/1.0" 200 69503 "-" "WordPress/6.8.3; https://online.comeonline.ch"
80.74.154.100 - - [04/Oct/2025:05:54:49 +0200] "GET / HTTP/1.0" 200 69503 "-" "WordPress/6.8.3; https://online.comeonline.ch"
80.74.154.100 - - [04/Oct/2025:05:54:49 +0200] "GET / HTTP/1.0" 200 69503 "-" "WordPress/6.8.3; https://online.comeonline.ch"
80.74.154.100 - - [04/Oct/2025:05:54:49 +0200] "GET / HTTP/1.0" 200 69503 "-" "WordPress/6.8.3; https://online.comeonline.ch"
80.74.154.100 - - [04/Oct/2025:05:54:45 +0200] "POST /wp-cron.php?doing_wp_cron=1759550085.1807320117950439453125 HTTP/1.0" 200 409 "-" "WordPress/6.8.3; https://online.comeonline.ch"
80.74.154.100 - - [04/Oct/2025:06:14:32 +0200] "POST /wp-cron.php?doing_wp_cron=1759551272.6577050685882568359375 HTTP/1.0" 200 409 "-" "WordPress/6.8.3; https://online.comeonline.ch"
80.74.154.100 - - [05/Oct/2025:05:53:20 +0200] "POST /wp-cron.php?doing_wp_cron=1759636400.1138939857482910156250 HTTP/1.0" 200 409 "-" "WordPress/6.8.3; https://online.comeonline.ch"
80.74.154.100 - - [05/Oct/2025:06:12:49 +0200] "POST /wp-cron.php?doing_wp_cron=1759637568.8195939064025878906250 HTTP/1.0" 200 409 "-" "WordPress/6.8.3; https://online.comeonline.ch"
80.74.154.100 - - [06/Oct/2025:05:57:21 +0200] "POST /wp-cron.php?doing_wp_cron=1759723041.4745969772338867187500 HTTP/1.0" 200 409 "-" "WordPress/6.8.3; https://online.comeonline.ch"
80.74.154.100 - - [07/Oct/2025:05:57:26 +0200] "POST /wp-cron.php?doing_wp_cron=1759809446.1297070980072021484375 HTTP/1.0" 200 409 "-" "WordPress/6.8.3; https://online.comeonline.ch"
80.74.154.100 - - [08/Oct/2025:05:56:35 +0200] "POST /wp-cron.php?doing_wp_cron=1759895795.5433158874511718750000 HTTP/1.0" 200 409 "-" "WordPress/6.8.3; https://online.comeonline.ch"
47.88.78.6 - - [08/Oct/2025:08:47:27 +0200] "GET / HTTP/1.0" 200 69503 "-" "Mozilla/5.0 (Linux; Android 11; M2004J15SC) AppleWebKit/537.36 (KHTML, like Gecko) Chrome/103.0.5060.114 Mobile Safari/537.36"
80.74.154.100 - - [08/Oct/2025:08:47:27 +0200] "POST /wp-cron.php?doing_wp_cron=1759906047.6733388900756835937500 HTTP/1.0" 200 409 "-" "WordPress/6.8.3; https://online.comeonline.ch"
47.88.86.63 - - [08/Oct/2025:08:47:38 +0200] "GET / HTTP/1.0" 200 69503 "-" "Mozilla/5.0 (Linux; Android 11; M2004J15SC) AppleWebKit/537.36 (KHTML, like Gecko) Chrome/103.0.5060.114 Mobile Safari/537.36"
47.254.25.10 - - [08/Oct/2025:08:47:43 +0200] "GET / HTTP/1.0" 200 69503 "-" "Mozilla/5.0 (Linux; Android 11; M2004J15SC) AppleWebKit/537.36 (KHTML, like Gecko) Chrome/103.0.5060.114 Mobile Safari/537.36"
47.89.193.162 - - [08/Oct/2025:08:47:52 +0200] "GET /Public/home/js/check.js HTTP/1.0" 404 580 "-" "Mozilla/5.0 (Linux; Android 11; M2004J15SC) AppleWebKit/537.36 (KHTML, like Gecko) Chrome/103.0.5060.114 Mobile Safari/537.36"
47.88.78.6 - - [08/Oct/2025:08:47:57 +0200] "GET / HTTP/1.0" 200 69503 "-" "Mozilla/5.0 (Linux; Android 11; M2004J15SC) AppleWebKit/537.36 (KHTML, like Gecko) Chrome/103.0.5060.114 Mobile Safari/537.36"
47.88.6.178 - - [08/Oct/2025:08:48:06 +0200] "GET /static/admin/javascript/hetong.js HTTP/1.0" 404 590 "-" "Mozilla/5.0 (Linux; Android 11; M2004J15SC) AppleWebKit/537.36 (KHTML, like Gecko) Chrome/103.0.5060.114 Mobile Safari/537.36"
47.88.86.63 - - [08/Oct/2025:08:48:09 +0200] "GET /static/admin/javascript/hetong.js HTTP/1.0" 404 590 "-" "Mozilla/5.0 (Linux; Android 11; M2004J15SC) AppleWebKit/537.36 (KHTML, like Gecko) Chrome/103.0.5060.114 Mobile Safari/537.36"
47.254.74.59 - - [08/Oct/2025:08:48:20 +0200] "GET /static/admin/javascript/hetong.js HTTP/1.0" 404 590 "-" "Mozilla/5.0 (Linux; Android 11; M2004J15SC) AppleWebKit/537.36 (KHTML, like Gecko) Chrome/103.0.5060.114 Mobile Safari/537.36"
47.88.101.3 - - [08/Oct/2025:08:49:09 +0200] "GET /Public/home/js/check.js HTTP/1.0" 404 580 "-" "Mozilla/5.0 (Linux; Android 11; M2004J15SC) AppleWebKit/537.36 (KHTML, like Gecko) Chrome/103.0.5060.114 Mobile Safari/537.36"
47.254.74.59 - - [08/Oct/2025:08:49:14 +0200] "GET /Public/home/js/check.js HTTP/1.0" 404 580 "-" "Mozilla/5.0 (Linux; Android 11; M2004J15SC) AppleWebKit/537.36 (KHTML, like Gecko) Chrome/103.0.5060.114 Mobile Safari/537.36"
47.251.15.21 - - [08/Oct/2025:08:49:15 +0200] "GET /static/admin/javascript/hetong.js HTTP/1.0" 404 590 "-" "Mozilla/5.0 (Linux; Android 11; M2004J15SC) AppleWebKit/537.36 (KHTML, like Gecko) Chrome/103.0.5060.114 Mobile Safari/537.36"
14.145.27.217 - - [08/Oct/2025:23:18:00 +0200] "GET / HTTP/1.0" 200 69503 "-" "Mozilla/5.0 (iPhone; CPU iPhone OS 18_3_2 like Mac OS X) AppleWebKit/605.1.15 (KHTML, like Gecko) GSA/363.0.743255906 Mobile/15E148 Safari/604.1"
80.74.154.100 - - [08/Oct/2025:23:18:01 +0200] "POST /wp-cron.php?doing_wp_cron=1759958281.0459580421447753906250 HTTP/1.0" 200 409 "-" "WordPress/6.8.3; https://online.comeonline.ch"
14.145.27.217 - - [08/Oct/2025:23:18:02 +0200] "GET /?page_id=76 HTTP/1.0" 200 69280 "-" "Mozilla/5.0 (iPhone; CPU iPhone OS 18_3_2 like Mac OS X) AppleWebKit/605.1.15 (KHTML, like Gecko) GSA/363.0.743255906 Mobile/15E148 Safari/604.1"
18.116.13.224 - - [08/Oct/2025:23:44:25 +0200] "POST /wp-json/hc/v1/themehunk-import HTTP/1.0" 404 587 "-" "Mozilla/5.0 (Windows NT 10.0; Win64; x64; rv:137.0) Gecko/20100101 Firefox/137.0"
18.116.13.224 - - [08/Oct/2025:23:44:25 +0200] "POST /wp-json/hc/v1/themehunk-import HTTP/1.0" 404 587 "-" "Mozilla/5.0 (Windows NT 10.0; Win64; x64; rv:137.0) Gecko/20100101 Firefox/137.0"
80.74.154.100 - - [09/Oct/2025:05:58:19 +0200] "POST /wp-cron.php?doing_wp_cron=1759982299.3327989578247070312500 HTTP/1.0" 200 409 "-" "WordPress/6.8.3; https://online.comeonline.ch"
3.8.8.206 - - [09/Oct/2025:11:13:36 +0200] "POST /wp-json/gutenkit/v1/install-active-plugin HTTP/1.0" 404 598 "-" "Mozilla/5.0 (Macintosh; Intel Mac OS X 10_15_7) AppleWebKit/605.1.15 (KHTML, like Gecko) Version/17.3 Safari/605.1.15"
80.74.154.100 - - [10/Oct/2025:05:57:20 +0200] "POST /wp-cron.php?doing_wp_cron=1760068640.1626820564270019531250 HTTP/1.0" 200 409 "-" "WordPress/6.8.3; https://online.comeonline.ch"
2.58.56.45 - - [10/Oct/2025:11:32:26 +0200] "GET /wp-admin/install.php?step=1 HTTP/1.0" 200 1762 "-" "Mozilla/5.0 (Macintosh; Intel Mac OS X 10_9_3) AppleWebKit/537.75.14 (KHTML, like Gecko) Version/7.0.3 Safari/7046A194A"
80.74.154.100 - - [10/Oct/2025:11:32:26 +0200] "POST /wp-cron.php?doing_wp_cron=1760088746.6640450954437255859375 HTTP/1.0" 200 409 "-" "WordPress/6.8.3; https://online.comeonline.ch"
13.40.173.125 - - [10/Oct/2025:19:33:05 +0200] "GET /api/get_nonce/?controller=user&method=register&insecure=cool HTTP/1.0" 404 571 "-" "Mozilla/5.0 (X11; CrOS x86_64 14541.0.0) AppleWebKit/537.36 (KHTML, like Gecko) Chrome/134.0.0.0 Safari/537.36"
103.4.251.117 - - [11/Oct/2025:02:53:36 +0200] "GET / HTTP/1.0" 200 69503 "-" "Mozilla/5.0 (Macintosh; Intel Mac OS X 10_15_7) AppleWebKit/537.36 (KHTML, like Gecko) Chrome/116.0.0.0 Safari/537.36"
80.74.154.100 - - [11/Oct/2025:02:53:38 +0200] "POST /wp-cron.php HTTP/1.0" 200 409 "-" "WordPress/6.8.3; https://online.comeonline.ch"
80.74.154.100 - - [11/Oct/2025:02:53:38 +0200] "GET / HTTP/1.0" 200 69503 "-" "WordPress/6.8.3; https://online.comeonline.ch"
80.74.154.100 - - [11/Oct/2025:02:53:38 +0200] "GET / HTTP/1.0" 200 69503 "-" "WordPress/6.8.3; https://online.comeonline.ch"
154.28.229.164 - - [11/Oct/2025:02:53:36 +0200] "GET / HTTP/1.0" 200 69503 "-" "Mozilla/5.0 (Windows NT 10.0; Win64; x64) AppleWebKit/537.36 (KHTML, like Gecko) Chrome/116.0.0.0 Safari/537.36"
80.74.154.100 - - [11/Oct/2025:02:53:38 +0200] "GET / HTTP/1.0" 200 69503 "-" "WordPress/6.8.3; https://online.comeonline.ch"
80.74.154.100 - - [11/Oct/2025:02:53:38 +0200] "GET / HTTP/1.0" 200 69503 "-" "WordPress/6.8.3; https://online.comeonline.ch"
80.74.154.100 - - [11/Oct/2025:02:53:35 +0200] "POST /wp-cron.php?doing_wp_cron=1760144015.4450509548187255859375 HTTP/1.0" 200 409 "-" "WordPress/6.8.3; https://online.comeonline.ch"
154.28.229.164 - - [11/Oct/2025:02:53:45 +0200] "GET / HTTP/1.0" 200 69503 "-" "Mozilla/5.0 (Macintosh; Intel Mac OS X 10_15_7) AppleWebKit/537.36 (KHTML, like Gecko) Chrome/117.0.0.0 Safari/537.36"
18.235.94.119 - - [11/Oct/2025:02:53:56 +0200] "GET / HTTP/1.0" 200 69474 "-" "Mozilla/5.0 (X11; Linux x86_64) AppleWebKit/537.36 (KHTML, like Gecko) Chrome/134.0.0.0 Safari/537.36"
154.28.229.164 - - [11/Oct/2025:02:54:11 +0200] "GET /https%3A/gmpg.org/xfn/11 HTTP/1.0" 404 579 "-" "Mozilla/5.0 (Macintosh; Intel Mac OS X 10_15_7) AppleWebKit/537.36 (KHTML, like Gecko) Chrome/117.0.0.0 Safari/537.36"
154.28.229.164 - - [11/Oct/2025:02:54:11 +0200] "GET /https%3A/online.comeonline.ch/%3Ffeed%3Drss2 HTTP/1.0" 404 595 "-" "Mozilla/5.0 (Macintosh; Intel Mac OS X 10_15_7) AppleWebKit/537.36 (KHTML, like Gecko) Chrome/117.0.0.0 Safari/537.36"
154.28.229.164 - - [11/Oct/2025:02:54:11 +0200] "GET /https%3A/online.comeonline.ch/%3Ffeed%3Dcomments-rss2 HTTP/1.0" 404 604 "-" "Mozilla/5.0 (Macintosh; Intel Mac OS X 10_15_7) AppleWebKit/537.36 (KHTML, like Gecko) Chrome/117.0.0.0 Safari/537.36"
154.28.229.164 - - [11/Oct/2025:02:54:11 +0200] "GET /https%3A/online.comeonline.ch/wp-includes/css/dist/block-library/style.min.css%3Fver%3D6.8.3 HTTP/1.0" 404 643 "-" "Mozilla/5.0 (Macintosh; Intel Mac OS X 10_15_7) AppleWebKit/537.36 (KHTML, like Gecko) Chrome/117.0.0.0 Safari/537.36"
154.28.229.164 - - [11/Oct/2025:02:54:12 +0200] "GET /https%3A/online.comeonline.ch/wp-content/themes/twentyseventeen/assets/fonts/font-libre-franklin.css%3Fver%3D20230328 HTTP/1.0" 404 668 "-" "Mozilla/5.0 (Macintosh; Intel Mac OS X 10_15_7) AppleWebKit/537.36 (KHTML, like Gecko) Chrome/117.0.0.0 Safari/537.36"
154.28.229.164 - - [11/Oct/2025:02:54:12 +0200] "GET /https%3A/online.comeonline.ch/wp-content/themes/twentyseventeen/style.css%3Fver%3D20240716 HTTP/1.0" 404 641 "-" "Mozilla/5.0 (Macintosh; Intel Mac OS X 10_15_7) AppleWebKit/537.36 (KHTML, like Gecko) Chrome/117.0.0.0 Safari/537.36"
154.28.229.164 - - [11/Oct/2025:02:54:12 +0200] "GET /https%3A/de.wordpress.org/ HTTP/1.0" 404 581 "-" "Mozilla/5.0 (Macintosh; Intel Mac OS X 10_15_7) AppleWebKit/537.36 (KHTML, like Gecko) Chrome/117.0.0.0 Safari/537.36"
154.28.229.164 - - [11/Oct/2025:02:54:12 +0200] "GET /https%3A/online.comeonline.ch/wp-content/themes/twentyseventeen/assets/css/blocks.css%3Fver%3D20240624 HTTP/1.0" 404 653 "-" "Mozilla/5.0 (Macintosh; Intel Mac OS X 10_15_7) AppleWebKit/537.36 (KHTML, like Gecko) Chrome/117.0.0.0 Safari/537.36"
154.28.229.164 - - [11/Oct/2025:02:54:12 +0200] "GET /https%3A/online.comeonline.ch/index.php%3Frest_route%3D/ HTTP/1.0" 404 607 "-" "Mozilla/5.0 (Macintosh; Intel Mac OS X 10_15_7) AppleWebKit/537.36 (KHTML, like Gecko) Chrome/117.0.0.0 Safari/537.36"
154.28.229.164 - - [11/Oct/2025:02:54:12 +0200] "GET /wp-includes/js/jquery/jquery-migrate.min.js?ver=3.4.1 HTTP/1.0" 200 14020 "-" "Mozilla/5.0 (Macintosh; Intel Mac OS X 10_15_7) AppleWebKit/537.36 (KHTML, like Gecko) Chrome/117.0.0.0 Safari/537.36"
154.28.229.164 - - [11/Oct/2025:02:54:13 +0200] "GET /https%3A/online.comeonline.ch/index.php%3Frest_route%3D/wp/v2/pages/48 HTTP/1.0" 404 621 "-" "Mozilla/5.0 (Macintosh; Intel Mac OS X 10_15_7) AppleWebKit/537.36 (KHTML, like Gecko) Chrome/117.0.0.0 Safari/537.36"
154.28.229.164 - - [11/Oct/2025:02:54:13 +0200] "GET /https%3A/online.comeonline.ch/xmlrpc.php%3Frsd HTTP/1.0" 404 599 "-" "Mozilla/5.0 (Macintosh; Intel Mac OS X 10_15_7) AppleWebKit/537.36 (KHTML, like Gecko) Chrome/117.0.0.0 Safari/537.36"
31.97.153.61 - - [11/Oct/2025:02:54:15 +0200] "GET / HTTP/1.0" 200 69503 "-" "Mozilla/5.0 (iPhone; CPU iPhone OS 17_5_1 like Mac OS X) AppleWebKit/605.1.15 (KHTML, like Gecko) Version/17.5 Mobile/15E148 Safari/604.1"
128.192.12.105 - - [11/Oct/2025:02:55:27 +0200] "GET / HTTP/1.0" 200 69503 "-" "Mozilla/5.0 (compatible; UGAResearchAgent/1.0; Please visit: NISLabUGA.github.io)"
3.82.139.200 - - [11/Oct/2025:02:58:01 +0200] "GET / HTTP/1.0" 200 69503 "-" "Mozilla/5.0 (Windows NT 10.0; Win64; x64) AppleWebKit/537.36 (KHTML, like Gecko) Chrome/103.0.5060.66 Safari/537.36 Edg/103.0.1264.44"
3.82.139.200 - - [11/Oct/2025:02:58:03 +0200] "GET /wp-includes/css/dist/block-library/style.min.css?ver=6.8.3 HTTP/1.0" 200 116979 "https://online.comeonline.ch/" "Mozilla/5.0 (Windows NT 10.0; Win64; x64) AppleWebKit/537.36 (KHTML, like Gecko) Chrome/103.0.5060.66 Safari/537.36 Edg/103.0.1264.44"
80.74.154.100 - - [11/Oct/2025:02:58:02 +0200] "POST /wp-cron.php?doing_wp_cron=1760144281.9964408874511718750000 HTTP/1.0" 200 409 "-" "WordPress/6.8.3; https://online.comeonline.ch"
3.82.139.200 - - [11/Oct/2025:02:58:03 +0200] "GET /wp-content/themes/twentyseventeen/assets/fonts/font-libre-franklin.css?ver=20230328 HTTP/1.0" 200 11902 "https://online.comeonline.ch/" "Mozilla/5.0 (Windows NT 10.0; Win64; x64) AppleWebKit/537.36 (KHTML, like Gecko) Chrome/103.0.5060.66 Safari/537.36 Edg/103.0.1264.44"
3.82.139.200 - - [11/Oct/2025:02:58:03 +0200] "GET /wp-content/themes/twentyseventeen/assets/js/navigation.js?ver=20210122 HTTP/1.0" 200 4201 "https://online.comeonline.ch/" "Mozilla/5.0 (Windows NT 10.0; Win64; x64) AppleWebKit/537.36 (KHTML, like Gecko) Chrome/103.0.5060.66 Safari/537.36 Edg/103.0.1264.44"
3.82.139.200 - - [11/Oct/2025:02:58:03 +0200] "GET /wp-content/themes/twentyseventeen/style.css?ver=20240716 HTTP/1.0" 200 84673 "https://online.comeonline.ch/" "Mozilla/5.0 (Windows NT 10.0; Win64; x64) AppleWebKit/537.36 (KHTML, like Gecko) Chrome/103.0.5060.66 Safari/537.36 Edg/103.0.1264.44"
3.82.139.200 - - [11/Oct/2025:02:58:03 +0200] "GET /wp-content/themes/twentyseventeen/assets/css/blocks.css?ver=20240624 HTTP/1.0" 200 11319 "https://online.comeonline.ch/" "Mozilla/5.0 (Windows NT 10.0; Win64; x64) AppleWebKit/537.36 (KHTML, like Gecko) Chrome/103.0.5060.66 Safari/537.36 Edg/103.0.1264.44"
3.82.139.200 - - [11/Oct/2025:02:58:03 +0200] "GET /wp-includes/js/jquery/jquery.min.js?ver=3.7.1 HTTP/1.0" 200 88142 "https://online.comeonline.ch/" "Mozilla/5.0 (Windows NT 10.0; Win64; x64) AppleWebKit/537.36 (KHTML, like Gecko) Chrome/103.0.5060.66 Safari/537.36 Edg/103.0.1264.44"
3.82.139.200 - - [11/Oct/2025:02:58:03 +0200] "GET /wp-includes/js/jquery/jquery-migrate.min.js?ver=3.4.1 HTTP/1.0" 200 14020 "https://online.comeonline.ch/" "Mozilla/5.0 (Windows NT 10.0; Win64; x64) AppleWebKit/537.36 (KHTML, like Gecko) Chrome/103.0.5060.66 Safari/537.36 Edg/103.0.1264.44"
3.82.139.200 - - [11/Oct/2025:02:58:03 +0200] "GET /wp-content/themes/twentyseventeen/assets/js/global.js?ver=20211130 HTTP/1.0" 200 8267 "https://online.comeonline.ch/" "Mozilla/5.0 (Windows NT 10.0; Win64; x64) AppleWebKit/537.36 (KHTML, like Gecko) Chrome/103.0.5060.66 Safari/537.36 Edg/103.0.1264.44"
3.82.139.200 - - [11/Oct/2025:02:58:03 +0200] "GET /wp-content/themes/twentyseventeen/assets/js/jquery.scrollTo.js?ver=2.1.3 HTTP/1.0" 200 6259 "https://online.comeonline.ch/" "Mozilla/5.0 (Windows NT 10.0; Win64; x64) AppleWebKit/537.36 (KHTML, like Gecko) Chrome/103.0.5060.66 Safari/537.36 Edg/103.0.1264.44"
3.82.139.200 - - [11/Oct/2025:02:58:03 +0200] "GET /wp-content/uploads/2024/08/cropped-Online_Band_2022_7-scaled-1-1024x614.jpg HTTP/1.0" 200 125669 "https://online.comeonline.ch/" "Mozilla/5.0 (Windows NT 10.0; Win64; x64) AppleWebKit/537.36 (KHTML, like Gecko) Chrome/103.0.5060.66 Safari/537.36 Edg/103.0.1264.44"
3.82.139.200 - - [11/Oct/2025:02:58:03 +0200] "GET /wp-content/themes/twentyseventeen/assets/fonts/libre-franklin/libre-franklin-latin-ext-400-normal.woff2?ver=13 HTTP/1.0" 200 10036 "https://online.comeonline.ch/" "Mozilla/5.0 (Windows NT 10.0; Win64; x64) AppleWebKit/537.36 (KHTML, like Gecko) Chrome/103.0.5060.66 Safari/537.36 Edg/103.0.1264.44"
3.82.139.200 - - [11/Oct/2025:02:58:03 +0200] "GET /wp-content/themes/twentyseventeen/assets/fonts/libre-franklin/libre-franklin-latin-400-normal.woff2?ver=13 HTTP/1.0" 200 14557 "https://online.comeonline.ch/" "Mozilla/5.0 (Windows NT 10.0; Win64; x64) AppleWebKit/537.36 (KHTML, like Gecko) Chrome/103.0.5060.66 Safari/537.36 Edg/103.0.1264.44"
3.82.139.200 - - [11/Oct/2025:02:58:03 +0200] "GET /wp-includes/js/wp-emoji-release.min.js?ver=6.8.3 HTTP/1.0" 200 19723 "https://online.comeonline.ch/" "Mozilla/5.0 (Windows NT 10.0; Win64; x64) AppleWebKit/537.36 (KHTML, like Gecko) Chrome/103.0.5060.66 Safari/537.36 Edg/103.0.1264.44"
3.82.139.200 - - [11/Oct/2025:02:58:03 +0200] "GET /wp-content/themes/twentyseventeen/assets/fonts/libre-franklin/libre-franklin-latin-300-normal.woff2?ver=13 HTTP/1.0" 200 14545 "https://online.comeonline.ch/" "Mozilla/5.0 (Windows NT 10.0; Win64; x64) AppleWebKit/537.36 (KHTML, like Gecko) Chrome/103.0.5060.66 Safari/537.36 Edg/103.0.1264.44"
3.82.139.200 - - [11/Oct/2025:02:58:03 +0200] "GET /wp-content/themes/twentyseventeen/assets/fonts/libre-franklin/libre-franklin-vietnamese-400-normal.woff2?ver=13 HTTP/1.0" 200 3879 "https://online.comeonline.ch/" "Mozilla/5.0 (Windows NT 10.0; Win64; x64) AppleWebKit/537.36 (KHTML, like Gecko) Chrome/103.0.5060.66 Safari/537.36 Edg/103.0.1264.44"
3.82.139.200 - - [11/Oct/2025:02:58:03 +0200] "GET /wp-content/themes/twentyseventeen/assets/fonts/libre-franklin/libre-franklin-latin-ext-300-normal.woff2?ver=13 HTTP/1.0" 200 9952 "https://online.comeonline.ch/" "Mozilla/5.0 (Windows NT 10.0; Win64; x64) AppleWebKit/537.36 (KHTML, like Gecko) Chrome/103.0.5060.66 Safari/537.36 Edg/103.0.1264.44"
3.82.139.200 - - [11/Oct/2025:02:58:03 +0200] "GET /wp-content/themes/twentyseventeen/assets/fonts/libre-franklin/libre-franklin-vietnamese-300-normal.woff2?ver=13 HTTP/1.0" 200 3815 "https://online.comeonline.ch/" "Mozilla/5.0 (Windows NT 10.0; Win64; x64) AppleWebKit/537.36 (KHTML, like Gecko) Chrome/103.0.5060.66 Safari/537.36 Edg/103.0.1264.44"
3.82.139.200 - - [11/Oct/2025:02:58:03 +0200] "GET /wp-content/themes/twentyseventeen/assets/fonts/libre-franklin/libre-franklin-latin-ext-600-normal.woff2?ver=13 HTTP/1.0" 200 10064 "https://online.comeonline.ch/" "Mozilla/5.0 (Windows NT 10.0; Win64; x64) AppleWebKit/537.36 (KHTML, like Gecko) Chrome/103.0.5060.66 Safari/537.36 Edg/103.0.1264.44"
3.82.139.200 - - [11/Oct/2025:02:58:03 +0200] "GET /wp-content/themes/twentyseventeen/assets/fonts/libre-franklin/libre-franklin-latin-600-normal.woff2?ver=13 HTTP/1.0" 200 14625 "https://online.comeonline.ch/" "Mozilla/5.0 (Windows NT 10.0; Win64; x64) AppleWebKit/537.36 (KHTML, like Gecko) Chrome/103.0.5060.66 Safari/537.36 Edg/103.0.1264.44"
3.82.139.200 - - [11/Oct/2025:02:58:03 +0200] "GET /wp-content/themes/twentyseventeen/assets/fonts/libre-franklin/libre-franklin-vietnamese-600-normal.woff2?ver=13 HTTP/1.0" 200 3875 "https://online.comeonline.ch/" "Mozilla/5.0 (Windows NT 10.0; Win64; x64) AppleWebKit/537.36 (KHTML, like Gecko) Chrome/103.0.5060.66 Safari/537.36 Edg/103.0.1264.44"
3.82.139.200 - - [11/Oct/2025:02:58:04 +0200] "GET /wp-content/themes/twentyseventeen/assets/fonts/libre-franklin/libre-franklin-latin-ext-800-normal.woff2?ver=13 HTTP/1.0" 200 10076 "https://online.comeonline.ch/" "Mozilla/5.0 (Windows NT 10.0; Win64; x64) AppleWebKit/537.36 (KHTML, like Gecko) Chrome/103.0.5060.66 Safari/537.36 Edg/103.0.1264.44"
3.82.139.200 - - [11/Oct/2025:02:58:04 +0200] "GET /wp-content/themes/twentyseventeen/assets/fonts/libre-franklin/libre-franklin-latin-800-normal.woff2?ver=13 HTTP/1.0" 200 14665 "https://online.comeonline.ch/" "Mozilla/5.0 (Windows NT 10.0; Win64; x64) AppleWebKit/537.36 (KHTML, like Gecko) Chrome/103.0.5060.66 Safari/537.36 Edg/103.0.1264.44"
3.82.139.200 - - [11/Oct/2025:02:58:04 +0200] "GET /wp-content/themes/twentyseventeen/assets/fonts/libre-franklin/libre-franklin-vietnamese-800-normal.woff2?ver=13 HTTP/1.0" 200 3871 "https://online.comeonline.ch/" "Mozilla/5.0 (Windows NT 10.0; Win64; x64) AppleWebKit/537.36 (KHTML, like Gecko) Chrome/103.0.5060.66 Safari/537.36 Edg/103.0.1264.44"
13.220.241.178 - - [11/Oct/2025:02:58:04 +0200] "GET /wp-content/uploads/2024/08/cropped-Online_Band_2022_7-scaled-2-180x180.jpg HTTP/1.0" 200 11188 "-" "Mozilla/5.0 (Windows NT 6.3; WOW64; rv:38.0) Gecko/20100101 Firefox/38.0"
13.220.241.178 - - [11/Oct/2025:02:58:04 +0200] "GET /wp-content/uploads/2024/08/cropped-Online_Band_2022_7-scaled-2-192x192.jpg HTTP/1.0" 200 12029 "-" "Mozilla/5.0 (Windows NT 6.3; WOW64; rv:38.0) Gecko/20100101 Firefox/38.0"
13.220.241.178 - - [11/Oct/2025:02:58:04 +0200] "GET /wp-content/uploads/2024/08/cropped-Online_Band_2022_7-scaled-2-32x32.jpg HTTP/1.0" 200 1765 "-" "Mozilla/5.0 (Windows NT 6.3; WOW64; rv:38.0) Gecko/20100101 Firefox/38.0"
13.220.241.178 - - [11/Oct/2025:02:58:05 +0200] "GET /favicon.ico HTTP/1.0" 404 568 "-" "Mozilla/5.0 (Windows NT 6.3; WOW64; rv:38.0) Gecko/20100101 Firefox/38.0"
50.16.174.195 - - [11/Oct/2025:02:58:05 +0200] "GET / HTTP/1.0" 200 69503 "-" "Mozilla/5.0 (iPhone; CPU iPhone OS 12_2 like Mac OS X) AppleWebKit/605.1.15 (KHTML, like Gecko) Mobile/15E148"
50.16.174.195 - - [11/Oct/2025:02:58:06 +0200] "GET /wp-includes/css/dist/block-library/style.min.css?ver=6.8.3 HTTP/1.0" 200 116979 "https://online.comeonline.ch/" "Mozilla/5.0 (iPhone; CPU iPhone OS 12_2 like Mac OS X) AppleWebKit/605.1.15 (KHTML, like Gecko) Mobile/15E148"
50.16.174.195 - - [11/Oct/2025:02:58:06 +0200] "GET /wp-content/themes/twentyseventeen/assets/fonts/font-libre-franklin.css?ver=20230328 HTTP/1.0" 200 11902 "https://online.comeonline.ch/" "Mozilla/5.0 (iPhone; CPU iPhone OS 12_2 like Mac OS X) AppleWebKit/605.1.15 (KHTML, like Gecko) Mobile/15E148"
50.16.174.195 - - [11/Oct/2025:02:58:06 +0200] "GET /wp-content/themes/twentyseventeen/assets/css/blocks.css?ver=20240624 HTTP/1.0" 200 11319 "https://online.comeonline.ch/" "Mozilla/5.0 (iPhone; CPU iPhone OS 12_2 like Mac OS X) AppleWebKit/605.1.15 (KHTML, like Gecko) Mobile/15E148"
50.16.174.195 - - [11/Oct/2025:02:58:06 +0200] "GET /wp-includes/js/jquery/jquery-migrate.min.js?ver=3.4.1 HTTP/1.0" 200 14020 "https://online.comeonline.ch/" "Mozilla/5.0 (iPhone; CPU iPhone OS 12_2 like Mac OS X) AppleWebKit/605.1.15 (KHTML, like Gecko) Mobile/15E148"
50.16.174.195 - - [11/Oct/2025:02:58:06 +0200] "GET /wp-includes/js/jquery/jquery.min.js?ver=3.7.1 HTTP/1.0" 200 88142 "https://online.comeonline.ch/" "Mozilla/5.0 (iPhone; CPU iPhone OS 12_2 like Mac OS X) AppleWebKit/605.1.15 (KHTML, like Gecko) Mobile/15E148"
50.16.174.195 - - [11/Oct/2025:02:58:06 +0200] "GET /wp-content/themes/twentyseventeen/assets/js/jquery.scrollTo.js?ver=2.1.3 HTTP/1.0" 200 6259 "https://online.comeonline.ch/" "Mozilla/5.0 (iPhone; CPU iPhone OS 12_2 like Mac OS X) AppleWebKit/605.1.15 (KHTML, like Gecko) Mobile/15E148"
50.16.174.195 - - [11/Oct/2025:02:58:06 +0200] "GET /wp-content/themes/twentyseventeen/assets/js/navigation.js?ver=20210122 HTTP/1.0" 200 4201 "https://online.comeonline.ch/" "Mozilla/5.0 (iPhone; CPU iPhone OS 12_2 like Mac OS X) AppleWebKit/605.1.15 (KHTML, like Gecko) Mobile/15E148"
50.16.174.195 - - [11/Oct/2025:02:58:06 +0200] "GET /wp-content/themes/twentyseventeen/style.css?ver=20240716 HTTP/1.0" 200 84673 "https://online.comeonline.ch/" "Mozilla/5.0 (iPhone; CPU iPhone OS 12_2 like Mac OS X) AppleWebKit/605.1.15 (KHTML, like Gecko) Mobile/15E148"
50.16.174.195 - - [11/Oct/2025:02:58:06 +0200] "GET /wp-content/themes/twentyseventeen/assets/js/global.js?ver=20211130 HTTP/1.0" 200 8267 "https://online.comeonline.ch/" "Mozilla/5.0 (iPhone; CPU iPhone OS 12_2 like Mac OS X) AppleWebKit/605.1.15 (KHTML, like Gecko) Mobile/15E148"
50.16.174.195 - - [11/Oct/2025:02:58:06 +0200] "GET /wp-content/uploads/2024/08/cropped-Online_Band_2022_7-scaled-1-768x461.jpg HTTP/1.0" 200 78150 "https://online.comeonline.ch/" "Mozilla/5.0 (iPhone; CPU iPhone OS 12_2 like Mac OS X) AppleWebKit/605.1.15 (KHTML, like Gecko) Mobile/15E148"
50.16.174.195 - - [11/Oct/2025:02:58:06 +0200] "GET /wp-includes/js/wp-emoji-release.min.js?ver=6.8.3 HTTP/1.0" 200 19723 "https://online.comeonline.ch/" "Mozilla/5.0 (iPhone; CPU iPhone OS 12_2 like Mac OS X) AppleWebKit/605.1.15 (KHTML, like Gecko) Mobile/15E148"
50.16.174.195 - - [11/Oct/2025:02:58:06 +0200] "GET /wp-content/themes/twentyseventeen/assets/fonts/libre-franklin/libre-franklin-latin-ext-400-normal.woff2?ver=13 HTTP/1.0" 200 10036 "https://online.comeonline.ch/" "Mozilla/5.0 (iPhone; CPU iPhone OS 12_2 like Mac OS X) AppleWebKit/605.1.15 (KHTML, like Gecko) Mobile/15E148"
50.16.174.195 - - [11/Oct/2025:02:58:06 +0200] "GET /wp-content/themes/twentyseventeen/assets/fonts/libre-franklin/libre-franklin-vietnamese-400-normal.woff2?ver=13 HTTP/1.0" 200 3879 "https://online.comeonline.ch/" "Mozilla/5.0 (iPhone; CPU iPhone OS 12_2 like Mac OS X) AppleWebKit/605.1.15 (KHTML, like Gecko) Mobile/15E148"
50.16.174.195 - - [11/Oct/2025:02:58:06 +0200] "GET /wp-content/themes/twentyseventeen/assets/fonts/libre-franklin/libre-franklin-latin-600-normal.woff2?ver=13 HTTP/1.0" 200 14625 "https://online.comeonline.ch/" "Mozilla/5.0 (iPhone; CPU iPhone OS 12_2 like Mac OS X) AppleWebKit/605.1.15 (KHTML, like Gecko) Mobile/15E148"
50.16.174.195 - - [11/Oct/2025:02:58:06 +0200] "GET /wp-content/themes/twentyseventeen/assets/fonts/libre-franklin/libre-franklin-latin-ext-600-normal.woff2?ver=13 HTTP/1.0" 200 10064 "https://online.comeonline.ch/" "Mozilla/5.0 (iPhone; CPU iPhone OS 12_2 like Mac OS X) AppleWebKit/605.1.15 (KHTML, like Gecko) Mobile/15E148"
50.16.174.195 - - [11/Oct/2025:02:58:06 +0200] "GET /wp-content/themes/twentyseventeen/assets/fonts/libre-franklin/libre-franklin-vietnamese-300-normal.woff2?ver=13 HTTP/1.0" 200 3815 "https://online.comeonline.ch/" "Mozilla/5.0 (iPhone; CPU iPhone OS 12_2 like Mac OS X) AppleWebKit/605.1.15 (KHTML, like Gecko) Mobile/15E148"
50.16.174.195 - - [11/Oct/2025:02:58:06 +0200] "GET /wp-content/themes/twentyseventeen/assets/fonts/libre-franklin/libre-franklin-latin-400-normal.woff2?ver=13 HTTP/1.0" 200 14557 "https://online.comeonline.ch/" "Mozilla/5.0 (iPhone; CPU iPhone OS 12_2 like Mac OS X) AppleWebKit/605.1.15 (KHTML, like Gecko) Mobile/15E148"
50.16.174.195 - - [11/Oct/2025:02:58:06 +0200] "GET /wp-content/themes/twentyseventeen/assets/fonts/libre-franklin/libre-franklin-vietnamese-600-normal.woff2?ver=13 HTTP/1.0" 200 3875 "https://online.comeonline.ch/" "Mozilla/5.0 (iPhone; CPU iPhone OS 12_2 like Mac OS X) AppleWebKit/605.1.15 (KHTML, like Gecko) Mobile/15E148"
50.16.174.195 - - [11/Oct/2025:02:58:06 +0200] "GET /wp-content/themes/twentyseventeen/assets/fonts/libre-franklin/libre-franklin-latin-ext-800-normal.woff2?ver=13 HTTP/1.0" 200 10076 "https://online.comeonline.ch/" "Mozilla/5.0 (iPhone; CPU iPhone OS 12_2 like Mac OS X) AppleWebKit/605.1.15 (KHTML, like Gecko) Mobile/15E148"
50.16.174.195 - - [11/Oct/2025:02:58:06 +0200] "GET /wp-content/themes/twentyseventeen/assets/fonts/libre-franklin/libre-franklin-latin-ext-300-normal.woff2?ver=13 HTTP/1.0" 200 9952 "https://online.comeonline.ch/" "Mozilla/5.0 (iPhone; CPU iPhone OS 12_2 like Mac OS X) AppleWebKit/605.1.15 (KHTML, like Gecko) Mobile/15E148"
50.16.174.195 - - [11/Oct/2025:02:58:06 +0200] "GET /wp-content/themes/twentyseventeen/assets/fonts/libre-franklin/libre-franklin-latin-800-normal.woff2?ver=13 HTTP/1.0" 200 14665 "https://online.comeonline.ch/" "Mozilla/5.0 (iPhone; CPU iPhone OS 12_2 like Mac OS X) AppleWebKit/605.1.15 (KHTML, like Gecko) Mobile/15E148"
50.16.174.195 - - [11/Oct/2025:02:58:06 +0200] "GET /wp-content/themes/twentyseventeen/assets/fonts/libre-franklin/libre-franklin-latin-300-normal.woff2?ver=13 HTTP/1.0" 200 14545 "https://online.comeonline.ch/" "Mozilla/5.0 (iPhone; CPU iPhone OS 12_2 like Mac OS X) AppleWebKit/605.1.15 (KHTML, like Gecko) Mobile/15E148"
50.16.174.195 - - [11/Oct/2025:02:58:06 +0200] "GET /wp-content/themes/twentyseventeen/assets/fonts/libre-franklin/libre-franklin-vietnamese-800-normal.woff2?ver=13 HTTP/1.0" 200 3871 "https://online.comeonline.ch/" "Mozilla/5.0 (iPhone; CPU iPhone OS 12_2 like Mac OS X) AppleWebKit/605.1.15 (KHTML, like Gecko) Mobile/15E148"
13.220.241.178 - - [11/Oct/2025:02:58:06 +0200] "GET /wp-content/uploads/2024/08/cropped-Online_Band_2022_7-scaled-2-180x180.jpg HTTP/1.0" 200 11188 "-" "Mozilla/5.0 (Windows NT 6.3; WOW64; rv:38.0) Gecko/20100101 Firefox/38.0"
13.220.241.178 - - [11/Oct/2025:02:58:07 +0200] "GET /wp-content/uploads/2024/08/cropped-Online_Band_2022_7-scaled-2-192x192.jpg HTTP/1.0" 200 12029 "-" "Mozilla/5.0 (Windows NT 6.3; WOW64; rv:38.0) Gecko/20100101 Firefox/38.0"
13.220.241.178 - - [11/Oct/2025:02:58:07 +0200] "GET /wp-content/uploads/2024/08/cropped-Online_Band_2022_7-scaled-2-32x32.jpg HTTP/1.0" 200 1765 "-" "Mozilla/5.0 (Windows NT 6.3; WOW64; rv:38.0) Gecko/20100101 Firefox/38.0"
13.220.241.178 - - [11/Oct/2025:02:58:07 +0200] "GET /favicon.ico HTTP/1.0" 404 568 "-" "Mozilla/5.0 (Windows NT 6.3; WOW64; rv:38.0) Gecko/20100101 Firefox/38.0"
18.206.126.109 - - [11/Oct/2025:02:59:00 +0200] "GET / HTTP/1.0" 200 69474 "-" "Mozilla/5.0 (Windows NT 10.0; Win64; x64) AppleWebKit/537.36 (KHTML, like Gecko) Chrome/130.0.0.0 Safari/537.36"
18.206.126.109 - - [11/Oct/2025:02:59:01 +0200] "GET /wp-content/themes/twentyseventeen/assets/fonts/font-libre-franklin.css?ver=20230328 HTTP/1.0" 200 11902 "https://online.comeonline.ch/" "Mozilla/5.0 (Windows NT 10.0; Win64; x64) AppleWebKit/537.36 (KHTML, like Gecko) Chrome/130.0.0.0 Safari/537.36"
18.206.126.109 - - [11/Oct/2025:02:59:01 +0200] "GET /wp-includes/css/dist/block-library/style.min.css?ver=6.8.3 HTTP/1.0" 200 116979 "https://online.comeonline.ch/" "Mozilla/5.0 (Windows NT 10.0; Win64; x64) AppleWebKit/537.36 (KHTML, like Gecko) Chrome/130.0.0.0 Safari/537.36"
18.206.126.109 - - [11/Oct/2025:02:59:01 +0200] "GET /wp-content/themes/twentyseventeen/style.css?ver=20240716 HTTP/1.0" 200 84673 "https://online.comeonline.ch/" "Mozilla/5.0 (Windows NT 10.0; Win64; x64) AppleWebKit/537.36 (KHTML, like Gecko) Chrome/130.0.0.0 Safari/537.36"
18.206.126.109 - - [11/Oct/2025:02:59:01 +0200] "GET /wp-content/themes/twentyseventeen/assets/css/blocks.css?ver=20240624 HTTP/1.0" 200 11319 "https://online.comeonline.ch/" "Mozilla/5.0 (Windows NT 10.0; Win64; x64) AppleWebKit/537.36 (KHTML, like Gecko) Chrome/130.0.0.0 Safari/537.36"
18.206.126.109 - - [11/Oct/2025:02:59:01 +0200] "GET /wp-content/uploads/2024/08/cropped-Online_Band_2022_7-scaled-1.jpg HTTP/1.0" 200 398479 "https://online.comeonline.ch/" "Mozilla/5.0 (Windows NT 10.0; Win64; x64) AppleWebKit/537.36 (KHTML, like Gecko) Chrome/130.0.0.0 Safari/537.36"
18.206.126.109 - - [11/Oct/2025:02:59:01 +0200] "GET /wp-includes/js/jquery/jquery.min.js?ver=3.7.1 HTTP/1.0" 200 88142 "https://online.comeonline.ch/" "Mozilla/5.0 (Windows NT 10.0; Win64; x64) AppleWebKit/537.36 (KHTML, like Gecko) Chrome/130.0.0.0 Safari/537.36"
18.206.126.109 - - [11/Oct/2025:02:59:01 +0200] "GET /wp-includes/js/jquery/jquery-migrate.min.js?ver=3.4.1 HTTP/1.0" 200 14020 "https://online.comeonline.ch/" "Mozilla/5.0 (Windows NT 10.0; Win64; x64) AppleWebKit/537.36 (KHTML, like Gecko) Chrome/130.0.0.0 Safari/537.36"
18.206.126.109 - - [11/Oct/2025:02:59:02 +0200] "GET /wp-content/themes/twentyseventeen/assets/js/global.js?ver=20211130 HTTP/1.0" 200 8267 "https://online.comeonline.ch/" "Mozilla/5.0 (Windows NT 10.0; Win64; x64) AppleWebKit/537.36 (KHTML, like Gecko) Chrome/130.0.0.0 Safari/537.36"
18.206.126.109 - - [11/Oct/2025:02:59:02 +0200] "GET /wp-content/themes/twentyseventeen/assets/js/navigation.js?ver=20210122 HTTP/1.0" 200 4201 "https://online.comeonline.ch/" "Mozilla/5.0 (Windows NT 10.0; Win64; x64) AppleWebKit/537.36 (KHTML, like Gecko) Chrome/130.0.0.0 Safari/537.36"
18.206.126.109 - - [11/Oct/2025:02:59:02 +0200] "GET /wp-content/themes/twentyseventeen/assets/js/jquery.scrollTo.js?ver=2.1.3 HTTP/1.0" 200 6259 "https://online.comeonline.ch/" "Mozilla/5.0 (Windows NT 10.0; Win64; x64) AppleWebKit/537.36 (KHTML, like Gecko) Chrome/130.0.0.0 Safari/537.36"
18.206.126.109 - - [11/Oct/2025:02:59:03 +0200] "GET /wp-content/themes/twentyseventeen/assets/fonts/libre-franklin/libre-franklin-latin-400-normal.woff2?ver=13 HTTP/1.0" 200 14557 "https://online.comeonline.ch/wp-content/themes/twentyseventeen/assets/fonts/font-libre-franklin.css?ver=20230328" "Mozilla/5.0 (Windows NT 10.0; Win64; x64) AppleWebKit/537.36 (KHTML, like Gecko) Chrome/130.0.0.0 Safari/537.36"
18.206.126.109 - - [11/Oct/2025:02:59:03 +0200] "GET /wp-content/themes/twentyseventeen/assets/fonts/libre-franklin/libre-franklin-latin-800-normal.woff2?ver=13 HTTP/1.0" 200 14665 "https://online.comeonline.ch/wp-content/themes/twentyseventeen/assets/fonts/font-libre-franklin.css?ver=20230328" "Mozilla/5.0 (Windows NT 10.0; Win64; x64) AppleWebKit/537.36 (KHTML, like Gecko) Chrome/130.0.0.0 Safari/537.36"
18.206.126.109 - - [11/Oct/2025:02:59:03 +0200] "GET /wp-content/themes/twentyseventeen/assets/fonts/libre-franklin/libre-franklin-latin-600-normal.woff2?ver=13 HTTP/1.0" 200 14625 "https://online.comeonline.ch/wp-content/themes/twentyseventeen/assets/fonts/font-libre-franklin.css?ver=20230328" "Mozilla/5.0 (Windows NT 10.0; Win64; x64) AppleWebKit/537.36 (KHTML, like Gecko) Chrome/130.0.0.0 Safari/537.36"
18.206.126.109 - - [11/Oct/2025:02:59:03 +0200] "GET /wp-includes/js/wp-emoji-release.min.js?ver=6.8.3 HTTP/1.0" 200 19723 "https://online.comeonline.ch/" "Mozilla/5.0 (Windows NT 10.0; Win64; x64) AppleWebKit/537.36 (KHTML, like Gecko) Chrome/130.0.0.0 Safari/537.36"
18.206.126.109 - - [11/Oct/2025:02:59:04 +0200] "GET /wp-content/uploads/2024/08/cropped-Online_Band_2022_7-scaled-2-32x32.jpg HTTP/1.0" 200 1765 "https://online.comeonline.ch/" "Mozilla/5.0 (Windows NT 10.0; Win64; x64) AppleWebKit/537.36 (KHTML, like Gecko) Chrome/130.0.0.0 Safari/537.36"
188.40.36.99 - - [11/Oct/2025:03:01:31 +0200] "GET / HTTP/1.0" 200 69503 "-" "Mozilla/5.0 (Windows NT 10.0; Win64; x64) AppleWebKit/537.36 (KHTML, like Gecko) Chrome/103.0.0.0 Safari/537.36"
23.178.112.107 - - [11/Oct/2025:02:53:24 +0200] "GET /.well-known/acme-challenge/99LNZp7k_eNIWWHsoGfQ6GMaDpI76LHDGMtpAv9zj0E HTTP/1.1" 200 87 "http://online.comeonline.ch/.well-known/acme-challenge/99LNZp7k_eNIWWHsoGfQ6GMaDpI76LHDGMtpAv9zj0E" "Mozilla/5.0 (compatible; Let's Encrypt validation server; +https://www.letsencrypt.org)"
51.21.132.241 - - [11/Oct/2025:02:53:25 +0200] "GET /.well-known/acme-challenge/99LNZp7k_eNIWWHsoGfQ6GMaDpI76LHDGMtpAv9zj0E HTTP/1.1" 200 87 "http://online.comeonline.ch/.well-known/acme-challenge/99LNZp7k_eNIWWHsoGfQ6GMaDpI76LHDGMtpAv9zj0E" "Mozilla/5.0 (compatible; Let's Encrypt validation server; +https://www.letsencrypt.org)"
3.21.163.144 - - [11/Oct/2025:02:53:25 +0200] "GET /.well-known/acme-challenge/99LNZp7k_eNIWWHsoGfQ6GMaDpI76LHDGMtpAv9zj0E HTTP/1.1" 200 87 "http://online.comeonline.ch/.well-known/acme-challenge/99LNZp7k_eNIWWHsoGfQ6GMaDpI76LHDGMtpAv9zj0E" "Mozilla/5.0 (compatible; Let's Encrypt validation server; +https://www.letsencrypt.org)"
44.250.223.117 - - [11/Oct/2025:02:53:26 +0200] "GET /.well-known/acme-challenge/99LNZp7k_eNIWWHsoGfQ6GMaDpI76LHDGMtpAv9zj0E HTTP/1.1" 200 87 "http://online.comeonline.ch/.well-known/acme-challenge/99LNZp7k_eNIWWHsoGfQ6GMaDpI76LHDGMtpAv9zj0E" "Mozilla/5.0 (compatible; Let's Encrypt validation server; +https://www.letsencrypt.org)"
54.254.241.107 - - [11/Oct/2025:02:53:26 +0200] "GET /.well-known/acme-challenge/99LNZp7k_eNIWWHsoGfQ6GMaDpI76LHDGMtpAv9zj0E HTTP/1.1" 200 87 "http://online.comeonline.ch/.well-known/acme-challenge/99LNZp7k_eNIWWHsoGfQ6GMaDpI76LHDGMtpAv9zj0E" "Mozilla/5.0 (compatible; Let's Encrypt validation server; +https://www.letsencrypt.org)"
80.74.154.100 - - [11/Oct/2025:05:55:29 +0200] "POST /wp-cron.php?doing_wp_cron=1760154929.1722309589385986328125 HTTP/1.0" 200 409 "-" "WordPress/6.8.3; https://online.comeonline.ch"
80.74.154.100 - - [11/Oct/2025:06:17:55 +0200] "POST /wp-cron.php?doing_wp_cron=1760156275.1838200092315673828125 HTTP/1.0" 200 409 "-" "WordPress/6.8.3; https://online.comeonline.ch"
130.211.126.141 - - [11/Oct/2025:13:11:06 +0200] "GET / HTTP/1.0" 200 69503 "http://online.comeonline.ch" "Mozilla/5.0 (compatible; CMS-Checker/1.0; +https://example.com)"
80.74.154.100 - - [11/Oct/2025:13:11:07 +0200] "POST /wp-cron.php?doing_wp_cron=1760181066.9039680957794189453125 HTTP/1.0" 200 409 "-" "WordPress/6.8.3; https://online.comeonline.ch"
34.105.103.15 - - [11/Oct/2025:13:36:50 +0200] "GET / HTTP/1.0" 200 69503 "http://online.comeonline.ch" "Mozilla/5.0 (compatible; CMS-Checker/1.0; +https://example.com)"
130.211.126.141 - - [11/Oct/2025:13:41:27 +0200] "GET / HTTP/1.0" 200 69503 "-" "Mozilla/5.0 (Windows NT 10.0; Win64; x64) AppleWebKit/537.36 (KHTML, like Gecko) Chrome/78.0.3904.108 Safari/537.36"
130.211.126.141 - - [11/Oct/2025:13:41:28 +0200] "GET //wp-includes/wlwmanifest.xml HTTP/1.0" 404 584 "-" "Mozilla/5.0 (Windows NT 10.0; Win64; x64) AppleWebKit/537.36 (KHTML, like Gecko) Chrome/78.0.3904.108 Safari/537.36"
130.211.126.141 - - [11/Oct/2025:13:41:28 +0200] "GET //xmlrpc.php?rsd HTTP/1.0" 200 1173 "-" "Mozilla/5.0 (Windows NT 10.0; Win64; x64) AppleWebKit/537.36 (KHTML, like Gecko) Chrome/78.0.3904.108 Safari/537.36"
130.211.126.141 - - [11/Oct/2025:13:41:28 +0200] "GET //?author=1 HTTP/1.0" 301 407 "-" "Mozilla/5.0 (Windows NT 10.0; Win64; x64) AppleWebKit/537.36 (KHTML, like Gecko) Chrome/78.0.3904.108 Safari/537.36"
130.211.126.141 - - [11/Oct/2025:13:41:28 +0200] "GET //?author=2 HTTP/1.0" 301 519 "-" "Mozilla/5.0 (Windows NT 10.0; Win64; x64) AppleWebKit/537.36 (KHTML, like Gecko) Chrome/78.0.3904.108 Safari/537.36"
130.211.126.141 - - [11/Oct/2025:13:41:28 +0200] "GET //wp-json/wp/v2/users/ HTTP/1.0" 404 577 "-" "Mozilla/5.0 (Windows NT 10.0; Win64; x64) AppleWebKit/537.36 (KHTML, like Gecko) Chrome/78.0.3904.108 Safari/537.36"
130.211.126.141 - - [11/Oct/2025:13:41:29 +0200] "GET //wp-json/oembed/1.0/embed?url=https://online.comeonline.ch/ HTTP/1.0" 404 581 "-" "Mozilla/5.0 (Windows NT 10.0; Win64; x64) AppleWebKit/537.36 (KHTML, like Gecko) Chrome/78.0.3904.108 Safari/537.36"
130.211.126.141 - - [11/Oct/2025:13:41:29 +0200] "POST //xmlrpc.php HTTP/1.0" 200 741 "-" "Mozilla/5.0 (Windows NT 10.0; Win64; x64) AppleWebKit/537.36 (KHTML, like Gecko) Chrome/78.0.3904.108 Safari/537.36"
130.211.126.141 - - [11/Oct/2025:13:41:29 +0200] "POST //xmlrpc.php HTTP/1.0" 200 741 "-" "Mozilla/5.0 (Windows NT 10.0; Win64; x64) AppleWebKit/537.36 (KHTML, like Gecko) Chrome/78.0.3904.108 Safari/537.36"
130.211.126.141 - - [11/Oct/2025:13:41:29 +0200] "POST //xmlrpc.php HTTP/1.0" 200 741 "-" "Mozilla/5.0 (Windows NT 10.0; Win64; x64) AppleWebKit/537.36 (KHTML, like Gecko) Chrome/78.0.3904.108 Safari/537.36"
130.211.126.141 - - [11/Oct/2025:13:41:29 +0200] "POST //xmlrpc.php HTTP/1.0" 200 741 "-" "Mozilla/5.0 (Windows NT 10.0; Win64; x64) AppleWebKit/537.36 (KHTML, like Gecko) Chrome/78.0.3904.108 Safari/537.36"
130.211.126.141 - - [11/Oct/2025:13:41:29 +0200] "POST //xmlrpc.php HTTP/1.0" 200 741 "-" "Mozilla/5.0 (Windows NT 10.0; Win64; x64) AppleWebKit/537.36 (KHTML, like Gecko) Chrome/78.0.3904.108 Safari/537.36"
130.211.126.141 - - [11/Oct/2025:13:41:30 +0200] "POST //xmlrpc.php HTTP/1.0" 200 741 "-" "Mozilla/5.0 (Windows NT 10.0; Win64; x64) AppleWebKit/537.36 (KHTML, like Gecko) Chrome/78.0.3904.108 Safari/537.36"
130.211.126.141 - - [11/Oct/2025:13:41:30 +0200] "POST //xmlrpc.php HTTP/1.0" 200 741 "-" "Mozilla/5.0 (Windows NT 10.0; Win64; x64) AppleWebKit/537.36 (KHTML, like Gecko) Chrome/78.0.3904.108 Safari/537.36"
130.211.126.141 - - [11/Oct/2025:13:41:30 +0200] "POST //xmlrpc.php HTTP/1.0" 200 741 "-" "Mozilla/5.0 (Windows NT 10.0; Win64; x64) AppleWebKit/537.36 (KHTML, like Gecko) Chrome/78.0.3904.108 Safari/537.36"
34.105.103.15 - - [11/Oct/2025:14:36:55 +0200] "GET / HTTP/1.0" 200 69503 "-" "Mozilla/5.0 (Windows NT 10.0; Win64; x64) AppleWebKit/537.36 (KHTML, like Gecko) Chrome/78.0.3904.108 Safari/537.36"
