| Server IP : 80.74.154.100 / Your IP : 216.73.217.0 Web Server : Apache System : Linux marissa.metanet.ch 4.18.0-553.141.2.lve.el7h.x86_64 #1 SMP Wed Jul 8 17:20:31 UTC 2026 x86_64 User : onlineadmin ( 10487) PHP Version : 8.5.7 Disable Function : opcache_get_status MySQL : OFF | cURL : ON | WGET : OFF | Perl : OFF | Python : OFF | Sudo : OFF | Pkexec : OFF Directory : /home/httpd/vhosts/comeonline.ch/logs/online.comeonline.ch/ |
Upload File : |
80.74.154.100 - - [14/Feb/2025:06:10:35 +0100] "POST /wp-cron.php?doing_wp_cron=1739509835.2674109935760498046875 HTTP/1.0" 200 409 "-" "WordPress/6.7.2; https://online.comeonline.ch"
13.58.228.70 - - [14/Feb/2025:12:10:29 +0100] "GET /.git/config HTTP/1.0" 404 568 "-" "Mozilla/5.0 (Linux; U; Android 4.0.3; en-us; KFTT Build/IML74K) AppleWebKit/535.19 (KHTML, like Gecko) Silk/2.1 Mobile Safari/535.19 Silk-Accelerated=true"
159.89.120.239 - - [14/Feb/2025:15:34:47 +0100] "GET / HTTP/1.0" 200 69307 "-" "Mozilla/5.0 (compatible)"
159.89.120.239 - - [14/Feb/2025:15:34:51 +0100] "GET /wp-content/uploads/2024/08/cropped-Online_Band_2022_7-scaled-2-32x32.jpg HTTP/1.0" 200 1765 "https://online.comeonline.ch/" "Mozilla/5.0 (compatible)"
80.74.154.100 - - [14/Feb/2025:15:34:50 +0100] "POST /wp-cron.php HTTP/1.0" 200 409 "-" "WordPress/6.7.2; https://online.comeonline.ch"
80.74.154.100 - - [14/Feb/2025:15:34:51 +0100] "GET / HTTP/1.0" 200 69307 "-" "WordPress/6.7.2; https://online.comeonline.ch"
80.74.154.100 - - [14/Feb/2025:15:34:52 +0100] "GET / HTTP/1.0" 200 69307 "-" "WordPress/6.7.2; https://online.comeonline.ch"
80.74.154.100 - - [14/Feb/2025:15:34:52 +0100] "GET / HTTP/1.0" 200 69307 "-" "WordPress/6.7.2; https://online.comeonline.ch"
80.74.154.100 - - [14/Feb/2025:15:34:52 +0100] "GET / HTTP/1.0" 200 69307 "-" "WordPress/6.7.2; https://online.comeonline.ch"
80.74.154.100 - - [14/Feb/2025:15:34:47 +0100] "POST /wp-cron.php?doing_wp_cron=1739543687.6412549018859863281250 HTTP/1.0" 200 409 "-" "WordPress/6.7.2; https://online.comeonline.ch"
80.74.154.100 - - [15/Feb/2025:06:12:16 +0100] "POST /wp-cron.php?doing_wp_cron=1739596336.5422749519348144531250 HTTP/1.0" 200 409 "-" "WordPress/6.7.2; https://online.comeonline.ch"
80.74.154.100 - - [16/Feb/2025:06:06:26 +0100] "POST /wp-cron.php?doing_wp_cron=1739682386.5510420799255371093750 HTTP/1.0" 200 409 "-" "WordPress/6.7.2; https://online.comeonline.ch"
142.93.145.137 - - [16/Feb/2025:16:42:07 +0100] "GET / HTTP/1.0" 200 69307 "-" "Mozilla/5.0 (compatible)"
80.74.154.100 - - [16/Feb/2025:16:42:08 +0100] "POST /wp-cron.php?doing_wp_cron=1739720528.2935009002685546875000 HTTP/1.0" 200 409 "-" "WordPress/6.7.2; https://online.comeonline.ch"
142.93.145.137 - - [16/Feb/2025:16:42:12 +0100] "GET /wp-content/uploads/2024/08/cropped-Online_Band_2022_7-scaled-2-32x32.jpg HTTP/1.0" 200 1765 "https://online.comeonline.ch/" "Mozilla/5.0 (compatible)"
15.236.91.10 - - [16/Feb/2025:18:39:25 +0100] "GET /sftp-config.json HTTP/1.0" 404 573 "-" "Mozilla/5.0 (Macintosh; Intel Mac OS X 10.15; rv:77.0) Gecko/20100101 Firefox/77.0"
13.37.240.154 - - [16/Feb/2025:18:39:29 +0100] "GET /sftp-config.json HTTP/1.0" 404 573 "-" "Mozilla/5.0 (Macintosh; Intel Mac OS X 10.15; rv:77.0) Gecko/20100101 Firefox/77.0"
15.236.91.10 - - [16/Feb/2025:18:39:29 +0100] "GET /.vscode/sftp.json HTTP/1.0" 404 574 "-" "Mozilla/5.0 (Macintosh; Intel Mac OS X 10.15; rv:77.0) Gecko/20100101 Firefox/77.0"
13.37.240.154 - - [16/Feb/2025:18:39:32 +0100] "GET /.vscode/sftp.json HTTP/1.0" 404 574 "-" "Mozilla/5.0 (Macintosh; Intel Mac OS X 10.15; rv:77.0) Gecko/20100101 Firefox/77.0"
20.218.148.200 - - [16/Feb/2025:22:47:48 +0100] "GET / HTTP/1.0" 200 69307 "-" "python-requests/2.32.3"
20.218.148.200 - - [16/Feb/2025:22:47:49 +0100] "GET /.env HTTP/1.0" 404 561 "-" "python-requests/2.32.3"
80.74.154.100 - - [16/Feb/2025:22:47:48 +0100] "POST /wp-cron.php?doing_wp_cron=1739742468.7212080955505371093750 HTTP/1.0" 200 409 "-" "WordPress/6.7.2; https://online.comeonline.ch"
80.74.154.100 - - [17/Feb/2025:06:08:40 +0100] "POST /wp-cron.php?doing_wp_cron=1739768920.4425840377807617187500 HTTP/1.0" 200 409 "-" "WordPress/6.7.2; https://online.comeonline.ch"
37.143.131.202 - - [17/Feb/2025:06:56:48 +0100] "GET / HTTP/1.0" 200 69307 "-" "Mozilla/5.0 (Windows NT 10.0; Win64; x64) AppleWebKit/537.36 (KHTML, like Gecko) Chrome/130.0.0.0 Safari/537.36 Edg/130.0.0.0"
80.74.154.100 - - [17/Feb/2025:06:56:48 +0100] "POST /wp-cron.php?doing_wp_cron=1739771808.6448121070861816406250 HTTP/1.0" 200 409 "-" "WordPress/6.7.2; https://online.comeonline.ch"
37.143.131.202 - - [17/Feb/2025:06:56:49 +0100] "GET / HTTP/1.0" 200 69278 "-" "Mozilla/5.0 (Linux; Android 10; K) AppleWebKit/537.36 (KHTML, like Gecko) Chrome/132.0.0.0 Safari/537.36"
79.142.79.66 - - [17/Feb/2025:06:56:51 +0100] "GET / HTTP/1.0" 200 69307 "-" "Mozilla/5.0 (iPhone; CPU iPhone OS 17_5_1 like Mac OS X) AppleWebKit/605.1.15 (KHTML, like Gecko) Version/17.5 Mobile/15E148 Safari/604.1"
37.143.131.202 - - [17/Feb/2025:06:59:01 +0100] "GET /wp-content/uploads/2024/08/cropped-Online_Band_2022_7-scaled-2-192x192.jpg HTTP/1.0" 200 12029 "-" "Mozilla/5.0 (Windows NT 10.0; Win64; x64) AppleWebKit/537.36 (KHTML, like Gecko) Chrome/130.0.0.0 Safari/537.36 Edg/130.0.0.0"
37.143.131.202 - - [17/Feb/2025:06:59:01 +0100] "GET /wp-content/uploads/2024/08/cropped-Online_Band_2022_7-scaled-2-180x180.jpg HTTP/1.0" 200 11188 "-" "Mozilla/5.0 (Windows NT 10.0; Win64; x64) AppleWebKit/537.36 (KHTML, like Gecko) Chrome/130.0.0.0 Safari/537.36 Edg/130.0.0.0"
37.143.131.202 - - [17/Feb/2025:06:59:01 +0100] "GET /wp-content/uploads/2024/08/cropped-Online_Band_2022_7-scaled-2-32x32.jpg HTTP/1.0" 200 1765 "-" "Mozilla/5.0 (Windows NT 10.0; Win64; x64) AppleWebKit/537.36 (KHTML, like Gecko) Chrome/130.0.0.0 Safari/537.36 Edg/130.0.0.0"
37.143.131.202 - - [17/Feb/2025:06:59:02 +0100] "GET /wp-content/uploads/2024/08/cropped-Online_Band_2022_7-scaled-2-32x32.jpg HTTP/1.0" 200 1765 "-" "Mozilla/5.0 (Linux; Android 10; K) AppleWebKit/537.36 (KHTML, like Gecko) Chrome/132.0.0.0 Safari/537.36"
37.143.131.202 - - [17/Feb/2025:06:59:02 +0100] "GET /wp-content/uploads/2024/08/cropped-Online_Band_2022_7-scaled-2-192x192.jpg HTTP/1.0" 200 12029 "-" "Mozilla/5.0 (Linux; Android 10; K) AppleWebKit/537.36 (KHTML, like Gecko) Chrome/132.0.0.0 Safari/537.36"
37.143.131.202 - - [17/Feb/2025:06:59:02 +0100] "GET /wp-content/uploads/2024/08/cropped-Online_Band_2022_7-scaled-2-180x180.jpg HTTP/1.0" 200 11188 "-" "Mozilla/5.0 (Linux; Android 10; K) AppleWebKit/537.36 (KHTML, like Gecko) Chrome/132.0.0.0 Safari/537.36"
79.142.79.66 - - [17/Feb/2025:06:59:04 +0100] "GET /wp-content/uploads/2024/08/cropped-Online_Band_2022_7-scaled-2-180x180.jpg HTTP/1.0" 200 11188 "-" "Mozilla/5.0 (iPhone; CPU iPhone OS 17_5_1 like Mac OS X) AppleWebKit/605.1.15 (KHTML, like Gecko) Version/17.5 Mobile/15E148 Safari/604.1"
79.142.79.66 - - [17/Feb/2025:06:59:04 +0100] "GET /wp-content/uploads/2024/08/cropped-Online_Band_2022_7-scaled-2-32x32.jpg HTTP/1.0" 200 1765 "-" "Mozilla/5.0 (iPhone; CPU iPhone OS 17_5_1 like Mac OS X) AppleWebKit/605.1.15 (KHTML, like Gecko) Version/17.5 Mobile/15E148 Safari/604.1"
79.142.79.66 - - [17/Feb/2025:06:59:04 +0100] "GET /wp-content/uploads/2024/08/cropped-Online_Band_2022_7-scaled-2-192x192.jpg HTTP/1.0" 200 12029 "-" "Mozilla/5.0 (iPhone; CPU iPhone OS 17_5_1 like Mac OS X) AppleWebKit/605.1.15 (KHTML, like Gecko) Version/17.5 Mobile/15E148 Safari/604.1"
37.143.131.202 - - [17/Feb/2025:07:01:11 +0100] "GET /favicon.ico HTTP/1.0" 404 568 "-" "Mozilla/5.0 (Windows NT 10.0; Win64; x64) AppleWebKit/537.36 (KHTML, like Gecko) Chrome/130.0.0.0 Safari/537.36 Edg/130.0.0.0"
80.74.154.100 - - [18/Feb/2025:06:08:23 +0100] "POST /wp-cron.php?doing_wp_cron=1739855303.5145800113677978515625 HTTP/1.0" 200 409 "-" "WordPress/6.7.2; https://online.comeonline.ch"
80.74.154.100 - - [19/Feb/2025:06:13:17 +0100] "POST /wp-cron.php?doing_wp_cron=1739941997.3646440505981445312500 HTTP/1.0" 200 409 "-" "WordPress/6.7.2; https://online.comeonline.ch"
64.23.237.106 - - [19/Feb/2025:13:21:11 +0100] "GET / HTTP/1.0" 200 69307 "-" "Mozilla/5.0 (compatible)"
80.74.154.100 - - [19/Feb/2025:13:21:11 +0100] "POST /wp-cron.php?doing_wp_cron=1739967671.7049319744110107421875 HTTP/1.0" 200 409 "-" "WordPress/6.7.2; https://online.comeonline.ch"
64.23.237.106 - - [19/Feb/2025:13:21:17 +0100] "GET /wp-content/uploads/2024/08/cropped-Online_Band_2022_7-scaled-2-32x32.jpg HTTP/1.0" 200 1765 "https://online.comeonline.ch/" "Mozilla/5.0 (compatible)"
64.23.237.106 - - [19/Feb/2025:13:21:17 +0100] "GET /ads.txt HTTP/1.0" 404 564 "-" "Mozilla/5.0 (compatible)"
80.74.154.100 - - [20/Feb/2025:06:07:48 +0100] "POST /wp-cron.php?doing_wp_cron=1740028068.0366001129150390625000 HTTP/1.0" 200 409 "-" "WordPress/6.7.2; https://online.comeonline.ch"
80.74.154.100 - - [21/Feb/2025:06:09:13 +0100] "POST /wp-cron.php?doing_wp_cron=1740114553.5928790569305419921875 HTTP/1.0" 200 409 "-" "WordPress/6.7.2; https://online.comeonline.ch"
47.129.52.35 - - [21/Feb/2025:13:59:27 +0100] "GET / HTTP/1.0" 200 69307 "-" "Mozilla/5.0 (Windows NT 10.0; Win64; x64) AppleWebKit/537.36 (KHTML, like Gecko) Chrome/99.0.4844.74 Safari/537.36 Edg/99.0.1150.46"
80.74.154.100 - - [21/Feb/2025:13:59:30 +0100] "POST /wp-cron.php HTTP/1.0" 200 409 "-" "WordPress/6.7.2; https://online.comeonline.ch"
80.74.154.100 - - [21/Feb/2025:13:59:31 +0100] "GET / HTTP/1.0" 200 69307 "-" "WordPress/6.7.2; https://online.comeonline.ch"
80.74.154.100 - - [21/Feb/2025:13:59:32 +0100] "GET / HTTP/1.0" 200 69307 "-" "WordPress/6.7.2; https://online.comeonline.ch"
80.74.154.100 - - [21/Feb/2025:13:59:32 +0100] "GET / HTTP/1.0" 200 69307 "-" "WordPress/6.7.2; https://online.comeonline.ch"
80.74.154.100 - - [21/Feb/2025:13:59:32 +0100] "GET / HTTP/1.0" 200 69307 "-" "WordPress/6.7.2; https://online.comeonline.ch"
80.74.154.100 - - [21/Feb/2025:13:59:27 +0100] "POST /wp-cron.php?doing_wp_cron=1740142767.5321590900421142578125 HTTP/1.0" 200 409 "-" "WordPress/6.7.2; https://online.comeonline.ch"
47.129.52.35 - - [21/Feb/2025:14:00:01 +0100] "GET //online.comeonline.ch/wp-includes/js/jquery/jquery-migrate.min.js HTTP/1.0" 404 621 "-" "Mozilla/5.0 (Linux; Android 11; Redmi Note 9 Pro Max) AppleWebKit/537.36 (KHTML, like Gecko) Chrome/99.0.4844.88 Mobile Safari/537.36 OPR/68.3.3557.64528"
47.129.52.35 - - [21/Feb/2025:14:00:02 +0100] "GET /wp-emoji-release.min.js HTTP/1.0" 404 580 "-" "Mozilla/5.0 (iPhone; CPU iPhone OS 10_3_1 like Mac OS X) AppleWebKit/603.1.30 (KHTML, like Gecko) Version/10.0 Mobile/14E304 Safari/602.1"
47.129.52.35 - - [21/Feb/2025:14:00:02 +0100] "GET //online.comeonline.ch/wp-content/themes/twentyseventeen/assets/js/jquery.scrollTo.js HTTP/1.0" 404 640 "-" "Mozilla/5.0 (OS/2; Warp 4.5; rv:10.0.12) Gecko/20100101 Firefox/10.0.12"
47.129.52.35 - - [21/Feb/2025:14:00:02 +0100] "GET //online.comeonline.ch/wp-includes/js/jquery/jquery.min.js HTTP/1.0" 404 613 "-" "Mozilla/5.0 (iPhone; CPU iPhone OS 14_6 like Mac OS X) AppleWebKit/605.1.15 (KHTML, like Gecko) CriOS/101.0.4951.58 Mobile/15E148 Safari/604.1"
47.129.52.35 - - [21/Feb/2025:14:00:02 +0100] "GET //online.comeonline.ch/wp-content/themes/twentyseventeen/assets/js/navigation.js HTTP/1.0" 404 635 "-" "Mozilla/5.0 (Macintosh; Intel Mac OS X 10_15_6) AppleWebKit/537.36 (KHTML, like Gecko) Chrome/100.0.4896.127 Safari/537.36"
47.129.52.35 - - [21/Feb/2025:14:00:04 +0100] "GET //online.comeonline.ch/wp-content/themes/twentyseventeen/assets/js/global.js HTTP/1.0" 404 631 "-" "Mozilla/5.0 (X11; Linux x86_64) AppleWebKit/537.36 (KHTML, like Gecko) Chrome/100.0.4896.60 Safari/537.36"
47.129.52.35 - - [21/Feb/2025:14:00:47 +0100] "GET //online.comeonline.ch/wp-includes/js/jquery/jquery-migrate.min.js HTTP/1.0" 404 621 "-" "Mozilla/5.0 (Windows NT 6.1; WOW64) AppleWebKit/537.36 (KHTML, like Gecko) Chrome/91.0.4472.77 Safari/537.36"
47.129.52.35 - - [21/Feb/2025:14:00:47 +0100] "GET //online.comeonline.ch/wp-content/themes/twentyseventeen/assets/js/global.js HTTP/1.0" 404 631 "-" "Mozilla/5.0 (Macintosh; U; PPC Mac OS X; en) AppleWebKit/125.2 (KHTML, like Gecko) Safari/125.8"
47.129.52.35 - - [21/Feb/2025:14:00:48 +0100] "GET //online.comeonline.ch/wp-content/themes/twentyseventeen/assets/js/navigation.js HTTP/1.0" 404 635 "-" "Mozilla/5.0 (Windows NT 10.0; Win64; x64) AppleWebKit/537.36 (KHTML, like Gecko) Chrome/79.0.3945.79 Safari/537.36"
47.129.52.35 - - [21/Feb/2025:14:00:48 +0100] "GET /wp-emoji-release.min.js HTTP/1.0" 404 580 "-" "Mozilla/5.0 (iPhone; CPU iPhone OS 11_0 like Mac OS X) AppleWebKit/604.1.38 (KHTML, like Gecko) Version/11.0 Mobile/15A5362a Safari/604.1"
47.129.52.35 - - [21/Feb/2025:14:00:49 +0100] "GET //online.comeonline.ch/wp-content/themes/twentyseventeen/assets/js/jquery.scrollTo.js HTTP/1.0" 404 640 "-" "Mozilla/5.0 (Macintosh; Intel Mac OS X 10_10_5) AppleWebKit/537.36 (KHTML, like Gecko) Chrome/61.0.3163.49 Safari/537.36"
47.129.52.35 - - [21/Feb/2025:14:00:50 +0100] "GET //online.comeonline.ch/wp-includes/js/jquery/jquery.min.js HTTP/1.0" 404 613 "-" "Mozilla/5.0 (Symbian/3; Series60/5.2 NokiaE6-00/021.002; Profile/MIDP-2.1 Configuration/CLDC-1.1) AppleWebKit/533.4 (KHTML, like Gecko) NokiaBrowser/7.3.1.16 Mobile Safari/533.4 3gpp-gba"
47.129.52.35 - - [21/Feb/2025:14:01:34 +0100] "GET //online.comeonline.ch/wp-content/themes/twentyseventeen/assets/js/jquery.scrollTo.js HTTP/1.0" 404 640 "-" "Mozilla/5.0 (X11; Linux x86_64; rv:7.0a1) Gecko/20110623 Firefox/7.0a1"
47.129.52.35 - - [21/Feb/2025:14:01:34 +0100] "GET /wp-emoji-release.min.js HTTP/1.0" 404 580 "-" "Mozilla/5.0 (X11; Linux x86_64) AppleWebKit/537.36 (KHTML, like Gecko) Chrome/94.0.4606.81 Safari/537.36"
47.129.52.35 - - [21/Feb/2025:14:01:34 +0100] "GET //online.comeonline.ch/wp-includes/js/jquery/jquery.min.js HTTP/1.0" 404 613 "-" "Mozilla/5.0 (Linux; Android 7.0; SM-N920C) AppleWebKit/537.36 (KHTML, like Gecko) Chrome/101.0.4951.61 Mobile Safari/537.36"
47.129.52.35 - - [21/Feb/2025:14:01:34 +0100] "GET //online.comeonline.ch/wp-content/themes/twentyseventeen/assets/js/navigation.js HTTP/1.0" 404 635 "-" "Mozilla/5.0 (Windows; U; Windows NT 6.1; en-GB; rv:1.9.1.17) Gecko/20110123 (like Firefox/3.x) SeaMonkey/2.0.12"
47.129.52.35 - - [21/Feb/2025:14:01:34 +0100] "GET //online.comeonline.ch/wp-includes/js/jquery/jquery-migrate.min.js HTTP/1.0" 404 621 "-" "Mozilla/5.0 (Windows NT 6.3; WOW64) AppleWebKit/537.36 (KHTML, like Gecko) Chrome/31.0.1650.57 Safari/537.36 OPR/18.0.1284.49"
47.129.52.35 - - [21/Feb/2025:14:01:34 +0100] "GET //online.comeonline.ch/wp-content/themes/twentyseventeen/assets/js/global.js HTTP/1.0" 406 689 "-" "Mozilla/5.0 (compatible; YandexNews/4.0; +http://yandex.com/bots)"
47.129.52.35 - - [21/Feb/2025:14:02:17 +0100] "GET //online.comeonline.ch/wp-content/themes/twentyseventeen/assets/js/navigation.js HTTP/1.0" 404 635 "-" "Mozilla/5.0 (X11; Linux x86_64; rv:38.0) Gecko/20100101 Firefox/38.0"
47.129.52.35 - - [21/Feb/2025:14:02:17 +0100] "GET //online.comeonline.ch/wp-includes/js/jquery/jquery-migrate.min.js HTTP/1.0" 404 621 "-" "Opera/9.80 (J2ME/MIDP; Opera Mini/8.0.35626/37.8918; U; en) Presto/2.12.423 Version/12.16"
47.129.52.35 - - [21/Feb/2025:14:02:18 +0100] "GET //online.comeonline.ch/wp-content/themes/twentyseventeen/assets/js/jquery.scrollTo.js HTTP/1.0" 404 640 "-" "Mozilla/5.0 (Windows NT 6.2; rv:20.0) Gecko/20121202 Firefox/20.0"
47.129.52.35 - - [21/Feb/2025:14:02:18 +0100] "GET //online.comeonline.ch/wp-includes/js/jquery/jquery.min.js HTTP/1.0" 404 613 "-" "Mozilla/5.0 (Macintosh; Intel Mac OS X 10_11) AppleWebKit/601.1.56 (KHTML, like Gecko) Version/9.0 Safari/601.1.56"
47.129.52.35 - - [21/Feb/2025:14:02:18 +0100] "GET /wp-emoji-release.min.js HTTP/1.0" 404 580 "-" "Mozilla/5.0 (X11; Linux x86_64) AppleWebKit/534.24 (KHTML, like Gecko) Ubuntu/10.10 Chromium/12.0.703.0 Chrome/12.0.703.0 Safari/534.24"
47.129.52.35 - - [21/Feb/2025:14:02:19 +0100] "GET //online.comeonline.ch/wp-content/themes/twentyseventeen/assets/js/global.js HTTP/1.0" 404 631 "-" "Links/0.9.1 (Linux 2.4.24; i386;)"
47.129.52.35 - - [21/Feb/2025:14:03:18 +0100] "GET //online.comeonline.ch/wp-includes/js/jquery/jquery.min.js HTTP/1.0" 404 613 "-" "Mozilla/5.0 (Macintosh; Intel Mac OS X 10_10_3) AppleWebKit/537.36 (KHTML, like Gecko) Chrome/41.0.2272.105 Safari/537.36 Vivaldi/1.0.162.9"
47.129.52.35 - - [21/Feb/2025:14:03:18 +0100] "GET //online.comeonline.ch/wp-includes/js/jquery/jquery-migrate.min.js HTTP/1.0" 404 621 "-" "Mozilla/5.0 (iPad; CPU OS 15_4_1 like Mac OS X) AppleWebKit/605.1.15 (KHTML, like Gecko) Version/15.4 Mobile/15E148 Safari/604.1"
47.129.52.35 - - [21/Feb/2025:14:03:18 +0100] "GET //online.comeonline.ch/wp-content/themes/twentyseventeen/assets/js/global.js HTTP/1.0" 404 631 "-" "WebCopier v4.6"
47.129.52.35 - - [21/Feb/2025:14:03:18 +0100] "GET //online.comeonline.ch/wp-content/themes/twentyseventeen/assets/js/navigation.js HTTP/1.0" 404 635 "-" "Mozilla/5.0 (Windows NT 10.0; Win64; x64) AppleWebKit/537.36 (KHTML, like Gecko) Chrome/98.0.4758.80 Safari/537.36 Edg/98.0.1108.43"
47.129.52.35 - - [21/Feb/2025:14:03:18 +0100] "GET /wp-emoji-release.min.js HTTP/1.0" 404 580 "-" "Mozilla/5.0 (Linux; U; Android 2.0.1; de-de; Milestone Build/SHOLS_U2_01.14.0) AppleWebKit/530.17 (KHTML, like Gecko) Version/4.0 Mobile Safari/530.17"
47.129.52.35 - - [21/Feb/2025:14:03:19 +0100] "GET //online.comeonline.ch/wp-content/themes/twentyseventeen/assets/js/jquery.scrollTo.js HTTP/1.0" 404 640 "-" "HTC_Dream Mozilla/5.0 (Linux; U; Android 1.5; en-ca; Build/CUPCAKE) AppleWebKit/528.5 (KHTML, like Gecko) Version/3.1.2 Mobile Safari/525.20.1"
47.129.52.35 - - [21/Feb/2025:14:04:08 +0100] "GET //online.comeonline.ch/wp-content/themes/twentyseventeen/assets/js/global.js HTTP/1.0" 404 631 "-" "Mozilla/5.0 (Linux; Android 11; Pixel 2) AppleWebKit/537.36 (KHTML, like Gecko) Chrome/101.0.4951.61 Mobile Safari/537.36"
47.129.52.35 - - [21/Feb/2025:14:04:09 +0100] "GET /wp-emoji-release.min.js HTTP/1.0" 404 580 "-" "Mozilla/5.0 (Macintosh; Intel Mac OS X 11_0_1) AppleWebKit/537.36 (KHTML, like Gecko) Chrome/87.0.4280.141 Safari/537.36"
47.129.52.35 - - [21/Feb/2025:14:04:09 +0100] "GET //online.comeonline.ch/wp-includes/js/jquery/jquery-migrate.min.js HTTP/1.0" 404 621 "-" "Mozilla/5.0 (Linux; U; Android 3.0; en-us; Xoom Build/HRI39) AppleWebKit/525.10 (KHTML, like Gecko) Version/3.0.4 Mobile Safari/523.12.2"
47.129.52.35 - - [21/Feb/2025:14:04:09 +0100] "GET //online.comeonline.ch/wp-content/themes/twentyseventeen/assets/js/navigation.js HTTP/1.0" 404 635 "-" "Mozilla/5.0 (X11; Linux i686; rv:40.0) Gecko/20100101 Firefox/40.0"
47.129.52.35 - - [21/Feb/2025:14:04:10 +0100] "GET //online.comeonline.ch/wp-content/themes/twentyseventeen/assets/js/jquery.scrollTo.js HTTP/1.0" 404 640 "-" "Mozilla/5.0 (Linux; Android 10; Redmi Note 7) AppleWebKit/537.36 (KHTML, like Gecko) Chrome/83.0.4103.101 Mobile Safari/537.36"
47.129.52.35 - - [21/Feb/2025:14:04:10 +0100] "GET //online.comeonline.ch/wp-includes/js/jquery/jquery.min.js HTTP/1.0" 404 613 "-" "Mozilla/5.0 (Linux; Android 10; AC2003) AppleWebKit/537.36 (KHTML, like Gecko) Chrome/101.0.4951.61 Mobile Safari/537.36"
80.74.154.100 - - [22/Feb/2025:06:09:45 +0100] "POST /wp-cron.php?doing_wp_cron=1740200984.9172239303588867187500 HTTP/1.0" 200 409 "-" "WordPress/6.7.2; https://online.comeonline.ch"
80.74.154.100 - - [23/Feb/2025:06:06:55 +0100] "POST /wp-cron.php?doing_wp_cron=1740287214.8627851009368896484375 HTTP/1.0" 200 409 "-" "WordPress/6.7.2; https://online.comeonline.ch"
152.42.166.163 - - [23/Feb/2025:13:47:46 +0100] "GET / HTTP/1.0" 200 69307 "-" "Mozilla/5.0 (Windows NT 10.0; Win64; x64) AppleWebKit/537.36 (KHTML, like Gecko) Chrome/78.0.3904.108 Safari/537.36"
152.42.166.163 - - [23/Feb/2025:13:47:47 +0100] "GET / HTTP/1.0" 200 69307 "-" "Mozilla/5.0 (Windows NT 10.0; Win64; x64) AppleWebKit/537.36 (KHTML, like Gecko) Chrome/78.0.3904.108 Safari/537.36"
152.42.166.163 - - [23/Feb/2025:13:47:48 +0100] "GET //wp-includes/wlwmanifest.xml HTTP/1.0" 404 584 "-" "Mozilla/5.0 (Windows NT 10.0; Win64; x64) AppleWebKit/537.36 (KHTML, like Gecko) Chrome/78.0.3904.108 Safari/537.36"
152.42.166.163 - - [23/Feb/2025:13:47:48 +0100] "GET //wp-includes/wlwmanifest.xml HTTP/1.0" 404 584 "-" "Mozilla/5.0 (Windows NT 10.0; Win64; x64) AppleWebKit/537.36 (KHTML, like Gecko) Chrome/78.0.3904.108 Safari/537.36"
80.74.154.100 - - [23/Feb/2025:13:47:47 +0100] "POST /wp-cron.php?doing_wp_cron=1740314867.1016299724578857421875 HTTP/1.0" 200 409 "-" "WordPress/6.7.2; https://online.comeonline.ch"
152.42.166.163 - - [23/Feb/2025:13:47:48 +0100] "GET / HTTP/1.0" 200 69307 "-" "Mozilla/5.0 (Windows NT 10.0; Win64; x64) AppleWebKit/537.36 (KHTML, like Gecko) Chrome/78.0.3904.108 Safari/537.36"
152.42.166.163 - - [23/Feb/2025:13:47:48 +0100] "GET //xmlrpc.php?rsd HTTP/1.0" 200 1173 "-" "Mozilla/5.0 (Windows NT 10.0; Win64; x64) AppleWebKit/537.36 (KHTML, like Gecko) Chrome/78.0.3904.108 Safari/537.36"
152.42.166.163 - - [23/Feb/2025:13:47:48 +0100] "GET //xmlrpc.php?rsd HTTP/1.0" 200 1173 "-" "Mozilla/5.0 (Windows NT 10.0; Win64; x64) AppleWebKit/537.36 (KHTML, like Gecko) Chrome/78.0.3904.108 Safari/537.36"
152.42.166.163 - - [23/Feb/2025:13:47:49 +0100] "GET //?author=1 HTTP/1.0" 301 407 "-" "Mozilla/5.0 (Windows NT 10.0; Win64; x64) AppleWebKit/537.36 (KHTML, like Gecko) Chrome/78.0.3904.108 Safari/537.36"
152.42.166.163 - - [23/Feb/2025:13:47:50 +0100] "GET //wp-includes/wlwmanifest.xml HTTP/1.0" 404 584 "-" "Mozilla/5.0 (Windows NT 10.0; Win64; x64) AppleWebKit/537.36 (KHTML, like Gecko) Chrome/78.0.3904.108 Safari/537.36"
152.42.166.163 - - [23/Feb/2025:13:47:50 +0100] "GET //?author=1 HTTP/1.0" 301 407 "-" "Mozilla/5.0 (Windows NT 10.0; Win64; x64) AppleWebKit/537.36 (KHTML, like Gecko) Chrome/78.0.3904.108 Safari/537.36"
152.42.166.163 - - [23/Feb/2025:13:47:50 +0100] "GET //?author=2 HTTP/1.0" 301 500 "-" "Mozilla/5.0 (Windows NT 10.0; Win64; x64) AppleWebKit/537.36 (KHTML, like Gecko) Chrome/78.0.3904.108 Safari/537.36"
152.42.166.163 - - [23/Feb/2025:13:47:50 +0100] "GET //?author=2 HTTP/1.0" 301 500 "-" "Mozilla/5.0 (Windows NT 10.0; Win64; x64) AppleWebKit/537.36 (KHTML, like Gecko) Chrome/78.0.3904.108 Safari/537.36"
152.42.166.163 - - [23/Feb/2025:13:47:50 +0100] "GET //wp-json/wp/v2/users/ HTTP/1.0" 404 577 "-" "Mozilla/5.0 (Windows NT 10.0; Win64; x64) AppleWebKit/537.36 (KHTML, like Gecko) Chrome/78.0.3904.108 Safari/537.36"
152.42.166.163 - - [23/Feb/2025:13:47:50 +0100] "GET //wp-json/wp/v2/users/ HTTP/1.0" 404 577 "-" "Mozilla/5.0 (Windows NT 10.0; Win64; x64) AppleWebKit/537.36 (KHTML, like Gecko) Chrome/78.0.3904.108 Safari/537.36"
152.42.166.163 - - [23/Feb/2025:13:47:50 +0100] "GET //wp-json/oembed/1.0/embed?url=https://online.comeonline.ch/ HTTP/1.0" 404 581 "-" "Mozilla/5.0 (Windows NT 10.0; Win64; x64) AppleWebKit/537.36 (KHTML, like Gecko) Chrome/78.0.3904.108 Safari/537.36"
152.42.166.163 - - [23/Feb/2025:13:47:50 +0100] "GET //wp-json/oembed/1.0/embed?url=https://online.comeonline.ch/ HTTP/1.0" 404 581 "-" "Mozilla/5.0 (Windows NT 10.0; Win64; x64) AppleWebKit/537.36 (KHTML, like Gecko) Chrome/78.0.3904.108 Safari/537.36"
152.42.166.163 - - [23/Feb/2025:13:47:50 +0100] "POST //xmlrpc.php HTTP/1.0" 200 741 "-" "Mozilla/5.0 (Windows NT 10.0; Win64; x64) AppleWebKit/537.36 (KHTML, like Gecko) Chrome/78.0.3904.108 Safari/537.36"
152.42.166.163 - - [23/Feb/2025:13:47:50 +0100] "POST //xmlrpc.php HTTP/1.0" 200 741 "-" "Mozilla/5.0 (Windows NT 10.0; Win64; x64) AppleWebKit/537.36 (KHTML, like Gecko) Chrome/78.0.3904.108 Safari/537.36"
152.42.166.163 - - [23/Feb/2025:13:47:51 +0100] "POST //xmlrpc.php HTTP/1.0" 200 741 "-" "Mozilla/5.0 (Windows NT 10.0; Win64; x64) AppleWebKit/537.36 (KHTML, like Gecko) Chrome/78.0.3904.108 Safari/537.36"
152.42.166.163 - - [23/Feb/2025:13:47:50 +0100] "GET //xmlrpc.php?rsd HTTP/1.0" 200 1173 "-" "Mozilla/5.0 (Windows NT 10.0; Win64; x64) AppleWebKit/537.36 (KHTML, like Gecko) Chrome/78.0.3904.108 Safari/537.36"
152.42.166.163 - - [23/Feb/2025:13:47:51 +0100] "POST //xmlrpc.php HTTP/1.0" 200 741 "-" "Mozilla/5.0 (Windows NT 10.0; Win64; x64) AppleWebKit/537.36 (KHTML, like Gecko) Chrome/78.0.3904.108 Safari/537.36"
152.42.166.163 - - [23/Feb/2025:13:47:51 +0100] "GET //?author=1 HTTP/1.0" 301 407 "-" "Mozilla/5.0 (Windows NT 10.0; Win64; x64) AppleWebKit/537.36 (KHTML, like Gecko) Chrome/78.0.3904.108 Safari/537.36"
152.42.166.163 - - [23/Feb/2025:13:47:51 +0100] "POST //xmlrpc.php HTTP/1.0" 200 741 "-" "Mozilla/5.0 (Windows NT 10.0; Win64; x64) AppleWebKit/537.36 (KHTML, like Gecko) Chrome/78.0.3904.108 Safari/537.36"
152.42.166.163 - - [23/Feb/2025:13:47:51 +0100] "GET //?author=2 HTTP/1.0" 301 500 "-" "Mozilla/5.0 (Windows NT 10.0; Win64; x64) AppleWebKit/537.36 (KHTML, like Gecko) Chrome/78.0.3904.108 Safari/537.36"
152.42.166.163 - - [23/Feb/2025:13:47:50 +0100] "POST //xmlrpc.php HTTP/1.0" 200 741 "-" "Mozilla/5.0 (Windows NT 10.0; Win64; x64) AppleWebKit/537.36 (KHTML, like Gecko) Chrome/78.0.3904.108 Safari/537.36"
152.42.166.163 - - [23/Feb/2025:13:47:51 +0100] "POST //xmlrpc.php HTTP/1.0" 200 741 "-" "Mozilla/5.0 (Windows NT 10.0; Win64; x64) AppleWebKit/537.36 (KHTML, like Gecko) Chrome/78.0.3904.108 Safari/537.36"
152.42.166.163 - - [23/Feb/2025:13:47:51 +0100] "GET //wp-json/wp/v2/users/ HTTP/1.0" 404 577 "-" "Mozilla/5.0 (Windows NT 10.0; Win64; x64) AppleWebKit/537.36 (KHTML, like Gecko) Chrome/78.0.3904.108 Safari/537.36"
152.42.166.163 - - [23/Feb/2025:13:47:51 +0100] "POST //xmlrpc.php HTTP/1.0" 200 741 "-" "Mozilla/5.0 (Windows NT 10.0; Win64; x64) AppleWebKit/537.36 (KHTML, like Gecko) Chrome/78.0.3904.108 Safari/537.36"
152.42.166.163 - - [23/Feb/2025:13:47:52 +0100] "GET //wp-json/oembed/1.0/embed?url=https://online.comeonline.ch/ HTTP/1.0" 404 581 "-" "Mozilla/5.0 (Windows NT 10.0; Win64; x64) AppleWebKit/537.36 (KHTML, like Gecko) Chrome/78.0.3904.108 Safari/537.36"
152.42.166.163 - - [23/Feb/2025:13:47:52 +0100] "POST //xmlrpc.php HTTP/1.0" 200 741 "-" "Mozilla/5.0 (Windows NT 10.0; Win64; x64) AppleWebKit/537.36 (KHTML, like Gecko) Chrome/78.0.3904.108 Safari/537.36"
152.42.166.163 - - [23/Feb/2025:13:47:52 +0100] "POST //xmlrpc.php HTTP/1.0" 200 741 "-" "Mozilla/5.0 (Windows NT 10.0; Win64; x64) AppleWebKit/537.36 (KHTML, like Gecko) Chrome/78.0.3904.108 Safari/537.36"
152.42.166.163 - - [23/Feb/2025:13:47:52 +0100] "POST //xmlrpc.php HTTP/1.0" 200 741 "-" "Mozilla/5.0 (Windows NT 10.0; Win64; x64) AppleWebKit/537.36 (KHTML, like Gecko) Chrome/78.0.3904.108 Safari/537.36"
152.42.166.163 - - [23/Feb/2025:13:47:52 +0100] "POST //xmlrpc.php HTTP/1.0" 200 741 "-" "Mozilla/5.0 (Windows NT 10.0; Win64; x64) AppleWebKit/537.36 (KHTML, like Gecko) Chrome/78.0.3904.108 Safari/537.36"
152.42.166.163 - - [23/Feb/2025:13:47:52 +0100] "POST //xmlrpc.php HTTP/1.0" 200 741 "-" "Mozilla/5.0 (Windows NT 10.0; Win64; x64) AppleWebKit/537.36 (KHTML, like Gecko) Chrome/78.0.3904.108 Safari/537.36"
152.42.166.163 - - [23/Feb/2025:13:47:52 +0100] "POST //xmlrpc.php HTTP/1.0" 200 741 "-" "Mozilla/5.0 (Windows NT 10.0; Win64; x64) AppleWebKit/537.36 (KHTML, like Gecko) Chrome/78.0.3904.108 Safari/537.36"
80.74.154.100 - - [24/Feb/2025:06:07:46 +0100] "POST /wp-cron.php?doing_wp_cron=1740373666.5529520511627197265625 HTTP/1.0" 200 409 "-" "WordPress/6.7.2; https://online.comeonline.ch"
80.74.154.100 - - [25/Feb/2025:06:08:25 +0100] "POST /wp-cron.php?doing_wp_cron=1740460105.4505000114440917968750 HTTP/1.0" 200 409 "-" "WordPress/6.7.2; https://online.comeonline.ch"
35.213.236.207 - - [25/Feb/2025:12:53:12 +0100] "GET / HTTP/1.0" 200 69307 "-" "Mozilla/5.0 (Windows NT 10.0; Win64; x64) AppleWebKit/537.36 (KHTML, like Gecko; compatible; BW/1.3; rb.gy/qyzae5) Chrome/124.0.0.0 Safari/537.36"
80.74.154.100 - - [25/Feb/2025:12:53:13 +0100] "POST /wp-cron.php?doing_wp_cron=1740484393.3161571025848388671875 HTTP/1.0" 200 409 "-" "WordPress/6.7.2; https://online.comeonline.ch"
35.213.236.207 - - [25/Feb/2025:12:53:18 +0100] "GET /robots.txt HTTP/1.0" 404 567 "-" "Mozilla/5.0 (Windows NT 10.0; Win64; x64) AppleWebKit/537.36 (KHTML, like Gecko; compatible; BW/1.3; rb.gy/qyzae5) Chrome/124.0.0.0 Safari/537.36"
35.213.236.207 - - [25/Feb/2025:12:53:22 +0100] "GET /?page_id=76 HTTP/1.0" 200 69084 "-" "Mozilla/5.0 (Windows NT 10.0; Win64; x64) AppleWebKit/537.36 (KHTML, like Gecko; compatible; BW/1.3; rb.gy/qyzae5) Chrome/124.0.0.0 Safari/537.36"
35.213.236.207 - - [25/Feb/2025:12:53:24 +0100] "GET /ads.txt HTTP/1.0" 404 564 "-" "Mozilla/5.0 (Windows NT 10.0; Win64; x64) AppleWebKit/537.36 (KHTML, like Gecko; compatible; BW/1.3; rb.gy/qyzae5) Chrome/124.0.0.0 Safari/537.36"
54.205.199.97 - - [25/Feb/2025:21:08:29 +0100] "GET /.git/config HTTP/1.0" 404 568 "-" "Mozilla/5.0 (compatible; alexa site audit/1.0; +http://www.alexa.com/help/webmasters; )"
80.74.154.100 - - [26/Feb/2025:06:10:51 +0100] "POST /wp-cron.php?doing_wp_cron=1740546651.5399160385131835937500 HTTP/1.0" 200 409 "-" "WordPress/6.7.2; https://online.comeonline.ch"
35.213.236.207 - - [25/Feb/2025:12:53:17 +0100] "" 400 0 "-" "-"
196.74.139.161 - - [27/Feb/2025:02:28:15 +0100] "GET /.git/config HTTP/1.0" 404 568 "-" "-"
80.74.154.100 - - [27/Feb/2025:06:12:04 +0100] "POST /wp-cron.php?doing_wp_cron=1740633124.5354979038238525390625 HTTP/1.0" 200 409 "-" "WordPress/6.7.2; https://online.comeonline.ch"
80.74.154.100 - - [28/Feb/2025:06:17:58 +0100] "POST /wp-cron.php?doing_wp_cron=1740719878.3791038990020751953125 HTTP/1.0" 200 409 "-" "WordPress/6.7.2; https://online.comeonline.ch"
80.74.154.100 - - [01/Mar/2025:06:13:29 +0100] "POST /wp-cron.php HTTP/1.0" 200 409 "-" "WordPress/6.7.2; https://online.comeonline.ch"
80.74.154.100 - - [01/Mar/2025:06:13:30 +0100] "GET / HTTP/1.0" 200 69307 "-" "WordPress/6.7.2; https://online.comeonline.ch"
80.74.154.100 - - [01/Mar/2025:06:13:31 +0100] "GET / HTTP/1.0" 200 69307 "-" "WordPress/6.7.2; https://online.comeonline.ch"
80.74.154.100 - - [01/Mar/2025:06:13:31 +0100] "GET / HTTP/1.0" 200 69307 "-" "WordPress/6.7.2; https://online.comeonline.ch"
80.74.154.100 - - [01/Mar/2025:06:13:31 +0100] "GET / HTTP/1.0" 200 69307 "-" "WordPress/6.7.2; https://online.comeonline.ch"
80.74.154.100 - - [01/Mar/2025:06:13:27 +0100] "POST /wp-cron.php?doing_wp_cron=1740806006.8671190738677978515625 HTTP/1.0" 200 409 "-" "WordPress/6.7.2; https://online.comeonline.ch"
80.74.154.100 - - [02/Mar/2025:06:08:33 +0100] "POST /wp-cron.php?doing_wp_cron=1740892113.3831129074096679687500 HTTP/1.0" 200 409 "-" "WordPress/6.7.2; https://online.comeonline.ch"
80.74.154.100 - - [03/Mar/2025:06:04:07 +0100] "POST /wp-cron.php?doing_wp_cron=1740978247.4900009632110595703125 HTTP/1.0" 200 409 "-" "WordPress/6.7.2; https://online.comeonline.ch"
15.237.44.99 - - [03/Mar/2025:18:54:28 +0100] "GET / HTTP/1.0" 200 69307 "www.google.com" "Mozilla/5.0 (Linux; Android 7.0; SM-G892A Build/NRD90M; wv) AppleWebKit/537.36 (KHTML, like Gecko) Version/4.0 Chrome/60.0.3112.107 Mobile Safari/537.36"
80.74.154.100 - - [03/Mar/2025:18:54:28 +0100] "POST /wp-cron.php?doing_wp_cron=1741024468.5968959331512451171875 HTTP/1.0" 200 409 "-" "WordPress/6.7.2; https://online.comeonline.ch"
15.237.44.99 - - [03/Mar/2025:18:54:33 +0100] "GET /wp HTTP/1.0" 404 559 "www.google.com" "Mozilla/5.0 (Linux; Android 7.0; SM-G892A Build/NRD90M; wv) AppleWebKit/537.36 (KHTML, like Gecko) Version/4.0 Chrome/60.0.3112.107 Mobile Safari/537.36"
15.237.44.99 - - [03/Mar/2025:18:54:34 +0100] "GET /wordpress HTTP/1.0" 404 566 "www.google.com" "Mozilla/5.0 (Linux; Android 7.0; SM-G892A Build/NRD90M; wv) AppleWebKit/537.36 (KHTML, like Gecko) Version/4.0 Chrome/60.0.3112.107 Mobile Safari/537.36"
15.237.44.99 - - [03/Mar/2025:18:54:40 +0100] "GET /online HTTP/1.0" 404 563 "www.google.com" "Mozilla/5.0 (Linux; Android 7.0; SM-G892A Build/NRD90M; wv) AppleWebKit/537.36 (KHTML, like Gecko) Version/4.0 Chrome/60.0.3112.107 Mobile Safari/537.36"
15.237.44.99 - - [03/Mar/2025:18:54:46 +0100] "GET /wordpress HTTP/1.0" 404 566 "www.google.com" "Mozilla/5.0 (Linux; Android 7.0; SM-G892A Build/NRD90M; wv) AppleWebKit/537.36 (KHTML, like Gecko) Version/4.0 Chrome/60.0.3112.107 Mobile Safari/537.36"
15.237.44.99 - - [03/Mar/2025:18:54:53 +0100] "GET /old HTTP/1.0" 404 560 "www.google.com" "Mozilla/5.0 (Linux; Android 7.0; SM-G892A Build/NRD90M; wv) AppleWebKit/537.36 (KHTML, like Gecko) Version/4.0 Chrome/60.0.3112.107 Mobile Safari/537.36"
15.237.44.99 - - [03/Mar/2025:18:55:07 +0100] "GET /backup HTTP/1.0" 404 563 "www.google.com" "Mozilla/5.0 (Linux; Android 7.0; SM-G892A Build/NRD90M; wv) AppleWebKit/537.36 (KHTML, like Gecko) Version/4.0 Chrome/60.0.3112.107 Mobile Safari/537.36"
15.237.44.99 - - [03/Mar/2025:18:55:14 +0100] "GET /new HTTP/1.0" 404 560 "www.google.com" "Mozilla/5.0 (Linux; Android 7.0; SM-G892A Build/NRD90M; wv) AppleWebKit/537.36 (KHTML, like Gecko) Version/4.0 Chrome/60.0.3112.107 Mobile Safari/537.36"
15.237.44.99 - - [03/Mar/2025:18:55:25 +0100] "GET /test HTTP/1.0" 404 561 "www.google.com" "Mozilla/5.0 (Linux; Android 7.0; SM-G892A Build/NRD90M; wv) AppleWebKit/537.36 (KHTML, like Gecko) Version/4.0 Chrome/60.0.3112.107 Mobile Safari/537.36"
15.237.44.99 - - [03/Mar/2025:18:55:27 +0100] "GET /wp HTTP/1.0" 404 559 "www.google.com" "Mozilla/5.0 (Linux; Android 7.0; SM-G892A Build/NRD90M; wv) AppleWebKit/537.36 (KHTML, like Gecko) Version/4.0 Chrome/60.0.3112.107 Mobile Safari/537.36"
15.237.44.99 - - [03/Mar/2025:18:55:33 +0100] "GET /temp HTTP/1.0" 404 561 "www.google.com" "Mozilla/5.0 (Linux; Android 7.0; SM-G892A Build/NRD90M; wv) AppleWebKit/537.36 (KHTML, like Gecko) Version/4.0 Chrome/60.0.3112.107 Mobile Safari/537.36"
15.237.44.99 - - [03/Mar/2025:18:55:41 +0100] "GET /blog HTTP/1.0" 404 561 "www.google.com" "Mozilla/5.0 (Linux; Android 7.0; SM-G892A Build/NRD90M; wv) AppleWebKit/537.36 (KHTML, like Gecko) Version/4.0 Chrome/60.0.3112.107 Mobile Safari/537.36"
80.74.154.100 - - [04/Mar/2025:06:04:48 +0100] "POST /wp-cron.php?doing_wp_cron=1741064688.6954240798950195312500 HTTP/1.0" 200 409 "-" "WordPress/6.7.2; https://online.comeonline.ch"
167.71.76.248 - - [05/Mar/2025:04:29:50 +0100] "GET / HTTP/1.0" 200 69307 "-" "Mozilla/5.0 (compatible)"
167.71.76.248 - - [05/Mar/2025:04:29:52 +0100] "GET /wp-content/uploads/2024/08/cropped-Online_Band_2022_7-scaled-2-32x32.jpg HTTP/1.0" 200 1765 "https://online.comeonline.ch/" "Mozilla/5.0 (compatible)"
167.71.76.248 - - [05/Mar/2025:04:29:52 +0100] "GET /ads.txt HTTP/1.0" 404 564 "-" "Mozilla/5.0 (compatible)"
80.74.154.100 - - [05/Mar/2025:04:29:51 +0100] "POST /wp-cron.php?doing_wp_cron=1741145391.1102209091186523437500 HTTP/1.0" 200 409 "-" "WordPress/6.7.2; https://online.comeonline.ch"
80.74.154.100 - - [05/Mar/2025:06:10:25 +0100] "POST /wp-cron.php?doing_wp_cron=1741151424.9224009513854980468750 HTTP/1.0" 200 409 "-" "WordPress/6.7.2; https://online.comeonline.ch"
80.74.154.100 - - [06/Mar/2025:06:04:35 +0100] "POST /wp-cron.php?doing_wp_cron=1741237474.9150960445404052734375 HTTP/1.0" 200 409 "-" "WordPress/6.7.2; https://online.comeonline.ch"
34.204.174.174 - - [06/Mar/2025:17:28:09 +0100] "GET /.git/config HTTP/1.0" 404 568 "-" "Mozilla/5.0 (Windows NT 6.1; WOW64) AppleWebKit/537.36 (KHTML, like Gecko) Chrome/75.0.3770.143 YaBrowser/19.7.2.516 Yowser/2.5 Safari/537.36"
80.74.154.100 - - [07/Mar/2025:06:05:14 +0100] "POST /wp-cron.php?doing_wp_cron=1741323914.1956200599670410156250 HTTP/1.0" 200 409 "-" "WordPress/6.7.2; https://online.comeonline.ch"
47.82.11.3 - - [07/Mar/2025:06:42:01 +0100] "GET / HTTP/1.0" 200 69307 "http://online.comeonline.ch" "Mozilla/5.0 (Windows NT 10.0; Win64; x64) AppleWebKit/537.36 (KHTML, like Gecko) Chrome/114.0.0.0 Safari/537.36 Edg/114.0.1823.43"
80.74.154.100 - - [08/Mar/2025:06:05:54 +0100] "POST /wp-cron.php HTTP/1.0" 200 409 "-" "WordPress/6.7.2; https://online.comeonline.ch"
80.74.154.100 - - [08/Mar/2025:06:05:55 +0100] "GET / HTTP/1.0" 200 69307 "-" "WordPress/6.7.2; https://online.comeonline.ch"
80.74.154.100 - - [08/Mar/2025:06:05:56 +0100] "GET / HTTP/1.0" 200 69307 "-" "WordPress/6.7.2; https://online.comeonline.ch"
80.74.154.100 - - [08/Mar/2025:06:05:56 +0100] "GET / HTTP/1.0" 200 69307 "-" "WordPress/6.7.2; https://online.comeonline.ch"
80.74.154.100 - - [08/Mar/2025:06:05:56 +0100] "GET / HTTP/1.0" 200 69307 "-" "WordPress/6.7.2; https://online.comeonline.ch"
80.74.154.100 - - [08/Mar/2025:06:05:52 +0100] "POST /wp-cron.php?doing_wp_cron=1741410352.3673980236053466796875 HTTP/1.0" 200 409 "-" "WordPress/6.7.2; https://online.comeonline.ch"
34.252.240.215 - - [08/Mar/2025:08:06:13 +0100] "GET / HTTP/1.0" 200 69307 "-" "Mozilla/5.0 (compatible; NetcraftSurveyAgent/1.0; +info@netcraft.com)"
80.74.154.100 - - [08/Mar/2025:08:06:13 +0100] "POST /wp-cron.php?doing_wp_cron=1741417573.7637081146240234375000 HTTP/1.0" 200 409 "-" "WordPress/6.7.2; https://online.comeonline.ch"
80.74.154.100 - - [09/Mar/2025:06:05:11 +0100] "POST /wp-cron.php?doing_wp_cron=1741496711.4004380702972412109375 HTTP/1.0" 200 409 "-" "WordPress/6.7.2; https://online.comeonline.ch"
47.82.9.10 - - [10/Mar/2025:00:07:36 +0100] "GET / HTTP/1.0" 200 69307 "http://online.comeonline.ch" "Mozilla/5.0 (Windows NT 10.0; Win64; x64) AppleWebKit/537.36 (KHTML, like Gecko) Chrome/114.0.0.0 Safari/537.36 Edg/114.0.1823.43"
80.74.154.100 - - [10/Mar/2025:00:07:37 +0100] "POST /wp-cron.php?doing_wp_cron=1741561657.3579161167144775390625 HTTP/1.0" 200 409 "-" "WordPress/6.7.2; https://online.comeonline.ch"
80.74.154.100 - - [10/Mar/2025:06:07:02 +0100] "POST /wp-cron.php?doing_wp_cron=1741583221.8348529338836669921875 HTTP/1.0" 200 409 "-" "WordPress/6.7.2; https://online.comeonline.ch"
34.147.66.50 - - [10/Mar/2025:14:18:57 +0100] "GET / HTTP/1.0" 200 69307 "-" "Scrapy/2.11.2 (+https://scrapy.org)"
80.74.154.100 - - [10/Mar/2025:14:18:58 +0100] "POST /wp-cron.php?doing_wp_cron=1741612738.1253440380096435546875 HTTP/1.0" 200 409 "-" "WordPress/6.7.2; https://online.comeonline.ch"
35.196.53.247 - - [10/Mar/2025:22:51:09 +0100] "GET /.git/config HTTP/1.0" 404 568 "-" "-"
34.85.189.139 - - [11/Mar/2025:00:38:25 +0100] "GET /.git/config HTTP/1.0" 404 568 "-" "-"
80.74.154.100 - - [11/Mar/2025:06:07:20 +0100] "POST /wp-cron.php?doing_wp_cron=1741669640.1231300830841064453125 HTTP/1.0" 200 409 "-" "WordPress/6.7.2; https://online.comeonline.ch"
80.74.154.100 - - [12/Mar/2025:06:09:04 +0100] "POST /wp-cron.php?doing_wp_cron=1741756144.1584169864654541015625 HTTP/1.0" 200 409 "-" "WordPress/6.7.2; https://online.comeonline.ch"
80.74.154.100 - - [13/Mar/2025:06:09:57 +0100] "POST /wp-cron.php?doing_wp_cron=1741842597.2160179615020751953125 HTTP/1.0" 200 409 "-" "WordPress/6.7.2; https://online.comeonline.ch"
35.86.219.181 - - [13/Mar/2025:14:01:56 +0100] "GET /robots.txt HTTP/1.0" 404 567 "-" "Mozilla/5.0 (compatible; wpbot/1.3; +https://forms.gle/ajBaxygz9jSR8p8G9)"
35.86.219.181 - - [13/Mar/2025:14:01:57 +0100] "GET / HTTP/1.0" 200 69307 "-" "Mozilla/5.0 (compatible; wpbot/1.3; +https://forms.gle/ajBaxygz9jSR8p8G9)"
80.74.154.100 - - [13/Mar/2025:14:01:57 +0100] "POST /wp-cron.php?doing_wp_cron=1741870917.6741549968719482421875 HTTP/1.0" 200 409 "-" "WordPress/6.7.2; https://online.comeonline.ch"
80.74.154.100 - - [14/Mar/2025:06:07:47 +0100] "POST /wp-cron.php?doing_wp_cron=1741928867.4349660873413085937500 HTTP/1.0" 200 409 "-" "WordPress/6.7.2; https://online.comeonline.ch"
80.74.154.100 - - [15/Mar/2025:06:06:46 +0100] "POST /wp-cron.php HTTP/1.0" 200 409 "-" "WordPress/6.7.2; https://online.comeonline.ch"
80.74.154.100 - - [15/Mar/2025:06:06:47 +0100] "GET / HTTP/1.0" 200 69307 "-" "WordPress/6.7.2; https://online.comeonline.ch"
80.74.154.100 - - [15/Mar/2025:06:06:48 +0100] "GET / HTTP/1.0" 200 69307 "-" "WordPress/6.7.2; https://online.comeonline.ch"
80.74.154.100 - - [15/Mar/2025:06:06:48 +0100] "GET / HTTP/1.0" 200 69307 "-" "WordPress/6.7.2; https://online.comeonline.ch"
80.74.154.100 - - [15/Mar/2025:06:06:48 +0100] "GET / HTTP/1.0" 200 69307 "-" "WordPress/6.7.2; https://online.comeonline.ch"
80.74.154.100 - - [15/Mar/2025:06:06:44 +0100] "POST /wp-cron.php?doing_wp_cron=1742015203.9138209819793701171875 HTTP/1.0" 200 409 "-" "WordPress/6.7.2; https://online.comeonline.ch"
80.74.154.100 - - [16/Mar/2025:06:06:24 +0100] "POST /wp-cron.php?doing_wp_cron=1742101583.8293209075927734375000 HTTP/1.0" 200 409 "-" "WordPress/6.7.2; https://online.comeonline.ch"
80.74.154.100 - - [17/Mar/2025:06:06:25 +0100] "POST /wp-cron.php?doing_wp_cron=1742187984.8647410869598388671875 HTTP/1.0" 200 409 "-" "WordPress/6.7.2; https://online.comeonline.ch"
80.74.154.100 - - [18/Mar/2025:06:08:45 +0100] "POST /wp-cron.php?doing_wp_cron=1742274525.3183660507202148437500 HTTP/1.0" 200 409 "-" "WordPress/6.7.2; https://online.comeonline.ch"
24.199.111.35 - - [19/Mar/2025:02:21:10 +0100] "GET / HTTP/1.0" 200 69307 "-" "Mozilla/5.0 (compatible)"
80.74.154.100 - - [19/Mar/2025:02:21:11 +0100] "POST /wp-cron.php?doing_wp_cron=1742347271.1048169136047363281250 HTTP/1.0" 200 409 "-" "WordPress/6.7.2; https://online.comeonline.ch"
24.199.111.35 - - [19/Mar/2025:02:21:16 +0100] "GET /wp-content/uploads/2024/08/cropped-Online_Band_2022_7-scaled-2-32x32.jpg HTTP/1.0" 200 1765 "https://online.comeonline.ch/" "Mozilla/5.0 (compatible)"
24.199.111.35 - - [19/Mar/2025:02:21:17 +0100] "GET /ads.txt HTTP/1.0" 404 564 "-" "Mozilla/5.0 (compatible)"
80.74.154.100 - - [19/Mar/2025:06:08:37 +0100] "POST /wp-cron.php?doing_wp_cron=1742360916.9277770519256591796875 HTTP/1.0" 200 409 "-" "WordPress/6.7.2; https://online.comeonline.ch"
80.74.154.100 - - [20/Mar/2025:06:09:25 +0100] "POST /wp-cron.php?doing_wp_cron=1742447365.5014820098876953125000 HTTP/1.0" 200 409 "-" "WordPress/6.7.2; https://online.comeonline.ch"
3.215.181.160 - - [20/Mar/2025:10:34:45 +0100] "GET / HTTP/1.0" 200 69307 "-" "Mozilla/5.0 (Windows NT 10.0; Win64; x64) AppleWebKit/537.36 (KHTML, like Gecko) Chrome/100.0.4896.75 Safari/537.36"
80.74.154.100 - - [20/Mar/2025:10:34:45 +0100] "POST /wp-cron.php?doing_wp_cron=1742463285.5117819309234619140625 HTTP/1.0" 200 409 "-" "WordPress/6.7.2; https://online.comeonline.ch"
80.74.154.100 - - [21/Mar/2025:06:08:45 +0100] "POST /wp-cron.php?doing_wp_cron=1742533724.9583139419555664062500 HTTP/1.0" 200 409 "-" "WordPress/6.7.2; https://online.comeonline.ch"
80.74.154.100 - - [22/Mar/2025:06:12:31 +0100] "POST /wp-cron.php HTTP/1.0" 200 409 "-" "WordPress/6.7.2; https://online.comeonline.ch"
80.74.154.100 - - [22/Mar/2025:06:12:32 +0100] "GET / HTTP/1.0" 200 69307 "-" "WordPress/6.7.2; https://online.comeonline.ch"
80.74.154.100 - - [22/Mar/2025:06:12:33 +0100] "GET / HTTP/1.0" 200 69307 "-" "WordPress/6.7.2; https://online.comeonline.ch"
80.74.154.100 - - [22/Mar/2025:06:12:33 +0100] "GET / HTTP/1.0" 200 69307 "-" "WordPress/6.7.2; https://online.comeonline.ch"
80.74.154.100 - - [22/Mar/2025:06:12:33 +0100] "GET / HTTP/1.0" 200 69307 "-" "WordPress/6.7.2; https://online.comeonline.ch"
80.74.154.100 - - [22/Mar/2025:06:12:29 +0100] "POST /wp-cron.php?doing_wp_cron=1742620348.8060250282287597656250 HTTP/1.0" 200 409 "-" "WordPress/6.7.2; https://online.comeonline.ch"
80.74.154.100 - - [23/Mar/2025:06:10:00 +0100] "POST /wp-cron.php?doing_wp_cron=1742706599.8762679100036621093750 HTTP/1.0" 200 409 "-" "WordPress/6.7.2; https://online.comeonline.ch"
80.74.154.100 - - [24/Mar/2025:06:11:29 +0100] "POST /wp-cron.php?doing_wp_cron=1742793089.1610019207000732421875 HTTP/1.0" 200 409 "-" "WordPress/6.7.2; https://online.comeonline.ch"
80.74.154.100 - - [25/Mar/2025:06:07:25 +0100] "POST /wp-cron.php?doing_wp_cron=1742879245.5876610279083251953125 HTTP/1.0" 200 409 "-" "WordPress/6.7.2; https://online.comeonline.ch"
47.79.98.204 - - [25/Mar/2025:08:22:49 +0100] "GET / HTTP/1.0" 200 69307 "http://online.comeonline.ch" "Mozilla/5.0 (Windows NT 10.0; Win64; x64) AppleWebKit/537.36 (KHTML, like Gecko) Chrome/114.0.0.0 Safari/537.36 Edg/114.0.1823.43"
80.74.154.100 - - [25/Mar/2025:08:22:49 +0100] "POST /wp-cron.php?doing_wp_cron=1742887369.7556810379028320312500 HTTP/1.0" 200 409 "-" "WordPress/6.7.2; https://online.comeonline.ch"
80.74.154.100 - - [26/Mar/2025:06:10:32 +0100] "POST /wp-cron.php?doing_wp_cron=1742965832.4844670295715332031250 HTTP/1.0" 200 409 "-" "WordPress/6.7.2; https://online.comeonline.ch"
80.74.154.100 - - [27/Mar/2025:06:10:19 +0100] "POST /wp-cron.php?doing_wp_cron=1743052218.7861421108245849609375 HTTP/1.0" 200 409 "-" "WordPress/6.7.2; https://online.comeonline.ch"
80.74.154.100 - - [28/Mar/2025:06:08:19 +0100] "POST /wp-cron.php?doing_wp_cron=1743138499.0446710586547851562500 HTTP/1.0" 200 409 "-" "WordPress/6.7.2; https://online.comeonline.ch"
80.74.154.100 - - [29/Mar/2025:06:09:41 +0100] "POST /wp-cron.php HTTP/1.0" 200 409 "-" "WordPress/6.7.2; https://online.comeonline.ch"
80.74.154.100 - - [29/Mar/2025:06:09:42 +0100] "GET / HTTP/1.0" 200 69307 "-" "WordPress/6.7.2; https://online.comeonline.ch"
80.74.154.100 - - [29/Mar/2025:06:09:43 +0100] "GET / HTTP/1.0" 200 69307 "-" "WordPress/6.7.2; https://online.comeonline.ch"
80.74.154.100 - - [29/Mar/2025:06:09:43 +0100] "GET / HTTP/1.0" 200 69307 "-" "WordPress/6.7.2; https://online.comeonline.ch"
80.74.154.100 - - [29/Mar/2025:06:09:43 +0100] "GET / HTTP/1.0" 200 69307 "-" "WordPress/6.7.2; https://online.comeonline.ch"
80.74.154.100 - - [29/Mar/2025:06:09:39 +0100] "POST /wp-cron.php?doing_wp_cron=1743224979.0236120223999023437500 HTTP/1.0" 200 409 "-" "WordPress/6.7.2; https://online.comeonline.ch"
80.74.154.100 - - [30/Mar/2025:06:11:12 +0200] "POST /wp-cron.php?doing_wp_cron=1743307872.4733099937438964843750 HTTP/1.0" 200 409 "-" "WordPress/6.7.2; https://online.comeonline.ch"
80.74.154.100 - - [31/Mar/2025:06:10:11 +0200] "POST /wp-cron.php?doing_wp_cron=1743394211.1520619392395019531250 HTTP/1.0" 200 409 "-" "WordPress/6.7.2; https://online.comeonline.ch"
80.74.154.100 - - [01/Apr/2025:06:09:14 +0200] "POST /wp-cron.php?doing_wp_cron=1743480554.1266949176788330078125 HTTP/1.0" 200 409 "-" "WordPress/6.7.2; https://online.comeonline.ch"
35.207.5.150 - - [01/Apr/2025:12:25:31 +0200] "GET / HTTP/1.0" 200 69307 "-" "Mozilla/5.0 (Windows NT 10.0; Win64; x64) AppleWebKit/537.36 (KHTML, like Gecko; compatible; BW/1.3; rb.gy/qyzae5) Chrome/124.0.0.0 Safari/537.36"
80.74.154.100 - - [01/Apr/2025:12:25:31 +0200] "POST /wp-cron.php?doing_wp_cron=1743503131.5858480930328369140625 HTTP/1.0" 200 409 "-" "WordPress/6.7.2; https://online.comeonline.ch"
35.207.5.150 - - [01/Apr/2025:12:25:37 +0200] "GET /robots.txt HTTP/1.0" 404 567 "-" "Mozilla/5.0 (Windows NT 10.0; Win64; x64) AppleWebKit/537.36 (KHTML, like Gecko; compatible; BW/1.3; rb.gy/qyzae5) Chrome/124.0.0.0 Safari/537.36"
35.207.5.150 - - [01/Apr/2025:12:25:39 +0200] "GET /?page_id=76 HTTP/1.0" 200 69084 "-" "Mozilla/5.0 (Windows NT 10.0; Win64; x64) AppleWebKit/537.36 (KHTML, like Gecko; compatible; BW/1.3; rb.gy/qyzae5) Chrome/124.0.0.0 Safari/537.36"
35.207.5.150 - - [01/Apr/2025:12:25:40 +0200] "GET /ads.txt HTTP/1.0" 404 564 "-" "Mozilla/5.0 (Windows NT 10.0; Win64; x64) AppleWebKit/537.36 (KHTML, like Gecko; compatible; BW/1.3; rb.gy/qyzae5) Chrome/124.0.0.0 Safari/537.36"
209.38.99.74 - - [02/Apr/2025:06:02:58 +0200] "GET / HTTP/1.0" 200 69307 "-" "Mozilla/5.0 (compatible)"
209.38.99.74 - - [02/Apr/2025:06:03:00 +0200] "GET /wp-content/uploads/2024/08/cropped-Online_Band_2022_7-scaled-2-32x32.jpg HTTP/1.0" 200 1765 "https://online.comeonline.ch/" "Mozilla/5.0 (compatible)"
80.74.154.100 - - [02/Apr/2025:06:02:58 +0200] "POST /wp-cron.php?doing_wp_cron=1743566578.6296761035919189453125 HTTP/1.0" 200 409 "-" "WordPress/6.7.2; https://online.comeonline.ch"
209.38.99.74 - - [02/Apr/2025:06:03:00 +0200] "GET /ads.txt HTTP/1.0" 404 564 "-" "Mozilla/5.0 (compatible)"
35.207.5.150 - - [01/Apr/2025:12:25:36 +0200] "" 400 0 "-" "-"
80.74.154.100 - - [03/Apr/2025:06:13:33 +0200] "POST /wp-cron.php?doing_wp_cron=1743653613.2375121116638183593750 HTTP/1.0" 200 409 "-" "WordPress/6.7.2; https://online.comeonline.ch"
80.74.154.100 - - [04/Apr/2025:06:13:44 +0200] "POST /wp-cron.php?doing_wp_cron=1743740024.2837519645690917968750 HTTP/1.0" 200 409 "-" "WordPress/6.7.2; https://online.comeonline.ch"
80.74.154.100 - - [05/Apr/2025:06:09:34 +0200] "POST /wp-cron.php HTTP/1.0" 200 409 "-" "WordPress/6.7.2; https://online.comeonline.ch"
80.74.154.100 - - [05/Apr/2025:06:09:35 +0200] "GET / HTTP/1.0" 200 69307 "-" "WordPress/6.7.2; https://online.comeonline.ch"
80.74.154.100 - - [05/Apr/2025:06:09:36 +0200] "GET / HTTP/1.0" 200 69307 "-" "WordPress/6.7.2; https://online.comeonline.ch"
80.74.154.100 - - [05/Apr/2025:06:09:36 +0200] "GET / HTTP/1.0" 200 69307 "-" "WordPress/6.7.2; https://online.comeonline.ch"
80.74.154.100 - - [05/Apr/2025:06:09:36 +0200] "GET / HTTP/1.0" 200 69307 "-" "WordPress/6.7.2; https://online.comeonline.ch"
80.74.154.100 - - [05/Apr/2025:06:09:32 +0200] "POST /wp-cron.php?doing_wp_cron=1743826171.9643199443817138671875 HTTP/1.0" 200 409 "-" "WordPress/6.7.2; https://online.comeonline.ch"
54.205.244.99 - - [05/Apr/2025:20:04:03 +0200] "GET /.git/config HTTP/1.0" 404 568 "-" "Mozilla/5.0 (Windows NT 10.0; Win64; x64) AppleWebKit/537.36 (KHTML, like Gecko) Chrome/73.0.3683.103 Safari/537.36"
80.74.154.100 - - [06/Apr/2025:06:06:13 +0200] "POST /wp-cron.php?doing_wp_cron=1743912373.4584379196166992187500 HTTP/1.0" 200 409 "-" "WordPress/6.7.2; https://online.comeonline.ch"
44.211.146.224 - - [06/Apr/2025:21:11:39 +0200] "GET / HTTP/1.0" 200 69307 "-" "Mozilla/5.0 (Windows NT 10.0; Win64; x64) AppleWebKit/537.36 (KHTML, like Gecko) Chrome/104.0.0.0 Safari/537.36"
80.74.154.100 - - [06/Apr/2025:21:11:40 +0200] "POST /wp-cron.php?doing_wp_cron=1743966700.4138751029968261718750 HTTP/1.0" 200 409 "-" "WordPress/6.7.2; https://online.comeonline.ch"
80.74.154.100 - - [07/Apr/2025:06:07:30 +0200] "POST /wp-cron.php?doing_wp_cron=1743998850.1600799560546875000000 HTTP/1.0" 200 409 "-" "WordPress/6.7.2; https://online.comeonline.ch"
44.234.66.94 - - [07/Apr/2025:15:01:05 +0200] "GET /robots.txt HTTP/1.0" 404 567 "-" "Mozilla/5.0 (compatible; wpbot/1.3; +https://forms.gle/ajBaxygz9jSR8p8G9)"
