34.70.240.180 - - [13/Aug/2025:23:06:04 +0200] "POST //xmlrpc.php HTTP/1.0" 200 741 "-" "Mozilla/5.0 (Windows NT 10.0; Win64; x64) AppleWebKit/537.36 (KHTML, like Gecko) Chrome/78.0.3904.108 Safari/537.36"
34.70.240.180 - - [13/Aug/2025:23:06:04 +0200] "POST //xmlrpc.php HTTP/1.0" 200 741 "-" "Mozilla/5.0 (Windows NT 10.0; Win64; x64) AppleWebKit/537.36 (KHTML, like Gecko) Chrome/78.0.3904.108 Safari/537.36"
34.70.240.180 - - [13/Aug/2025:23:06:04 +0200] "POST //xmlrpc.php HTTP/1.0" 200 741 "-" "Mozilla/5.0 (Windows NT 10.0; Win64; x64) AppleWebKit/537.36 (KHTML, like Gecko) Chrome/78.0.3904.108 Safari/537.36"
34.70.240.180 - - [13/Aug/2025:23:06:04 +0200] "POST //xmlrpc.php HTTP/1.0" 200 741 "-" "Mozilla/5.0 (Windows NT 10.0; Win64; x64) AppleWebKit/537.36 (KHTML, like Gecko) Chrome/78.0.3904.108 Safari/537.36"
34.70.240.180 - - [13/Aug/2025:23:06:04 +0200] "POST //xmlrpc.php HTTP/1.0" 200 741 "-" "Mozilla/5.0 (Windows NT 10.0; Win64; x64) AppleWebKit/537.36 (KHTML, like Gecko) Chrome/78.0.3904.108 Safari/537.36"
34.9.168.38 - - [13/Aug/2025:23:46:23 +0200] "GET /.git/config HTTP/1.0" 404 568 "-" "-"
80.74.154.100 - - [14/Aug/2025:06:07:20 +0200] "POST /wp-cron.php?doing_wp_cron=1755144440.4907479286193847656250 HTTP/1.0" 200 409 "-" "WordPress/6.8.2; https://online.comeonline.ch"
181.214.218.245 - - [14/Aug/2025:11:57:55 +0200] "GET /favicon.ico HTTP/1.0" 404 568 "-" "Go-http-client/1.1"
138.199.59.133 - - [14/Aug/2025:11:57:55 +0200] "GET / HTTP/1.0" 500 8389 "-" "Mozilla/5.0 (X11; Linux x86_64) AppleWebKit/537.36 (KHTML, like Gecko) Chrome/137.0.0.0 Safari/537.36"
80.74.154.100 - - [14/Aug/2025:11:57:56 +0200] "POST /wp-cron.php?doing_wp_cron=1755165476.1975440979003906250000 HTTP/1.0" 200 409 "-" "WordPress/6.8.2; https://online.comeonline.ch"
80.74.154.100 - - [15/Aug/2025:06:06:36 +0200] "POST /wp-cron.php?doing_wp_cron=1755230795.8765668869018554687500 HTTP/1.0" 200 409 "-" "WordPress/6.8.2; https://online.comeonline.ch"
159.223.139.76 - - [15/Aug/2025:16:03:20 +0200] "GET / HTTP/1.0" 200 69503 "-" "Mozilla/5.0 (X11; Linux x86_64; rv:139.0) Gecko/20100101 Firefox/139.0"
159.223.139.76 - - [15/Aug/2025:16:03:25 +0200] "GET /wp-content/uploads/2024/08/cropped-Online_Band_2022_7-scaled-2-32x32.jpg HTTP/1.0" 200 1765 "https://online.comeonline.ch/" "Mozilla/5.0 (X11; Linux x86_64; rv:139.0) Gecko/20100101 Firefox/139.0"
80.74.154.100 - - [15/Aug/2025:16:03:24 +0200] "POST /wp-cron.php HTTP/1.0" 200 409 "-" "WordPress/6.8.2; https://online.comeonline.ch"
80.74.154.100 - - [15/Aug/2025:16:03:25 +0200] "GET / HTTP/1.0" 200 69503 "-" "WordPress/6.8.2; https://online.comeonline.ch"
80.74.154.100 - - [15/Aug/2025:16:03:26 +0200] "GET / HTTP/1.0" 200 69503 "-" "WordPress/6.8.2; https://online.comeonline.ch"
80.74.154.100 - - [15/Aug/2025:16:03:26 +0200] "GET / HTTP/1.0" 200 69503 "-" "WordPress/6.8.2; https://online.comeonline.ch"
80.74.154.100 - - [15/Aug/2025:16:03:26 +0200] "GET / HTTP/1.0" 200 69503 "-" "WordPress/6.8.2; https://online.comeonline.ch"
80.74.154.100 - - [15/Aug/2025:16:03:21 +0200] "POST /wp-cron.php?doing_wp_cron=1755266601.2920880317687988281250 HTTP/1.0" 200 409 "-" "WordPress/6.8.2; https://online.comeonline.ch"
80.74.154.100 - - [16/Aug/2025:06:04:52 +0200] "POST /wp-cron.php?doing_wp_cron=1755317092.5379209518432617187500 HTTP/1.0" 200 409 "-" "WordPress/6.8.2; https://online.comeonline.ch"
54.177.134.239 - - [16/Aug/2025:09:47:39 +0200] "GET / HTTP/1.0" 200 69503 "-" "Mozilla/5.0 (Windows NT 10.0; Win64; x64) AppleWebKit/537.36 (KHTML, like Gecko) Chrome/58.0.3029.110 Safari/537.3"
80.74.154.100 - - [16/Aug/2025:09:47:40 +0200] "POST /wp-cron.php?doing_wp_cron=1755330460.4991090297698974609375 HTTP/1.0" 200 409 "-" "WordPress/6.8.2; https://online.comeonline.ch"
80.74.154.100 - - [17/Aug/2025:06:06:18 +0200] "POST /wp-cron.php?doing_wp_cron=1755403578.6671988964080810546875 HTTP/1.0" 200 409 "-" "WordPress/6.8.2; https://online.comeonline.ch"
212.102.36.180 - - [17/Aug/2025:07:04:20 +0200] "GET / HTTP/1.0" 200 69503 "-" "Mozilla/5.0 (Linux; Android 10; K) AppleWebKit/537.36 (KHTML, like Gecko) Chrome/132.0.0.0 Mobile Safari/537.36"
80.74.154.100 - - [17/Aug/2025:07:04:20 +0200] "POST /wp-cron.php?doing_wp_cron=1755407060.5612370967864990234375 HTTP/1.0" 200 409 "-" "WordPress/6.8.2; https://online.comeonline.ch"
37.120.213.168 - - [17/Aug/2025:07:04:20 +0200] "GET / HTTP/1.0" 200 69503 "-" "Mozilla/5.0 (Windows NT 10.0; Win64; x64) AppleWebKit/537.36 (KHTML, like Gecko) Chrome/130.0.0.0 Safari/537.36 Edg/130.0.0.0"
212.102.57.87 - - [17/Aug/2025:07:04:25 +0200] "GET / HTTP/1.0" 200 69503 "-" "Mozilla/5.0 (Linux; Android 10; K) AppleWebKit/537.36 (KHTML, like Gecko) Chrome/131.0.0.0 Mobile Safari/537.36"
212.102.36.180 - - [17/Aug/2025:07:04:41 +0200] "GET /wp-content/uploads/2024/08/cropped-Online_Band_2022_7-scaled-2-32x32.jpg HTTP/1.0" 200 1765 "-" "Mozilla/5.0 (Linux; Android 10; K) AppleWebKit/537.36 (KHTML, like Gecko) Chrome/132.0.0.0 Mobile Safari/537.36"
212.102.36.180 - - [17/Aug/2025:07:04:41 +0200] "GET /wp-content/uploads/2024/08/cropped-Online_Band_2022_7-scaled-2-192x192.jpg HTTP/1.0" 200 12029 "-" "Mozilla/5.0 (Linux; Android 10; K) AppleWebKit/537.36 (KHTML, like Gecko) Chrome/132.0.0.0 Mobile Safari/537.36"
212.102.36.180 - - [17/Aug/2025:07:04:41 +0200] "GET /wp-content/uploads/2024/08/cropped-Online_Band_2022_7-scaled-2-180x180.jpg HTTP/1.0" 200 11188 "-" "Mozilla/5.0 (Linux; Android 10; K) AppleWebKit/537.36 (KHTML, like Gecko) Chrome/132.0.0.0 Mobile Safari/537.36"
37.120.213.168 - - [17/Aug/2025:07:04:41 +0200] "GET /wp-content/uploads/2024/08/cropped-Online_Band_2022_7-scaled-2-180x180.jpg HTTP/1.0" 200 11188 "-" "Mozilla/5.0 (Windows NT 10.0; Win64; x64) AppleWebKit/537.36 (KHTML, like Gecko) Chrome/130.0.0.0 Safari/537.36 Edg/130.0.0.0"
37.120.213.168 - - [17/Aug/2025:07:04:41 +0200] "GET /wp-content/uploads/2024/08/cropped-Online_Band_2022_7-scaled-2-192x192.jpg HTTP/1.0" 200 12029 "-" "Mozilla/5.0 (Windows NT 10.0; Win64; x64) AppleWebKit/537.36 (KHTML, like Gecko) Chrome/130.0.0.0 Safari/537.36 Edg/130.0.0.0"
37.120.213.168 - - [17/Aug/2025:07:04:41 +0200] "GET /wp-content/uploads/2024/08/cropped-Online_Band_2022_7-scaled-2-32x32.jpg HTTP/1.0" 200 1765 "-" "Mozilla/5.0 (Windows NT 10.0; Win64; x64) AppleWebKit/537.36 (KHTML, like Gecko) Chrome/130.0.0.0 Safari/537.36 Edg/130.0.0.0"
212.102.57.87 - - [17/Aug/2025:07:04:44 +0200] "GET /wp-content/uploads/2024/08/cropped-Online_Band_2022_7-scaled-2-192x192.jpg HTTP/1.0" 200 12029 "-" "Mozilla/5.0 (Linux; Android 10; K) AppleWebKit/537.36 (KHTML, like Gecko) Chrome/131.0.0.0 Mobile Safari/537.36"
212.102.57.87 - - [17/Aug/2025:07:04:44 +0200] "GET /wp-content/uploads/2024/08/cropped-Online_Band_2022_7-scaled-2-32x32.jpg HTTP/1.0" 200 1765 "-" "Mozilla/5.0 (Linux; Android 10; K) AppleWebKit/537.36 (KHTML, like Gecko) Chrome/131.0.0.0 Mobile Safari/537.36"
212.102.57.87 - - [17/Aug/2025:07:04:47 +0200] "GET /wp-content/uploads/2024/08/cropped-Online_Band_2022_7-scaled-2-180x180.jpg HTTP/1.0" 200 11188 "-" "Mozilla/5.0 (Linux; Android 10; K) AppleWebKit/537.36 (KHTML, like Gecko) Chrome/131.0.0.0 Mobile Safari/537.36"
37.120.213.168 - - [17/Aug/2025:07:05:14 +0200] "GET /favicon.ico HTTP/1.0" 404 568 "-" "Mozilla/5.0 (Windows NT 10.0; Win64; x64) AppleWebKit/537.36 (KHTML, like Gecko) Chrome/130.0.0.0 Safari/537.36 Edg/130.0.0.0"
80.74.154.100 - - [18/Aug/2025:06:06:08 +0200] "POST /wp-cron.php?doing_wp_cron=1755489967.9125680923461914062500 HTTP/1.0" 200 409 "-" "WordPress/6.8.2; https://online.comeonline.ch"
34.247.245.86 - - [18/Aug/2025:07:45:08 +0200] "GET / HTTP/1.0" 200 69503 "-" "Mozilla/5.0 (compatible; NetcraftSurveyAgent/1.0; +info@netcraft.com)"
80.74.154.100 - - [18/Aug/2025:07:45:09 +0200] "POST /wp-cron.php?doing_wp_cron=1755495909.2920019626617431640625 HTTP/1.0" 200 409 "-" "WordPress/6.8.2; https://online.comeonline.ch"
159.203.77.163 - - [18/Aug/2025:13:36:50 +0200] "GET / HTTP/1.0" 200 69503 "-" "Mozilla/5.0 (Macintosh; Intel Mac OS X 10_15_7) AppleWebKit/537.36 (KHTML, like Gecko) Chrome/136.0.0.0 Safari/537.36"
80.74.154.100 - - [18/Aug/2025:13:36:51 +0200] "POST /wp-cron.php?doing_wp_cron=1755517011.0860390663146972656250 HTTP/1.0" 200 409 "-" "WordPress/6.8.2; https://online.comeonline.ch"
80.74.154.100 - - [19/Aug/2025:06:08:15 +0200] "POST /wp-cron.php?doing_wp_cron=1755576495.0534470081329345703125 HTTP/1.0" 200 409 "-" "WordPress/6.8.2; https://online.comeonline.ch"
80.74.154.100 - - [20/Aug/2025:06:07:33 +0200] "POST /wp-cron.php?doing_wp_cron=1755662853.0590379238128662109375 HTTP/1.0" 200 409 "-" "WordPress/6.8.2; https://online.comeonline.ch"
64.227.45.238 - - [20/Aug/2025:07:10:07 +0200] "GET / HTTP/1.0" 200 69503 "-" "Mozilla/5.0 (X11; Linux x86_64) AppleWebKit/537.36 (KHTML, like Gecko) Chrome/139.0.0.0 Safari/537.36"
80.74.154.100 - - [20/Aug/2025:07:10:08 +0200] "POST /wp-cron.php?doing_wp_cron=1755666608.2273879051208496093750 HTTP/1.0" 200 409 "-" "WordPress/6.8.2; https://online.comeonline.ch"
64.227.45.238 - - [20/Aug/2025:07:10:09 +0200] "GET /wp-content/uploads/2024/08/cropped-Online_Band_2022_7-scaled-2-32x32.jpg HTTP/1.0" 200 1765 "https://online.comeonline.ch/" "Mozilla/5.0 (X11; Linux x86_64) AppleWebKit/537.36 (KHTML, like Gecko) Chrome/139.0.0.0 Safari/537.36"
31.10.150.247 - - [20/Aug/2025:17:06:08 +0200] "GET /favicon.ico HTTP/1.0" 404 568 "-" "Mozilla/5.0 (Windows NT 10.0; Win64; x64) AppleWebKit/537.36 (KHTML, like Gecko) Chrome/139.0.0.0 Safari/537.36"
31.10.150.247 - - [20/Aug/2025:17:14:49 +0200] "GET /favicon.ico HTTP/1.0" 404 568 "-" "Mozilla/5.0 (Windows NT 10.0; Win64; x64) AppleWebKit/537.36 (KHTML, like Gecko) Chrome/139.0.0.0 Safari/537.36"
31.10.150.247 - - [20/Aug/2025:17:26:12 +0200] "GET /favicon.ico HTTP/1.0" 404 568 "-" "Mozilla/5.0 (Windows NT 10.0; Win64; x64) AppleWebKit/537.36 (KHTML, like Gecko) Chrome/139.0.0.0 Safari/537.36"
80.74.154.100 - - [21/Aug/2025:06:09:44 +0200] "POST /wp-cron.php?doing_wp_cron=1755749384.1817998886108398437500 HTTP/1.0" 200 409 "-" "WordPress/6.8.2; https://online.comeonline.ch"
80.74.154.100 - - [22/Aug/2025:06:04:34 +0200] "POST /wp-cron.php?doing_wp_cron=1755835474.3092861175537109375000 HTTP/1.0" 200 409 "-" "WordPress/6.8.2; https://online.comeonline.ch"
80.74.154.100 - - [23/Aug/2025:06:06:37 +0200] "POST /wp-cron.php HTTP/1.0" 200 409 "-" "WordPress/6.8.2; https://online.comeonline.ch"
80.74.154.100 - - [23/Aug/2025:06:06:38 +0200] "GET / HTTP/1.0" 200 69503 "-" "WordPress/6.8.2; https://online.comeonline.ch"
80.74.154.100 - - [23/Aug/2025:06:06:39 +0200] "GET / HTTP/1.0" 200 69503 "-" "WordPress/6.8.2; https://online.comeonline.ch"
80.74.154.100 - - [23/Aug/2025:06:06:39 +0200] "GET / HTTP/1.0" 200 69503 "-" "WordPress/6.8.2; https://online.comeonline.ch"
80.74.154.100 - - [23/Aug/2025:06:06:39 +0200] "GET / HTTP/1.0" 200 69503 "-" "WordPress/6.8.2; https://online.comeonline.ch"
80.74.154.100 - - [23/Aug/2025:06:06:34 +0200] "POST /wp-cron.php?doing_wp_cron=1755921994.6924290657043457031250 HTTP/1.0" 200 409 "-" "WordPress/6.8.2; https://online.comeonline.ch"
80.74.154.100 - - [24/Aug/2025:06:05:51 +0200] "POST /wp-cron.php?doing_wp_cron=1756008351.6425240039825439453125 HTTP/1.0" 200 409 "-" "WordPress/6.8.2; https://online.comeonline.ch"
80.74.154.100 - - [25/Aug/2025:06:06:12 +0200] "POST /wp-cron.php?doing_wp_cron=1756094771.8661870956420898437500 HTTP/1.0" 200 409 "-" "WordPress/6.8.2; https://online.comeonline.ch"
13.222.237.28 - - [26/Aug/2025:03:31:48 +0200] "GET / HTTP/1.0" 200 69503 "-" "Mozilla/5.0 (Windows NT 10.0; Win64; x64) AppleWebKit/537.36 (KHTML, like Gecko) Chrome/130.0.0.0 Safari/537.36"
13.222.237.28 - - [26/Aug/2025:03:31:50 +0200] "GET /wp-includes/css/dist/block-library/style.min.css?ver=6.8.2 HTTP/1.0" 200 116979 "https://online.comeonline.ch/" "Mozilla/5.0 (Windows NT 10.0; Win64; x64) AppleWebKit/537.36 (KHTML, like Gecko) Chrome/130.0.0.0 Safari/537.36"
13.222.237.28 - - [26/Aug/2025:03:31:50 +0200] "GET /wp-content/themes/twentyseventeen/assets/css/blocks.css?ver=20240624 HTTP/1.0" 200 11319 "https://online.comeonline.ch/" "Mozilla/5.0 (Windows NT 10.0; Win64; x64) AppleWebKit/537.36 (KHTML, like Gecko) Chrome/130.0.0.0 Safari/537.36"
13.222.237.28 - - [26/Aug/2025:03:31:50 +0200] "GET /wp-content/themes/twentyseventeen/assets/fonts/font-libre-franklin.css?ver=20230328 HTTP/1.0" 200 11902 "https://online.comeonline.ch/" "Mozilla/5.0 (Windows NT 10.0; Win64; x64) AppleWebKit/537.36 (KHTML, like Gecko) Chrome/130.0.0.0 Safari/537.36"
13.222.237.28 - - [26/Aug/2025:03:31:50 +0200] "GET /wp-content/themes/twentyseventeen/style.css?ver=20240716 HTTP/1.0" 200 84673 "https://online.comeonline.ch/" "Mozilla/5.0 (Windows NT 10.0; Win64; x64) AppleWebKit/537.36 (KHTML, like Gecko) Chrome/130.0.0.0 Safari/537.36"
13.222.237.28 - - [26/Aug/2025:03:31:50 +0200] "GET /wp-content/uploads/2024/08/cropped-Online_Band_2022_7-scaled-1.jpg HTTP/1.0" 200 398479 "https://online.comeonline.ch/" "Mozilla/5.0 (Windows NT 10.0; Win64; x64) AppleWebKit/537.36 (KHTML, like Gecko) Chrome/130.0.0.0 Safari/537.36"
13.222.237.28 - - [26/Aug/2025:03:31:50 +0200] "GET /wp-includes/js/jquery/jquery.min.js?ver=3.7.1 HTTP/1.0" 200 88142 "https://online.comeonline.ch/" "Mozilla/5.0 (Windows NT 10.0; Win64; x64) AppleWebKit/537.36 (KHTML, like Gecko) Chrome/130.0.0.0 Safari/537.36"
13.222.237.28 - - [26/Aug/2025:03:31:50 +0200] "GET /wp-includes/js/jquery/jquery-migrate.min.js?ver=3.4.1 HTTP/1.0" 200 14020 "https://online.comeonline.ch/" "Mozilla/5.0 (Windows NT 10.0; Win64; x64) AppleWebKit/537.36 (KHTML, like Gecko) Chrome/130.0.0.0 Safari/537.36"
80.74.154.100 - - [26/Aug/2025:03:31:49 +0200] "POST /wp-cron.php?doing_wp_cron=1756171908.8166821002960205078125 HTTP/1.0" 200 409 "-" "WordPress/6.8.2; https://online.comeonline.ch"
13.222.237.28 - - [26/Aug/2025:03:31:51 +0200] "GET /wp-content/themes/twentyseventeen/assets/js/global.js?ver=20211130 HTTP/1.0" 200 8267 "https://online.comeonline.ch/" "Mozilla/5.0 (Windows NT 10.0; Win64; x64) AppleWebKit/537.36 (KHTML, like Gecko) Chrome/130.0.0.0 Safari/537.36"
13.222.237.28 - - [26/Aug/2025:03:31:51 +0200] "GET /wp-content/themes/twentyseventeen/assets/js/navigation.js?ver=20210122 HTTP/1.0" 200 4201 "https://online.comeonline.ch/" "Mozilla/5.0 (Windows NT 10.0; Win64; x64) AppleWebKit/537.36 (KHTML, like Gecko) Chrome/130.0.0.0 Safari/537.36"
13.222.237.28 - - [26/Aug/2025:03:31:51 +0200] "GET /wp-content/themes/twentyseventeen/assets/js/jquery.scrollTo.js?ver=2.1.3 HTTP/1.0" 200 6259 "https://online.comeonline.ch/" "Mozilla/5.0 (Windows NT 10.0; Win64; x64) AppleWebKit/537.36 (KHTML, like Gecko) Chrome/130.0.0.0 Safari/537.36"
13.222.237.28 - - [26/Aug/2025:03:31:51 +0200] "GET /wp-content/themes/twentyseventeen/assets/fonts/libre-franklin/libre-franklin-latin-400-normal.woff2?ver=13 HTTP/1.0" 200 14557 "https://online.comeonline.ch/wp-content/themes/twentyseventeen/assets/fonts/font-libre-franklin.css?ver=20230328" "Mozilla/5.0 (Windows NT 10.0; Win64; x64) AppleWebKit/537.36 (KHTML, like Gecko) Chrome/130.0.0.0 Safari/537.36"
13.222.237.28 - - [26/Aug/2025:03:31:51 +0200] "GET /wp-content/themes/twentyseventeen/assets/fonts/libre-franklin/libre-franklin-latin-800-normal.woff2?ver=13 HTTP/1.0" 200 14665 "https://online.comeonline.ch/wp-content/themes/twentyseventeen/assets/fonts/font-libre-franklin.css?ver=20230328" "Mozilla/5.0 (Windows NT 10.0; Win64; x64) AppleWebKit/537.36 (KHTML, like Gecko) Chrome/130.0.0.0 Safari/537.36"
13.222.237.28 - - [26/Aug/2025:03:31:51 +0200] "GET /wp-content/themes/twentyseventeen/assets/fonts/libre-franklin/libre-franklin-latin-600-normal.woff2?ver=13 HTTP/1.0" 200 14625 "https://online.comeonline.ch/wp-content/themes/twentyseventeen/assets/fonts/font-libre-franklin.css?ver=20230328" "Mozilla/5.0 (Windows NT 10.0; Win64; x64) AppleWebKit/537.36 (KHTML, like Gecko) Chrome/130.0.0.0 Safari/537.36"
13.222.237.28 - - [26/Aug/2025:03:31:52 +0200] "GET /wp-includes/js/wp-emoji-release.min.js?ver=6.8.2 HTTP/1.0" 200 19723 "https://online.comeonline.ch/" "Mozilla/5.0 (Windows NT 10.0; Win64; x64) AppleWebKit/537.36 (KHTML, like Gecko) Chrome/130.0.0.0 Safari/537.36"
13.222.237.28 - - [26/Aug/2025:03:31:52 +0200] "GET /wp-content/uploads/2024/08/cropped-Online_Band_2022_7-scaled-2-32x32.jpg HTTP/1.0" 200 1765 "https://online.comeonline.ch/" "Mozilla/5.0 (Windows NT 10.0; Win64; x64) AppleWebKit/537.36 (KHTML, like Gecko) Chrome/130.0.0.0 Safari/537.36"
80.74.154.100 - - [26/Aug/2025:06:13:51 +0200] "POST /wp-cron.php?doing_wp_cron=1756181631.6239120960235595703125 HTTP/1.0" 200 409 "-" "WordPress/6.8.2; https://online.comeonline.ch"
80.74.154.100 - - [27/Aug/2025:06:14:10 +0200] "POST /wp-cron.php?doing_wp_cron=1756268050.4659650325775146484375 HTTP/1.0" 200 409 "-" "WordPress/6.8.2; https://online.comeonline.ch"
80.74.154.100 - - [28/Aug/2025:06:13:16 +0200] "POST /wp-cron.php?doing_wp_cron=1756354396.1751899719238281250000 HTTP/1.0" 200 409 "-" "WordPress/6.8.2; https://online.comeonline.ch"
80.74.154.100 - - [29/Aug/2025:06:08:14 +0200] "POST /wp-cron.php?doing_wp_cron=1756440494.3173069953918457031250 HTTP/1.0" 200 409 "-" "WordPress/6.8.2; https://online.comeonline.ch"
80.74.154.100 - - [30/Aug/2025:06:11:00 +0200] "POST /wp-cron.php HTTP/1.0" 200 409 "-" "WordPress/6.8.2; https://online.comeonline.ch"
80.74.154.100 - - [30/Aug/2025:06:11:01 +0200] "GET / HTTP/1.0" 200 69503 "-" "WordPress/6.8.2; https://online.comeonline.ch"
80.74.154.100 - - [30/Aug/2025:06:11:01 +0200] "GET / HTTP/1.0" 200 69503 "-" "WordPress/6.8.2; https://online.comeonline.ch"
80.74.154.100 - - [30/Aug/2025:06:11:02 +0200] "GET / HTTP/1.0" 200 69503 "-" "WordPress/6.8.2; https://online.comeonline.ch"
80.74.154.100 - - [30/Aug/2025:06:11:02 +0200] "GET / HTTP/1.0" 200 69503 "-" "WordPress/6.8.2; https://online.comeonline.ch"
80.74.154.100 - - [30/Aug/2025:06:10:57 +0200] "POST /wp-cron.php?doing_wp_cron=1756527056.9651091098785400390625 HTTP/1.0" 200 409 "-" "WordPress/6.8.2; https://online.comeonline.ch"
80.74.154.100 - - [31/Aug/2025:06:05:35 +0200] "POST /wp-cron.php?doing_wp_cron=1756613134.9701189994812011718750 HTTP/1.0" 200 409 "-" "WordPress/6.8.2; https://online.comeonline.ch"
34.173.179.157 - - [31/Aug/2025:19:17:58 +0200] "GET / HTTP/1.0" 200 69503 "http://online.comeonline.ch" "Mozilla/5.0 (compatible; CMS-Checker/1.0; +https://example.com)"
80.74.154.100 - - [31/Aug/2025:19:17:59 +0200] "POST /wp-cron.php?doing_wp_cron=1756660679.2833499908447265625000 HTTP/1.0" 200 409 "-" "WordPress/6.8.2; https://online.comeonline.ch"
80.74.154.100 - - [01/Sep/2025:06:06:32 +0200] "POST /wp-cron.php?doing_wp_cron=1756699591.9430570602416992187500 HTTP/1.0" 200 409 "-" "WordPress/6.8.2; https://online.comeonline.ch"
80.74.154.100 - - [02/Sep/2025:06:09:23 +0200] "POST /wp-cron.php?doing_wp_cron=1756786163.0550599098205566406250 HTTP/1.0" 200 409 "-" "WordPress/6.8.2; https://online.comeonline.ch"
34.125.49.122 - - [02/Sep/2025:10:42:02 +0200] "GET / HTTP/1.0" 200 69503 "http://online.comeonline.ch" "Mozilla/5.0 (compatible; CMS-Checker/1.0; +https://example.com)"
80.74.154.100 - - [02/Sep/2025:10:42:03 +0200] "POST /wp-cron.php?doing_wp_cron=1756802523.0292069911956787109375 HTTP/1.0" 200 409 "-" "WordPress/6.8.2; https://online.comeonline.ch"
34.34.21.42 - - [02/Sep/2025:19:25:00 +0200] "GET / HTTP/1.0" 200 69503 "-" "Scrapy/2.12.0 (+https://scrapy.org)"
80.74.154.100 - - [02/Sep/2025:19:25:01 +0200] "POST /wp-cron.php?doing_wp_cron=1756833900.9477179050445556640625 HTTP/1.0" 200 409 "-" "WordPress/6.8.2; https://online.comeonline.ch"
80.74.154.100 - - [03/Sep/2025:06:08:08 +0200] "POST /wp-cron.php?doing_wp_cron=1756872488.6919939517974853515625 HTTP/1.0" 200 409 "-" "WordPress/6.8.2; https://online.comeonline.ch"
174.138.7.115 - - [03/Sep/2025:08:48:28 +0200] "GET / HTTP/1.0" 200 69503 "-" "Mozilla/5.0 (X11; Linux x86_64; rv:139.0) Gecko/20100101 Firefox/139.0"
80.74.154.100 - - [03/Sep/2025:08:48:28 +0200] "POST /wp-cron.php?doing_wp_cron=1756882108.6701889038085937500000 HTTP/1.0" 200 409 "-" "WordPress/6.8.2; https://online.comeonline.ch"
174.138.7.115 - - [03/Sep/2025:08:48:30 +0200] "GET /wp-content/uploads/2024/08/cropped-Online_Band_2022_7-scaled-2-32x32.jpg HTTP/1.0" 200 1765 "https://online.comeonline.ch/" "Mozilla/5.0 (X11; Linux x86_64; rv:139.0) Gecko/20100101 Firefox/139.0"
80.74.154.100 - - [04/Sep/2025:06:09:49 +0200] "POST /wp-cron.php?doing_wp_cron=1756958989.2878830432891845703125 HTTP/1.0" 200 409 "-" "WordPress/6.8.2; https://online.comeonline.ch"
80.74.154.100 - - [05/Sep/2025:06:08:51 +0200] "POST /wp-cron.php?doing_wp_cron=1757045331.5399429798126220703125 HTTP/1.0" 200 409 "-" "WordPress/6.8.2; https://online.comeonline.ch"
18.169.163.141 - - [05/Sep/2025:14:24:43 +0200] "POST /wp-admin/admin-ajax.php HTTP/1.0" 400 583 "-" "Mozilla/5.0 (Linux; Android 8.0; Pixel 2 Build/OPD3.170816.012) AppleWebKit/537.36 (KHTML, like Gecko) Chrome/47.0.2452.1264 Mobile Safari/537.36"
80.74.154.100 - - [05/Sep/2025:14:24:46 +0200] "POST /wp-cron.php HTTP/1.0" 200 409 "-" "WordPress/6.8.2; https://online.comeonline.ch"
80.74.154.100 - - [05/Sep/2025:14:24:47 +0200] "GET / HTTP/1.0" 200 69503 "-" "WordPress/6.8.2; https://online.comeonline.ch"
80.74.154.100 - - [05/Sep/2025:14:24:48 +0200] "GET / HTTP/1.0" 200 69503 "-" "WordPress/6.8.2; https://online.comeonline.ch"
80.74.154.100 - - [05/Sep/2025:14:24:48 +0200] "GET / HTTP/1.0" 200 69503 "-" "WordPress/6.8.2; https://online.comeonline.ch"
80.74.154.100 - - [05/Sep/2025:14:24:48 +0200] "GET / HTTP/1.0" 200 69503 "-" "WordPress/6.8.2; https://online.comeonline.ch"
80.74.154.100 - - [05/Sep/2025:14:24:43 +0200] "POST /wp-cron.php?doing_wp_cron=1757075083.5676848888397216796875 HTTP/1.0" 200 409 "-" "WordPress/6.8.2; https://online.comeonline.ch"
3.146.34.246 - - [05/Sep/2025:14:48:39 +0200] "POST /wp-content/plugins/wp-automatic/inc/csv.php HTTP/1.0" 404 600 "-" "Mozilla/5.0 (Linux; Android 5.0; SM-G900P Build/LRX21T) AppleWebKit/537.36 (KHTML, like Gecko) Chrome/57.0.3633.1595 Mobile Safari/537.36"
31.10.150.247 - - [05/Sep/2025:16:01:20 +0200] "GET /favicon.ico HTTP/1.0" 404 568 "-" "Mozilla/5.0 (Windows NT 10.0; Win64; x64) AppleWebKit/537.36 (KHTML, like Gecko) Chrome/139.0.0.0 Safari/537.36"
80.74.154.100 - - [06/Sep/2025:06:07:59 +0200] "POST /wp-cron.php?doing_wp_cron=1757131679.0299971103668212890625 HTTP/1.0" 200 409 "-" "WordPress/6.8.2; https://online.comeonline.ch"
18.133.233.66 - - [06/Sep/2025:14:10:29 +0200] "POST /wp-json/sure-triggers/v1/automation/action HTTP/1.0" 404 599 "-" "Mozilla/5.0 (iPhone; CPU iPhone OS 17_6_1 like Mac OS X) AppleWebKit/605.1.15 (KHTML, like Gecko) Version/17.6 Mobile/15E148 Safari/604.1"
80.74.154.100 - - [07/Sep/2025:06:06:56 +0200] "POST /wp-cron.php?doing_wp_cron=1757218016.1872611045837402343750 HTTP/1.0" 200 409 "-" "WordPress/6.8.2; https://online.comeonline.ch"
80.74.154.100 - - [08/Sep/2025:06:07:16 +0200] "POST /wp-cron.php?doing_wp_cron=1757304436.0496530532836914062500 HTTP/1.0" 200 409 "-" "WordPress/6.8.2; https://online.comeonline.ch"
18.246.226.137 - - [08/Sep/2025:16:19:23 +0200] "GET /robots.txt HTTP/1.0" 404 567 "-" "Mozilla/5.0 (compatible; wpbot/1.3; +https://forms.gle/ajBaxygz9jSR8p8G9)"
18.246.226.137 - - [08/Sep/2025:16:19:23 +0200] "GET / HTTP/1.0" 200 69503 "-" "Mozilla/5.0 (compatible; wpbot/1.3; +https://forms.gle/ajBaxygz9jSR8p8G9)"
80.74.154.100 - - [08/Sep/2025:16:19:23 +0200] "POST /wp-cron.php?doing_wp_cron=1757341163.7412650585174560546875 HTTP/1.0" 200 409 "-" "WordPress/6.8.2; https://online.comeonline.ch"
80.74.154.100 - - [09/Sep/2025:06:11:32 +0200] "POST /wp-cron.php?doing_wp_cron=1757391091.9489560127258300781250 HTTP/1.0" 200 409 "-" "WordPress/6.8.2; https://online.comeonline.ch"
35.201.243.54 - - [09/Sep/2025:13:34:06 +0200] "GET / HTTP/1.0" 200 69503 "-" "Mozilla/5.0 (Windows NT 10.0; Win64; x64) AppleWebKit/537.36 (KHTML, like Gecko) Chrome/88.0.4240.193 Safari/537.36"
80.74.154.100 - - [09/Sep/2025:13:34:07 +0200] "POST /wp-cron.php?doing_wp_cron=1757417647.2371098995208740234375 HTTP/1.0" 200 409 "-" "WordPress/6.8.2; https://online.comeonline.ch"
35.201.243.54 - - [09/Sep/2025:13:34:09 +0200] "GET //wp-includes/wlwmanifest.xml HTTP/1.0" 404 584 "-" "Mozilla/5.0 (Windows NT 10.0; Win64; x64) AppleWebKit/537.36 (KHTML, like Gecko) Chrome/88.0.4240.193 Safari/537.36"
35.201.243.54 - - [09/Sep/2025:13:34:09 +0200] "GET //xmlrpc.php?rsd HTTP/1.0" 200 1173 "-" "Mozilla/5.0 (Windows NT 10.0; Win64; x64) AppleWebKit/537.36 (KHTML, like Gecko) Chrome/88.0.4240.193 Safari/537.36"
35.201.243.54 - - [09/Sep/2025:13:34:09 +0200] "GET //?author=1 HTTP/1.0" 301 407 "-" "Mozilla/5.0 (Windows NT 10.0; Win64; x64) AppleWebKit/537.36 (KHTML, like Gecko) Chrome/88.0.4240.193 Safari/537.36"
35.201.243.54 - - [09/Sep/2025:13:34:10 +0200] "GET //?author=2 HTTP/1.0" 301 519 "-" "Mozilla/5.0 (Windows NT 10.0; Win64; x64) AppleWebKit/537.36 (KHTML, like Gecko) Chrome/88.0.4240.193 Safari/537.36"
35.201.243.54 - - [09/Sep/2025:13:34:10 +0200] "GET //?author=3 HTTP/1.0" 301 519 "-" "Mozilla/5.0 (Windows NT 10.0; Win64; x64) AppleWebKit/537.36 (KHTML, like Gecko) Chrome/88.0.4240.193 Safari/537.36"
35.201.243.54 - - [09/Sep/2025:13:34:10 +0200] "GET //wp-json/wp/v2/users/ HTTP/1.0" 404 577 "-" "Mozilla/5.0 (Windows NT 10.0; Win64; x64) AppleWebKit/537.36 (KHTML, like Gecko) Chrome/88.0.4240.193 Safari/537.36"
35.201.243.54 - - [09/Sep/2025:13:34:11 +0200] "GET //wp-json/oembed/1.0/embed?url=https://online.comeonline.ch/ HTTP/1.0" 404 581 "-" "Mozilla/5.0 (Windows NT 10.0; Win64; x64) AppleWebKit/537.36 (KHTML, like Gecko) Chrome/88.0.4240.193 Safari/537.36"
35.201.243.54 - - [09/Sep/2025:13:34:11 +0200] "POST //xmlrpc.php HTTP/1.0" 200 741 "-" "Mozilla/5.0 (Windows NT 10.0; Win64; x64) AppleWebKit/537.36 (KHTML, like Gecko) Chrome/88.0.4240.193 Safari/537.36"
35.201.243.54 - - [09/Sep/2025:13:34:11 +0200] "POST //xmlrpc.php HTTP/1.0" 200 741 "-" "Mozilla/5.0 (Windows NT 10.0; Win64; x64) AppleWebKit/537.36 (KHTML, like Gecko) Chrome/88.0.4240.193 Safari/537.36"
35.201.243.54 - - [09/Sep/2025:13:34:12 +0200] "POST //xmlrpc.php HTTP/1.0" 200 741 "-" "Mozilla/5.0 (Windows NT 10.0; Win64; x64) AppleWebKit/537.36 (KHTML, like Gecko) Chrome/88.0.4240.193 Safari/537.36"
35.201.243.54 - - [09/Sep/2025:13:34:12 +0200] "POST //xmlrpc.php HTTP/1.0" 200 741 "-" "Mozilla/5.0 (Windows NT 10.0; Win64; x64) AppleWebKit/537.36 (KHTML, like Gecko) Chrome/88.0.4240.193 Safari/537.36"
35.201.243.54 - - [09/Sep/2025:13:34:12 +0200] "POST //xmlrpc.php HTTP/1.0" 200 741 "-" "Mozilla/5.0 (Windows NT 10.0; Win64; x64) AppleWebKit/537.36 (KHTML, like Gecko) Chrome/88.0.4240.193 Safari/537.36"
35.201.243.54 - - [09/Sep/2025:13:34:12 +0200] "POST //xmlrpc.php HTTP/1.0" 200 741 "-" "Mozilla/5.0 (Windows NT 10.0; Win64; x64) AppleWebKit/537.36 (KHTML, like Gecko) Chrome/88.0.4240.193 Safari/537.36"
35.201.243.54 - - [09/Sep/2025:13:34:13 +0200] "POST //xmlrpc.php HTTP/1.0" 200 741 "-" "Mozilla/5.0 (Windows NT 10.0; Win64; x64) AppleWebKit/537.36 (KHTML, like Gecko) Chrome/88.0.4240.193 Safari/537.36"
34.143.146.172 - - [09/Sep/2025:14:05:27 +0200] "GET / HTTP/1.0" 200 77050 "http://online.comeonline.ch/" "Mozilla/5.0 (Linux; Android 5.1.1; SM-J111F) AppleWebKit/537.36 (KHTML, like Gecko) Chrome/73.0.3683.90 Mobile Safari/537.36"
80.74.154.100 - - [09/Sep/2025:14:05:28 +0200] "POST /wp-cron.php?doing_wp_cron=1757419528.1182870864868164062500 HTTP/1.0" 200 409 "-" "WordPress/6.8.2; https://online.comeonline.ch"
34.143.146.172 - - [09/Sep/2025:14:05:29 +0200] "GET /wordpress/ HTTP/1.0" 404 567 "http://online.comeonline.ch/wordpress/" "Mozilla/5.0 (Linux; Android 5.1.1; SM-J111F) AppleWebKit/537.36 (KHTML, like Gecko) Chrome/73.0.3683.90 Mobile Safari/537.36"
80.74.154.100 - - [10/Sep/2025:06:10:07 +0200] "POST /wp-cron.php?doing_wp_cron=1757477407.5105929374694824218750 HTTP/1.0" 200 409 "-" "WordPress/6.8.2; https://online.comeonline.ch"
34.16.148.254 - - [10/Sep/2025:09:08:25 +0200] "GET / HTTP/1.0" 200 69503 "-" "Mozilla/5.0 (Windows NT 10.0; Win64; x64) AppleWebKit/537.36 (KHTML, like Gecko) Chrome/88.0.4240.193 Safari/537.36"
80.74.154.100 - - [10/Sep/2025:09:08:31 +0200] "POST /wp-cron.php?doing_wp_cron=1757488110.8939149379730224609375 HTTP/1.0" 200 409 "-" "WordPress/6.8.2; https://online.comeonline.ch"
34.16.148.254 - - [10/Sep/2025:09:08:32 +0200] "GET //wp-includes/wlwmanifest.xml HTTP/1.0" 404 584 "-" "Mozilla/5.0 (Windows NT 10.0; Win64; x64) AppleWebKit/537.36 (KHTML, like Gecko) Chrome/88.0.4240.193 Safari/537.36"
34.16.148.254 - - [10/Sep/2025:09:08:33 +0200] "GET //xmlrpc.php?rsd HTTP/1.0" 200 1173 "-" "Mozilla/5.0 (Windows NT 10.0; Win64; x64) AppleWebKit/537.36 (KHTML, like Gecko) Chrome/88.0.4240.193 Safari/537.36"
34.16.148.254 - - [10/Sep/2025:09:08:33 +0200] "GET //?author=1 HTTP/1.0" 301 407 "-" "Mozilla/5.0 (Windows NT 10.0; Win64; x64) AppleWebKit/537.36 (KHTML, like Gecko) Chrome/88.0.4240.193 Safari/537.36"
34.16.148.254 - - [10/Sep/2025:09:08:33 +0200] "GET //?author=2 HTTP/1.0" 301 519 "-" "Mozilla/5.0 (Windows NT 10.0; Win64; x64) AppleWebKit/537.36 (KHTML, like Gecko) Chrome/88.0.4240.193 Safari/537.36"
34.16.148.254 - - [10/Sep/2025:09:08:33 +0200] "GET //?author=3 HTTP/1.0" 301 519 "-" "Mozilla/5.0 (Windows NT 10.0; Win64; x64) AppleWebKit/537.36 (KHTML, like Gecko) Chrome/88.0.4240.193 Safari/537.36"
34.16.148.254 - - [10/Sep/2025:09:08:34 +0200] "GET //wp-json/wp/v2/users/ HTTP/1.0" 404 577 "-" "Mozilla/5.0 (Windows NT 10.0; Win64; x64) AppleWebKit/537.36 (KHTML, like Gecko) Chrome/88.0.4240.193 Safari/537.36"
34.16.148.254 - - [10/Sep/2025:09:08:34 +0200] "GET //wp-json/oembed/1.0/embed?url=https://online.comeonline.ch/ HTTP/1.0" 404 581 "-" "Mozilla/5.0 (Windows NT 10.0; Win64; x64) AppleWebKit/537.36 (KHTML, like Gecko) Chrome/88.0.4240.193 Safari/537.36"
34.16.148.254 - - [10/Sep/2025:09:08:34 +0200] "POST //xmlrpc.php HTTP/1.0" 200 741 "-" "Mozilla/5.0 (Windows NT 10.0; Win64; x64) AppleWebKit/537.36 (KHTML, like Gecko) Chrome/88.0.4240.193 Safari/537.36"
34.16.148.254 - - [10/Sep/2025:09:08:34 +0200] "POST //xmlrpc.php HTTP/1.0" 200 741 "-" "Mozilla/5.0 (Windows NT 10.0; Win64; x64) AppleWebKit/537.36 (KHTML, like Gecko) Chrome/88.0.4240.193 Safari/537.36"
34.16.148.254 - - [10/Sep/2025:09:08:35 +0200] "POST //xmlrpc.php HTTP/1.0" 200 741 "-" "Mozilla/5.0 (Windows NT 10.0; Win64; x64) AppleWebKit/537.36 (KHTML, like Gecko) Chrome/88.0.4240.193 Safari/537.36"
34.16.148.254 - - [10/Sep/2025:09:08:35 +0200] "POST //xmlrpc.php HTTP/1.0" 200 741 "-" "Mozilla/5.0 (Windows NT 10.0; Win64; x64) AppleWebKit/537.36 (KHTML, like Gecko) Chrome/88.0.4240.193 Safari/537.36"
34.16.148.254 - - [10/Sep/2025:09:08:35 +0200] "POST //xmlrpc.php HTTP/1.0" 200 741 "-" "Mozilla/5.0 (Windows NT 10.0; Win64; x64) AppleWebKit/537.36 (KHTML, like Gecko) Chrome/88.0.4240.193 Safari/537.36"
34.16.148.254 - - [10/Sep/2025:09:08:35 +0200] "POST //xmlrpc.php HTTP/1.0" 200 741 "-" "Mozilla/5.0 (Windows NT 10.0; Win64; x64) AppleWebKit/537.36 (KHTML, like Gecko) Chrome/88.0.4240.193 Safari/537.36"
34.16.148.254 - - [10/Sep/2025:09:08:35 +0200] "POST //xmlrpc.php HTTP/1.0" 200 741 "-" "Mozilla/5.0 (Windows NT 10.0; Win64; x64) AppleWebKit/537.36 (KHTML, like Gecko) Chrome/88.0.4240.193 Safari/537.36"
34.16.148.254 - - [10/Sep/2025:09:08:36 +0200] "POST //xmlrpc.php HTTP/1.0" 200 741 "-" "Mozilla/5.0 (Windows NT 10.0; Win64; x64) AppleWebKit/537.36 (KHTML, like Gecko) Chrome/88.0.4240.193 Safari/537.36"
34.16.148.254 - - [10/Sep/2025:09:08:36 +0200] "POST //xmlrpc.php HTTP/1.0" 200 741 "-" "Mozilla/5.0 (Windows NT 10.0; Win64; x64) AppleWebKit/537.36 (KHTML, like Gecko) Chrome/88.0.4240.193 Safari/537.36"
80.74.154.100 - - [11/Sep/2025:06:09:01 +0200] "POST /wp-cron.php?doing_wp_cron=1757563740.9458250999450683593750 HTTP/1.0" 200 409 "-" "WordPress/6.8.2; https://online.comeonline.ch"
80.74.154.100 - - [12/Sep/2025:06:08:22 +0200] "POST /wp-cron.php?doing_wp_cron=1757650102.2087700366973876953125 HTTP/1.0" 200 409 "-" "WordPress/6.8.2; https://online.comeonline.ch"
63.35.229.205 - - [12/Sep/2025:22:02:23 +0200] "GET / HTTP/1.0" 200 69503 "-" "Mozilla/5.0 (compatible; NetcraftSurveyAgent/1.0; +info@netcraft.com)"
80.74.154.100 - - [12/Sep/2025:22:02:27 +0200] "POST /wp-cron.php HTTP/1.0" 200 409 "-" "WordPress/6.8.2; https://online.comeonline.ch"
80.74.154.100 - - [12/Sep/2025:22:02:28 +0200] "GET / HTTP/1.0" 200 69503 "-" "WordPress/6.8.2; https://online.comeonline.ch"
80.74.154.100 - - [12/Sep/2025:22:02:28 +0200] "GET / HTTP/1.0" 200 69503 "-" "WordPress/6.8.2; https://online.comeonline.ch"
80.74.154.100 - - [12/Sep/2025:22:02:28 +0200] "GET / HTTP/1.0" 200 69503 "-" "WordPress/6.8.2; https://online.comeonline.ch"
80.74.154.100 - - [12/Sep/2025:22:02:29 +0200] "GET / HTTP/1.0" 200 69503 "-" "WordPress/6.8.2; https://online.comeonline.ch"
80.74.154.100 - - [12/Sep/2025:22:02:24 +0200] "POST /wp-cron.php?doing_wp_cron=1757707343.8287088871002197265625 HTTP/1.0" 200 409 "-" "WordPress/6.8.2; https://online.comeonline.ch"
80.74.154.100 - - [13/Sep/2025:06:07:23 +0200] "POST /wp-cron.php?doing_wp_cron=1757736443.4794659614562988281250 HTTP/1.0" 200 409 "-" "WordPress/6.8.2; https://online.comeonline.ch"
23.239.16.204 - - [14/Sep/2025:05:53:12 +0200] "GET //installer.php HTTP/1.0" 404 570 "-" "Mozilla/5.0 (X11; Linux x86_64) AppleWebKit/537.36 (KHTML, like Gecko) Chrome/129.0.0.0 Safari/537.36"
80.74.154.100 - - [14/Sep/2025:06:04:50 +0200] "POST /wp-cron.php?doing_wp_cron=1757822689.9624309539794921875000 HTTP/1.0" 200 409 "-" "WordPress/6.8.2; https://online.comeonline.ch"
3.79.4.141 - - [14/Sep/2025:23:21:21 +0200] "GET / HTTP/1.0" 200 69503 "http://online.comeonline.ch" "Mozilla/5.0 (Windows NT 10.0; Win64; x64) AppleWebKit/537.36"
80.74.154.100 - - [14/Sep/2025:23:21:22 +0200] "POST /wp-cron.php?doing_wp_cron=1757884882.2476329803466796875000 HTTP/1.0" 200 409 "-" "WordPress/6.8.2; https://online.comeonline.ch"
80.74.154.100 - - [15/Sep/2025:06:04:39 +0200] "POST /wp-cron.php?doing_wp_cron=1757909079.5964739322662353515625 HTTP/1.0" 200 409 "-" "WordPress/6.8.2; https://online.comeonline.ch"
80.74.154.100 - - [16/Sep/2025:06:03:51 +0200] "POST /wp-cron.php?doing_wp_cron=1757995431.1323161125183105468750 HTTP/1.0" 200 409 "-" "WordPress/6.8.2; https://online.comeonline.ch"
13.218.122.206 - - [16/Sep/2025:20:46:19 +0200] "GET / HTTP/1.0" 200 69503 "-" "Mozilla/5.0 (Windows NT 10.0; Win64; x64) AppleWebKit/537.36 (KHTML, like Gecko) Chrome/104.0.0.0 Safari/537.36"
80.74.154.100 - - [16/Sep/2025:20:46:20 +0200] "POST /wp-cron.php?doing_wp_cron=1758048380.4420940876007080078125 HTTP/1.0" 200 409 "-" "WordPress/6.8.2; https://online.comeonline.ch"
13.218.122.206 - - [16/Sep/2025:20:46:22 +0200] "GET / HTTP/1.0" 200 69503 "-" "Mozilla/5.0 (Windows NT 10.0; Win64; x64) AppleWebKit/537.36 (KHTML, like Gecko) Chrome/104.0.0.0 Safari/537.36"
80.74.154.100 - - [17/Sep/2025:06:06:31 +0200] "POST /wp-cron.php?doing_wp_cron=1758081991.4371120929718017578125 HTTP/1.0" 200 409 "-" "WordPress/6.8.2; https://online.comeonline.ch"
147.182.151.146 - - [17/Sep/2025:12:57:07 +0200] "GET / HTTP/1.0" 200 69503 "-" "Mozilla/5.0 (X11; Linux x86_64; rv:139.0) Gecko/20100101 Firefox/139.0"
80.74.154.100 - - [17/Sep/2025:12:57:08 +0200] "POST /wp-cron.php?doing_wp_cron=1758106628.0779299736022949218750 HTTP/1.0" 200 409 "-" "WordPress/6.8.2; https://online.comeonline.ch"
147.182.151.146 - - [17/Sep/2025:12:57:11 +0200] "GET /wp-content/uploads/2024/08/cropped-Online_Band_2022_7-scaled-2-32x32.jpg HTTP/1.0" 200 1765 "https://online.comeonline.ch/" "Mozilla/5.0 (X11; Linux x86_64; rv:139.0) Gecko/20100101 Firefox/139.0"
80.74.154.100 - - [18/Sep/2025:06:06:03 +0200] "POST /wp-cron.php?doing_wp_cron=1758168363.7619690895080566406250 HTTP/1.0" 200 409 "-" "WordPress/6.8.2; https://online.comeonline.ch"
54.169.46.232 - - [18/Sep/2025:15:27:38 +0200] "GET /extractes_wordprees/filemanger/index.php HTTP/1.0" 404 597 "-" "Mozilla/5.0 (Windows NT 10.0; Win64; x64) AppleWebKit/537.36 (KHTML, like Gecko) Chrome/135.0.0.0 Safari/537.36"
80.74.154.100 - - [19/Sep/2025:06:04:51 +0200] "POST /wp-cron.php?doing_wp_cron=1758254691.4214899539947509765625 HTTP/1.0" 200 409 "-" "WordPress/6.8.2; https://online.comeonline.ch"
122.51.242.63 - - [19/Sep/2025:15:47:52 +0200] "HEAD /online.comeonline.ch.rar HTTP/1.0" 404 137 "-" "python-requests/2.31.0"
122.51.242.63 - - [19/Sep/2025:15:47:53 +0200] "HEAD /onlinecomeonlinech.rar HTTP/1.0" 404 137 "-" "python-requests/2.31.0"
122.51.242.63 - - [19/Sep/2025:15:47:53 +0200] "HEAD /wz.rar HTTP/1.0" 404 137 "-" "python-requests/2.31.0"
122.51.242.63 - - [19/Sep/2025:15:47:53 +0200] "HEAD /sql.rar HTTP/1.0" 404 137 "-" "python-requests/2.31.0"
122.51.242.63 - - [19/Sep/2025:15:47:54 +0200] "HEAD /wwwroot.rar HTTP/1.0" 404 137 "-" "python-requests/2.31.0"
122.51.242.63 - - [19/Sep/2025:15:47:54 +0200] "HEAD /index.rar HTTP/1.0" 404 137 "-" "python-requests/2.31.0"
122.51.242.63 - - [19/Sep/2025:15:47:54 +0200] "HEAD /old.rar HTTP/1.0" 404 137 "-" "python-requests/2.31.0"
122.51.242.63 - - [19/Sep/2025:15:47:54 +0200] "HEAD /web.rar HTTP/1.0" 404 137 "-" "python-requests/2.31.0"
122.51.242.63 - - [19/Sep/2025:15:47:54 +0200] "HEAD /upload.rar HTTP/1.0" 404 137 "-" "python-requests/2.31.0"
122.51.242.63 - - [19/Sep/2025:15:47:55 +0200] "HEAD /website.rar HTTP/1.0" 404 137 "-" "python-requests/2.31.0"
122.51.242.63 - - [19/Sep/2025:15:47:55 +0200] "HEAD /wangzhan.rar HTTP/1.0" 404 137 "-" "python-requests/2.31.0"
122.51.242.63 - - [19/Sep/2025:15:47:56 +0200] "HEAD /package.rar HTTP/1.0" 404 137 "-" "python-requests/2.31.0"
122.51.242.63 - - [19/Sep/2025:15:47:56 +0200] "HEAD /test.rar HTTP/1.0" 404 137 "-" "python-requests/2.31.0"
122.51.242.63 - - [19/Sep/2025:15:47:56 +0200] "HEAD /bin.rar HTTP/1.0" 404 137 "-" "python-requests/2.31.0"
122.51.242.63 - - [19/Sep/2025:15:47:56 +0200] "HEAD /ftp.rar HTTP/1.0" 404 137 "-" "python-requests/2.31.0"
122.51.242.63 - - [19/Sep/2025:15:47:56 +0200] "HEAD /output.rar HTTP/1.0" 404 137 "-" "python-requests/2.31.0"
122.51.242.63 - - [19/Sep/2025:15:47:57 +0200] "HEAD /config.rar HTTP/1.0" 404 137 "-" "python-requests/2.31.0"
122.51.242.63 - - [19/Sep/2025:15:47:57 +0200] "HEAD /%E7%BD%91%E7%AB%99%E5%A4%87%E4%BB%BD.rar HTTP/1.0" 404 137 "-" "python-requests/2.31.0"
122.51.242.63 - - [19/Sep/2025:15:47:57 +0200] "HEAD /%E7%BD%91%E7%AB%99.rar HTTP/1.0" 404 137 "-" "python-requests/2.31.0"
122.51.242.63 - - [19/Sep/2025:15:47:57 +0200] "HEAD /%E6%95%B0%E6%8D%AE%E5%BA%93.rar HTTP/1.0" 404 137 "-" "python-requests/2.31.0"
122.51.242.63 - - [19/Sep/2025:15:47:58 +0200] "HEAD /%E6%95%B0%E6%8D%AE%E5%BA%93%E5%A4%87%E4%BB%BD.rar HTTP/1.0" 404 137 "-" "python-requests/2.31.0"
122.51.242.63 - - [19/Sep/2025:15:47:58 +0200] "HEAD /%E5%85%AD%E5%90%88.rar HTTP/1.0" 404 137 "-" "python-requests/2.31.0"
122.51.242.63 - - [19/Sep/2025:15:47:58 +0200] "HEAD /%E5%A4%87%E4%BB%BD.rar HTTP/1.0" 404 137 "-" "python-requests/2.31.0"
122.51.242.63 - - [19/Sep/2025:15:47:58 +0200] "HEAD /%E6%BA%90%E7%A0%81.rar HTTP/1.0" 404 137 "-" "python-requests/2.31.0"
122.51.242.63 - - [19/Sep/2025:15:47:59 +0200] "HEAD /%E7%AB%99%E7%82%B9.rar HTTP/1.0" 404 137 "-" "python-requests/2.31.0"
122.51.242.63 - - [19/Sep/2025:15:48:00 +0200] "HEAD /%E7%A8%8B%E5%BA%8F.rar HTTP/1.0" 404 137 "-" "python-requests/2.31.0"
122.51.242.63 - - [19/Sep/2025:15:48:00 +0200] "HEAD /%E6%A8%A1%E6%9D%BF.rar HTTP/1.0" 404 137 "-" "python-requests/2.31.0"
122.51.242.63 - - [19/Sep/2025:15:48:00 +0200] "HEAD /%E6%95%B4%E7%AB%99.rar HTTP/1.0" 404 137 "-" "python-requests/2.31.0"
122.51.242.63 - - [19/Sep/2025:15:48:00 +0200] "HEAD /%E5%95%86%E5%9F%8E.rar HTTP/1.0" 404 137 "-" "python-requests/2.31.0"
122.51.242.63 - - [19/Sep/2025:15:48:01 +0200] "HEAD /sjk.rar HTTP/1.0" 404 137 "-" "python-requests/2.31.0"
122.51.242.63 - - [19/Sep/2025:15:48:01 +0200] "HEAD /shujuku.rar HTTP/1.0" 404 137 "-" "python-requests/2.31.0"
122.51.242.63 - - [19/Sep/2025:15:48:01 +0200] "HEAD /%E6%95%B0%E6%8D%AE.rar HTTP/1.0" 404 137 "-" "python-requests/2.31.0"
122.51.242.63 - - [19/Sep/2025:15:48:02 +0200] "HEAD /%E6%9C%8D%E5%8A%A1%E5%99%A8.rar HTTP/1.0" 404 137 "-" "python-requests/2.31.0"
122.51.242.63 - - [19/Sep/2025:15:48:02 +0200] "HEAD /%E5%AE%89%E8%A3%85%E6%96%87%E4%BB%B6.rar HTTP/1.0" 404 137 "-" "python-requests/2.31.0"
122.51.242.63 - - [19/Sep/2025:15:48:02 +0200] "HEAD /%E6%95%B0%E6%8D%AE%E5%A4%87%E4%BB%BD.rar HTTP/1.0" 404 137 "-" "python-requests/2.31.0"
122.51.242.63 - - [19/Sep/2025:15:48:02 +0200] "HEAD /%E6%95%B0%E6%8D%AE%E5%BA%93%E6%96%87%E4%BB%B6.rar HTTP/1.0" 404 137 "-" "python-requests/2.31.0"
122.51.242.63 - - [19/Sep/2025:15:48:03 +0200] "HEAD /%E6%96%B0%E5%BB%BA%E6%96%87%E4%BB%B6%E5%A4%B9.rar HTTP/1.0" 404 137 "-" "python-requests/2.31.0"
122.51.242.63 - - [19/Sep/2025:15:48:03 +0200] "HEAD /%E6%96%B0%E5%BB%BA%E6%96%87%E4%BB%B6%E5%A4%B9%20(2).rar HTTP/1.0" 404 137 "-" "python-requests/2.31.0"
122.51.242.63 - - [19/Sep/2025:15:48:03 +0200] "HEAD /%E6%96%B0%E5%BB%BA%E6%96%87%E4%BB%B6%E5%A4%B9%20(3).rar HTTP/1.0" 404 137 "-" "python-requests/2.31.0"
122.51.242.63 - - [19/Sep/2025:15:48:03 +0200] "HEAD /%E6%96%B0%E5%BB%BA%E6%96%87%E6%9C%AC%E6%96%87%E6%A1%A3.rar HTTP/1.0" 404 137 "-" "python-requests/2.31.0"
122.51.242.63 - - [19/Sep/2025:15:48:03 +0200] "HEAD /b.rar HTTP/1.0" 404 137 "-" "python-requests/2.31.0"
122.51.242.63 - - [19/Sep/2025:15:48:04 +0200] "HEAD /c.rar HTTP/1.0" 404 137 "-" "python-requests/2.31.0"
122.51.242.63 - - [19/Sep/2025:15:48:04 +0200] "HEAD /d.rar HTTP/1.0" 404 137 "-" "python-requests/2.31.0"
122.51.242.63 - - [19/Sep/2025:15:48:04 +0200] "HEAD /e.rar HTTP/1.0" 404 137 "-" "python-requests/2.31.0"
122.51.242.63 - - [19/Sep/2025:15:48:04 +0200] "HEAD /f.rar HTTP/1.0" 404 137 "-" "python-requests/2.31.0"
122.51.242.63 - - [19/Sep/2025:15:48:05 +0200] "HEAD /g.rar HTTP/1.0" 404 137 "-" "python-requests/2.31.0"
122.51.242.63 - - [19/Sep/2025:15:48:05 +0200] "HEAD /h.rar HTTP/1.0" 404 137 "-" "python-requests/2.31.0"
122.51.242.63 - - [19/Sep/2025:15:48:05 +0200] "HEAD /i.rar HTTP/1.0" 404 137 "-" "python-requests/2.31.0"
122.51.242.63 - - [19/Sep/2025:15:48:05 +0200] "HEAD /j.rar HTTP/1.0" 404 137 "-" "python-requests/2.31.0"
122.51.242.63 - - [19/Sep/2025:15:48:05 +0200] "HEAD /k.rar HTTP/1.0" 404 137 "-" "python-requests/2.31.0"
122.51.242.63 - - [19/Sep/2025:15:48:06 +0200] "HEAD /l.rar HTTP/1.0" 404 137 "-" "python-requests/2.31.0"
122.51.242.63 - - [19/Sep/2025:15:48:06 +0200] "HEAD /m.rar HTTP/1.0" 404 137 "-" "python-requests/2.31.0"
122.51.242.63 - - [19/Sep/2025:15:48:06 +0200] "HEAD /n.rar HTTP/1.0" 404 137 "-" "python-requests/2.31.0"
122.51.242.63 - - [19/Sep/2025:15:48:06 +0200] "HEAD /o.rar HTTP/1.0" 404 137 "-" "python-requests/2.31.0"
122.51.242.63 - - [19/Sep/2025:15:48:07 +0200] "HEAD /p.rar HTTP/1.0" 404 137 "-" "python-requests/2.31.0"
122.51.242.63 - - [19/Sep/2025:15:48:07 +0200] "HEAD /q.rar HTTP/1.0" 404 137 "-" "python-requests/2.31.0"
122.51.242.63 - - [19/Sep/2025:15:48:07 +0200] "HEAD /r.rar HTTP/1.0" 404 137 "-" "python-requests/2.31.0"
122.51.242.63 - - [19/Sep/2025:15:48:07 +0200] "HEAD /s.rar HTTP/1.0" 404 137 "-" "python-requests/2.31.0"
122.51.242.63 - - [19/Sep/2025:15:48:07 +0200] "HEAD /backup.rar HTTP/1.0" 404 137 "-" "python-requests/2.31.0"
122.51.242.63 - - [19/Sep/2025:15:48:08 +0200] "HEAD /faisunzip.rar HTTP/1.0" 404 137 "-" "python-requests/2.31.0"
122.51.242.63 - - [19/Sep/2025:15:48:08 +0200] "HEAD /t.rar HTTP/1.0" 404 137 "-" "python-requests/2.31.0"
122.51.242.63 - - [19/Sep/2025:15:48:08 +0200] "HEAD /u.rar HTTP/1.0" 404 137 "-" "python-requests/2.31.0"
122.51.242.63 - - [19/Sep/2025:15:48:08 +0200] "HEAD /v.rar HTTP/1.0" 404 137 "-" "python-requests/2.31.0"
122.51.242.63 - - [19/Sep/2025:15:48:08 +0200] "HEAD /w.rar HTTP/1.0" 404 137 "-" "python-requests/2.31.0"
122.51.242.63 - - [19/Sep/2025:15:48:09 +0200] "HEAD /x.rar HTTP/1.0" 404 137 "-" "python-requests/2.31.0"
122.51.242.63 - - [19/Sep/2025:15:48:09 +0200] "HEAD /y.rar HTTP/1.0" 404 137 "-" "python-requests/2.31.0"
122.51.242.63 - - [19/Sep/2025:15:48:09 +0200] "HEAD /z.rar HTTP/1.0" 404 137 "-" "python-requests/2.31.0"
122.51.242.63 - - [19/Sep/2025:15:48:09 +0200] "HEAD /10.rar HTTP/1.0" 404 137 "-" "python-requests/2.31.0"
122.51.242.63 - - [19/Sep/2025:15:48:10 +0200] "HEAD /520.rar HTTP/1.0" 404 137 "-" "python-requests/2.31.0"
122.51.242.63 - - [19/Sep/2025:15:48:10 +0200] "HEAD /111.rar HTTP/1.0" 404 137 "-" "python-requests/2.31.0"
122.51.242.63 - - [19/Sep/2025:15:48:10 +0200] "HEAD /123.rar HTTP/1.0" 404 137 "-" "python-requests/2.31.0"
122.51.242.63 - - [19/Sep/2025:15:48:10 +0200] "HEAD /1234.rar HTTP/1.0" 404 137 "-" "python-requests/2.31.0"
122.51.242.63 - - [19/Sep/2025:15:48:10 +0200] "HEAD /12345.rar HTTP/1.0" 404 137 "-" "python-requests/2.31.0"
122.51.242.63 - - [19/Sep/2025:15:48:11 +0200] "HEAD /123456.rar HTTP/1.0" 404 137 "-" "python-requests/2.31.0"
122.51.242.63 - - [19/Sep/2025:15:48:11 +0200] "HEAD /1980.rar HTTP/1.0" 404 137 "-" "python-requests/2.31.0"
122.51.242.63 - - [19/Sep/2025:15:48:11 +0200] "HEAD /1981.rar HTTP/1.0" 404 137 "-" "python-requests/2.31.0"
122.51.242.63 - - [19/Sep/2025:15:48:12 +0200] "HEAD /1982.rar HTTP/1.0" 404 137 "-" "python-requests/2.31.0"
122.51.242.63 - - [19/Sep/2025:15:48:12 +0200] "HEAD /1983.rar HTTP/1.0" 404 137 "-" "python-requests/2.31.0"
122.51.242.63 - - [19/Sep/2025:15:48:12 +0200] "HEAD /1984.rar HTTP/1.0" 404 137 "-" "python-requests/2.31.0"
122.51.242.63 - - [19/Sep/2025:15:48:12 +0200] "HEAD /1985.rar HTTP/1.0" 404 137 "-" "python-requests/2.31.0"
122.51.242.63 - - [19/Sep/2025:15:48:13 +0200] "HEAD /1986.rar HTTP/1.0" 404 137 "-" "python-requests/2.31.0"
122.51.242.63 - - [19/Sep/2025:15:48:13 +0200] "HEAD /1987.rar HTTP/1.0" 404 137 "-" "python-requests/2.31.0"
122.51.242.63 - - [19/Sep/2025:15:48:13 +0200] "HEAD /1988.rar HTTP/1.0" 404 137 "-" "python-requests/2.31.0"
122.51.242.63 - - [19/Sep/2025:15:48:13 +0200] "HEAD /1999.rar HTTP/1.0" 404 137 "-" "python-requests/2.31.0"
122.51.242.63 - - [19/Sep/2025:15:48:13 +0200] "HEAD /2001.rar HTTP/1.0" 404 137 "-" "python-requests/2.31.0"
122.51.242.63 - - [19/Sep/2025:15:48:14 +0200] "HEAD /2019.rar HTTP/1.0" 404 137 "-" "python-requests/2.31.0"
122.51.242.63 - - [19/Sep/2025:15:48:14 +0200] "HEAD /2021.rar HTTP/1.0" 404 137 "-" "python-requests/2.31.0"
122.51.242.63 - - [19/Sep/2025:15:48:14 +0200] "HEAD /2022.rar HTTP/1.0" 404 137 "-" "python-requests/2.31.0"
122.51.242.63 - - [19/Sep/2025:15:48:15 +0200] "HEAD /1314.rar HTTP/1.0" 404 137 "-" "python-requests/2.31.0"
122.51.242.63 - - [19/Sep/2025:15:48:15 +0200] "HEAD /111111.rar HTTP/1.0" 404 137 "-" "python-requests/2.31.0"
122.51.242.63 - - [19/Sep/2025:15:48:15 +0200] "HEAD /123123.rar HTTP/1.0" 404 137 "-" "python-requests/2.31.0"
122.51.242.63 - - [19/Sep/2025:15:48:15 +0200] "HEAD /sj.rar HTTP/1.0" 404 137 "-" "python-requests/2.31.0"
122.51.242.63 - - [19/Sep/2025:15:48:16 +0200] "HEAD /sjk.rar HTTP/1.0" 404 137 "-" "python-requests/2.31.0"
122.51.242.63 - - [19/Sep/2025:15:48:16 +0200] "HEAD /wz.rar HTTP/1.0" 404 137 "-" "python-requests/2.31.0"
122.51.242.63 - - [19/Sep/2025:15:48:16 +0200] "HEAD /bf.rar HTTP/1.0" 404 137 "-" "python-requests/2.31.0"
122.51.242.63 - - [19/Sep/2025:15:48:16 +0200] "HEAD /gg.rar HTTP/1.0" 404 137 "-" "python-requests/2.31.0"
122.51.242.63 - - [19/Sep/2025:15:48:16 +0200] "HEAD /pic.rar HTTP/1.0" 404 137 "-" "python-requests/2.31.0"
122.51.242.63 - - [19/Sep/2025:15:48:17 +0200] "HEAD /rar.rar HTTP/1.0" 404 137 "-" "python-requests/2.31.0"
122.51.242.63 - - [19/Sep/2025:15:48:17 +0200] "HEAD /zip.rar HTTP/1.0" 404 137 "-" "python-requests/2.31.0"
122.51.242.63 - - [19/Sep/2025:15:48:17 +0200] "HEAD /1.rar HTTP/1.0" 404 137 "-" "python-requests/2.31.0"
122.51.242.63 - - [19/Sep/2025:15:48:17 +0200] "HEAD /file.rar HTTP/1.0" 404 137 "-" "python-requests/2.31.0"
122.51.242.63 - - [19/Sep/2025:15:48:17 +0200] "HEAD /files.rar HTTP/1.0" 404 137 "-" "python-requests/2.31.0"
122.51.242.63 - - [19/Sep/2025:15:48:18 +0200] "HEAD /new.rar HTTP/1.0" 404 137 "-" "python-requests/2.31.0"
122.51.242.63 - - [19/Sep/2025:15:48:18 +0200] "HEAD /temp.rar HTTP/1.0" 404 137 "-" "python-requests/2.31.0"
122.51.242.63 - - [19/Sep/2025:15:48:19 +0200] "HEAD /shu.rar HTTP/1.0" 404 137 "-" "python-requests/2.31.0"
122.51.242.63 - - [19/Sep/2025:15:48:19 +0200] "HEAD /shuju.rar HTTP/1.0" 404 137 "-" "python-requests/2.31.0"
122.51.242.63 - - [19/Sep/2025:15:48:19 +0200] "HEAD /shujuku.rar HTTP/1.0" 404 137 "-" "python-requests/2.31.0"
122.51.242.63 - - [19/Sep/2025:15:48:19 +0200] "HEAD /vip.rar HTTP/1.0" 404 137 "-" "python-requests/2.31.0"
122.51.242.63 - - [19/Sep/2025:15:48:19 +0200] "HEAD /scm.rar HTTP/1.0" 404 137 "-" "python-requests/2.31.0"
122.51.242.63 - - [19/Sep/2025:15:48:20 +0200] "HEAD /php.rar HTTP/1.0" 404 137 "-" "python-requests/2.31.0"
122.51.242.63 - - [19/Sep/2025:15:48:20 +0200] "HEAD /user.rar HTTP/1.0" 404 137 "-" "python-requests/2.31.0"
122.51.242.63 - - [19/Sep/2025:15:48:20 +0200] "HEAD /logo.rar HTTP/1.0" 404 137 "-" "python-requests/2.31.0"
122.51.242.63 - - [19/Sep/2025:15:48:20 +0200] "HEAD /good.rar HTTP/1.0" 404 137 "-" "python-requests/2.31.0"
122.51.242.63 - - [19/Sep/2025:15:48:20 +0200] "HEAD /users.rar HTTP/1.0" 404 137 "-" "python-requests/2.31.0"
122.51.242.63 - - [19/Sep/2025:15:48:21 +0200] "HEAD /html.rar HTTP/1.0" 404 137 "-" "python-requests/2.31.0"
122.51.242.63 - - [19/Sep/2025:15:48:21 +0200] "HEAD /upfile.rar HTTP/1.0" 404 137 "-" "python-requests/2.31.0"
80.74.154.100 - - [20/Sep/2025:06:02:17 +0200] "POST /wp-cron.php HTTP/1.0" 200 409 "-" "WordPress/6.8.2; https://online.comeonline.ch"
80.74.154.100 - - [20/Sep/2025:06:02:18 +0200] "GET / HTTP/1.0" 200 69503 "-" "WordPress/6.8.2; https://online.comeonline.ch"
80.74.154.100 - - [20/Sep/2025:06:02:19 +0200] "GET / HTTP/1.0" 200 69503 "-" "WordPress/6.8.2; https://online.comeonline.ch"
