3.110.187.239 - - [12/Apr/2026:08:33:55 +0200] "GET /shop/.env HTTP/1.0" 404 566 "-" "Mozilla/5.0 (X11; Linux x86_64) AppleWebKit/537.36 (KHTML, like Gecko) Chrome/131.0.0.0 Safari/537.36"
3.110.187.239 - - [12/Apr/2026:08:33:55 +0200] "GET /store/.env HTTP/1.0" 404 567 "-" "Mozilla/5.0 (X11; Linux x86_64) AppleWebKit/537.36 (KHTML, like Gecko) Chrome/131.0.0.0 Safari/537.36"
3.110.187.239 - - [12/Apr/2026:08:33:55 +0200] "GET /saas/.env HTTP/1.0" 404 566 "-" "Mozilla/5.0 (X11; Linux x86_64) AppleWebKit/537.36 (KHTML, like Gecko) Chrome/131.0.0.0 Safari/537.36"
3.110.187.239 - - [12/Apr/2026:08:33:55 +0200] "GET /client/.env HTTP/1.0" 404 568 "-" "Mozilla/5.0 (X11; Linux x86_64) AppleWebKit/537.36 (KHTML, like Gecko) Chrome/131.0.0.0 Safari/537.36"
3.110.187.239 - - [12/Apr/2026:08:33:55 +0200] "GET /project/.env HTTP/1.0" 404 569 "-" "Mozilla/5.0 (X11; Linux x86_64) AppleWebKit/537.36 (KHTML, like Gecko) Chrome/131.0.0.0 Safari/537.36"
3.110.187.239 - - [12/Apr/2026:08:33:56 +0200] "GET /node/.env HTTP/1.0" 404 566 "-" "Mozilla/5.0 (X11; Linux x86_64) AppleWebKit/537.36 (KHTML, like Gecko) Chrome/131.0.0.0 Safari/537.36"
3.110.187.239 - - [12/Apr/2026:08:33:56 +0200] "GET /express/.env HTTP/1.0" 404 569 "-" "Mozilla/5.0 (X11; Linux x86_64) AppleWebKit/537.36 (KHTML, like Gecko) Chrome/131.0.0.0 Safari/537.36"
3.110.187.239 - - [12/Apr/2026:08:33:56 +0200] "GET /next/.env HTTP/1.0" 404 566 "-" "Mozilla/5.0 (X11; Linux x86_64) AppleWebKit/537.36 (KHTML, like Gecko) Chrome/131.0.0.0 Safari/537.36"
3.110.187.239 - - [12/Apr/2026:08:33:56 +0200] "GET /nuxt/.env HTTP/1.0" 404 566 "-" "Mozilla/5.0 (X11; Linux x86_64) AppleWebKit/537.36 (KHTML, like Gecko) Chrome/131.0.0.0 Safari/537.36"
3.110.187.239 - - [12/Apr/2026:08:33:56 +0200] "GET /nest/.env HTTP/1.0" 404 566 "-" "Mozilla/5.0 (X11; Linux x86_64) AppleWebKit/537.36 (KHTML, like Gecko) Chrome/131.0.0.0 Safari/537.36"
3.110.187.239 - - [12/Apr/2026:08:33:56 +0200] "GET /backup/.env HTTP/1.0" 404 568 "-" "Mozilla/5.0 (X11; Linux x86_64) AppleWebKit/537.36 (KHTML, like Gecko) Chrome/131.0.0.0 Safari/537.36"
3.110.187.239 - - [12/Apr/2026:08:33:56 +0200] "GET /backups/.env HTTP/1.0" 404 569 "-" "Mozilla/5.0 (X11; Linux x86_64) AppleWebKit/537.36 (KHTML, like Gecko) Chrome/131.0.0.0 Safari/537.36"
3.110.187.239 - - [12/Apr/2026:08:33:56 +0200] "GET /old/.env HTTP/1.0" 404 565 "-" "Mozilla/5.0 (X11; Linux x86_64) AppleWebKit/537.36 (KHTML, like Gecko) Chrome/131.0.0.0 Safari/537.36"
3.110.187.239 - - [12/Apr/2026:08:33:57 +0200] "GET /tmp/.env HTTP/1.0" 404 565 "-" "Mozilla/5.0 (X11; Linux x86_64) AppleWebKit/537.36 (KHTML, like Gecko) Chrome/131.0.0.0 Safari/537.36"
3.110.187.239 - - [12/Apr/2026:08:33:57 +0200] "GET /temp/.env HTTP/1.0" 404 566 "-" "Mozilla/5.0 (X11; Linux x86_64) AppleWebKit/537.36 (KHTML, like Gecko) Chrome/131.0.0.0 Safari/537.36"
3.110.187.239 - - [12/Apr/2026:08:33:57 +0200] "GET /lab/.env HTTP/1.0" 404 565 "-" "Mozilla/5.0 (X11; Linux x86_64) AppleWebKit/537.36 (KHTML, like Gecko) Chrome/131.0.0.0 Safari/537.36"
3.110.187.239 - - [12/Apr/2026:08:33:57 +0200] "GET /cronlab/.env HTTP/1.0" 404 569 "-" "Mozilla/5.0 (X11; Linux x86_64) AppleWebKit/537.36 (KHTML, like Gecko) Chrome/131.0.0.0 Safari/537.36"
3.110.187.239 - - [12/Apr/2026:08:33:57 +0200] "GET /cron/.env HTTP/1.0" 404 566 "-" "Mozilla/5.0 (X11; Linux x86_64) AppleWebKit/537.36 (KHTML, like Gecko) Chrome/131.0.0.0 Safari/537.36"
3.110.187.239 - - [12/Apr/2026:08:33:57 +0200] "GET /en/.env HTTP/1.0" 404 564 "-" "Mozilla/5.0 (X11; Linux x86_64) AppleWebKit/537.36 (KHTML, like Gecko) Chrome/131.0.0.0 Safari/537.36"
3.110.187.239 - - [12/Apr/2026:08:33:57 +0200] "GET /administrator/.env HTTP/1.0" 404 575 "-" "Mozilla/5.0 (X11; Linux x86_64) AppleWebKit/537.36 (KHTML, like Gecko) Chrome/131.0.0.0 Safari/537.36"
3.110.187.239 - - [12/Apr/2026:08:33:58 +0200] "GET /psnlink/.env HTTP/1.0" 404 569 "-" "Mozilla/5.0 (X11; Linux x86_64) AppleWebKit/537.36 (KHTML, like Gecko) Chrome/131.0.0.0 Safari/537.36"
3.110.187.239 - - [12/Apr/2026:08:33:58 +0200] "GET /exapi/.env HTTP/1.0" 404 567 "-" "Mozilla/5.0 (X11; Linux x86_64) AppleWebKit/537.36 (KHTML, like Gecko) Chrome/131.0.0.0 Safari/537.36"
3.110.187.239 - - [12/Apr/2026:08:33:58 +0200] "GET /sitemaps/.env HTTP/1.0" 404 570 "-" "Mozilla/5.0 (X11; Linux x86_64) AppleWebKit/537.36 (KHTML, like Gecko) Chrome/131.0.0.0 Safari/537.36"
3.110.187.239 - - [12/Apr/2026:08:33:58 +0200] "GET /mailer/.env HTTP/1.0" 404 568 "-" "Mozilla/5.0 (X11; Linux x86_64) AppleWebKit/537.36 (KHTML, like Gecko) Chrome/131.0.0.0 Safari/537.36"
3.110.187.239 - - [12/Apr/2026:08:33:58 +0200] "GET /mail/.env HTTP/1.0" 404 566 "-" "Mozilla/5.0 (X11; Linux x86_64) AppleWebKit/537.36 (KHTML, like Gecko) Chrome/131.0.0.0 Safari/537.36"
3.110.187.239 - - [12/Apr/2026:08:33:58 +0200] "GET /email/.env HTTP/1.0" 404 567 "-" "Mozilla/5.0 (X11; Linux x86_64) AppleWebKit/537.36 (KHTML, like Gecko) Chrome/131.0.0.0 Safari/537.36"
3.110.187.239 - - [12/Apr/2026:08:33:58 +0200] "GET /smtp/.env HTTP/1.0" 404 566 "-" "Mozilla/5.0 (X11; Linux x86_64) AppleWebKit/537.36 (KHTML, like Gecko) Chrome/131.0.0.0 Safari/537.36"
3.110.187.239 - - [12/Apr/2026:08:33:58 +0200] "GET /mailing/.env HTTP/1.0" 404 569 "-" "Mozilla/5.0 (X11; Linux x86_64) AppleWebKit/537.36 (KHTML, like Gecko) Chrome/131.0.0.0 Safari/537.36"
3.110.187.239 - - [12/Apr/2026:08:33:59 +0200] "GET /notifications/.env HTTP/1.0" 404 575 "-" "Mozilla/5.0 (X11; Linux x86_64) AppleWebKit/537.36 (KHTML, like Gecko) Chrome/131.0.0.0 Safari/537.36"
3.110.187.239 - - [12/Apr/2026:08:33:59 +0200] "GET /notify/.env HTTP/1.0" 404 568 "-" "Mozilla/5.0 (X11; Linux x86_64) AppleWebKit/537.36 (KHTML, like Gecko) Chrome/131.0.0.0 Safari/537.36"
3.110.187.239 - - [12/Apr/2026:08:33:59 +0200] "GET /sender/.env HTTP/1.0" 404 568 "-" "Mozilla/5.0 (X11; Linux x86_64) AppleWebKit/537.36 (KHTML, like Gecko) Chrome/131.0.0.0 Safari/537.36"
3.110.187.239 - - [12/Apr/2026:08:33:59 +0200] "GET /campaign/.env HTTP/1.0" 404 570 "-" "Mozilla/5.0 (X11; Linux x86_64) AppleWebKit/537.36 (KHTML, like Gecko) Chrome/131.0.0.0 Safari/537.36"
3.110.187.239 - - [12/Apr/2026:08:33:59 +0200] "GET /newsletter/.env HTTP/1.0" 404 572 "-" "Mozilla/5.0 (X11; Linux x86_64) AppleWebKit/537.36 (KHTML, like Gecko) Chrome/131.0.0.0 Safari/537.36"
3.110.187.239 - - [12/Apr/2026:08:33:59 +0200] "GET /ses/.env HTTP/1.0" 404 565 "-" "Mozilla/5.0 (X11; Linux x86_64) AppleWebKit/537.36 (KHTML, like Gecko) Chrome/131.0.0.0 Safari/537.36"
3.110.187.239 - - [12/Apr/2026:08:33:59 +0200] "GET /sendgrid/.env HTTP/1.0" 404 570 "-" "Mozilla/5.0 (X11; Linux x86_64) AppleWebKit/537.36 (KHTML, like Gecko) Chrome/131.0.0.0 Safari/537.36"
3.110.187.239 - - [12/Apr/2026:08:34:00 +0200] "GET /sparkpost/.env HTTP/1.0" 404 571 "-" "Mozilla/5.0 (X11; Linux x86_64) AppleWebKit/537.36 (KHTML, like Gecko) Chrome/131.0.0.0 Safari/537.36"
3.110.187.239 - - [12/Apr/2026:08:34:00 +0200] "GET /postmark/.env HTTP/1.0" 404 570 "-" "Mozilla/5.0 (X11; Linux x86_64) AppleWebKit/537.36 (KHTML, like Gecko) Chrome/131.0.0.0 Safari/537.36"
3.110.187.239 - - [12/Apr/2026:08:34:00 +0200] "GET /mailgun/.env HTTP/1.0" 404 569 "-" "Mozilla/5.0 (X11; Linux x86_64) AppleWebKit/537.36 (KHTML, like Gecko) Chrome/131.0.0.0 Safari/537.36"
3.110.187.239 - - [12/Apr/2026:08:34:00 +0200] "GET /mandrill/.env HTTP/1.0" 404 570 "-" "Mozilla/5.0 (X11; Linux x86_64) AppleWebKit/537.36 (KHTML, like Gecko) Chrome/131.0.0.0 Safari/537.36"
3.110.187.239 - - [12/Apr/2026:08:34:00 +0200] "GET /mailjet/.env HTTP/1.0" 404 569 "-" "Mozilla/5.0 (X11; Linux x86_64) AppleWebKit/537.36 (KHTML, like Gecko) Chrome/131.0.0.0 Safari/537.36"
3.110.187.239 - - [12/Apr/2026:08:34:00 +0200] "GET /brevo/.env HTTP/1.0" 404 567 "-" "Mozilla/5.0 (X11; Linux x86_64) AppleWebKit/537.36 (KHTML, like Gecko) Chrome/131.0.0.0 Safari/537.36"
3.110.187.239 - - [12/Apr/2026:08:34:00 +0200] "GET /transactional/.env HTTP/1.0" 404 575 "-" "Mozilla/5.0 (X11; Linux x86_64) AppleWebKit/537.36 (KHTML, like Gecko) Chrome/131.0.0.0 Safari/537.36"
3.110.187.239 - - [12/Apr/2026:08:34:00 +0200] "GET /bulk/.env HTTP/1.0" 404 566 "-" "Mozilla/5.0 (X11; Linux x86_64) AppleWebKit/537.36 (KHTML, like Gecko) Chrome/131.0.0.0 Safari/537.36"
3.110.187.239 - - [12/Apr/2026:08:34:01 +0200] "GET /phpinfo.php HTTP/1.0" 404 568 "-" "Mozilla/5.0 (X11; Linux x86_64) AppleWebKit/537.36 (KHTML, like Gecko) Chrome/131.0.0.0 Safari/537.36"
3.110.187.239 - - [12/Apr/2026:08:34:01 +0200] "GET /info.php HTTP/1.0" 404 565 "-" "Mozilla/5.0 (X11; Linux x86_64) AppleWebKit/537.36 (KHTML, like Gecko) Chrome/131.0.0.0 Safari/537.36"
3.110.187.239 - - [12/Apr/2026:08:34:01 +0200] "GET /php.php HTTP/1.0" 404 564 "-" "Mozilla/5.0 (X11; Linux x86_64) AppleWebKit/537.36 (KHTML, like Gecko) Chrome/131.0.0.0 Safari/537.36"
3.110.187.239 - - [12/Apr/2026:08:34:01 +0200] "GET /i.php HTTP/1.0" 404 562 "-" "Mozilla/5.0 (X11; Linux x86_64) AppleWebKit/537.36 (KHTML, like Gecko) Chrome/131.0.0.0 Safari/537.36"
3.110.187.239 - - [12/Apr/2026:08:34:01 +0200] "GET /pi.php HTTP/1.0" 404 563 "-" "Mozilla/5.0 (X11; Linux x86_64) AppleWebKit/537.36 (KHTML, like Gecko) Chrome/131.0.0.0 Safari/537.36"
3.110.187.239 - - [12/Apr/2026:08:34:01 +0200] "GET /pinfo.php HTTP/1.0" 404 566 "-" "Mozilla/5.0 (X11; Linux x86_64) AppleWebKit/537.36 (KHTML, like Gecko) Chrome/131.0.0.0 Safari/537.36"
3.110.187.239 - - [12/Apr/2026:08:34:01 +0200] "GET /test.php HTTP/1.0" 404 565 "-" "Mozilla/5.0 (X11; Linux x86_64) AppleWebKit/537.36 (KHTML, like Gecko) Chrome/131.0.0.0 Safari/537.36"
3.110.187.239 - - [12/Apr/2026:08:34:02 +0200] "GET /phpinfo HTTP/1.0" 404 564 "-" "Mozilla/5.0 (X11; Linux x86_64) AppleWebKit/537.36 (KHTML, like Gecko) Chrome/131.0.0.0 Safari/537.36"
3.110.187.239 - - [12/Apr/2026:08:34:02 +0200] "GET /p.php HTTP/1.0" 404 562 "-" "Mozilla/5.0 (X11; Linux x86_64) AppleWebKit/537.36 (KHTML, like Gecko) Chrome/131.0.0.0 Safari/537.36"
3.110.187.239 - - [12/Apr/2026:08:34:02 +0200] "GET /debug.php HTTP/1.0" 404 566 "-" "Mozilla/5.0 (X11; Linux x86_64) AppleWebKit/537.36 (KHTML, like Gecko) Chrome/131.0.0.0 Safari/537.36"
3.110.187.239 - - [12/Apr/2026:08:34:02 +0200] "GET /admin/phpinfo.php HTTP/1.0" 404 574 "-" "Mozilla/5.0 (X11; Linux x86_64) AppleWebKit/537.36 (KHTML, like Gecko) Chrome/131.0.0.0 Safari/537.36"
3.110.187.239 - - [12/Apr/2026:08:34:02 +0200] "GET /test/phpinfo.php HTTP/1.0" 404 573 "-" "Mozilla/5.0 (X11; Linux x86_64) AppleWebKit/537.36 (KHTML, like Gecko) Chrome/131.0.0.0 Safari/537.36"
3.110.187.239 - - [12/Apr/2026:08:34:02 +0200] "GET /dev/phpinfo.php HTTP/1.0" 404 572 "-" "Mozilla/5.0 (X11; Linux x86_64) AppleWebKit/537.36 (KHTML, like Gecko) Chrome/131.0.0.0 Safari/537.36"
3.110.187.239 - - [12/Apr/2026:08:34:02 +0200] "GET /old/phpinfo.php HTTP/1.0" 404 572 "-" "Mozilla/5.0 (X11; Linux x86_64) AppleWebKit/537.36 (KHTML, like Gecko) Chrome/131.0.0.0 Safari/537.36"
3.110.187.239 - - [12/Apr/2026:08:34:02 +0200] "GET /tmp/phpinfo.php HTTP/1.0" 404 572 "-" "Mozilla/5.0 (X11; Linux x86_64) AppleWebKit/537.36 (KHTML, like Gecko) Chrome/131.0.0.0 Safari/537.36"
3.110.187.239 - - [12/Apr/2026:08:34:03 +0200] "GET /public/phpinfo.php HTTP/1.0" 404 575 "-" "Mozilla/5.0 (X11; Linux x86_64) AppleWebKit/537.36 (KHTML, like Gecko) Chrome/131.0.0.0 Safari/537.36"
3.110.187.239 - - [12/Apr/2026:08:34:03 +0200] "GET /info HTTP/1.0" 404 561 "-" "Mozilla/5.0 (X11; Linux x86_64) AppleWebKit/537.36 (KHTML, like Gecko) Chrome/131.0.0.0 Safari/537.36"
3.110.187.239 - - [12/Apr/2026:08:34:03 +0200] "GET /php-info.php HTTP/1.0" 404 569 "-" "Mozilla/5.0 (X11; Linux x86_64) AppleWebKit/537.36 (KHTML, like Gecko) Chrome/131.0.0.0 Safari/537.36"
3.110.187.239 - - [12/Apr/2026:08:34:03 +0200] "GET /phpversion.php HTTP/1.0" 404 571 "-" "Mozilla/5.0 (X11; Linux x86_64) AppleWebKit/537.36 (KHTML, like Gecko) Chrome/131.0.0.0 Safari/537.36"
3.110.187.239 - - [12/Apr/2026:08:34:03 +0200] "GET /_phpinfo.php HTTP/1.0" 404 569 "-" "Mozilla/5.0 (X11; Linux x86_64) AppleWebKit/537.36 (KHTML, like Gecko) Chrome/131.0.0.0 Safari/537.36"
3.110.187.239 - - [12/Apr/2026:08:34:03 +0200] "GET /old_phpinfo.php HTTP/1.0" 404 572 "-" "Mozilla/5.0 (X11; Linux x86_64) AppleWebKit/537.36 (KHTML, like Gecko) Chrome/131.0.0.0 Safari/537.36"
3.110.187.239 - - [12/Apr/2026:08:34:03 +0200] "GET /server-info.php HTTP/1.0" 404 572 "-" "Mozilla/5.0 (X11; Linux x86_64) AppleWebKit/537.36 (KHTML, like Gecko) Chrome/131.0.0.0 Safari/537.36"
3.110.187.239 - - [12/Apr/2026:08:34:04 +0200] "GET /server-status.php HTTP/1.0" 404 574 "-" "Mozilla/5.0 (X11; Linux x86_64) AppleWebKit/537.36 (KHTML, like Gecko) Chrome/131.0.0.0 Safari/537.36"
3.110.187.239 - - [12/Apr/2026:08:34:04 +0200] "GET /_profiler/phpinfo HTTP/1.0" 404 574 "-" "Mozilla/5.0 (X11; Linux x86_64) AppleWebKit/537.36 (KHTML, like Gecko) Chrome/131.0.0.0 Safari/537.36"
3.110.187.239 - - [12/Apr/2026:08:34:04 +0200] "GET /_environment HTTP/1.0" 404 569 "-" "Mozilla/5.0 (X11; Linux x86_64) AppleWebKit/537.36 (KHTML, like Gecko) Chrome/131.0.0.0 Safari/537.36"
3.110.187.239 - - [12/Apr/2026:08:34:04 +0200] "GET /webroot/index.php/_environment HTTP/1.0" 404 587 "-" "Mozilla/5.0 (X11; Linux x86_64) AppleWebKit/537.36 (KHTML, like Gecko) Chrome/131.0.0.0 Safari/537.36"
3.110.187.239 - - [12/Apr/2026:08:34:04 +0200] "GET /mail/phpinfo.php HTTP/1.0" 404 573 "-" "Mozilla/5.0 (X11; Linux x86_64) AppleWebKit/537.36 (KHTML, like Gecko) Chrome/131.0.0.0 Safari/537.36"
3.110.187.239 - - [12/Apr/2026:08:34:04 +0200] "GET /cpanel/phpinfo.php HTTP/1.0" 404 575 "-" "Mozilla/5.0 (X11; Linux x86_64) AppleWebKit/537.36 (KHTML, like Gecko) Chrome/131.0.0.0 Safari/537.36"
3.110.187.239 - - [12/Apr/2026:08:34:04 +0200] "GET /hosting/phpinfo.php HTTP/1.0" 404 576 "-" "Mozilla/5.0 (X11; Linux x86_64) AppleWebKit/537.36 (KHTML, like Gecko) Chrome/131.0.0.0 Safari/537.36"
3.110.187.239 - - [12/Apr/2026:08:34:04 +0200] "GET /webmail/phpinfo.php HTTP/1.0" 404 576 "-" "Mozilla/5.0 (X11; Linux x86_64) AppleWebKit/537.36 (KHTML, like Gecko) Chrome/131.0.0.0 Safari/537.36"
3.110.187.239 - - [12/Apr/2026:08:34:05 +0200] "GET /smtp/phpinfo.php HTTP/1.0" 404 573 "-" "Mozilla/5.0 (X11; Linux x86_64) AppleWebKit/537.36 (KHTML, like Gecko) Chrome/131.0.0.0 Safari/537.36"
159.65.147.112 - - [12/Apr/2026:16:33:32 +0200] "GET / HTTP/1.0" 200 70895 "-" "Mozilla/5.0 (X11; Linux x86_64) AppleWebKit/537.36 (KHTML, like Gecko) Chrome/142.0.0.0 Safari/537.36"
80.74.154.100 - - [12/Apr/2026:16:33:33 +0200] "POST /wp-cron.php?doing_wp_cron=1776004412.8884680271148681640625 HTTP/1.0" 200 409 "-" "WordPress/6.9.4; https://online.comeonline.ch"
159.65.147.112 - - [12/Apr/2026:16:33:37 +0200] "GET /wp-content/uploads/2024/08/cropped-Online_Band_2022_7-scaled-2-32x32.jpg HTTP/1.0" 200 1765 "https://online.comeonline.ch/" "Mozilla/5.0 (X11; Linux x86_64) AppleWebKit/537.36 (KHTML, like Gecko) Chrome/142.0.0.0 Safari/537.36"
31.47.251.11 - - [13/Apr/2026:04:31:26 +0200] "GET / HTTP/1.0" 200 70895 "-" "Mozilla/5.0 (Windows NT 10.0; Win64; x64) AppleWebKit/537.36 (KHTML, like Gecko) Chrome/120.0.0.0 Safari/537.36"
31.47.251.11 - - [13/Apr/2026:04:31:27 +0200] "GET / HTTP/1.0" 200 70895 "-" "Mozilla/5.0 (Windows NT 10.0; Win64; x64) AppleWebKit/537.36 (KHTML, like Gecko) Chrome/120.0.0.0 Safari/537.36"
80.74.154.100 - - [13/Apr/2026:04:31:27 +0200] "POST /wp-cron.php?doing_wp_cron=1776047487.2321500778198242187500 HTTP/1.0" 200 409 "-" "WordPress/6.9.4; https://online.comeonline.ch"
80.74.154.100 - - [13/Apr/2026:05:55:06 +0200] "POST /wp-cron.php?doing_wp_cron=1776052505.9039869308471679687500 HTTP/1.0" 200 409 "-" "WordPress/6.9.4; https://online.comeonline.ch"
80.74.154.100 - - [13/Apr/2026:06:23:01 +0200] "POST /wp-cron.php?doing_wp_cron=1776054181.1969590187072753906250 HTTP/1.0" 200 409 "-" "WordPress/6.9.4; https://online.comeonline.ch"
54.154.178.88 - - [13/Apr/2026:11:27:57 +0200] "GET / HTTP/1.0" 200 70895 "-" "Plesk screenshot bot https://support.plesk.com/hc/en-us/articles/10301006946066"
54.154.178.88 - - [13/Apr/2026:11:27:59 +0200] "GET /wp-content/themes/twentyseventeen/style.css?ver=20240716 HTTP/1.0" 200 84673 "https://online.comeonline.ch/" "Plesk screenshot bot https://support.plesk.com/hc/en-us/articles/10301006946066"
54.154.178.88 - - [13/Apr/2026:11:27:59 +0200] "GET /wp-content/themes/twentyseventeen/assets/fonts/font-libre-franklin.css?ver=20230328 HTTP/1.0" 200 11902 "https://online.comeonline.ch/" "Plesk screenshot bot https://support.plesk.com/hc/en-us/articles/10301006946066"
54.154.178.88 - - [13/Apr/2026:11:27:59 +0200] "GET /wp-content/themes/twentyseventeen/assets/css/blocks.css?ver=20240624 HTTP/1.0" 200 11319 "https://online.comeonline.ch/" "Plesk screenshot bot https://support.plesk.com/hc/en-us/articles/10301006946066"
54.154.178.88 - - [13/Apr/2026:11:27:59 +0200] "GET /wp-includes/js/jquery/jquery-migrate.min.js?ver=3.4.1 HTTP/1.0" 200 14020 "https://online.comeonline.ch/" "Plesk screenshot bot https://support.plesk.com/hc/en-us/articles/10301006946066"
54.154.178.88 - - [13/Apr/2026:11:27:59 +0200] "GET /wp-includes/js/jquery/jquery.min.js?ver=3.7.1 HTTP/1.0" 200 88142 "https://online.comeonline.ch/" "Plesk screenshot bot https://support.plesk.com/hc/en-us/articles/10301006946066"
54.154.178.88 - - [13/Apr/2026:11:27:59 +0200] "GET /wp-content/uploads/2024/08/cropped-Online_Band_2022_7-scaled-1-1024x614.jpg HTTP/1.0" 200 125669 "https://online.comeonline.ch/" "Plesk screenshot bot https://support.plesk.com/hc/en-us/articles/10301006946066"
54.154.178.88 - - [13/Apr/2026:11:27:59 +0200] "GET /wp-content/themes/twentyseventeen/assets/js/global.js?ver=20211130 HTTP/1.0" 200 8267 "https://online.comeonline.ch/" "Plesk screenshot bot https://support.plesk.com/hc/en-us/articles/10301006946066"
54.154.178.88 - - [13/Apr/2026:11:27:59 +0200] "GET /wp-content/themes/twentyseventeen/assets/js/jquery.scrollTo.js?ver=2.1.3 HTTP/1.0" 200 6259 "https://online.comeonline.ch/" "Plesk screenshot bot https://support.plesk.com/hc/en-us/articles/10301006946066"
54.154.178.88 - - [13/Apr/2026:11:27:59 +0200] "GET /wp-content/themes/twentyseventeen/assets/js/navigation.js?ver=20210122 HTTP/1.0" 200 4201 "https://online.comeonline.ch/" "Plesk screenshot bot https://support.plesk.com/hc/en-us/articles/10301006946066"
54.154.178.88 - - [13/Apr/2026:11:27:59 +0200] "GET /wp-content/themes/twentyseventeen/assets/fonts/libre-franklin/libre-franklin-latin-400-normal.woff2?ver=13 HTTP/1.0" 200 14557 "https://online.comeonline.ch/wp-content/themes/twentyseventeen/assets/fonts/font-libre-franklin.css?ver=20230328" "Plesk screenshot bot https://support.plesk.com/hc/en-us/articles/10301006946066"
54.154.178.88 - - [13/Apr/2026:11:27:59 +0200] "GET /wp-content/themes/twentyseventeen/assets/fonts/libre-franklin/libre-franklin-latin-800-normal.woff2?ver=13 HTTP/1.0" 200 14665 "https://online.comeonline.ch/wp-content/themes/twentyseventeen/assets/fonts/font-libre-franklin.css?ver=20230328" "Plesk screenshot bot https://support.plesk.com/hc/en-us/articles/10301006946066"
54.154.178.88 - - [13/Apr/2026:11:27:59 +0200] "GET /wp-content/themes/twentyseventeen/assets/fonts/libre-franklin/libre-franklin-latin-600-normal.woff2?ver=13 HTTP/1.0" 200 14625 "https://online.comeonline.ch/wp-content/themes/twentyseventeen/assets/fonts/font-libre-franklin.css?ver=20230328" "Plesk screenshot bot https://support.plesk.com/hc/en-us/articles/10301006946066"
54.154.178.88 - - [13/Apr/2026:11:27:59 +0200] "GET /wp-content/uploads/2024/08/cropped-Online_Band_2022_7-scaled-2-32x32.jpg HTTP/1.0" 200 1765 "https://online.comeonline.ch/" "Plesk screenshot bot https://support.plesk.com/hc/en-us/articles/10301006946066"
54.154.178.88 - - [13/Apr/2026:11:27:59 +0200] "GET /wp-includes/js/wp-emoji-release.min.js?ver=6.9.4 HTTP/1.0" 200 23234 "https://online.comeonline.ch/" "Plesk screenshot bot https://support.plesk.com/hc/en-us/articles/10301006946066"
80.74.154.100 - - [13/Apr/2026:11:27:58 +0200] "POST /wp-cron.php?doing_wp_cron=1776072478.0035789012908935546875 HTTP/1.0" 200 409 "-" "WordPress/6.9.4; https://online.comeonline.ch"
34.62.8.185 - - [13/Apr/2026:20:11:36 +0200] "GET / HTTP/1.0" 200 70895 "http://online.comeonline.ch" "Mozilla/5.0 (compatible; CMS-Checker/1.0; +https://example.com)"
80.74.154.100 - - [13/Apr/2026:20:11:37 +0200] "POST /wp-cron.php?doing_wp_cron=1776103897.2960379123687744140625 HTTP/1.0" 200 409 "-" "WordPress/6.9.4; https://online.comeonline.ch"
31.47.251.11 - - [14/Apr/2026:04:46:53 +0200] "GET / HTTP/1.0" 200 70895 "-" "Mozilla/5.0 (Windows NT 10.0; Win64; x64) AppleWebKit/537.36 (KHTML, like Gecko) Chrome/120.0.0.0 Safari/537.36"
31.47.251.11 - - [14/Apr/2026:04:46:53 +0200] "GET / HTTP/1.0" 200 70866 "-" "Mozilla/5.0 (Windows NT 10.0; Win64; x64) AppleWebKit/537.36 (KHTML, like Gecko) Chrome/120.0.0.0 Safari/537.36"
80.74.154.100 - - [14/Apr/2026:04:46:54 +0200] "POST /wp-cron.php?doing_wp_cron=1776134813.9410390853881835937500 HTTP/1.0" 200 409 "-" "WordPress/6.9.4; https://online.comeonline.ch"
80.74.154.100 - - [14/Apr/2026:04:46:54 +0200] "POST /wp-cron.php?doing_wp_cron=1776134813.9410369396209716796875 HTTP/1.0" 200 409 "-" "WordPress/6.9.4; https://online.comeonline.ch"
80.74.154.100 - - [14/Apr/2026:05:51:38 +0200] "POST /wp-cron.php?doing_wp_cron=1776138698.0359690189361572265625 HTTP/1.0" 200 409 "-" "WordPress/6.9.4; https://online.comeonline.ch"
80.74.154.100 - - [14/Apr/2026:06:18:27 +0200] "POST /wp-cron.php?doing_wp_cron=1776140307.7524640560150146484375 HTTP/1.0" 200 409 "-" "WordPress/6.9.4; https://online.comeonline.ch"
136.113.30.90 - - [14/Apr/2026:14:42:32 +0200] "GET / HTTP/1.0" 200 70895 "http://online.comeonline.ch" "Mozilla/5.0 (compatible; CMS-Checker/1.0; +https://example.com)"
80.74.154.100 - - [14/Apr/2026:14:42:33 +0200] "POST /wp-cron.php?doing_wp_cron=1776170552.9465999603271484375000 HTTP/1.0" 200 409 "-" "WordPress/6.9.4; https://online.comeonline.ch"
136.113.30.90 - - [14/Apr/2026:15:09:41 +0200] "GET / HTTP/1.0" 200 70895 "-" "Mozilla/5.0 (Windows NT 10.0; Win64; x64) AppleWebKit/537.36 (KHTML, like Gecko) Chrome/78.0.3904.108 Safari/537.36"
80.74.154.100 - - [14/Apr/2026:15:09:42 +0200] "POST /wp-cron.php?doing_wp_cron=1776172181.8471660614013671875000 HTTP/1.0" 200 409 "-" "WordPress/6.9.4; https://online.comeonline.ch"
136.113.30.90 - - [14/Apr/2026:15:09:43 +0200] "GET //wp-includes/wlwmanifest.xml HTTP/1.0" 404 584 "-" "Mozilla/5.0 (Windows NT 10.0; Win64; x64) AppleWebKit/537.36 (KHTML, like Gecko) Chrome/78.0.3904.108 Safari/537.36"
136.113.30.90 - - [14/Apr/2026:15:09:43 +0200] "GET //xmlrpc.php?rsd HTTP/1.0" 200 1173 "-" "Mozilla/5.0 (Windows NT 10.0; Win64; x64) AppleWebKit/537.36 (KHTML, like Gecko) Chrome/78.0.3904.108 Safari/537.36"
136.113.30.90 - - [14/Apr/2026:15:09:43 +0200] "GET //?author=1 HTTP/1.0" 301 407 "-" "Mozilla/5.0 (Windows NT 10.0; Win64; x64) AppleWebKit/537.36 (KHTML, like Gecko) Chrome/78.0.3904.108 Safari/537.36"
136.113.30.90 - - [14/Apr/2026:15:09:43 +0200] "GET //?author=2 HTTP/1.0" 301 519 "-" "Mozilla/5.0 (Windows NT 10.0; Win64; x64) AppleWebKit/537.36 (KHTML, like Gecko) Chrome/78.0.3904.108 Safari/537.36"
136.113.30.90 - - [14/Apr/2026:15:09:43 +0200] "GET //wp-json/wp/v2/users/ HTTP/1.0" 404 577 "-" "Mozilla/5.0 (Windows NT 10.0; Win64; x64) AppleWebKit/537.36 (KHTML, like Gecko) Chrome/78.0.3904.108 Safari/537.36"
136.113.30.90 - - [14/Apr/2026:15:09:44 +0200] "GET //wp-json/oembed/1.0/embed?url=https://online.comeonline.ch/ HTTP/1.0" 404 581 "-" "Mozilla/5.0 (Windows NT 10.0; Win64; x64) AppleWebKit/537.36 (KHTML, like Gecko) Chrome/78.0.3904.108 Safari/537.36"
136.113.30.90 - - [14/Apr/2026:15:09:44 +0200] "POST //xmlrpc.php HTTP/1.0" 200 741 "-" "Mozilla/5.0 (Windows NT 10.0; Win64; x64) AppleWebKit/537.36 (KHTML, like Gecko) Chrome/78.0.3904.108 Safari/537.36"
136.113.30.90 - - [14/Apr/2026:15:09:44 +0200] "POST //xmlrpc.php HTTP/1.0" 200 741 "-" "Mozilla/5.0 (Windows NT 10.0; Win64; x64) AppleWebKit/537.36 (KHTML, like Gecko) Chrome/78.0.3904.108 Safari/537.36"
136.113.30.90 - - [14/Apr/2026:15:09:44 +0200] "POST //xmlrpc.php HTTP/1.0" 200 741 "-" "Mozilla/5.0 (Windows NT 10.0; Win64; x64) AppleWebKit/537.36 (KHTML, like Gecko) Chrome/78.0.3904.108 Safari/537.36"
136.113.30.90 - - [14/Apr/2026:15:09:44 +0200] "POST //xmlrpc.php HTTP/1.0" 200 741 "-" "Mozilla/5.0 (Windows NT 10.0; Win64; x64) AppleWebKit/537.36 (KHTML, like Gecko) Chrome/78.0.3904.108 Safari/537.36"
136.113.30.90 - - [14/Apr/2026:15:09:44 +0200] "POST //xmlrpc.php HTTP/1.0" 200 741 "-" "Mozilla/5.0 (Windows NT 10.0; Win64; x64) AppleWebKit/537.36 (KHTML, like Gecko) Chrome/78.0.3904.108 Safari/537.36"
136.113.30.90 - - [14/Apr/2026:15:09:45 +0200] "POST //xmlrpc.php HTTP/1.0" 200 741 "-" "Mozilla/5.0 (Windows NT 10.0; Win64; x64) AppleWebKit/537.36 (KHTML, like Gecko) Chrome/78.0.3904.108 Safari/537.36"
136.113.30.90 - - [14/Apr/2026:15:09:45 +0200] "POST //xmlrpc.php HTTP/1.0" 200 741 "-" "Mozilla/5.0 (Windows NT 10.0; Win64; x64) AppleWebKit/537.36 (KHTML, like Gecko) Chrome/78.0.3904.108 Safari/537.36"
136.113.30.90 - - [14/Apr/2026:15:09:45 +0200] "POST //xmlrpc.php HTTP/1.0" 200 741 "-" "Mozilla/5.0 (Windows NT 10.0; Win64; x64) AppleWebKit/537.36 (KHTML, like Gecko) Chrome/78.0.3904.108 Safari/537.36"
34.121.84.57 - - [14/Apr/2026:17:07:23 +0200] "GET / HTTP/1.0" 200 70895 "http://online.comeonline.ch" "Mozilla/5.0 (compatible; CMS-Checker/1.0; +https://example.com)"
80.74.154.100 - - [14/Apr/2026:17:07:24 +0200] "POST /wp-cron.php?doing_wp_cron=1776179243.8543500900268554687500 HTTP/1.0" 200 409 "-" "WordPress/6.9.4; https://online.comeonline.ch"
34.121.84.57 - - [14/Apr/2026:18:07:14 +0200] "GET / HTTP/1.0" 200 70895 "-" "Mozilla/5.0 (Windows NT 10.0; Win64; x64) AppleWebKit/537.36 (KHTML, like Gecko) Chrome/78.0.3904.108 Safari/537.36"
80.74.154.100 - - [14/Apr/2026:18:07:15 +0200] "POST /wp-cron.php?doing_wp_cron=1776182834.8899810314178466796875 HTTP/1.0" 200 409 "-" "WordPress/6.9.4; https://online.comeonline.ch"
34.121.84.57 - - [14/Apr/2026:18:07:16 +0200] "GET //wp-includes/wlwmanifest.xml HTTP/1.0" 404 584 "-" "Mozilla/5.0 (Windows NT 10.0; Win64; x64) AppleWebKit/537.36 (KHTML, like Gecko) Chrome/78.0.3904.108 Safari/537.36"
34.121.84.57 - - [14/Apr/2026:18:07:16 +0200] "GET //xmlrpc.php?rsd HTTP/1.0" 200 1173 "-" "Mozilla/5.0 (Windows NT 10.0; Win64; x64) AppleWebKit/537.36 (KHTML, like Gecko) Chrome/78.0.3904.108 Safari/537.36"
34.121.84.57 - - [14/Apr/2026:18:07:16 +0200] "GET //?author=1 HTTP/1.0" 301 407 "-" "Mozilla/5.0 (Windows NT 10.0; Win64; x64) AppleWebKit/537.36 (KHTML, like Gecko) Chrome/78.0.3904.108 Safari/537.36"
34.121.84.57 - - [14/Apr/2026:18:07:16 +0200] "GET //?author=2 HTTP/1.0" 301 519 "-" "Mozilla/5.0 (Windows NT 10.0; Win64; x64) AppleWebKit/537.36 (KHTML, like Gecko) Chrome/78.0.3904.108 Safari/537.36"
34.121.84.57 - - [14/Apr/2026:18:07:16 +0200] "GET //wp-json/wp/v2/users/ HTTP/1.0" 404 577 "-" "Mozilla/5.0 (Windows NT 10.0; Win64; x64) AppleWebKit/537.36 (KHTML, like Gecko) Chrome/78.0.3904.108 Safari/537.36"
34.121.84.57 - - [14/Apr/2026:18:07:17 +0200] "GET //wp-json/oembed/1.0/embed?url=https://online.comeonline.ch/ HTTP/1.0" 404 581 "-" "Mozilla/5.0 (Windows NT 10.0; Win64; x64) AppleWebKit/537.36 (KHTML, like Gecko) Chrome/78.0.3904.108 Safari/537.36"
34.121.84.57 - - [14/Apr/2026:18:07:17 +0200] "POST //xmlrpc.php HTTP/1.0" 200 741 "-" "Mozilla/5.0 (Windows NT 10.0; Win64; x64) AppleWebKit/537.36 (KHTML, like Gecko) Chrome/78.0.3904.108 Safari/537.36"
34.121.84.57 - - [14/Apr/2026:18:07:17 +0200] "POST //xmlrpc.php HTTP/1.0" 200 741 "-" "Mozilla/5.0 (Windows NT 10.0; Win64; x64) AppleWebKit/537.36 (KHTML, like Gecko) Chrome/78.0.3904.108 Safari/537.36"
34.121.84.57 - - [14/Apr/2026:18:07:17 +0200] "POST //xmlrpc.php HTTP/1.0" 200 741 "-" "Mozilla/5.0 (Windows NT 10.0; Win64; x64) AppleWebKit/537.36 (KHTML, like Gecko) Chrome/78.0.3904.108 Safari/537.36"
34.121.84.57 - - [14/Apr/2026:18:07:17 +0200] "POST //xmlrpc.php HTTP/1.0" 200 741 "-" "Mozilla/5.0 (Windows NT 10.0; Win64; x64) AppleWebKit/537.36 (KHTML, like Gecko) Chrome/78.0.3904.108 Safari/537.36"
34.121.84.57 - - [14/Apr/2026:18:07:17 +0200] "POST //xmlrpc.php HTTP/1.0" 200 741 "-" "Mozilla/5.0 (Windows NT 10.0; Win64; x64) AppleWebKit/537.36 (KHTML, like Gecko) Chrome/78.0.3904.108 Safari/537.36"
34.121.84.57 - - [14/Apr/2026:18:07:18 +0200] "POST //xmlrpc.php HTTP/1.0" 200 741 "-" "Mozilla/5.0 (Windows NT 10.0; Win64; x64) AppleWebKit/537.36 (KHTML, like Gecko) Chrome/78.0.3904.108 Safari/537.36"
141.11.164.170 - - [14/Apr/2026:21:20:45 +0200] "GET / HTTP/1.0" 200 70895 "-" "Mozilla/5.0 (Windows NT 10.0; Win64; x64) AppleWebKit/537.36 (KHTML, like Gecko) Chrome/146.0.0.0 Safari/537.36"
80.74.154.100 - - [14/Apr/2026:21:20:46 +0200] "POST /wp-cron.php?doing_wp_cron=1776194445.8152379989624023437500 HTTP/1.0" 200 409 "-" "WordPress/6.9.4; https://online.comeonline.ch"
3.249.140.246 - - [15/Apr/2026:02:23:04 +0200] "GET / HTTP/1.0" 200 78442 "-" "Mozilla/5.0 (compatible; NetcraftSurveyAgent/1.0; +info@netcraft.com)"
80.74.154.100 - - [15/Apr/2026:02:23:05 +0200] "POST /wp-cron.php?doing_wp_cron=1776212584.9863049983978271484375 HTTP/1.0" 200 409 "-" "WordPress/6.9.4; https://online.comeonline.ch"
31.47.251.11 - - [15/Apr/2026:05:01:56 +0200] "GET / HTTP/1.0" 200 70895 "-" "Mozilla/5.0 (Windows NT 10.0; Win64; x64) AppleWebKit/537.36 (KHTML, like Gecko) Chrome/120.0.0.0 Safari/537.36"
31.47.251.11 - - [15/Apr/2026:05:01:56 +0200] "GET / HTTP/1.0" 200 70895 "-" "Mozilla/5.0 (Windows NT 10.0; Win64; x64) AppleWebKit/537.36 (KHTML, like Gecko) Chrome/120.0.0.0 Safari/537.36"
80.74.154.100 - - [15/Apr/2026:05:01:57 +0200] "POST /wp-cron.php?doing_wp_cron=1776222117.3316259384155273437500 HTTP/1.0" 200 409 "-" "WordPress/6.9.4; https://online.comeonline.ch"
80.74.154.100 - - [15/Apr/2026:06:19:31 +0200] "POST /wp-cron.php?doing_wp_cron=1776226771.0275890827178955078125 HTTP/1.0" 200 409 "-" "WordPress/6.9.4; https://online.comeonline.ch"
164.92.190.133 - - [15/Apr/2026:08:38:22 +0200] "GET / HTTP/1.0" 200 70895 "-" "Mozilla/5.0 (X11; Linux x86_64) AppleWebKit/537.36 (KHTML, like Gecko) Chrome/142.0.0.0 Safari/537.36"
80.74.154.100 - - [15/Apr/2026:08:38:23 +0200] "POST /wp-cron.php?doing_wp_cron=1776235102.8920199871063232421875 HTTP/1.0" 200 409 "-" "WordPress/6.9.4; https://online.comeonline.ch"
164.92.190.133 - - [15/Apr/2026:08:38:24 +0200] "GET /wp-content/uploads/2024/08/cropped-Online_Band_2022_7-scaled-2-32x32.jpg HTTP/1.0" 200 1765 "https://online.comeonline.ch/" "Mozilla/5.0 (X11; Linux x86_64) AppleWebKit/537.36 (KHTML, like Gecko) Chrome/142.0.0.0 Safari/537.36"
31.47.251.11 - - [16/Apr/2026:05:12:52 +0200] "GET / HTTP/1.0" 200 70895 "-" "Mozilla/5.0 (Windows NT 10.0; Win64; x64) AppleWebKit/537.36 (KHTML, like Gecko) Chrome/120.0.0.0 Safari/537.36"
80.74.154.100 - - [16/Apr/2026:05:12:53 +0200] "POST /wp-cron.php?doing_wp_cron=1776309173.5193989276885986328125 HTTP/1.0" 200 409 "-" "WordPress/6.9.4; https://online.comeonline.ch"
80.74.154.100 - - [16/Apr/2026:06:19:42 +0200] "POST /wp-cron.php?doing_wp_cron=1776313182.1293199062347412109375 HTTP/1.0" 200 409 "-" "WordPress/6.9.4; https://online.comeonline.ch"
31.47.251.11 - - [17/Apr/2026:05:16:19 +0200] "GET / HTTP/1.0" 200 70895 "-" "Mozilla/5.0 (Windows NT 10.0; Win64; x64) AppleWebKit/537.36 (KHTML, like Gecko) Chrome/120.0.0.0 Safari/537.36"
31.47.251.11 - - [17/Apr/2026:05:16:19 +0200] "GET / HTTP/1.0" 200 70895 "-" "Mozilla/5.0 (Windows NT 10.0; Win64; x64) AppleWebKit/537.36 (KHTML, like Gecko) Chrome/120.0.0.0 Safari/537.36"
80.74.154.100 - - [17/Apr/2026:05:16:20 +0200] "POST /wp-cron.php?doing_wp_cron=1776395779.7948050498962402343750 HTTP/1.0" 200 409 "-" "WordPress/6.9.4; https://online.comeonline.ch"
80.74.154.100 - - [17/Apr/2026:05:56:53 +0200] "POST /wp-cron.php?doing_wp_cron=1776398213.0363199710845947265625 HTTP/1.0" 200 409 "-" "WordPress/6.9.4; https://online.comeonline.ch"
216.73.216.243 - - [17/Apr/2026:18:14:25 +0200] "GET /robots.txt HTTP/1.0" 404 567 "-" "Mozilla/5.0 AppleWebKit/537.36 (KHTML, like Gecko; compatible; ClaudeBot/1.0; +claudebot@anthropic.com)"
216.73.216.243 - - [17/Apr/2026:18:14:25 +0200] "GET / HTTP/1.0" 200 70895 "-" "Mozilla/5.0 AppleWebKit/537.36 (KHTML, like Gecko; compatible; ClaudeBot/1.0; +claudebot@anthropic.com)"
80.74.154.100 - - [17/Apr/2026:18:14:29 +0200] "POST /wp-cron.php HTTP/1.0" 200 409 "-" "WordPress/6.9.4; https://online.comeonline.ch"
80.74.154.100 - - [17/Apr/2026:18:14:30 +0200] "GET / HTTP/1.0" 200 70895 "-" "WordPress/6.9.4; https://online.comeonline.ch"
80.74.154.100 - - [17/Apr/2026:18:14:31 +0200] "GET / HTTP/1.0" 200 70895 "-" "WordPress/6.9.4; https://online.comeonline.ch"
80.74.154.100 - - [17/Apr/2026:18:14:31 +0200] "GET / HTTP/1.0" 200 70895 "-" "WordPress/6.9.4; https://online.comeonline.ch"
80.74.154.100 - - [17/Apr/2026:18:14:31 +0200] "GET / HTTP/1.0" 200 70895 "-" "WordPress/6.9.4; https://online.comeonline.ch"
80.74.154.100 - - [17/Apr/2026:18:14:26 +0200] "POST /wp-cron.php?doing_wp_cron=1776442466.0373320579528808593750 HTTP/1.0" 200 409 "-" "WordPress/6.9.4; https://online.comeonline.ch"
216.73.216.243 - - [17/Apr/2026:19:18:11 +0200] "GET /robots.txt HTTP/1.0" 404 567 "-" "Mozilla/5.0 AppleWebKit/537.36 (KHTML, like Gecko; compatible; ClaudeBot/1.0; +claudebot@anthropic.com)"
216.73.216.243 - - [17/Apr/2026:19:18:11 +0200] "GET /index.php?rest_route=%2Fwp%2Fv2%2Fpages%2F48 HTTP/1.0" 200 2323 "-" "Mozilla/5.0 AppleWebKit/537.36 (KHTML, like Gecko; compatible; ClaudeBot/1.0; +claudebot@anthropic.com)"
80.74.154.100 - - [17/Apr/2026:19:18:12 +0200] "POST /wp-cron.php?doing_wp_cron=1776446292.1730790138244628906250 HTTP/1.0" 200 409 "-" "WordPress/6.9.4; https://online.comeonline.ch"
216.73.216.243 - - [17/Apr/2026:19:18:43 +0200] "GET /index.php?format=xml&rest_route=%2Foembed%2F1.0%2Fembed&url=https%3A%2F%2Fonline.comeonline.ch%2F HTTP/1.0" 200 3017 "-" "Mozilla/5.0 AppleWebKit/537.36 (KHTML, like Gecko; compatible; ClaudeBot/1.0; +claudebot@anthropic.com)"
216.73.216.243 - - [17/Apr/2026:19:19:41 +0200] "GET /?feed=comments-rss2 HTTP/1.0" 200 2165 "-" "Mozilla/5.0 AppleWebKit/537.36 (KHTML, like Gecko; compatible; ClaudeBot/1.0; +claudebot@anthropic.com)"
216.73.216.243 - - [17/Apr/2026:19:20:22 +0200] "GET /?feed=rss2 HTTP/1.0" 200 2406 "-" "Mozilla/5.0 AppleWebKit/537.36 (KHTML, like Gecko; compatible; ClaudeBot/1.0; +claudebot@anthropic.com)"
216.73.216.243 - - [17/Apr/2026:19:20:52 +0200] "GET /index.php?rest_route=%2F HTTP/1.0" 200 210259 "-" "Mozilla/5.0 AppleWebKit/537.36 (KHTML, like Gecko; compatible; ClaudeBot/1.0; +claudebot@anthropic.com)"
216.73.216.243 - - [17/Apr/2026:19:20:53 +0200] "GET /xmlrpc.php HTTP/1.0" 405 397 "-" "Mozilla/5.0 AppleWebKit/537.36 (KHTML, like Gecko; compatible; ClaudeBot/1.0; +claudebot@anthropic.com)"
216.73.216.243 - - [17/Apr/2026:19:20:52 +0200] "GET /?page_id=76 HTTP/1.0" 200 72004 "-" "Mozilla/5.0 AppleWebKit/537.36 (KHTML, like Gecko; compatible; ClaudeBot/1.0; +claudebot@anthropic.com)"
216.73.216.243 - - [17/Apr/2026:19:20:59 +0200] "GET /index.php?rest_route=%2Foembed%2F1.0%2Fembed&url=https%3A%2F%2Fonline.comeonline.ch%2F HTTP/1.0" 200 2882 "-" "Mozilla/5.0 AppleWebKit/537.36 (KHTML, like Gecko; compatible; ClaudeBot/1.0; +claudebot@anthropic.com)"
216.73.216.243 - - [17/Apr/2026:20:30:03 +0200] "GET /robots.txt HTTP/1.0" 404 567 "-" "Mozilla/5.0 AppleWebKit/537.36 (KHTML, like Gecko; compatible; ClaudeBot/1.0; +claudebot@anthropic.com)"
216.73.216.243 - - [17/Apr/2026:20:30:04 +0200] "GET /index.php?rest_route=%2Fwp%2Fv2%2Fpages%2F76 HTTP/1.0" 200 2502 "-" "Mozilla/5.0 AppleWebKit/537.36 (KHTML, like Gecko; compatible; ClaudeBot/1.0; +claudebot@anthropic.com)"
80.74.154.100 - - [17/Apr/2026:20:30:04 +0200] "POST /wp-cron.php?doing_wp_cron=1776450604.5588049888610839843750 HTTP/1.0" 200 409 "-" "WordPress/6.9.4; https://online.comeonline.ch"
216.73.216.243 - - [17/Apr/2026:20:30:14 +0200] "GET /?p=76 HTTP/1.0" 301 521 "-" "Mozilla/5.0 AppleWebKit/537.36 (KHTML, like Gecko; compatible; ClaudeBot/1.0; +claudebot@anthropic.com)"
216.73.216.243 - - [17/Apr/2026:20:30:14 +0200] "GET /?page_id=76 HTTP/1.0" 200 72004 "https://online.comeonline.ch/?p=76" "Mozilla/5.0 AppleWebKit/537.36 (KHTML, like Gecko; compatible; ClaudeBot/1.0; +claudebot@anthropic.com)"
31.47.251.11 - - [18/Apr/2026:05:30:41 +0200] "GET / HTTP/1.0" 200 70895 "-" "Mozilla/5.0 (Windows NT 10.0; Win64; x64) AppleWebKit/537.36 (KHTML, like Gecko) Chrome/120.0.0.0 Safari/537.36"
31.47.251.11 - - [18/Apr/2026:05:30:43 +0200] "GET / HTTP/1.0" 200 70895 "-" "Mozilla/5.0 (Windows NT 10.0; Win64; x64) AppleWebKit/537.36 (KHTML, like Gecko) Chrome/120.0.0.0 Safari/537.36"
80.74.154.100 - - [18/Apr/2026:05:30:42 +0200] "POST /wp-cron.php?doing_wp_cron=1776483041.9230999946594238281250 HTTP/1.0" 200 409 "-" "WordPress/6.9.4; https://online.comeonline.ch"
80.74.154.100 - - [18/Apr/2026:06:16:45 +0200] "POST /wp-cron.php?doing_wp_cron=1776485805.4862990379333496093750 HTTP/1.0" 200 409 "-" "WordPress/6.9.4; https://online.comeonline.ch"
31.47.251.11 - - [19/Apr/2026:05:45:52 +0200] "GET / HTTP/1.0" 200 70895 "-" "Mozilla/5.0 (Windows NT 10.0; Win64; x64) AppleWebKit/537.36 (KHTML, like Gecko) Chrome/120.0.0.0 Safari/537.36"
31.47.251.11 - - [19/Apr/2026:05:45:53 +0200] "GET / HTTP/1.0" 200 70895 "-" "Mozilla/5.0 (Windows NT 10.0; Win64; x64) AppleWebKit/537.36 (KHTML, like Gecko) Chrome/120.0.0.0 Safari/537.36"
80.74.154.100 - - [19/Apr/2026:05:45:53 +0200] "POST /wp-cron.php?doing_wp_cron=1776570352.8482849597930908203125 HTTP/1.0" 200 409 "-" "WordPress/6.9.4; https://online.comeonline.ch"
80.74.154.100 - - [19/Apr/2026:06:16:18 +0200] "POST /wp-cron.php?doing_wp_cron=1776572178.0405728816986083984375 HTTP/1.0" 200 409 "-" "WordPress/6.9.4; https://online.comeonline.ch"
159.203.37.169 - - [19/Apr/2026:09:36:29 +0200] "GET /wp-login.php HTTP/1.0" 200 9401 "-" "Mozilla/5.0"
159.203.37.169 - - [19/Apr/2026:09:36:32 +0200] "GET /?author=1 HTTP/1.0" 200 71986 "-" "Mozilla/5.0"
159.203.37.169 - - [19/Apr/2026:09:36:32 +0200] "GET /?feed=rss2 HTTP/1.0" 200 2406 "-" "Mozilla/5.0"
80.74.154.100 - - [19/Apr/2026:09:36:31 +0200] "POST /wp-cron.php?doing_wp_cron=1776584191.0492200851440429687500 HTTP/1.0" 200 409 "-" "WordPress/6.9.4; https://online.comeonline.ch"
104.199.13.175 - - [19/Apr/2026:12:46:57 +0200] "GET / HTTP/1.0" 200 70895 "http://online.comeonline.ch" "Mozilla/5.0 (compatible; CMS-Checker/1.0; +https://example.com)"
80.74.154.100 - - [19/Apr/2026:12:46:58 +0200] "POST /wp-cron.php?doing_wp_cron=1776595617.9336550235748291015625 HTTP/1.0" 200 409 "-" "WordPress/6.9.4; https://online.comeonline.ch"
104.199.13.175 - - [19/Apr/2026:13:18:50 +0200] "GET / HTTP/1.0" 200 70895 "-" "Mozilla/5.0 (Windows NT 10.0; Win64; x64) AppleWebKit/537.36 (KHTML, like Gecko) Chrome/78.0.3904.108 Safari/537.36"
104.199.13.175 - - [19/Apr/2026:13:18:52 +0200] "GET //wp-includes/wlwmanifest.xml HTTP/1.0" 404 584 "-" "Mozilla/5.0 (Windows NT 10.0; Win64; x64) AppleWebKit/537.36 (KHTML, like Gecko) Chrome/78.0.3904.108 Safari/537.36"
104.199.13.175 - - [19/Apr/2026:13:18:52 +0200] "GET //xmlrpc.php?rsd HTTP/1.0" 200 1173 "-" "Mozilla/5.0 (Windows NT 10.0; Win64; x64) AppleWebKit/537.36 (KHTML, like Gecko) Chrome/78.0.3904.108 Safari/537.36"
104.199.13.175 - - [19/Apr/2026:13:18:52 +0200] "GET //?author=1 HTTP/1.0" 301 407 "-" "Mozilla/5.0 (Windows NT 10.0; Win64; x64) AppleWebKit/537.36 (KHTML, like Gecko) Chrome/78.0.3904.108 Safari/537.36"
104.199.13.175 - - [19/Apr/2026:13:18:52 +0200] "GET //?author=2 HTTP/1.0" 301 519 "-" "Mozilla/5.0 (Windows NT 10.0; Win64; x64) AppleWebKit/537.36 (KHTML, like Gecko) Chrome/78.0.3904.108 Safari/537.36"
104.199.13.175 - - [19/Apr/2026:13:18:52 +0200] "GET //wp-json/wp/v2/users/ HTTP/1.0" 404 577 "-" "Mozilla/5.0 (Windows NT 10.0; Win64; x64) AppleWebKit/537.36 (KHTML, like Gecko) Chrome/78.0.3904.108 Safari/537.36"
104.199.13.175 - - [19/Apr/2026:13:18:52 +0200] "GET //wp-json/oembed/1.0/embed?url=https://online.comeonline.ch/ HTTP/1.0" 404 581 "-" "Mozilla/5.0 (Windows NT 10.0; Win64; x64) AppleWebKit/537.36 (KHTML, like Gecko) Chrome/78.0.3904.108 Safari/537.36"
104.199.13.175 - - [19/Apr/2026:13:18:52 +0200] "POST //xmlrpc.php HTTP/1.0" 200 741 "-" "Mozilla/5.0 (Windows NT 10.0; Win64; x64) AppleWebKit/537.36 (KHTML, like Gecko) Chrome/78.0.3904.108 Safari/537.36"
104.199.13.175 - - [19/Apr/2026:13:18:52 +0200] "POST //xmlrpc.php HTTP/1.0" 200 741 "-" "Mozilla/5.0 (Windows NT 10.0; Win64; x64) AppleWebKit/537.36 (KHTML, like Gecko) Chrome/78.0.3904.108 Safari/537.36"
104.199.13.175 - - [19/Apr/2026:13:18:52 +0200] "POST //xmlrpc.php HTTP/1.0" 200 741 "-" "Mozilla/5.0 (Windows NT 10.0; Win64; x64) AppleWebKit/537.36 (KHTML, like Gecko) Chrome/78.0.3904.108 Safari/537.36"
80.74.154.100 - - [19/Apr/2026:13:18:51 +0200] "POST /wp-cron.php?doing_wp_cron=1776597531.2012751102447509765625 HTTP/1.0" 200 409 "-" "WordPress/6.9.4; https://online.comeonline.ch"
104.199.13.175 - - [19/Apr/2026:13:18:52 +0200] "POST //xmlrpc.php HTTP/1.0" 200 741 "-" "Mozilla/5.0 (Windows NT 10.0; Win64; x64) AppleWebKit/537.36 (KHTML, like Gecko) Chrome/78.0.3904.108 Safari/537.36"
104.199.13.175 - - [19/Apr/2026:13:18:53 +0200] "POST //xmlrpc.php HTTP/1.0" 200 741 "-" "Mozilla/5.0 (Windows NT 10.0; Win64; x64) AppleWebKit/537.36 (KHTML, like Gecko) Chrome/78.0.3904.108 Safari/537.36"
104.199.13.175 - - [19/Apr/2026:13:18:53 +0200] "POST //xmlrpc.php HTTP/1.0" 200 741 "-" "Mozilla/5.0 (Windows NT 10.0; Win64; x64) AppleWebKit/537.36 (KHTML, like Gecko) Chrome/78.0.3904.108 Safari/537.36"
104.199.13.175 - - [19/Apr/2026:13:18:53 +0200] "POST //xmlrpc.php HTTP/1.0" 200 741 "-" "Mozilla/5.0 (Windows NT 10.0; Win64; x64) AppleWebKit/537.36 (KHTML, like Gecko) Chrome/78.0.3904.108 Safari/537.36"
104.199.13.175 - - [19/Apr/2026:13:18:53 +0200] "POST //xmlrpc.php HTTP/1.0" 200 741 "-" "Mozilla/5.0 (Windows NT 10.0; Win64; x64) AppleWebKit/537.36 (KHTML, like Gecko) Chrome/78.0.3904.108 Safari/537.36"
104.199.13.175 - - [19/Apr/2026:13:18:53 +0200] "POST //xmlrpc.php HTTP/1.0" 200 741 "-" "Mozilla/5.0 (Windows NT 10.0; Win64; x64) AppleWebKit/537.36 (KHTML, like Gecko) Chrome/78.0.3904.108 Safari/537.36"
136.113.41.126 - - [19/Apr/2026:16:14:43 +0200] "GET / HTTP/1.0" 200 70895 "http://online.comeonline.ch" "Mozilla/5.0 (compatible; CMS-Checker/1.0; +https://example.com)"
80.74.154.100 - - [19/Apr/2026:16:14:44 +0200] "POST /wp-cron.php?doing_wp_cron=1776608084.3683469295501708984375 HTTP/1.0" 200 409 "-" "WordPress/6.9.4; https://online.comeonline.ch"
136.113.41.126 - - [19/Apr/2026:17:00:58 +0200] "GET / HTTP/1.0" 200 70895 "-" "Mozilla/5.0 (Windows NT 10.0; Win64; x64) AppleWebKit/537.36 (KHTML, like Gecko) Chrome/78.0.3904.108 Safari/537.36"
80.74.154.100 - - [19/Apr/2026:17:00:59 +0200] "POST /wp-cron.php?doing_wp_cron=1776610859.0604140758514404296875 HTTP/1.0" 200 409 "-" "WordPress/6.9.4; https://online.comeonline.ch"
136.113.41.126 - - [19/Apr/2026:17:01:00 +0200] "GET //wp-includes/wlwmanifest.xml HTTP/1.0" 404 584 "-" "Mozilla/5.0 (Windows NT 10.0; Win64; x64) AppleWebKit/537.36 (KHTML, like Gecko) Chrome/78.0.3904.108 Safari/537.36"
136.113.41.126 - - [19/Apr/2026:17:01:01 +0200] "GET //xmlrpc.php?rsd HTTP/1.0" 200 1173 "-" "Mozilla/5.0 (Windows NT 10.0; Win64; x64) AppleWebKit/537.36 (KHTML, like Gecko) Chrome/78.0.3904.108 Safari/537.36"
136.113.41.126 - - [19/Apr/2026:17:01:01 +0200] "GET //?author=1 HTTP/1.0" 301 407 "-" "Mozilla/5.0 (Windows NT 10.0; Win64; x64) AppleWebKit/537.36 (KHTML, like Gecko) Chrome/78.0.3904.108 Safari/537.36"
136.113.41.126 - - [19/Apr/2026:17:01:01 +0200] "GET //?author=2 HTTP/1.0" 301 519 "-" "Mozilla/5.0 (Windows NT 10.0; Win64; x64) AppleWebKit/537.36 (KHTML, like Gecko) Chrome/78.0.3904.108 Safari/537.36"
136.113.41.126 - - [19/Apr/2026:17:01:01 +0200] "GET //wp-json/wp/v2/users/ HTTP/1.0" 404 577 "-" "Mozilla/5.0 (Windows NT 10.0; Win64; x64) AppleWebKit/537.36 (KHTML, like Gecko) Chrome/78.0.3904.108 Safari/537.36"
136.113.41.126 - - [19/Apr/2026:17:01:01 +0200] "GET //wp-json/oembed/1.0/embed?url=https://online.comeonline.ch/ HTTP/1.0" 404 581 "-" "Mozilla/5.0 (Windows NT 10.0; Win64; x64) AppleWebKit/537.36 (KHTML, like Gecko) Chrome/78.0.3904.108 Safari/537.36"
136.113.41.126 - - [19/Apr/2026:17:01:01 +0200] "POST //xmlrpc.php HTTP/1.0" 200 741 "-" "Mozilla/5.0 (Windows NT 10.0; Win64; x64) AppleWebKit/537.36 (KHTML, like Gecko) Chrome/78.0.3904.108 Safari/537.36"
136.113.41.126 - - [19/Apr/2026:17:01:02 +0200] "POST //xmlrpc.php HTTP/1.0" 200 741 "-" "Mozilla/5.0 (Windows NT 10.0; Win64; x64) AppleWebKit/537.36 (KHTML, like Gecko) Chrome/78.0.3904.108 Safari/537.36"
136.113.41.126 - - [19/Apr/2026:17:01:02 +0200] "POST //xmlrpc.php HTTP/1.0" 200 741 "-" "Mozilla/5.0 (Windows NT 10.0; Win64; x64) AppleWebKit/537.36 (KHTML, like Gecko) Chrome/78.0.3904.108 Safari/537.36"
136.113.41.126 - - [19/Apr/2026:17:01:02 +0200] "POST //xmlrpc.php HTTP/1.0" 200 741 "-" "Mozilla/5.0 (Windows NT 10.0; Win64; x64) AppleWebKit/537.36 (KHTML, like Gecko) Chrome/78.0.3904.108 Safari/537.36"
136.113.41.126 - - [19/Apr/2026:17:01:02 +0200] "POST //xmlrpc.php HTTP/1.0" 200 741 "-" "Mozilla/5.0 (Windows NT 10.0; Win64; x64) AppleWebKit/537.36 (KHTML, like Gecko) Chrome/78.0.3904.108 Safari/537.36"
136.113.41.126 - - [19/Apr/2026:17:01:02 +0200] "POST //xmlrpc.php HTTP/1.0" 200 741 "-" "Mozilla/5.0 (Windows NT 10.0; Win64; x64) AppleWebKit/537.36 (KHTML, like Gecko) Chrome/78.0.3904.108 Safari/537.36"
136.113.41.126 - - [19/Apr/2026:17:01:03 +0200] "POST //xmlrpc.php HTTP/1.0" 200 741 "-" "Mozilla/5.0 (Windows NT 10.0; Win64; x64) AppleWebKit/537.36 (KHTML, like Gecko) Chrome/78.0.3904.108 Safari/537.36"
136.113.41.126 - - [19/Apr/2026:17:01:03 +0200] "POST //xmlrpc.php HTTP/1.0" 200 741 "-" "Mozilla/5.0 (Windows NT 10.0; Win64; x64) AppleWebKit/537.36 (KHTML, like Gecko) Chrome/78.0.3904.108 Safari/537.36"
80.74.154.100 - - [20/Apr/2026:05:47:57 +0200] "POST /wp-cron.php?doing_wp_cron=1776656877.1093440055847167968750 HTTP/1.0" 200 409 "-" "WordPress/6.9.4; https://online.comeonline.ch"
31.47.251.11 - - [20/Apr/2026:06:00:53 +0200] "GET / HTTP/1.0" 200 70895 "-" "Mozilla/5.0 (Windows NT 10.0; Win64; x64) AppleWebKit/537.36 (KHTML, like Gecko) Chrome/120.0.0.0 Safari/537.36"
80.74.154.100 - - [20/Apr/2026:06:00:54 +0200] "POST /wp-cron.php?doing_wp_cron=1776657654.0614941120147705078125 HTTP/1.0" 200 409 "-" "WordPress/6.9.4; https://online.comeonline.ch"
31.47.251.11 - - [20/Apr/2026:06:00:53 +0200] "GET / HTTP/1.0" 200 70895 "-" "Mozilla/5.0 (Windows NT 10.0; Win64; x64) AppleWebKit/537.36 (KHTML, like Gecko) Chrome/120.0.0.0 Safari/537.36"
100.53.197.129 - - [20/Apr/2026:12:50:03 +0200] "POST / HTTP/1.0" 200 70895 "https://online.comeonline.ch/" "Mozilla/5.0 (Windows NT 10.0; Win64; x64; rv:135.0) Gecko/20100101 Firefox/135.0"
80.74.154.100 - - [20/Apr/2026:12:50:04 +0200] "POST /wp-cron.php?doing_wp_cron=1776682204.2953650951385498046875 HTTP/1.0" 200 409 "-" "WordPress/6.9.4; https://online.comeonline.ch"
80.74.154.100 - - [21/Apr/2026:05:52:22 +0200] "POST /wp-cron.php?doing_wp_cron=1776743541.8382289409637451171875 HTTP/1.0" 200 409 "-" "WordPress/6.9.4; https://online.comeonline.ch"
31.47.251.11 - - [21/Apr/2026:06:15:52 +0200] "GET / HTTP/1.0" 200 70895 "-" "Mozilla/5.0 (Windows NT 10.0; Win64; x64) AppleWebKit/537.36 (KHTML, like Gecko) Chrome/120.0.0.0 Safari/537.36"
31.47.251.11 - - [21/Apr/2026:06:15:53 +0200] "GET / HTTP/1.0" 200 70895 "-" "Mozilla/5.0 (Windows NT 10.0; Win64; x64) AppleWebKit/537.36 (KHTML, like Gecko) Chrome/120.0.0.0 Safari/537.36"
80.74.154.100 - - [21/Apr/2026:06:15:53 +0200] "POST /wp-cron.php?doing_wp_cron=1776744953.6584351062774658203125 HTTP/1.0" 200 409 "-" "WordPress/6.9.4; https://online.comeonline.ch"
167.172.19.250 - - [21/Apr/2026:17:15:14 +0200] "GET /wp-login.php HTTP/1.0" 200 9401 "-" "Mozilla/5.0"
167.172.19.250 - - [21/Apr/2026:17:15:17 +0200] "GET /?author=1 HTTP/1.0" 200 71986 "-" "Mozilla/5.0"
167.172.19.250 - - [21/Apr/2026:17:15:17 +0200] "GET /?feed=rss2 HTTP/1.0" 200 2406 "-" "Mozilla/5.0"
80.74.154.100 - - [21/Apr/2026:17:15:16 +0200] "POST /wp-cron.php?doing_wp_cron=1776784515.9583680629730224609375 HTTP/1.0" 200 409 "-" "WordPress/6.9.4; https://online.comeonline.ch"
167.172.19.250 - - [21/Apr/2026:17:39:33 +0200] "POST /wp-login.php HTTP/1.0" 200 9825 "-" "Mozilla/5.0"
167.172.19.250 - - [21/Apr/2026:17:40:30 +0200] "POST /wp-login.php HTTP/1.0" 200 9825 "-" "Mozilla/5.0"
167.172.19.250 - - [21/Apr/2026:17:41:09 +0200] "POST /wp-login.php HTTP/1.0" 200 9825 "-" "Mozilla/5.0"
167.172.19.250 - - [21/Apr/2026:17:41:56 +0200] "POST /wp-login.php HTTP/1.0" 200 9825 "-" "Mozilla/5.0"
167.172.19.250 - - [21/Apr/2026:17:42:48 +0200] "POST /wp-login.php HTTP/1.0" 200 9825 "-" "Mozilla/5.0"
167.172.19.250 - - [21/Apr/2026:17:43:42 +0200] "POST /wp-login.php HTTP/1.0" 200 9825 "-" "Mozilla/5.0"
167.172.19.250 - - [21/Apr/2026:17:44:45 +0200] "POST /wp-login.php HTTP/1.0" 200 9825 "-" "Mozilla/5.0"
167.172.19.250 - - [21/Apr/2026:17:45:57 +0200] "POST /wp-login.php HTTP/1.0" 200 9825 "-" "Mozilla/5.0"
167.172.19.250 - - [21/Apr/2026:17:47:10 +0200] "POST /wp-login.php HTTP/1.0" 200 9825 "-" "Mozilla/5.0"
167.172.19.250 - - [21/Apr/2026:17:48:24 +0200] "POST /wp-login.php HTTP/1.0" 200 9825 "-" "Mozilla/5.0"
167.172.19.250 - - [21/Apr/2026:17:49:36 +0200] "POST /wp-login.php HTTP/1.0" 200 9825 "-" "Mozilla/5.0"
167.172.19.250 - - [21/Apr/2026:17:50:57 +0200] "POST /wp-login.php HTTP/1.0" 200 9825 "-" "Mozilla/5.0"
167.172.19.250 - - [21/Apr/2026:17:52:13 +0200] "POST /wp-login.php HTTP/1.0" 200 9825 "-" "Mozilla/5.0"
167.172.19.250 - - [21/Apr/2026:17:53:29 +0200] "POST /wp-login.php HTTP/1.0" 200 9825 "-" "Mozilla/5.0"
167.172.19.250 - - [21/Apr/2026:17:54:47 +0200] "POST /wp-login.php HTTP/1.0" 200 9825 "-" "Mozilla/5.0"
167.172.19.250 - - [21/Apr/2026:17:56:09 +0200] "POST /wp-login.php HTTP/1.0" 200 9825 "-" "Mozilla/5.0"
