31.47.251.11 - - [17/Mar/2026:23:13:17 +0100] "GET / HTTP/1.0" 200 70895 "-" "Mozilla/5.0 (Windows NT 10.0; Win64; x64) AppleWebKit/537.36 (KHTML, like Gecko) Chrome/120.0.0.0 Safari/537.36"
80.74.154.100 - - [17/Mar/2026:23:13:18 +0100] "POST /wp-cron.php?doing_wp_cron=1773785598.1178719997406005859375 HTTP/1.0" 200 409 "-" "WordPress/6.9.4; https://online.comeonline.ch"
141.98.11.17 - - [17/Mar/2026:23:18:29 +0100] "GET /wp-admin/css/ HTTP/1.0" 403 574 "binance.com" "Mozilla/5.0 (Windows NT 10.0; Win64; x64) AppleWebKit/537.36 (KHTML, like Gecko) Chrome/90.0.4430.85 Safari/537.36"
80.74.154.100 - - [18/Mar/2026:05:54:49 +0100] "POST /wp-cron.php?doing_wp_cron=1773809689.0030419826507568359375 HTTP/1.0" 200 409 "-" "WordPress/6.9.4; https://online.comeonline.ch"
80.74.154.100 - - [18/Mar/2026:06:22:50 +0100] "POST /wp-cron.php?doing_wp_cron=1773811370.3816471099853515625000 HTTP/1.0" 200 409 "-" "WordPress/6.9.4; https://online.comeonline.ch"
165.22.41.52 - - [18/Mar/2026:17:08:10 +0100] "GET / HTTP/1.0" 200 70895 "-" "Mozilla/5.0 (X11; Linux x86_64) AppleWebKit/537.36 (KHTML, like Gecko) Chrome/142.0.0.0 Safari/537.36"
80.74.154.100 - - [18/Mar/2026:17:08:11 +0100] "POST /wp-cron.php?doing_wp_cron=1773850091.3016960620880126953125 HTTP/1.0" 200 409 "-" "WordPress/6.9.4; https://online.comeonline.ch"
165.22.41.52 - - [18/Mar/2026:17:08:15 +0100] "GET /wp-content/uploads/2024/08/cropped-Online_Band_2022_7-scaled-2-32x32.jpg HTTP/1.0" 200 1765 "https://online.comeonline.ch/" "Mozilla/5.0 (X11; Linux x86_64) AppleWebKit/537.36 (KHTML, like Gecko) Chrome/142.0.0.0 Safari/537.36"
31.47.251.11 - - [18/Mar/2026:23:13:25 +0100] "GET / HTTP/1.0" 200 70895 "-" "Mozilla/5.0 (Windows NT 10.0; Win64; x64) AppleWebKit/537.36 (KHTML, like Gecko) Chrome/120.0.0.0 Safari/537.36"
80.74.154.100 - - [18/Mar/2026:23:13:26 +0100] "POST /wp-cron.php?doing_wp_cron=1773872005.7863709926605224609375 HTTP/1.0" 200 409 "-" "WordPress/6.9.4; https://online.comeonline.ch"
80.74.154.100 - - [19/Mar/2026:05:53:14 +0100] "POST /wp-cron.php?doing_wp_cron=1773895993.8796548843383789062500 HTTP/1.0" 200 409 "-" "WordPress/6.9.4; https://online.comeonline.ch"
80.74.154.100 - - [19/Mar/2026:06:21:19 +0100] "POST /wp-cron.php?doing_wp_cron=1773897679.1597440242767333984375 HTTP/1.0" 200 409 "-" "WordPress/6.9.4; https://online.comeonline.ch"
31.47.251.11 - - [19/Mar/2026:23:17:16 +0100] "GET / HTTP/1.0" 200 70895 "-" "Mozilla/5.0 (Windows NT 10.0; Win64; x64) AppleWebKit/537.36 (KHTML, like Gecko) Chrome/120.0.0.0 Safari/537.36"
31.47.251.11 - - [19/Mar/2026:23:17:17 +0100] "GET / HTTP/1.0" 200 70895 "-" "Mozilla/5.0 (Windows NT 10.0; Win64; x64) AppleWebKit/537.36 (KHTML, like Gecko) Chrome/120.0.0.0 Safari/537.36"
80.74.154.100 - - [19/Mar/2026:23:17:17 +0100] "POST /wp-cron.php?doing_wp_cron=1773958637.4477028846740722656250 HTTP/1.0" 200 409 "-" "WordPress/6.9.4; https://online.comeonline.ch"
80.74.154.100 - - [20/Mar/2026:05:55:09 +0100] "POST /wp-cron.php?doing_wp_cron=1773982509.1547811031341552734375 HTTP/1.0" 200 409 "-" "WordPress/6.9.4; https://online.comeonline.ch"
80.74.154.100 - - [20/Mar/2026:06:23:13 +0100] "POST /wp-cron.php?doing_wp_cron=1773984193.4639260768890380859375 HTTP/1.0" 200 409 "-" "WordPress/6.9.4; https://online.comeonline.ch"
31.47.251.11 - - [20/Mar/2026:23:31:48 +0100] "GET / HTTP/1.0" 200 70895 "-" "Mozilla/5.0 (Windows NT 10.0; Win64; x64) AppleWebKit/537.36 (KHTML, like Gecko) Chrome/120.0.0.0 Safari/537.36"
31.47.251.11 - - [20/Mar/2026:23:31:49 +0100] "GET / HTTP/1.0" 200 70895 "-" "Mozilla/5.0 (Windows NT 10.0; Win64; x64) AppleWebKit/537.36 (KHTML, like Gecko) Chrome/120.0.0.0 Safari/537.36"
80.74.154.100 - - [20/Mar/2026:23:31:52 +0100] "POST /wp-cron.php HTTP/1.0" 200 409 "-" "WordPress/6.9.4; https://online.comeonline.ch"
80.74.154.100 - - [20/Mar/2026:23:31:52 +0100] "GET / HTTP/1.0" 200 70895 "-" "WordPress/6.9.4; https://online.comeonline.ch"
80.74.154.100 - - [20/Mar/2026:23:31:52 +0100] "GET / HTTP/1.0" 200 70895 "-" "WordPress/6.9.4; https://online.comeonline.ch"
80.74.154.100 - - [20/Mar/2026:23:31:52 +0100] "GET / HTTP/1.0" 200 70895 "-" "WordPress/6.9.4; https://online.comeonline.ch"
80.74.154.100 - - [20/Mar/2026:23:31:52 +0100] "GET / HTTP/1.0" 200 70895 "-" "WordPress/6.9.4; https://online.comeonline.ch"
80.74.154.100 - - [20/Mar/2026:23:31:49 +0100] "POST /wp-cron.php?doing_wp_cron=1774045909.1833479404449462890625 HTTP/1.0" 200 409 "-" "WordPress/6.9.4; https://online.comeonline.ch"
80.74.154.100 - - [21/Mar/2026:05:50:53 +0100] "POST /wp-cron.php?doing_wp_cron=1774068653.2673070430755615234375 HTTP/1.0" 200 409 "-" "WordPress/6.9.4; https://online.comeonline.ch"
80.74.154.100 - - [21/Mar/2026:06:17:29 +0100] "POST /wp-cron.php?doing_wp_cron=1774070248.9431788921356201171875 HTTP/1.0" 200 409 "-" "WordPress/6.9.4; https://online.comeonline.ch"
31.47.251.11 - - [21/Mar/2026:23:47:13 +0100] "GET / HTTP/1.0" 200 70895 "-" "Mozilla/5.0 (Windows NT 10.0; Win64; x64) AppleWebKit/537.36 (KHTML, like Gecko) Chrome/120.0.0.0 Safari/537.36"
31.47.251.11 - - [21/Mar/2026:23:47:13 +0100] "GET / HTTP/1.0" 200 70895 "-" "Mozilla/5.0 (Windows NT 10.0; Win64; x64) AppleWebKit/537.36 (KHTML, like Gecko) Chrome/120.0.0.0 Safari/537.36"
80.74.154.100 - - [21/Mar/2026:23:47:13 +0100] "POST /wp-cron.php?doing_wp_cron=1774133233.6262300014495849609375 HTTP/1.0" 200 409 "-" "WordPress/6.9.4; https://online.comeonline.ch"
80.74.154.100 - - [22/Mar/2026:05:51:27 +0100] "POST /wp-cron.php?doing_wp_cron=1774155087.1531689167022705078125 HTTP/1.0" 200 409 "-" "WordPress/6.9.4; https://online.comeonline.ch"
80.74.154.100 - - [22/Mar/2026:06:17:59 +0100] "POST /wp-cron.php?doing_wp_cron=1774156679.2897989749908447265625 HTTP/1.0" 200 409 "-" "WordPress/6.9.4; https://online.comeonline.ch"
136.114.78.26 - - [22/Mar/2026:18:19:23 +0100] "GET / HTTP/1.0" 200 70895 "-" "Mozilla/5.0 (Windows NT 10.0; Win64; x64) AppleWebKit/537.36 (KHTML, like Gecko) Chrome/78.0.3904.108 Safari/537.36"
136.114.78.26 - - [22/Mar/2026:18:19:25 +0100] "GET //wp-includes/wlwmanifest.xml HTTP/1.0" 404 584 "-" "Mozilla/5.0 (Windows NT 10.0; Win64; x64) AppleWebKit/537.36 (KHTML, like Gecko) Chrome/78.0.3904.108 Safari/537.36"
80.74.154.100 - - [22/Mar/2026:18:19:24 +0100] "POST /wp-cron.php?doing_wp_cron=1774199963.8291959762573242187500 HTTP/1.0" 200 409 "-" "WordPress/6.9.4; https://online.comeonline.ch"
136.114.78.26 - - [22/Mar/2026:18:19:25 +0100] "GET //xmlrpc.php?rsd HTTP/1.0" 200 1173 "-" "Mozilla/5.0 (Windows NT 10.0; Win64; x64) AppleWebKit/537.36 (KHTML, like Gecko) Chrome/78.0.3904.108 Safari/537.36"
136.114.78.26 - - [22/Mar/2026:18:19:26 +0100] "GET //?author=1 HTTP/1.0" 301 407 "-" "Mozilla/5.0 (Windows NT 10.0; Win64; x64) AppleWebKit/537.36 (KHTML, like Gecko) Chrome/78.0.3904.108 Safari/537.36"
136.114.78.26 - - [22/Mar/2026:18:19:26 +0100] "GET //?author=2 HTTP/1.0" 301 519 "-" "Mozilla/5.0 (Windows NT 10.0; Win64; x64) AppleWebKit/537.36 (KHTML, like Gecko) Chrome/78.0.3904.108 Safari/537.36"
136.114.78.26 - - [22/Mar/2026:18:19:26 +0100] "GET //wp-json/wp/v2/users/ HTTP/1.0" 404 577 "-" "Mozilla/5.0 (Windows NT 10.0; Win64; x64) AppleWebKit/537.36 (KHTML, like Gecko) Chrome/78.0.3904.108 Safari/537.36"
136.114.78.26 - - [22/Mar/2026:18:19:26 +0100] "GET //wp-json/oembed/1.0/embed?url=https://online.comeonline.ch/ HTTP/1.0" 404 581 "-" "Mozilla/5.0 (Windows NT 10.0; Win64; x64) AppleWebKit/537.36 (KHTML, like Gecko) Chrome/78.0.3904.108 Safari/537.36"
136.114.78.26 - - [22/Mar/2026:18:19:27 +0100] "POST //xmlrpc.php HTTP/1.0" 200 741 "-" "Mozilla/5.0 (Windows NT 10.0; Win64; x64) AppleWebKit/537.36 (KHTML, like Gecko) Chrome/78.0.3904.108 Safari/537.36"
136.114.78.26 - - [22/Mar/2026:18:19:27 +0100] "POST //xmlrpc.php HTTP/1.0" 200 741 "-" "Mozilla/5.0 (Windows NT 10.0; Win64; x64) AppleWebKit/537.36 (KHTML, like Gecko) Chrome/78.0.3904.108 Safari/537.36"
136.114.78.26 - - [22/Mar/2026:18:19:27 +0100] "POST //xmlrpc.php HTTP/1.0" 200 741 "-" "Mozilla/5.0 (Windows NT 10.0; Win64; x64) AppleWebKit/537.36 (KHTML, like Gecko) Chrome/78.0.3904.108 Safari/537.36"
136.114.78.26 - - [22/Mar/2026:18:19:27 +0100] "POST //xmlrpc.php HTTP/1.0" 200 741 "-" "Mozilla/5.0 (Windows NT 10.0; Win64; x64) AppleWebKit/537.36 (KHTML, like Gecko) Chrome/78.0.3904.108 Safari/537.36"
136.114.78.26 - - [22/Mar/2026:18:19:27 +0100] "POST //xmlrpc.php HTTP/1.0" 200 741 "-" "Mozilla/5.0 (Windows NT 10.0; Win64; x64) AppleWebKit/537.36 (KHTML, like Gecko) Chrome/78.0.3904.108 Safari/537.36"
136.114.78.26 - - [22/Mar/2026:18:19:28 +0100] "POST //xmlrpc.php HTTP/1.0" 200 741 "-" "Mozilla/5.0 (Windows NT 10.0; Win64; x64) AppleWebKit/537.36 (KHTML, like Gecko) Chrome/78.0.3904.108 Safari/537.36"
136.114.78.26 - - [22/Mar/2026:18:19:28 +0100] "POST //xmlrpc.php HTTP/1.0" 200 741 "-" "Mozilla/5.0 (Windows NT 10.0; Win64; x64) AppleWebKit/537.36 (KHTML, like Gecko) Chrome/78.0.3904.108 Safari/537.36"
31.47.251.11 - - [23/Mar/2026:00:01:57 +0100] "GET / HTTP/1.0" 200 70895 "-" "Mozilla/5.0 (Windows NT 10.0; Win64; x64) AppleWebKit/537.36 (KHTML, like Gecko) Chrome/120.0.0.0 Safari/537.36"
31.47.251.11 - - [23/Mar/2026:00:01:57 +0100] "GET / HTTP/1.0" 200 70895 "-" "Mozilla/5.0 (Windows NT 10.0; Win64; x64) AppleWebKit/537.36 (KHTML, like Gecko) Chrome/120.0.0.0 Safari/537.36"
80.74.154.100 - - [23/Mar/2026:00:01:57 +0100] "POST /wp-cron.php?doing_wp_cron=1774220517.7013230323791503906250 HTTP/1.0" 200 409 "-" "WordPress/6.9.4; https://online.comeonline.ch"
80.74.154.100 - - [23/Mar/2026:05:50:21 +0100] "POST /wp-cron.php?doing_wp_cron=1774241421.5329360961914062500000 HTTP/1.0" 200 409 "-" "WordPress/6.9.4; https://online.comeonline.ch"
80.74.154.100 - - [23/Mar/2026:06:17:01 +0100] "POST /wp-cron.php?doing_wp_cron=1774243021.5334830284118652343750 HTTP/1.0" 200 409 "-" "WordPress/6.9.4; https://online.comeonline.ch"
31.47.251.11 - - [24/Mar/2026:00:16:12 +0100] "GET / HTTP/1.0" 200 70895 "-" "Mozilla/5.0 (Windows NT 10.0; Win64; x64) AppleWebKit/537.36 (KHTML, like Gecko) Chrome/120.0.0.0 Safari/537.36"
31.47.251.11 - - [24/Mar/2026:00:16:12 +0100] "GET / HTTP/1.0" 200 70895 "-" "Mozilla/5.0 (Windows NT 10.0; Win64; x64) AppleWebKit/537.36 (KHTML, like Gecko) Chrome/120.0.0.0 Safari/537.36"
80.74.154.100 - - [24/Mar/2026:00:16:12 +0100] "POST /wp-cron.php?doing_wp_cron=1774307772.6138780117034912109375 HTTP/1.0" 200 409 "-" "WordPress/6.9.4; https://online.comeonline.ch"
80.74.154.100 - - [24/Mar/2026:05:54:48 +0100] "POST /wp-cron.php?doing_wp_cron=1774328088.1458699703216552734375 HTTP/1.0" 200 409 "-" "WordPress/6.9.4; https://online.comeonline.ch"
80.74.154.100 - - [24/Mar/2026:06:23:16 +0100] "POST /wp-cron.php?doing_wp_cron=1774329796.1170389652252197265625 HTTP/1.0" 200 409 "-" "WordPress/6.9.4; https://online.comeonline.ch"
3.27.189.158 - - [24/Mar/2026:19:26:30 +0100] "GET / HTTP/1.0" 200 70895 "-" "Mozilla/5.0 (Windows NT 10.0; Win64; x64) AppleWebKit/537.36 (KHTML, like Gecko) Chrome/131.0.0.0 Safari/537.36"
80.74.154.100 - - [24/Mar/2026:19:26:30 +0100] "POST /wp-cron.php?doing_wp_cron=1774376790.7898480892181396484375 HTTP/1.0" 200 409 "-" "WordPress/6.9.4; https://online.comeonline.ch"
3.27.189.158 - - [24/Mar/2026:19:26:32 +0100] "POST / HTTP/1.0" 200 70895 "-" "Mozilla/5.0 (Windows NT 10.0; Win64; x64) AppleWebKit/537.36 (KHTML, like Gecko) Chrome/131.0.0.0 Safari/537.36"
3.27.189.158 - - [24/Mar/2026:19:26:33 +0100] "POST / HTTP/1.0" 200 70895 "-" "Mozilla/5.0 (Windows NT 10.0; Win64; x64) AppleWebKit/537.36 (KHTML, like Gecko) Chrome/131.0.0.0 Safari/537.36"
3.27.189.158 - - [24/Mar/2026:19:26:34 +0100] "POST / HTTP/1.0" 200 70895 "-" "Mozilla/5.0 (Windows NT 10.0; Win64; x64) AppleWebKit/537.36 (KHTML, like Gecko) Chrome/131.0.0.0 Safari/537.36"
31.47.251.11 - - [25/Mar/2026:00:16:47 +0100] "GET / HTTP/1.0" 200 70895 "-" "Mozilla/5.0 (Windows NT 10.0; Win64; x64) AppleWebKit/537.36 (KHTML, like Gecko) Chrome/120.0.0.0 Safari/537.36"
31.47.251.11 - - [25/Mar/2026:00:16:48 +0100] "GET / HTTP/1.0" 200 70895 "-" "Mozilla/5.0 (Windows NT 10.0; Win64; x64) AppleWebKit/537.36 (KHTML, like Gecko) Chrome/120.0.0.0 Safari/537.36"
80.74.154.100 - - [25/Mar/2026:00:16:48 +0100] "POST /wp-cron.php?doing_wp_cron=1774394208.1911520957946777343750 HTTP/1.0" 200 409 "-" "WordPress/6.9.4; https://online.comeonline.ch"
80.74.154.100 - - [25/Mar/2026:05:50:05 +0100] "POST /wp-cron.php?doing_wp_cron=1774414205.3256440162658691406250 HTTP/1.0" 200 409 "-" "WordPress/6.9.4; https://online.comeonline.ch"
80.74.154.100 - - [25/Mar/2026:06:16:50 +0100] "POST /wp-cron.php?doing_wp_cron=1774415810.4428389072418212890625 HTTP/1.0" 200 409 "-" "WordPress/6.9.4; https://online.comeonline.ch"
31.47.251.11 - - [26/Mar/2026:00:32:21 +0100] "GET / HTTP/1.0" 200 70895 "-" "Mozilla/5.0 (Windows NT 10.0; Win64; x64) AppleWebKit/537.36 (KHTML, like Gecko) Chrome/120.0.0.0 Safari/537.36"
31.47.251.11 - - [26/Mar/2026:00:32:22 +0100] "GET / HTTP/1.0" 200 70895 "-" "Mozilla/5.0 (Windows NT 10.0; Win64; x64) AppleWebKit/537.36 (KHTML, like Gecko) Chrome/120.0.0.0 Safari/537.36"
80.74.154.100 - - [26/Mar/2026:00:32:22 +0100] "POST /wp-cron.php?doing_wp_cron=1774481542.5267829895019531250000 HTTP/1.0" 200 409 "-" "WordPress/6.9.4; https://online.comeonline.ch"
80.74.154.100 - - [26/Mar/2026:05:52:33 +0100] "POST /wp-cron.php?doing_wp_cron=1774500752.9925539493560791015625 HTTP/1.0" 200 409 "-" "WordPress/6.9.4; https://online.comeonline.ch"
80.74.154.100 - - [26/Mar/2026:06:19:46 +0100] "POST /wp-cron.php?doing_wp_cron=1774502386.3656170368194580078125 HTTP/1.0" 200 409 "-" "WordPress/6.9.4; https://online.comeonline.ch"
31.47.251.11 - - [27/Mar/2026:00:46:57 +0100] "GET / HTTP/1.0" 200 70895 "-" "Mozilla/5.0 (Windows NT 10.0; Win64; x64) AppleWebKit/537.36 (KHTML, like Gecko) Chrome/120.0.0.0 Safari/537.36"
31.47.251.11 - - [27/Mar/2026:00:46:58 +0100] "GET / HTTP/1.0" 200 70895 "-" "Mozilla/5.0 (Windows NT 10.0; Win64; x64) AppleWebKit/537.36 (KHTML, like Gecko) Chrome/120.0.0.0 Safari/537.36"
80.74.154.100 - - [27/Mar/2026:00:46:58 +0100] "POST /wp-cron.php?doing_wp_cron=1774568818.3142220973968505859375 HTTP/1.0" 200 409 "-" "WordPress/6.9.4; https://online.comeonline.ch"
80.74.154.100 - - [27/Mar/2026:05:50:51 +0100] "POST /wp-cron.php?doing_wp_cron=1774587051.1306960582733154296875 HTTP/1.0" 200 409 "-" "WordPress/6.9.4; https://online.comeonline.ch"
80.74.154.100 - - [27/Mar/2026:06:17:43 +0100] "POST /wp-cron.php?doing_wp_cron=1774588663.5715699195861816406250 HTTP/1.0" 200 409 "-" "WordPress/6.9.4; https://online.comeonline.ch"
31.47.251.11 - - [28/Mar/2026:01:02:16 +0100] "GET / HTTP/1.0" 200 70895 "-" "Mozilla/5.0 (Windows NT 10.0; Win64; x64) AppleWebKit/537.36 (KHTML, like Gecko) Chrome/120.0.0.0 Safari/537.36"
31.47.251.11 - - [28/Mar/2026:01:02:16 +0100] "GET / HTTP/1.0" 200 70895 "-" "Mozilla/5.0 (Windows NT 10.0; Win64; x64) AppleWebKit/537.36 (KHTML, like Gecko) Chrome/120.0.0.0 Safari/537.36"
80.74.154.100 - - [28/Mar/2026:01:02:20 +0100] "POST /wp-cron.php HTTP/1.0" 200 409 "-" "WordPress/6.9.4; https://online.comeonline.ch"
80.74.154.100 - - [28/Mar/2026:01:02:20 +0100] "GET / HTTP/1.0" 200 70895 "-" "WordPress/6.9.4; https://online.comeonline.ch"
80.74.154.100 - - [28/Mar/2026:01:02:21 +0100] "GET / HTTP/1.0" 200 70895 "-" "WordPress/6.9.4; https://online.comeonline.ch"
80.74.154.100 - - [28/Mar/2026:01:02:21 +0100] "GET / HTTP/1.0" 200 70895 "-" "WordPress/6.9.4; https://online.comeonline.ch"
80.74.154.100 - - [28/Mar/2026:01:02:21 +0100] "GET / HTTP/1.0" 200 70895 "-" "WordPress/6.9.4; https://online.comeonline.ch"
80.74.154.100 - - [28/Mar/2026:01:02:17 +0100] "POST /wp-cron.php?doing_wp_cron=1774656137.4291241168975830078125 HTTP/1.0" 200 409 "-" "WordPress/6.9.4; https://online.comeonline.ch"
80.74.154.100 - - [28/Mar/2026:05:48:45 +0100] "POST /wp-cron.php?doing_wp_cron=1774673325.2931489944458007812500 HTTP/1.0" 200 409 "-" "WordPress/6.9.4; https://online.comeonline.ch"
80.74.154.100 - - [28/Mar/2026:06:14:43 +0100] "POST /wp-cron.php?doing_wp_cron=1774674883.6565430164337158203125 HTTP/1.0" 200 409 "-" "WordPress/6.9.4; https://online.comeonline.ch"
37.59.187.20 - - [28/Mar/2026:13:48:27 +0100] "GET / HTTP/1.0" 200 70895 "-" "Mozilla/5.0 (X11; Ubuntu; Linux x86_64; rv:115.0) Gecko/20100101 Chrome/115.0.0.0 Safari/537.36"
80.74.154.100 - - [28/Mar/2026:13:48:28 +0100] "POST /wp-cron.php?doing_wp_cron=1774702107.9856290817260742187500 HTTP/1.0" 200 409 "-" "WordPress/6.9.4; https://online.comeonline.ch"
37.59.187.20 - - [28/Mar/2026:13:48:57 +0100] "GET / HTTP/1.0" 200 70895 "-" "Mozilla/5.0 (X11; Ubuntu; Linux x86_64; rv:115.0) Gecko/20100101 Chrome/115.0.0.0 Safari/537.36"
37.59.187.20 - - [28/Mar/2026:13:48:57 +0100] "GET /wp-content/themes/twentyseventeen/assets/fonts/font-libre-franklin.css?ver=20230328 HTTP/1.0" 200 11902 "https://online.comeonline.ch/" "Mozilla/5.0 (X11; Ubuntu; Linux x86_64; rv:115.0) Gecko/20100101 Chrome/115.0.0.0 Safari/537.36"
37.59.187.20 - - [28/Mar/2026:13:48:57 +0100] "GET /wp-content/themes/twentyseventeen/assets/css/blocks.css?ver=20240624 HTTP/1.0" 200 11319 "https://online.comeonline.ch/" "Mozilla/5.0 (X11; Ubuntu; Linux x86_64; rv:115.0) Gecko/20100101 Chrome/115.0.0.0 Safari/537.36"
37.59.187.20 - - [28/Mar/2026:13:48:57 +0100] "GET /wp-content/themes/twentyseventeen/style.css?ver=20240716 HTTP/1.0" 200 84673 "https://online.comeonline.ch/" "Mozilla/5.0 (X11; Ubuntu; Linux x86_64; rv:115.0) Gecko/20100101 Chrome/115.0.0.0 Safari/537.36"
37.59.187.20 - - [28/Mar/2026:13:48:57 +0100] "GET /wp-includes/js/jquery/jquery-migrate.min.js?ver=3.4.1 HTTP/1.0" 200 14020 "https://online.comeonline.ch/" "Mozilla/5.0 (X11; Ubuntu; Linux x86_64; rv:115.0) Gecko/20100101 Chrome/115.0.0.0 Safari/537.36"
37.59.187.20 - - [28/Mar/2026:13:48:57 +0100] "GET /wp-includes/js/jquery/jquery.min.js?ver=3.7.1 HTTP/1.0" 200 88142 "https://online.comeonline.ch/" "Mozilla/5.0 (X11; Ubuntu; Linux x86_64; rv:115.0) Gecko/20100101 Chrome/115.0.0.0 Safari/537.36"
37.59.187.20 - - [28/Mar/2026:13:48:57 +0100] "GET /wp-content/uploads/2024/08/cropped-Online_Band_2022_7-scaled-1.jpg HTTP/1.0" 200 398479 "https://online.comeonline.ch/" "Mozilla/5.0 (X11; Ubuntu; Linux x86_64; rv:115.0) Gecko/20100101 Chrome/115.0.0.0 Safari/537.36"
37.59.187.20 - - [28/Mar/2026:13:48:57 +0100] "GET /wp-content/themes/twentyseventeen/assets/js/global.js?ver=20211130 HTTP/1.0" 200 8267 "https://online.comeonline.ch/" "Mozilla/5.0 (X11; Ubuntu; Linux x86_64; rv:115.0) Gecko/20100101 Chrome/115.0.0.0 Safari/537.36"
37.59.187.20 - - [28/Mar/2026:13:48:57 +0100] "GET /wp-content/themes/twentyseventeen/assets/js/jquery.scrollTo.js?ver=2.1.3 HTTP/1.0" 200 6259 "https://online.comeonline.ch/" "Mozilla/5.0 (X11; Ubuntu; Linux x86_64; rv:115.0) Gecko/20100101 Chrome/115.0.0.0 Safari/537.36"
37.59.187.20 - - [28/Mar/2026:13:48:57 +0100] "GET /wp-content/themes/twentyseventeen/assets/js/navigation.js?ver=20210122 HTTP/1.0" 200 4201 "https://online.comeonline.ch/" "Mozilla/5.0 (X11; Ubuntu; Linux x86_64; rv:115.0) Gecko/20100101 Chrome/115.0.0.0 Safari/537.36"
37.59.187.20 - - [28/Mar/2026:13:48:57 +0100] "GET /wp-content/themes/twentyseventeen/assets/fonts/libre-franklin/libre-franklin-latin-400-normal.woff2?ver=13 HTTP/1.0" 200 14557 "https://online.comeonline.ch/wp-content/themes/twentyseventeen/assets/fonts/font-libre-franklin.css?ver=20230328" "Mozilla/5.0 (X11; Ubuntu; Linux x86_64; rv:115.0) Gecko/20100101 Chrome/115.0.0.0 Safari/537.36"
37.59.187.20 - - [28/Mar/2026:13:48:57 +0100] "GET /wp-content/themes/twentyseventeen/assets/fonts/libre-franklin/libre-franklin-latin-600-normal.woff2?ver=13 HTTP/1.0" 200 14625 "https://online.comeonline.ch/wp-content/themes/twentyseventeen/assets/fonts/font-libre-franklin.css?ver=20230328" "Mozilla/5.0 (X11; Ubuntu; Linux x86_64; rv:115.0) Gecko/20100101 Chrome/115.0.0.0 Safari/537.36"
37.59.187.20 - - [28/Mar/2026:13:48:57 +0100] "GET /wp-content/themes/twentyseventeen/assets/fonts/libre-franklin/libre-franklin-latin-800-normal.woff2?ver=13 HTTP/1.0" 200 14665 "https://online.comeonline.ch/wp-content/themes/twentyseventeen/assets/fonts/font-libre-franklin.css?ver=20230328" "Mozilla/5.0 (X11; Ubuntu; Linux x86_64; rv:115.0) Gecko/20100101 Chrome/115.0.0.0 Safari/537.36"
31.47.251.11 - - [29/Mar/2026:01:17:26 +0100] "GET / HTTP/1.0" 200 70895 "-" "Mozilla/5.0 (Windows NT 10.0; Win64; x64) AppleWebKit/537.36 (KHTML, like Gecko) Chrome/120.0.0.0 Safari/537.36"
31.47.251.11 - - [29/Mar/2026:01:17:27 +0100] "GET / HTTP/1.0" 200 70895 "-" "Mozilla/5.0 (Windows NT 10.0; Win64; x64) AppleWebKit/537.36 (KHTML, like Gecko) Chrome/120.0.0.0 Safari/537.36"
80.74.154.100 - - [29/Mar/2026:01:17:27 +0100] "POST /wp-cron.php?doing_wp_cron=1774743447.4168109893798828125000 HTTP/1.0" 200 409 "-" "WordPress/6.9.4; https://online.comeonline.ch"
80.74.154.100 - - [29/Mar/2026:05:53:34 +0200] "POST /wp-cron.php?doing_wp_cron=1774756413.8380420207977294921875 HTTP/1.0" 200 409 "-" "WordPress/6.9.4; https://online.comeonline.ch"
80.74.154.100 - - [29/Mar/2026:06:20:18 +0200] "POST /wp-cron.php?doing_wp_cron=1774758017.7295920848846435546875 HTTP/1.0" 200 409 "-" "WordPress/6.9.4; https://online.comeonline.ch"
162.158.110.62 - - [29/Mar/2026:23:19:49 +0200] "GET /.git/config HTTP/1.0" 404 568 "-" "-"
162.158.110.62 - - [29/Mar/2026:23:19:49 +0200] "GET /.git/logs/HEAD HTTP/1.0" 404 571 "-" "-"
162.158.110.72 - - [29/Mar/2026:23:19:49 +0200] "GET /.git/refs/heads/master HTTP/1.0" 404 579 "-" "-"
162.158.110.72 - - [29/Mar/2026:23:19:49 +0200] "GET /.git/HEAD HTTP/1.0" 404 566 "-" "-"
162.158.111.6 - - [29/Mar/2026:23:19:49 +0200] "GET /.git/refs/heads/main HTTP/1.0" 404 577 "-" "-"
162.158.111.6 - - [29/Mar/2026:23:19:49 +0200] "GET /.git/index HTTP/1.0" 404 567 "-" "-"
162.158.110.72 - - [29/Mar/2026:23:19:49 +0200] "GET /.env.local HTTP/1.0" 404 567 "-" "-"
162.158.111.6 - - [29/Mar/2026:23:19:49 +0200] "GET /.env.development HTTP/1.0" 404 573 "-" "-"
162.158.111.6 - - [29/Mar/2026:23:19:49 +0200] "GET /.env.test HTTP/1.0" 404 566 "-" "-"
162.158.110.62 - - [29/Mar/2026:23:19:49 +0200] "GET /.env.staging HTTP/1.0" 404 569 "-" "-"
162.158.111.6 - - [29/Mar/2026:23:19:49 +0200] "GET /.env.backup HTTP/1.0" 404 568 "-" "-"
162.158.110.62 - - [29/Mar/2026:23:19:49 +0200] "GET /.env.bak HTTP/1.0" 404 565 "-" "-"
162.158.110.230 - - [29/Mar/2026:23:19:49 +0200] "GET /.env HTTP/1.0" 404 561 "-" "-"
162.158.110.230 - - [29/Mar/2026:23:19:49 +0200] "GET /.env.production HTTP/1.0" 404 572 "-" "-"
162.158.110.231 - - [29/Mar/2026:23:19:49 +0200] "GET /.env.dev HTTP/1.0" 404 565 "-" "-"
162.158.110.62 - - [29/Mar/2026:23:19:49 +0200] "GET /.env.old HTTP/1.0" 404 565 "-" "-"
162.158.111.6 - - [29/Mar/2026:23:19:49 +0200] "GET /.env.save HTTP/1.0" 404 566 "-" "-"
162.158.110.62 - - [29/Mar/2026:23:19:49 +0200] "GET /.env.tmp HTTP/1.0" 404 565 "-" "-"
162.158.111.6 - - [29/Mar/2026:23:19:49 +0200] "GET /.env.example HTTP/1.0" 404 569 "-" "-"
162.158.111.6 - - [29/Mar/2026:23:19:49 +0200] "GET /.env.production.local HTTP/1.0" 404 578 "-" "-"
162.158.110.230 - - [29/Mar/2026:23:19:49 +0200] "GET /.env.development.local HTTP/1.0" 404 579 "-" "-"
162.158.110.230 - - [29/Mar/2026:23:19:49 +0200] "GET /config/.env HTTP/1.0" 404 568 "-" "-"
162.158.110.62 - - [29/Mar/2026:23:19:49 +0200] "GET /app/.env HTTP/1.0" 404 565 "-" "-"
162.158.110.72 - - [29/Mar/2026:23:19:49 +0200] "GET /backend/.env HTTP/1.0" 404 569 "-" "-"
162.158.110.72 - - [29/Mar/2026:23:19:49 +0200] "GET /api/.env HTTP/1.0" 404 565 "-" "-"
162.158.110.62 - - [29/Mar/2026:23:19:49 +0200] "GET /admin/.env HTTP/1.0" 404 567 "-" "-"
162.158.110.62 - - [29/Mar/2026:23:19:49 +0200] "GET /core/.env HTTP/1.0" 404 566 "-" "-"
162.158.110.230 - - [29/Mar/2026:23:19:49 +0200] "GET /public/.env HTTP/1.0" 404 568 "-" "-"
162.158.110.230 - - [29/Mar/2026:23:19:49 +0200] "GET /private/.env HTTP/1.0" 404 569 "-" "-"
162.158.110.230 - - [29/Mar/2026:23:19:49 +0200] "GET /.env.php HTTP/1.0" 404 565 "-" "-"
162.158.111.6 - - [29/Mar/2026:23:19:49 +0200] "GET /config/.env.local HTTP/1.0" 404 574 "-" "-"
162.158.111.6 - - [29/Mar/2026:23:19:49 +0200] "GET /config/env HTTP/1.0" 404 567 "-" "-"
162.158.110.62 - - [29/Mar/2026:23:19:49 +0200] "GET /.env.json HTTP/1.0" 404 566 "-" "-"
162.158.110.230 - - [29/Mar/2026:23:19:49 +0200] "GET /.env_backup HTTP/1.0" 404 568 "-" "-"
162.158.110.230 - - [29/Mar/2026:23:19:49 +0200] "GET /.env~ HTTP/1.0" 404 562 "-" "-"
162.158.110.62 - - [29/Mar/2026:23:19:49 +0200] "GET /.env2 HTTP/1.0" 404 562 "-" "-"
162.158.111.6 - - [29/Mar/2026:23:19:49 +0200] "GET /.env1 HTTP/1.0" 404 562 "-" "-"
162.158.111.6 - - [29/Mar/2026:23:19:49 +0200] "GET /.env.dist HTTP/1.0" 404 566 "-" "-"
162.158.110.231 - - [29/Mar/2026:23:19:49 +0200] "GET /.envrc HTTP/1.0" 404 563 "-" "-"
162.158.110.231 - - [29/Mar/2026:23:19:49 +0200] "GET /.env.orig HTTP/1.0" 404 566 "-" "-"
162.158.110.72 - - [29/Mar/2026:23:19:49 +0200] "GET /.env.docker HTTP/1.0" 404 568 "-" "-"
162.158.110.72 - - [29/Mar/2026:23:19:49 +0200] "GET /.env.prod HTTP/1.0" 404 566 "-" "-"
162.158.111.6 - - [29/Mar/2026:23:19:49 +0200] "GET /.env.dev.local HTTP/1.0" 404 571 "-" "-"
162.158.110.231 - - [29/Mar/2026:23:19:49 +0200] "GET /.env.production.bak HTTP/1.0" 404 576 "-" "-"
162.158.110.72 - - [29/Mar/2026:23:19:49 +0200] "GET /.env.container HTTP/1.0" 404 571 "-" "-"
162.158.110.231 - - [29/Mar/2026:23:19:49 +0200] "GET /docker/.env HTTP/1.0" 404 568 "-" "-"
162.158.110.231 - - [29/Mar/2026:23:19:49 +0200] "GET /docker-compose.env HTTP/1.0" 404 575 "-" "-"
162.158.110.72 - - [29/Mar/2026:23:19:49 +0200] "GET /docker/.env.local HTTP/1.0" 404 574 "-" "-"
162.158.110.72 - - [29/Mar/2026:23:19:49 +0200] "GET /srv/.env HTTP/1.0" 404 565 "-" "-"
162.158.110.72 - - [29/Mar/2026:23:19:49 +0200] "GET /server/.env HTTP/1.0" 404 568 "-" "-"
162.158.110.62 - - [29/Mar/2026:23:19:49 +0200] "GET /web/.env HTTP/1.0" 404 565 "-" "-"
162.158.111.6 - - [29/Mar/2026:23:19:49 +0200] "GET /site/.env HTTP/1.0" 404 566 "-" "-"
162.158.110.62 - - [29/Mar/2026:23:19:49 +0200] "GET /www/.env HTTP/1.0" 404 565 "-" "-"
162.158.111.6 - - [29/Mar/2026:23:19:49 +0200] "GET /var/www/.env HTTP/1.0" 404 569 "-" "-"
162.158.110.72 - - [29/Mar/2026:23:19:49 +0200] "GET /var/www/html/.env HTTP/1.0" 404 574 "-" "-"
162.158.110.62 - - [29/Mar/2026:23:19:49 +0200] "GET /home/.env HTTP/1.0" 404 566 "-" "-"
162.158.110.230 - - [29/Mar/2026:23:19:49 +0200] "GET /root/.env HTTP/1.0" 404 566 "-" "-"
162.158.110.230 - - [29/Mar/2026:23:19:49 +0200] "GET /.env_config HTTP/1.0" 404 568 "-" "-"
162.158.110.230 - - [29/Mar/2026:23:19:49 +0200] "GET /.env_secret HTTP/1.0" 404 568 "-" "-"
162.158.110.72 - - [29/Mar/2026:23:19:49 +0200] "GET /.env_settings HTTP/1.0" 404 570 "-" "-"
162.158.111.6 - - [29/Mar/2026:23:19:49 +0200] "GET /.env.local.backup HTTP/1.0" 404 574 "-" "-"
162.158.110.62 - - [29/Mar/2026:23:19:49 +0200] "GET /.git/config HTTP/1.0" 404 568 "-" "-"
162.158.110.72 - - [29/Mar/2026:23:19:49 +0200] "GET /.git/HEAD HTTP/1.0" 404 566 "-" "-"
162.158.110.72 - - [29/Mar/2026:23:19:49 +0200] "GET /.git/index HTTP/1.0" 404 567 "-" "-"
162.158.110.230 - - [29/Mar/2026:23:19:49 +0200] "GET /.git/logs/HEAD HTTP/1.0" 404 571 "-" "-"
162.158.110.72 - - [29/Mar/2026:23:19:49 +0200] "GET /.git/refs/heads/master HTTP/1.0" 404 579 "-" "-"
162.158.110.62 - - [29/Mar/2026:23:19:49 +0200] "GET /.git/refs/heads/main HTTP/1.0" 404 577 "-" "-"
162.158.110.62 - - [29/Mar/2026:23:19:49 +0200] "GET /.env.production HTTP/1.0" 404 572 "-" "-"
162.158.110.230 - - [29/Mar/2026:23:19:49 +0200] "GET /.env.local HTTP/1.0" 404 567 "-" "-"
162.158.110.62 - - [29/Mar/2026:23:19:49 +0200] "GET /.env.dev HTTP/1.0" 404 565 "-" "-"
162.158.110.72 - - [29/Mar/2026:23:19:49 +0200] "GET /.env.development HTTP/1.0" 404 573 "-" "-"
162.158.110.72 - - [29/Mar/2026:23:19:49 +0200] "GET /.env HTTP/1.0" 404 561 "-" "-"
162.158.110.62 - - [29/Mar/2026:23:19:49 +0200] "GET /.env.backup HTTP/1.0" 404 568 "-" "-"
162.158.110.231 - - [29/Mar/2026:23:19:49 +0200] "GET /.env.staging HTTP/1.0" 404 569 "-" "-"
162.158.110.231 - - [29/Mar/2026:23:19:49 +0200] "GET /.env.bak HTTP/1.0" 404 565 "-" "-"
162.158.111.6 - - [29/Mar/2026:23:19:49 +0200] "GET /.env.test HTTP/1.0" 404 566 "-" "-"
162.158.110.231 - - [29/Mar/2026:23:19:49 +0200] "GET /.env.save HTTP/1.0" 404 566 "-" "-"
162.158.110.72 - - [29/Mar/2026:23:19:49 +0200] "GET /.env.old HTTP/1.0" 404 565 "-" "-"
162.158.110.231 - - [29/Mar/2026:23:19:49 +0200] "GET /.env.example HTTP/1.0" 404 569 "-" "-"
162.158.111.6 - - [29/Mar/2026:23:19:49 +0200] "GET /.env.production.local HTTP/1.0" 404 578 "-" "-"
162.158.110.62 - - [29/Mar/2026:23:19:49 +0200] "GET /.env.tmp HTTP/1.0" 404 565 "-" "-"
162.158.111.6 - - [29/Mar/2026:23:19:50 +0200] "GET /.env.development.local HTTP/1.0" 404 579 "-" "-"
162.158.110.230 - - [29/Mar/2026:23:19:50 +0200] "GET /app/.env HTTP/1.0" 404 565 "-" "-"
162.158.110.72 - - [29/Mar/2026:23:19:50 +0200] "GET /config/.env HTTP/1.0" 404 568 "-" "-"
162.158.110.230 - - [29/Mar/2026:23:19:50 +0200] "GET /backend/.env HTTP/1.0" 404 569 "-" "-"
162.158.111.6 - - [29/Mar/2026:23:19:50 +0200] "GET /admin/.env HTTP/1.0" 404 567 "-" "-"
162.158.110.230 - - [29/Mar/2026:23:19:50 +0200] "GET /api/.env HTTP/1.0" 404 565 "-" "-"
162.158.110.230 - - [29/Mar/2026:23:19:50 +0200] "GET /core/.env HTTP/1.0" 404 566 "-" "-"
162.158.110.62 - - [29/Mar/2026:23:19:50 +0200] "GET /public/.env HTTP/1.0" 404 568 "-" "-"
162.158.110.72 - - [29/Mar/2026:23:19:50 +0200] "GET /private/.env HTTP/1.0" 404 569 "-" "-"
162.158.110.62 - - [29/Mar/2026:23:19:50 +0200] "GET /config/.env.local HTTP/1.0" 404 574 "-" "-"
162.158.110.62 - - [29/Mar/2026:23:19:50 +0200] "GET /config/env HTTP/1.0" 404 567 "-" "-"
162.158.110.230 - - [29/Mar/2026:23:19:50 +0200] "GET /.env.php HTTP/1.0" 404 565 "-" "-"
162.158.110.62 - - [29/Mar/2026:23:19:50 +0200] "GET /.env.json HTTP/1.0" 404 566 "-" "-"
162.158.110.62 - - [29/Mar/2026:23:19:50 +0200] "GET /.env_backup HTTP/1.0" 404 568 "-" "-"
162.158.110.230 - - [29/Mar/2026:23:19:50 +0200] "GET /.env1 HTTP/1.0" 404 562 "-" "-"
162.158.111.6 - - [29/Mar/2026:23:19:50 +0200] "GET /.env.dist HTTP/1.0" 404 566 "-" "-"
162.158.110.72 - - [29/Mar/2026:23:19:50 +0200] "GET /.env~ HTTP/1.0" 404 562 "-" "-"
162.158.111.6 - - [29/Mar/2026:23:19:50 +0200] "GET /.env2 HTTP/1.0" 404 562 "-" "-"
162.158.110.62 - - [29/Mar/2026:23:19:50 +0200] "GET /.envrc HTTP/1.0" 404 563 "-" "-"
162.158.110.62 - - [29/Mar/2026:23:19:50 +0200] "GET /.env.orig HTTP/1.0" 404 566 "-" "-"
162.158.110.62 - - [29/Mar/2026:23:19:50 +0200] "GET /.env.production.bak HTTP/1.0" 404 576 "-" "-"
162.158.110.72 - - [29/Mar/2026:23:19:50 +0200] "GET /.env.prod HTTP/1.0" 404 566 "-" "-"
162.158.110.72 - - [29/Mar/2026:23:19:50 +0200] "GET /.env.dev.local HTTP/1.0" 404 571 "-" "-"
162.158.110.72 - - [29/Mar/2026:23:19:50 +0200] "GET /.env.docker HTTP/1.0" 404 568 "-" "-"
162.158.110.231 - - [29/Mar/2026:23:19:50 +0200] "GET /docker/.env HTTP/1.0" 404 568 "-" "-"
162.158.111.6 - - [29/Mar/2026:23:19:50 +0200] "GET /.env.container HTTP/1.0" 404 571 "-" "-"
162.158.110.72 - - [29/Mar/2026:23:19:50 +0200] "GET /docker-compose.env HTTP/1.0" 404 575 "-" "-"
162.158.110.231 - - [29/Mar/2026:23:19:50 +0200] "GET /docker/.env.local HTTP/1.0" 404 574 "-" "-"
162.158.110.72 - - [29/Mar/2026:23:19:50 +0200] "GET /server/.env HTTP/1.0" 404 568 "-" "-"
162.158.110.72 - - [29/Mar/2026:23:19:50 +0200] "GET /srv/.env HTTP/1.0" 404 565 "-" "-"
162.158.111.6 - - [29/Mar/2026:23:19:50 +0200] "GET /site/.env HTTP/1.0" 404 566 "-" "-"
162.158.111.6 - - [29/Mar/2026:23:19:50 +0200] "GET /web/.env HTTP/1.0" 404 565 "-" "-"
162.158.110.72 - - [29/Mar/2026:23:19:50 +0200] "GET /www/.env HTTP/1.0" 404 565 "-" "-"
162.158.110.230 - - [29/Mar/2026:23:19:50 +0200] "GET /var/www/.env HTTP/1.0" 404 569 "-" "-"
162.158.110.62 - - [29/Mar/2026:23:19:50 +0200] "GET /home/.env HTTP/1.0" 404 566 "-" "-"
162.158.110.72 - - [29/Mar/2026:23:19:50 +0200] "GET /var/www/html/.env HTTP/1.0" 404 574 "-" "-"
162.158.110.230 - - [29/Mar/2026:23:19:50 +0200] "GET /root/.env HTTP/1.0" 404 566 "-" "-"
162.158.110.62 - - [29/Mar/2026:23:19:50 +0200] "GET /.env_config HTTP/1.0" 404 568 "-" "-"
162.158.110.72 - - [29/Mar/2026:23:19:50 +0200] "GET /.env_secret HTTP/1.0" 404 568 "-" "-"
162.158.110.62 - - [29/Mar/2026:23:19:50 +0200] "GET /.env_settings HTTP/1.0" 404 570 "-" "-"
162.158.111.6 - - [29/Mar/2026:23:19:50 +0200] "GET /.env.local.backup HTTP/1.0" 404 574 "-" "-"
31.47.251.11 - - [30/Mar/2026:01:32:01 +0200] "GET / HTTP/1.0" 200 70895 "-" "Mozilla/5.0 (Windows NT 10.0; Win64; x64) AppleWebKit/537.36 (KHTML, like Gecko) Chrome/120.0.0.0 Safari/537.36"
31.47.251.11 - - [30/Mar/2026:01:32:01 +0200] "GET / HTTP/1.0" 200 70895 "-" "Mozilla/5.0 (Windows NT 10.0; Win64; x64) AppleWebKit/537.36 (KHTML, like Gecko) Chrome/120.0.0.0 Safari/537.36"
80.74.154.100 - - [30/Mar/2026:01:32:02 +0200] "POST /wp-cron.php?doing_wp_cron=1774827121.7335729598999023437500 HTTP/1.0" 200 409 "-" "WordPress/6.9.4; https://online.comeonline.ch"
80.74.154.100 - - [30/Mar/2026:05:48:02 +0200] "POST /wp-cron.php?doing_wp_cron=1774842481.9213659763336181640625 HTTP/1.0" 200 409 "-" "WordPress/6.9.4; https://online.comeonline.ch"
80.74.154.100 - - [30/Mar/2026:06:15:15 +0200] "POST /wp-cron.php?doing_wp_cron=1774844114.9280779361724853515625 HTTP/1.0" 200 409 "-" "WordPress/6.9.4; https://online.comeonline.ch"
31.47.251.11 - - [31/Mar/2026:01:46:53 +0200] "GET / HTTP/1.0" 200 70895 "-" "Mozilla/5.0 (Windows NT 10.0; Win64; x64) AppleWebKit/537.36 (KHTML, like Gecko) Chrome/120.0.0.0 Safari/537.36"
31.47.251.11 - - [31/Mar/2026:01:46:53 +0200] "GET / HTTP/1.0" 200 70895 "-" "Mozilla/5.0 (Windows NT 10.0; Win64; x64) AppleWebKit/537.36 (KHTML, like Gecko) Chrome/120.0.0.0 Safari/537.36"
80.74.154.100 - - [31/Mar/2026:01:46:53 +0200] "POST /wp-cron.php?doing_wp_cron=1774914413.6557109355926513671875 HTTP/1.0" 200 409 "-" "WordPress/6.9.4; https://online.comeonline.ch"
80.74.154.100 - - [31/Mar/2026:05:52:26 +0200] "POST /wp-cron.php?doing_wp_cron=1774929146.5201530456542968750000 HTTP/1.0" 200 409 "-" "WordPress/6.9.4; https://online.comeonline.ch"
80.74.154.100 - - [31/Mar/2026:06:22:11 +0200] "POST /wp-cron.php?doing_wp_cron=1774930931.0927469730377197265625 HTTP/1.0" 200 409 "-" "WordPress/6.9.4; https://online.comeonline.ch"
158.158.49.164 - - [31/Mar/2026:20:41:16 +0200] "GET /wp-content/plugins/hellopress/wp_filemanager.php HTTP/1.0" 404 605 "-" "-"
158.158.49.164 - - [31/Mar/2026:20:41:16 +0200] "GET /wp-Blogs.php HTTP/1.0" 404 569 "-" "-"
31.47.251.11 - - [01/Apr/2026:02:01:34 +0200] "GET / HTTP/1.0" 200 70895 "-" "Mozilla/5.0 (Windows NT 10.0; Win64; x64) AppleWebKit/537.36 (KHTML, like Gecko) Chrome/120.0.0.0 Safari/537.36"
31.47.251.11 - - [01/Apr/2026:02:01:35 +0200] "GET / HTTP/1.0" 200 70895 "-" "Mozilla/5.0 (Windows NT 10.0; Win64; x64) AppleWebKit/537.36 (KHTML, like Gecko) Chrome/120.0.0.0 Safari/537.36"
80.74.154.100 - - [01/Apr/2026:02:01:35 +0200] "POST /wp-cron.php?doing_wp_cron=1775001695.0046699047088623046875 HTTP/1.0" 200 409 "-" "WordPress/6.9.4; https://online.comeonline.ch"
80.74.154.100 - - [01/Apr/2026:05:55:07 +0200] "POST /wp-cron.php?doing_wp_cron=1775015707.2520771026611328125000 HTTP/1.0" 200 409 "-" "WordPress/6.9.4; https://online.comeonline.ch"
80.74.154.100 - - [01/Apr/2026:06:24:37 +0200] "POST /wp-cron.php?doing_wp_cron=1775017477.1801888942718505859375 HTTP/1.0" 200 409 "-" "WordPress/6.9.4; https://online.comeonline.ch"
142.93.70.77 - - [01/Apr/2026:11:05:50 +0200] "GET / HTTP/1.0" 200 70895 "-" "Mozilla/5.0 (X11; Linux x86_64; rv:142.0) Gecko/20100101 Firefox/142.0"
80.74.154.100 - - [01/Apr/2026:11:05:51 +0200] "POST /wp-cron.php?doing_wp_cron=1775034351.5588231086730957031250 HTTP/1.0" 200 409 "-" "WordPress/6.9.4; https://online.comeonline.ch"
142.93.70.77 - - [01/Apr/2026:11:05:54 +0200] "GET /wp-content/uploads/2024/08/cropped-Online_Band_2022_7-scaled-2-32x32.jpg HTTP/1.0" 200 1765 "https://online.comeonline.ch/" "Mozilla/5.0 (X11; Linux x86_64; rv:142.0) Gecko/20100101 Firefox/142.0"
31.47.251.11 - - [02/Apr/2026:02:05:18 +0200] "GET / HTTP/1.0" 200 70895 "-" "Mozilla/5.0 (Windows NT 10.0; Win64; x64) AppleWebKit/537.36 (KHTML, like Gecko) Chrome/120.0.0.0 Safari/537.36"
80.74.154.100 - - [02/Apr/2026:02:05:19 +0200] "POST /wp-cron.php?doing_wp_cron=1775088318.8491768836975097656250 HTTP/1.0" 200 409 "-" "WordPress/6.9.4; https://online.comeonline.ch"
80.74.154.100 - - [02/Apr/2026:06:01:27 +0200] "POST /wp-cron.php?doing_wp_cron=1775102486.7733941078186035156250 HTTP/1.0" 200 409 "-" "WordPress/6.9.4; https://online.comeonline.ch"
31.47.251.11 - - [03/Apr/2026:02:05:22 +0200] "GET / HTTP/1.0" 200 70895 "-" "Mozilla/5.0 (Windows NT 10.0; Win64; x64) AppleWebKit/537.36 (KHTML, like Gecko) Chrome/120.0.0.0 Safari/537.36"
31.47.251.11 - - [03/Apr/2026:02:05:22 +0200] "GET / HTTP/1.0" 200 70895 "-" "Mozilla/5.0 (Windows NT 10.0; Win64; x64) AppleWebKit/537.36 (KHTML, like Gecko) Chrome/120.0.0.0 Safari/537.36"
80.74.154.100 - - [03/Apr/2026:02:05:22 +0200] "POST /wp-cron.php?doing_wp_cron=1775174722.6587049961090087890625 HTTP/1.0" 200 409 "-" "WordPress/6.9.4; https://online.comeonline.ch"
80.74.154.100 - - [03/Apr/2026:05:54:02 +0200] "POST /wp-cron.php?doing_wp_cron=1775188442.7110490798950195312500 HTTP/1.0" 200 409 "-" "WordPress/6.9.4; https://online.comeonline.ch"
80.74.154.100 - - [03/Apr/2026:06:22:33 +0200] "POST /wp-cron.php?doing_wp_cron=1775190152.7948551177978515625000 HTTP/1.0" 200 409 "-" "WordPress/6.9.4; https://online.comeonline.ch"
31.47.251.11 - - [04/Apr/2026:02:16:55 +0200] "GET / HTTP/1.0" 200 70895 "-" "Mozilla/5.0 (Windows NT 10.0; Win64; x64) AppleWebKit/537.36 (KHTML, like Gecko) Chrome/120.0.0.0 Safari/537.36"
31.47.251.11 - - [04/Apr/2026:02:16:55 +0200] "GET / HTTP/1.0" 200 70895 "-" "Mozilla/5.0 (Windows NT 10.0; Win64; x64) AppleWebKit/537.36 (KHTML, like Gecko) Chrome/120.0.0.0 Safari/537.36"
80.74.154.100 - - [04/Apr/2026:02:16:59 +0200] "POST /wp-cron.php HTTP/1.0" 200 409 "-" "WordPress/6.9.4; https://online.comeonline.ch"
80.74.154.100 - - [04/Apr/2026:02:16:59 +0200] "GET / HTTP/1.0" 200 70895 "-" "WordPress/6.9.4; https://online.comeonline.ch"
80.74.154.100 - - [04/Apr/2026:02:17:00 +0200] "GET / HTTP/1.0" 200 70895 "-" "WordPress/6.9.4; https://online.comeonline.ch"
80.74.154.100 - - [04/Apr/2026:02:17:00 +0200] "GET / HTTP/1.0" 200 70895 "-" "WordPress/6.9.4; https://online.comeonline.ch"
80.74.154.100 - - [04/Apr/2026:02:17:00 +0200] "GET / HTTP/1.0" 200 70895 "-" "WordPress/6.9.4; https://online.comeonline.ch"
80.74.154.100 - - [04/Apr/2026:02:16:56 +0200] "POST /wp-cron.php?doing_wp_cron=1775261815.8811390399932861328125 HTTP/1.0" 200 409 "-" "WordPress/6.9.4; https://online.comeonline.ch"
80.74.154.100 - - [04/Apr/2026:05:54:57 +0200] "POST /wp-cron.php?doing_wp_cron=1775274896.9595990180969238281250 HTTP/1.0" 200 409 "-" "WordPress/6.9.4; https://online.comeonline.ch"
80.74.154.100 - - [04/Apr/2026:06:23:28 +0200] "POST /wp-cron.php?doing_wp_cron=1775276608.4580988883972167968750 HTTP/1.0" 200 409 "-" "WordPress/6.9.4; https://online.comeonline.ch"
31.47.251.11 - - [05/Apr/2026:02:31:56 +0200] "GET / HTTP/1.0" 200 70895 "-" "Mozilla/5.0 (Windows NT 10.0; Win64; x64) AppleWebKit/537.36 (KHTML, like Gecko) Chrome/120.0.0.0 Safari/537.36"
31.47.251.11 - - [05/Apr/2026:02:31:57 +0200] "GET / HTTP/1.0" 200 70895 "-" "Mozilla/5.0 (Windows NT 10.0; Win64; x64) AppleWebKit/537.36 (KHTML, like Gecko) Chrome/120.0.0.0 Safari/537.36"
80.74.154.100 - - [05/Apr/2026:02:31:57 +0200] "POST /wp-cron.php?doing_wp_cron=1775349117.6422049999237060546875 HTTP/1.0" 200 409 "-" "WordPress/6.9.4; https://online.comeonline.ch"
80.74.154.100 - - [05/Apr/2026:05:55:20 +0200] "POST /wp-cron.php?doing_wp_cron=1775361319.9603009223937988281250 HTTP/1.0" 200 409 "-" "WordPress/6.9.4; https://online.comeonline.ch"
80.74.154.100 - - [05/Apr/2026:06:23:48 +0200] "POST /wp-cron.php?doing_wp_cron=1775363028.4388151168823242187500 HTTP/1.0" 200 409 "-" "WordPress/6.9.4; https://online.comeonline.ch"
179.108.1.79 - - [05/Apr/2026:12:08:38 +0200] "GET /robots.txt HTTP/1.0" 404 567 "-" "Mozilla/5.0 (Windows NT 10.0; Win64; x64) AppleWebKit/537.36 (KHTML, like Gecko) Chrome/114.0.0.0 Safari/537.36 Edg/114.0.1823.43"
31.47.251.11 - - [06/Apr/2026:02:46:39 +0200] "GET / HTTP/1.0" 200 70895 "-" "Mozilla/5.0 (Windows NT 10.0; Win64; x64) AppleWebKit/537.36 (KHTML, like Gecko) Chrome/120.0.0.0 Safari/537.36"
31.47.251.11 - - [06/Apr/2026:02:46:39 +0200] "GET / HTTP/1.0" 200 70895 "-" "Mozilla/5.0 (Windows NT 10.0; Win64; x64) AppleWebKit/537.36 (KHTML, like Gecko) Chrome/120.0.0.0 Safari/537.36"
80.74.154.100 - - [06/Apr/2026:02:46:39 +0200] "POST /wp-cron.php?doing_wp_cron=1775436399.6389749050140380859375 HTTP/1.0" 200 409 "-" "WordPress/6.9.4; https://online.comeonline.ch"
80.74.154.100 - - [06/Apr/2026:05:54:01 +0200] "POST /wp-cron.php?doing_wp_cron=1775447641.2464361190795898437500 HTTP/1.0" 200 409 "-" "WordPress/6.9.4; https://online.comeonline.ch"
80.74.154.100 - - [06/Apr/2026:06:22:04 +0200] "POST /wp-cron.php?doing_wp_cron=1775449324.6792619228363037109375 HTTP/1.0" 200 409 "-" "WordPress/6.9.4; https://online.comeonline.ch"
44.244.105.231 - - [06/Apr/2026:18:41:00 +0200] "GET /robots.txt HTTP/1.0" 404 567 "-" "Mozilla/5.0 (compatible; wpbot/1.4; +https://forms.gle/ajBaxygz9jSR8p8G9)"
44.244.105.231 - - [06/Apr/2026:18:41:00 +0200] "GET / HTTP/1.0" 200 70895 "-" "Mozilla/5.0 (compatible; wpbot/1.4; +https://forms.gle/ajBaxygz9jSR8p8G9)"
80.74.154.100 - - [06/Apr/2026:18:41:01 +0200] "POST /wp-cron.php?doing_wp_cron=1775493660.8130478858947753906250 HTTP/1.0" 200 409 "-" "WordPress/6.9.4; https://online.comeonline.ch"
31.47.251.11 - - [07/Apr/2026:03:01:54 +0200] "GET / HTTP/1.0" 200 70895 "-" "Mozilla/5.0 (Windows NT 10.0; Win64; x64) AppleWebKit/537.36 (KHTML, like Gecko) Chrome/120.0.0.0 Safari/537.36"
31.47.251.11 - - [07/Apr/2026:03:01:54 +0200] "GET / HTTP/1.0" 200 70895 "-" "Mozilla/5.0 (Windows NT 10.0; Win64; x64) AppleWebKit/537.36 (KHTML, like Gecko) Chrome/120.0.0.0 Safari/537.36"
80.74.154.100 - - [07/Apr/2026:03:01:55 +0200] "POST /wp-cron.php?doing_wp_cron=1775523715.2883450984954833984375 HTTP/1.0" 200 409 "-" "WordPress/6.9.4; https://online.comeonline.ch"
80.74.154.100 - - [07/Apr/2026:05:56:41 +0200] "POST /wp-cron.php?doing_wp_cron=1775534201.7343759536743164062500 HTTP/1.0" 200 409 "-" "WordPress/6.9.4; https://online.comeonline.ch"
31.47.251.11 - - [08/Apr/2026:03:16:46 +0200] "GET / HTTP/1.0" 200 70895 "-" "Mozilla/5.0 (Windows NT 10.0; Win64; x64) AppleWebKit/537.36 (KHTML, like Gecko) Chrome/120.0.0.0 Safari/537.36"
31.47.251.11 - - [08/Apr/2026:03:16:47 +0200] "GET / HTTP/1.0" 200 70895 "-" "Mozilla/5.0 (Windows NT 10.0; Win64; x64) AppleWebKit/537.36 (KHTML, like Gecko) Chrome/120.0.0.0 Safari/537.36"
80.74.154.100 - - [08/Apr/2026:03:16:47 +0200] "POST /wp-cron.php?doing_wp_cron=1775611007.4474050998687744140625 HTTP/1.0" 200 409 "-" "WordPress/6.9.4; https://online.comeonline.ch"
80.74.154.100 - - [08/Apr/2026:05:56:09 +0200] "POST /wp-cron.php?doing_wp_cron=1775620569.1503911018371582031250 HTTP/1.0" 200 409 "-" "WordPress/6.9.4; https://online.comeonline.ch"
80.74.154.100 - - [09/Apr/2026:02:54:28 +0200] "POST /wp-cron.php?doing_wp_cron=1775696068.7514610290527343750000 HTTP/1.0" 200 409 "-" "WordPress/6.9.4; https://online.comeonline.ch"
52.161.51.54 - - [09/Apr/2026:02:54:43 +0200] "GET /.git-credentials HTTP/1.0" 404 573 "https://www.reddit.com/" "Mozilla/5.0 (iPad; CPU OS 17_2_1 like Mac OS X) AppleWebKit/605.1.15 (KHTML, like Gecko) Version/17.2 Mobile/15E148 Safari/604.1"
52.161.51.54 - - [09/Apr/2026:02:54:44 +0200] "GET /.git-credentials HTTP/1.0" 404 573 "https://www.youtube.com/" "Mozilla/5.0 (iPad; CPU OS 17_2_1 like Mac OS X) AppleWebKit/605.1.15 (KHTML, like Gecko) Version/17.2 Mobile/15E148 Safari/604.1"
52.161.51.54 - - [09/Apr/2026:02:54:44 +0200] "GET /.gitconfig HTTP/1.0" 404 567 "-" "Mozilla/5.0 (iPad; CPU OS 17_2_1 like Mac OS X) AppleWebKit/605.1.15 (KHTML, like Gecko) Version/17.2 Mobile/15E148 Safari/604.1"
52.161.51.54 - - [09/Apr/2026:02:54:44 +0200] "GET /.netrc HTTP/1.0" 404 563 "https://www.google.com/search?q=" "Mozilla/5.0 (iPad; CPU OS 17_2_1 like Mac OS X) AppleWebKit/605.1.15 (KHTML, like Gecko) Version/17.2 Mobile/15E148 Safari/604.1"
52.161.51.54 - - [09/Apr/2026:02:54:44 +0200] "GET /_netrc HTTP/1.0" 404 563 "https://www.facebook.com/" "Mozilla/5.0 (iPad; CPU OS 17_2_1 like Mac OS X) AppleWebKit/605.1.15 (KHTML, like Gecko) Version/17.2 Mobile/15E148 Safari/604.1"
52.161.51.54 - - [09/Apr/2026:02:54:44 +0200] "GET /.npmrc HTTP/1.0" 404 563 "https://twitter.com/" "Mozilla/5.0 (iPad; CPU OS 17_2_1 like Mac OS X) AppleWebKit/605.1.15 (KHTML, like Gecko) Version/17.2 Mobile/15E148 Safari/604.1"
52.161.51.54 - - [09/Apr/2026:02:54:44 +0200] "GET /.yarnrc HTTP/1.0" 404 564 "-" "Mozilla/5.0 (iPad; CPU OS 17_2_1 like Mac OS X) AppleWebKit/605.1.15 (KHTML, like Gecko) Version/17.2 Mobile/15E148 Safari/604.1"
52.161.51.54 - - [09/Apr/2026:02:54:44 +0200] "GET /.composer/auth.json HTTP/1.0" 404 576 "https://docs.google.com/" "Mozilla/5.0 (iPad; CPU OS 17_2_1 like Mac OS X) AppleWebKit/605.1.15 (KHTML, like Gecko) Version/17.2 Mobile/15E148 Safari/604.1"
52.161.51.54 - - [09/Apr/2026:02:54:45 +0200] "GET /composer/auth.json HTTP/1.0" 404 575 "-" "Mozilla/5.0 (iPad; CPU OS 17_2_1 like Mac OS X) AppleWebKit/605.1.15 (KHTML, like Gecko) Version/17.2 Mobile/15E148 Safari/604.1"
52.161.51.54 - - [09/Apr/2026:02:54:45 +0200] "GET /.config/gh/hosts.yml HTTP/1.0" 404 577 "-" "Mozilla/5.0 (iPad; CPU OS 17_2_1 like Mac OS X) AppleWebKit/605.1.15 (KHTML, like Gecko) Version/17.2 Mobile/15E148 Safari/604.1"
52.161.51.54 - - [09/Apr/2026:02:54:45 +0200] "GET /config/git-credentials HTTP/1.0" 404 579 "-" "Mozilla/5.0 (iPad; CPU OS 17_2_1 like Mac OS X) AppleWebKit/605.1.15 (KHTML, like Gecko) Version/17.2 Mobile/15E148 Safari/604.1"
52.161.51.54 - - [09/Apr/2026:02:54:45 +0200] "GET /.env HTTP/1.0" 404 561 "https://www.youtube.com/" "Mozilla/5.0 (iPad; CPU OS 17_2_1 like Mac OS X) AppleWebKit/605.1.15 (KHTML, like Gecko) Version/17.2 Mobile/15E148 Safari/604.1"
52.161.51.54 - - [09/Apr/2026:02:54:45 +0200] "GET /.env.local HTTP/1.0" 404 567 "https://github.com/" "Mozilla/5.0 (iPad; CPU OS 17_2_1 like Mac OS X) AppleWebKit/605.1.15 (KHTML, like Gecko) Version/17.2 Mobile/15E148 Safari/604.1"
52.161.51.54 - - [09/Apr/2026:02:54:45 +0200] "GET /.env.production HTTP/1.0" 404 572 "-" "Mozilla/5.0 (iPad; CPU OS 17_2_1 like Mac OS X) AppleWebKit/605.1.15 (KHTML, like Gecko) Version/17.2 Mobile/15E148 Safari/604.1"
52.161.51.54 - - [09/Apr/2026:02:54:45 +0200] "GET /config.json HTTP/1.0" 404 568 "-" "Mozilla/5.0 (iPad; CPU OS 17_2_1 like Mac OS X) AppleWebKit/605.1.15 (KHTML, like Gecko) Version/17.2 Mobile/15E148 Safari/604.1"
104.252.191.56 - - [09/Apr/2026:02:55:34 +0200] "GET / HTTP/1.0" 200 70895 "-" "Mozilla/5.0 (X11; Linux x86_64) AppleWebKit/537.36 (KHTML, like Gecko) Chrome/116.0.0.0 Safari/537.36"
104.252.191.56 - - [09/Apr/2026:02:55:44 +0200] "GET / HTTP/1.0" 200 70895 "-" "Mozilla/5.0 (Macintosh; Intel Mac OS X 10_15_7) AppleWebKit/537.36 (KHTML, like Gecko) Chrome/117.0.0.0 Safari/537.36"
162.158.86.203 - - [09/Apr/2026:02:56:37 +0200] "GET / HTTP/1.0" 200 70895 "-" "Go-http-client/1.1"
80.74.154.100 - - [09/Apr/2026:02:56:37 +0200] "POST /wp-cron.php?doing_wp_cron=1775696197.7760529518127441406250 HTTP/1.0" 200 409 "-" "WordPress/6.9.4; https://online.comeonline.ch"
18.235.94.119 - - [09/Apr/2026:02:56:45 +0200] "GET / HTTP/1.0" 200 70895 "-" "Mozilla/5.0 (X11; Linux x86_64) AppleWebKit/537.36 (KHTML, like Gecko) Chrome/134.0.0.0 Safari/537.36"
34.116.206.160 - - [09/Apr/2026:02:57:11 +0200] "GET / HTTP/1.0" 200 70895 "-" "Mozilla/5.0 (iPhone13,2; U; CPU iPhone OS 14_0 like Mac OS X) AppleWebKit/602.1.50 (KHTML, like Gecko) Version/10.0 Mobile/15E148 Safari/602.1"
34.116.206.160 - - [09/Apr/2026:02:57:12 +0200] "GET /wp-content/themes/twentyseventeen/assets/fonts/font-libre-franklin.css?ver=20230328 HTTP/1.0" 200 11902 "https://online.comeonline.ch/" "Mozilla/5.0 (iPhone13,2; U; CPU iPhone OS 14_0 like Mac OS X) AppleWebKit/602.1.50 (KHTML, like Gecko) Version/10.0 Mobile/15E148 Safari/602.1"
34.116.206.160 - - [09/Apr/2026:02:57:12 +0200] "GET /wp-content/themes/twentyseventeen/style.css?ver=20240716 HTTP/1.0" 200 84673 "https://online.comeonline.ch/" "Mozilla/5.0 (iPhone13,2; U; CPU iPhone OS 14_0 like Mac OS X) AppleWebKit/602.1.50 (KHTML, like Gecko) Version/10.0 Mobile/15E148 Safari/602.1"
34.116.206.160 - - [09/Apr/2026:02:57:12 +0200] "GET /wp-content/themes/twentyseventeen/assets/css/blocks.css?ver=20240624 HTTP/1.0" 200 11319 "https://online.comeonline.ch/" "Mozilla/5.0 (iPhone13,2; U; CPU iPhone OS 14_0 like Mac OS X) AppleWebKit/602.1.50 (KHTML, like Gecko) Version/10.0 Mobile/15E148 Safari/602.1"
34.116.206.160 - - [09/Apr/2026:02:57:12 +0200] "GET /wp-includes/js/jquery/jquery.min.js?ver=3.7.1 HTTP/1.0" 200 88142 "https://online.comeonline.ch/" "Mozilla/5.0 (iPhone13,2; U; CPU iPhone OS 14_0 like Mac OS X) AppleWebKit/602.1.50 (KHTML, like Gecko) Version/10.0 Mobile/15E148 Safari/602.1"
34.116.206.160 - - [09/Apr/2026:02:57:12 +0200] "GET /wp-includes/js/jquery/jquery-migrate.min.js?ver=3.4.1 HTTP/1.0" 200 14020 "https://online.comeonline.ch/" "Mozilla/5.0 (iPhone13,2; U; CPU iPhone OS 14_0 like Mac OS X) AppleWebKit/602.1.50 (KHTML, like Gecko) Version/10.0 Mobile/15E148 Safari/602.1"
34.116.206.160 - - [09/Apr/2026:02:57:12 +0200] "GET /wp-content/uploads/2024/08/cropped-Online_Band_2022_7-scaled-1-1024x614.jpg HTTP/1.0" 200 125669 "https://online.comeonline.ch/" "Mozilla/5.0 (iPhone13,2; U; CPU iPhone OS 14_0 like Mac OS X) AppleWebKit/602.1.50 (KHTML, like Gecko) Version/10.0 Mobile/15E148 Safari/602.1"
