80.74.154.100 - - [09/Feb/2026:06:20:05 +0100] "POST /wp-cron.php?doing_wp_cron=1770614405.3004350662231445312500 HTTP/1.0" 200 409 "-" "WordPress/6.9.1; https://online.comeonline.ch"
34.244.6.82 - - [09/Feb/2026:10:28:13 +0100] "GET / HTTP/1.0" 200 70895 "-" "Plesk screenshot bot https://support.plesk.com/hc/en-us/articles/10301006946066"
34.244.6.82 - - [09/Feb/2026:10:28:14 +0100] "GET /wp-content/themes/twentyseventeen/assets/fonts/font-libre-franklin.css?ver=20230328 HTTP/1.0" 200 11902 "https://online.comeonline.ch/" "Plesk screenshot bot https://support.plesk.com/hc/en-us/articles/10301006946066"
34.244.6.82 - - [09/Feb/2026:10:28:14 +0100] "GET /wp-content/themes/twentyseventeen/assets/css/blocks.css?ver=20240624 HTTP/1.0" 200 11319 "https://online.comeonline.ch/" "Plesk screenshot bot https://support.plesk.com/hc/en-us/articles/10301006946066"
34.244.6.82 - - [09/Feb/2026:10:28:14 +0100] "GET /wp-content/themes/twentyseventeen/style.css?ver=20240716 HTTP/1.0" 200 84673 "https://online.comeonline.ch/" "Plesk screenshot bot https://support.plesk.com/hc/en-us/articles/10301006946066"
34.244.6.82 - - [09/Feb/2026:10:28:14 +0100] "GET /wp-includes/js/jquery/jquery-migrate.min.js?ver=3.4.1 HTTP/1.0" 200 14020 "https://online.comeonline.ch/" "Plesk screenshot bot https://support.plesk.com/hc/en-us/articles/10301006946066"
34.244.6.82 - - [09/Feb/2026:10:28:14 +0100] "GET /wp-includes/js/jquery/jquery.min.js?ver=3.7.1 HTTP/1.0" 200 88142 "https://online.comeonline.ch/" "Plesk screenshot bot https://support.plesk.com/hc/en-us/articles/10301006946066"
34.244.6.82 - - [09/Feb/2026:10:28:14 +0100] "GET /wp-content/uploads/2024/08/cropped-Online_Band_2022_7-scaled-1-1024x614.jpg HTTP/1.0" 200 125669 "https://online.comeonline.ch/" "Plesk screenshot bot https://support.plesk.com/hc/en-us/articles/10301006946066"
34.244.6.82 - - [09/Feb/2026:10:28:14 +0100] "GET /wp-content/themes/twentyseventeen/assets/js/global.js?ver=20211130 HTTP/1.0" 200 8267 "https://online.comeonline.ch/" "Plesk screenshot bot https://support.plesk.com/hc/en-us/articles/10301006946066"
34.244.6.82 - - [09/Feb/2026:10:28:14 +0100] "GET /wp-content/themes/twentyseventeen/assets/js/navigation.js?ver=20210122 HTTP/1.0" 200 4201 "https://online.comeonline.ch/" "Plesk screenshot bot https://support.plesk.com/hc/en-us/articles/10301006946066"
34.244.6.82 - - [09/Feb/2026:10:28:14 +0100] "GET /wp-content/themes/twentyseventeen/assets/js/jquery.scrollTo.js?ver=2.1.3 HTTP/1.0" 200 6259 "https://online.comeonline.ch/" "Plesk screenshot bot https://support.plesk.com/hc/en-us/articles/10301006946066"
34.244.6.82 - - [09/Feb/2026:10:28:14 +0100] "GET /wp-content/themes/twentyseventeen/assets/fonts/libre-franklin/libre-franklin-latin-400-normal.woff2?ver=13 HTTP/1.0" 200 14557 "https://online.comeonline.ch/wp-content/themes/twentyseventeen/assets/fonts/font-libre-franklin.css?ver=20230328" "Plesk screenshot bot https://support.plesk.com/hc/en-us/articles/10301006946066"
34.244.6.82 - - [09/Feb/2026:10:28:14 +0100] "GET /wp-content/themes/twentyseventeen/assets/fonts/libre-franklin/libre-franklin-latin-800-normal.woff2?ver=13 HTTP/1.0" 200 14665 "https://online.comeonline.ch/wp-content/themes/twentyseventeen/assets/fonts/font-libre-franklin.css?ver=20230328" "Plesk screenshot bot https://support.plesk.com/hc/en-us/articles/10301006946066"
34.244.6.82 - - [09/Feb/2026:10:28:14 +0100] "GET /wp-content/themes/twentyseventeen/assets/fonts/libre-franklin/libre-franklin-latin-600-normal.woff2?ver=13 HTTP/1.0" 200 14625 "https://online.comeonline.ch/wp-content/themes/twentyseventeen/assets/fonts/font-libre-franklin.css?ver=20230328" "Plesk screenshot bot https://support.plesk.com/hc/en-us/articles/10301006946066"
34.244.6.82 - - [09/Feb/2026:10:28:15 +0100] "GET /wp-content/uploads/2024/08/cropped-Online_Band_2022_7-scaled-2-32x32.jpg HTTP/1.0" 200 1765 "https://online.comeonline.ch/" "Plesk screenshot bot https://support.plesk.com/hc/en-us/articles/10301006946066"
34.244.6.82 - - [09/Feb/2026:10:28:15 +0100] "GET /wp-includes/js/wp-emoji-release.min.js?ver=6.9.1 HTTP/1.0" 200 23234 "https://online.comeonline.ch/" "Plesk screenshot bot https://support.plesk.com/hc/en-us/articles/10301006946066"
80.74.154.100 - - [09/Feb/2026:10:28:13 +0100] "POST /wp-cron.php?doing_wp_cron=1770629293.7830820083618164062500 HTTP/1.0" 200 409 "-" "WordPress/6.9.1; https://online.comeonline.ch"
159.89.11.239 - - [09/Feb/2026:12:21:05 +0100] "GET /wp-login.php HTTP/1.0" 200 9405 "-" "Mozilla/5.0"
159.89.11.239 - - [09/Feb/2026:12:21:07 +0100] "GET /?author=1 HTTP/1.0" 200 71986 "-" "Mozilla/5.0"
159.89.11.239 - - [09/Feb/2026:12:21:07 +0100] "GET /?feed=rss2 HTTP/1.0" 200 2406 "-" "Mozilla/5.0"
80.74.154.100 - - [09/Feb/2026:12:21:06 +0100] "POST /wp-cron.php?doing_wp_cron=1770636066.7424609661102294921875 HTTP/1.0" 200 409 "-" "WordPress/6.9.1; https://online.comeonline.ch"
159.89.11.239 - - [09/Feb/2026:12:44:19 +0100] "POST /wp-login.php HTTP/1.0" 200 9829 "-" "Mozilla/5.0"
159.89.11.239 - - [09/Feb/2026:12:48:26 +0100] "POST /wp-login.php HTTP/1.0" 200 9829 "-" "Mozilla/5.0"
159.89.11.239 - - [09/Feb/2026:12:51:52 +0100] "POST /wp-login.php HTTP/1.0" 200 9829 "-" "Mozilla/5.0"
159.89.11.239 - - [09/Feb/2026:12:56:00 +0100] "POST /wp-login.php HTTP/1.0" 200 9829 "-" "Mozilla/5.0"
80.74.154.100 - - [09/Feb/2026:12:56:01 +0100] "POST /wp-cron.php?doing_wp_cron=1770638161.4819691181182861328125 HTTP/1.0" 200 409 "-" "WordPress/6.9.1; https://online.comeonline.ch"
159.89.11.239 - - [09/Feb/2026:13:01:11 +0100] "POST /wp-login.php HTTP/1.0" 200 9829 "-" "Mozilla/5.0"
159.89.11.239 - - [09/Feb/2026:13:06:24 +0100] "POST /wp-login.php HTTP/1.0" 200 9829 "-" "Mozilla/5.0"
159.89.11.239 - - [09/Feb/2026:13:13:11 +0100] "POST /wp-login.php HTTP/1.0" 200 9829 "-" "Mozilla/5.0"
159.89.11.239 - - [09/Feb/2026:13:21:31 +0100] "POST /wp-login.php HTTP/1.0" 200 9829 "-" "Mozilla/5.0"
159.89.11.239 - - [09/Feb/2026:13:29:37 +0100] "POST /wp-login.php HTTP/1.0" 200 9829 "-" "Mozilla/5.0"
159.89.11.239 - - [09/Feb/2026:13:37:33 +0100] "POST /wp-login.php HTTP/1.0" 200 9829 "-" "Mozilla/5.0"
134.209.20.92 - - [09/Feb/2026:13:42:40 +0100] "GET / HTTP/1.0" 200 70895 "-" "Mozilla/5.0 (X11; Linux x86_64; rv:142.0) Gecko/20100101 Firefox/142.0"
134.209.20.92 - - [09/Feb/2026:13:42:42 +0100] "GET /wp-content/uploads/2024/08/cropped-Online_Band_2022_7-scaled-2-32x32.jpg HTTP/1.0" 200 1765 "https://online.comeonline.ch/" "Mozilla/5.0 (X11; Linux x86_64; rv:142.0) Gecko/20100101 Firefox/142.0"
159.89.11.239 - - [09/Feb/2026:13:45:44 +0100] "POST /wp-login.php HTTP/1.0" 200 9829 "-" "Mozilla/5.0"
159.89.11.239 - - [09/Feb/2026:13:53:45 +0100] "POST /wp-login.php HTTP/1.0" 200 9829 "-" "Mozilla/5.0"
159.89.11.239 - - [09/Feb/2026:14:01:51 +0100] "POST /wp-login.php HTTP/1.0" 200 9829 "-" "Mozilla/5.0"
80.74.154.100 - - [09/Feb/2026:14:01:51 +0100] "POST /wp-cron.php?doing_wp_cron=1770642111.6069760322570800781250 HTTP/1.0" 200 409 "-" "WordPress/6.9.1; https://online.comeonline.ch"
159.89.11.239 - - [09/Feb/2026:14:10:03 +0100] "POST /wp-login.php HTTP/1.0" 200 9829 "-" "Mozilla/5.0"
159.89.11.239 - - [09/Feb/2026:14:18:13 +0100] "POST /wp-login.php HTTP/1.0" 200 9829 "-" "Mozilla/5.0"
159.89.11.239 - - [09/Feb/2026:14:26:23 +0100] "POST /wp-login.php HTTP/1.0" 200 9829 "-" "Mozilla/5.0"
159.89.11.239 - - [09/Feb/2026:14:34:45 +0100] "POST /wp-login.php HTTP/1.0" 200 9829 "-" "Mozilla/5.0"
159.89.11.239 - - [09/Feb/2026:14:43:04 +0100] "POST /wp-login.php HTTP/1.0" 200 9829 "-" "Mozilla/5.0"
159.89.11.239 - - [09/Feb/2026:14:52:00 +0100] "POST /wp-login.php HTTP/1.0" 200 9829 "-" "Mozilla/5.0"
159.89.11.239 - - [09/Feb/2026:15:01:01 +0100] "POST /wp-login.php HTTP/1.0" 200 9829 "-" "Mozilla/5.0"
80.74.154.100 - - [09/Feb/2026:15:01:02 +0100] "POST /wp-cron.php?doing_wp_cron=1770645661.7638800144195556640625 HTTP/1.0" 200 409 "-" "WordPress/6.9.1; https://online.comeonline.ch"
159.89.11.239 - - [09/Feb/2026:15:10:16 +0100] "POST /wp-login.php HTTP/1.0" 200 9829 "-" "Mozilla/5.0"
159.89.11.239 - - [09/Feb/2026:15:19:31 +0100] "POST /wp-login.php HTTP/1.0" 200 9829 "-" "Mozilla/5.0"
159.89.11.239 - - [09/Feb/2026:15:28:49 +0100] "POST /wp-login.php HTTP/1.0" 200 9829 "-" "Mozilla/5.0"
159.89.11.239 - - [09/Feb/2026:15:38:16 +0100] "POST /wp-login.php HTTP/1.0" 200 9829 "-" "Mozilla/5.0"
159.89.11.239 - - [09/Feb/2026:15:47:51 +0100] "POST /wp-login.php HTTP/1.0" 200 9829 "-" "Mozilla/5.0"
159.89.11.239 - - [09/Feb/2026:15:57:11 +0100] "POST /wp-login.php HTTP/1.0" 200 9829 "-" "Mozilla/5.0"
80.74.154.100 - - [09/Feb/2026:15:57:12 +0100] "POST /wp-cron.php?doing_wp_cron=1770649032.4849960803985595703125 HTTP/1.0" 200 409 "-" "WordPress/6.9.1; https://online.comeonline.ch"
159.89.11.239 - - [09/Feb/2026:16:06:53 +0100] "POST /wp-login.php HTTP/1.0" 200 9829 "-" "Mozilla/5.0"
159.89.11.239 - - [09/Feb/2026:16:16:31 +0100] "POST /wp-login.php HTTP/1.0" 200 9829 "-" "Mozilla/5.0"
159.89.11.239 - - [09/Feb/2026:16:26:07 +0100] "POST /wp-login.php HTTP/1.0" 200 9829 "-" "Mozilla/5.0"
159.89.11.239 - - [09/Feb/2026:16:35:42 +0100] "POST /wp-login.php HTTP/1.0" 200 9829 "-" "Mozilla/5.0"
34.136.226.170 - - [09/Feb/2026:16:37:49 +0100] "GET / HTTP/1.0" 200 70895 "http://online.comeonline.ch" "Mozilla/5.0 (compatible; CMS-Checker/1.0; +https://example.com)"
159.89.11.239 - - [09/Feb/2026:16:45:28 +0100] "POST /wp-login.php HTTP/1.0" 200 9829 "-" "Mozilla/5.0"
159.89.11.239 - - [09/Feb/2026:16:55:10 +0100] "POST /wp-login.php HTTP/1.0" 200 9829 "-" "Mozilla/5.0"
54.198.196.131 - - [09/Feb/2026:16:57:47 +0100] "GET /_ignition/execute-solution HTTP/1.0" 404 583 "-" "Mozilla/5.0 (Kubuntu; Linux i686) AppleWebKit/537.36 (KHTML, like Gecko) Chrome/134.0.0.0 Safari/537.36"
159.89.11.239 - - [09/Feb/2026:17:04:58 +0100] "POST /wp-login.php HTTP/1.0" 200 9829 "-" "Mozilla/5.0"
80.74.154.100 - - [09/Feb/2026:17:04:59 +0100] "POST /wp-cron.php?doing_wp_cron=1770653098.7988400459289550781250 HTTP/1.0" 200 409 "-" "WordPress/6.9.1; https://online.comeonline.ch"
159.89.11.239 - - [09/Feb/2026:17:14:55 +0100] "POST /wp-login.php HTTP/1.0" 200 9829 "-" "Mozilla/5.0"
159.89.11.239 - - [09/Feb/2026:17:25:04 +0100] "POST /wp-login.php HTTP/1.0" 200 9829 "-" "Mozilla/5.0"
159.89.11.239 - - [09/Feb/2026:17:35:26 +0100] "POST /wp-login.php HTTP/1.0" 200 9829 "-" "Mozilla/5.0"
159.89.11.239 - - [09/Feb/2026:17:45:38 +0100] "POST /wp-login.php HTTP/1.0" 200 9829 "-" "Mozilla/5.0"
159.89.11.239 - - [09/Feb/2026:17:55:51 +0100] "POST /wp-login.php HTTP/1.0" 200 9829 "-" "Mozilla/5.0"
159.89.11.239 - - [09/Feb/2026:18:06:07 +0100] "POST /wp-login.php HTTP/1.0" 200 9829 "-" "Mozilla/5.0"
80.74.154.100 - - [09/Feb/2026:18:06:07 +0100] "POST /wp-cron.php?doing_wp_cron=1770656767.7654449939727783203125 HTTP/1.0" 200 409 "-" "WordPress/6.9.1; https://online.comeonline.ch"
159.89.11.239 - - [09/Feb/2026:18:16:19 +0100] "POST /wp-login.php HTTP/1.0" 200 9829 "-" "Mozilla/5.0"
159.89.11.239 - - [09/Feb/2026:18:26:32 +0100] "POST /wp-login.php HTTP/1.0" 200 9829 "-" "Mozilla/5.0"
159.89.11.239 - - [09/Feb/2026:18:36:46 +0100] "POST /wp-login.php HTTP/1.0" 200 9829 "-" "Mozilla/5.0"
159.89.11.239 - - [09/Feb/2026:18:47:19 +0100] "POST /wp-login.php HTTP/1.0" 200 9829 "-" "Mozilla/5.0"
159.89.11.239 - - [09/Feb/2026:18:58:05 +0100] "POST /wp-login.php HTTP/1.0" 200 9829 "-" "Mozilla/5.0"
80.74.154.100 - - [09/Feb/2026:18:58:05 +0100] "POST /wp-cron.php?doing_wp_cron=1770659885.5312750339508056640625 HTTP/1.0" 200 409 "-" "WordPress/6.9.1; https://online.comeonline.ch"
159.89.11.239 - - [09/Feb/2026:19:08:57 +0100] "POST /wp-login.php HTTP/1.0" 200 9829 "-" "Mozilla/5.0"
159.89.11.239 - - [09/Feb/2026:19:19:54 +0100] "POST /wp-login.php HTTP/1.0" 200 9829 "-" "Mozilla/5.0"
159.89.11.239 - - [09/Feb/2026:19:31:04 +0100] "POST /wp-login.php HTTP/1.0" 200 9829 "-" "Mozilla/5.0"
159.89.11.239 - - [09/Feb/2026:19:41:58 +0100] "POST /wp-login.php HTTP/1.0" 200 9829 "-" "Mozilla/5.0"
159.89.11.239 - - [09/Feb/2026:19:52:51 +0100] "POST /wp-login.php HTTP/1.0" 200 9829 "-" "Mozilla/5.0"
159.89.11.239 - - [09/Feb/2026:20:03:53 +0100] "POST /wp-login.php HTTP/1.0" 200 9829 "-" "Mozilla/5.0"
80.74.154.100 - - [09/Feb/2026:20:03:53 +0100] "POST /wp-cron.php?doing_wp_cron=1770663833.7619850635528564453125 HTTP/1.0" 200 409 "-" "WordPress/6.9.1; https://online.comeonline.ch"
159.89.11.239 - - [09/Feb/2026:20:14:54 +0100] "POST /wp-login.php HTTP/1.0" 200 9829 "-" "Mozilla/5.0"
159.89.11.239 - - [09/Feb/2026:20:25:59 +0100] "POST /wp-login.php HTTP/1.0" 200 9829 "-" "Mozilla/5.0"
35.93.109.241 - - [09/Feb/2026:20:37:43 +0100] "GET /robots.txt HTTP/1.0" 404 567 "-" "Mozilla/5.0 (compatible; wpbot/1.4; +https://forms.gle/ajBaxygz9jSR8p8G9)"
35.93.109.241 - - [09/Feb/2026:20:37:43 +0100] "GET / HTTP/1.0" 200 70895 "-" "Mozilla/5.0 (compatible; wpbot/1.4; +https://forms.gle/ajBaxygz9jSR8p8G9)"
159.89.11.239 - - [09/Feb/2026:21:10:18 +0100] "POST /wp-login.php HTTP/1.0" 200 9829 "-" "Mozilla/5.0"
80.74.154.100 - - [09/Feb/2026:21:10:19 +0100] "POST /wp-cron.php?doing_wp_cron=1770667819.2941520214080810546875 HTTP/1.0" 200 409 "-" "WordPress/6.9.1; https://online.comeonline.ch"
159.89.11.239 - - [09/Feb/2026:21:32:30 +0100] "POST /wp-login.php HTTP/1.0" 200 9829 "-" "Mozilla/5.0"
159.89.11.239 - - [09/Feb/2026:22:05:48 +0100] "POST /wp-login.php HTTP/1.0" 200 9829 "-" "Mozilla/5.0"
80.74.154.100 - - [09/Feb/2026:22:05:49 +0100] "POST /wp-cron.php?doing_wp_cron=1770671149.0564870834350585937500 HTTP/1.0" 200 409 "-" "WordPress/6.9.1; https://online.comeonline.ch"
159.89.11.239 - - [09/Feb/2026:23:02:07 +0100] "POST /wp-login.php HTTP/1.0" 200 9829 "-" "Mozilla/5.0"
80.74.154.100 - - [09/Feb/2026:23:02:07 +0100] "POST /wp-cron.php?doing_wp_cron=1770674527.6166279315948486328125 HTTP/1.0" 200 409 "-" "WordPress/6.9.1; https://online.comeonline.ch"
159.89.11.239 - - [09/Feb/2026:23:35:50 +0100] "POST /wp-login.php HTTP/1.0" 200 9829 "-" "Mozilla/5.0"
80.74.154.100 - - [10/Feb/2026:05:53:01 +0100] "POST /wp-cron.php?doing_wp_cron=1770699181.6432750225067138671875 HTTP/1.0" 200 409 "-" "WordPress/6.9.1; https://online.comeonline.ch"
80.74.154.100 - - [10/Feb/2026:06:19:21 +0100] "POST /wp-cron.php?doing_wp_cron=1770700761.3584759235382080078125 HTTP/1.0" 200 409 "-" "WordPress/6.9.1; https://online.comeonline.ch"
161.178.140.192 - - [10/Feb/2026:11:49:39 +0100] "GET / HTTP/1.0" 200 70895 "-" "python-requests/2.32.4"
80.74.154.100 - - [10/Feb/2026:11:49:40 +0100] "POST /wp-cron.php?doing_wp_cron=1770720580.3638639450073242187500 HTTP/1.0" 200 409 "-" "WordPress/6.9.1; https://online.comeonline.ch"
81.17.24.163 - - [10/Feb/2026:14:55:14 +0100] "GET / HTTP/1.0" 200 70895 "-" "Mozilla/5.0 (Linux; Android 10; K) AppleWebKit/537.36 (KHTML, like Gecko) Chrome/134.0.0.0 Mobile Safari/537.36"
80.74.154.100 - - [10/Feb/2026:14:55:14 +0100] "POST /wp-cron.php?doing_wp_cron=1770731714.6163330078125000000000 HTTP/1.0" 200 409 "-" "WordPress/6.9.1; https://online.comeonline.ch"
81.17.24.163 - - [10/Feb/2026:14:55:25 +0100] "GET /wp-content/uploads/2024/08/cropped-Online_Band_2022_7-scaled-2-180x180.jpg HTTP/1.0" 200 11188 "-" "Mozilla/5.0 (Linux; Android 10; K) AppleWebKit/537.36 (KHTML, like Gecko) Chrome/134.0.0.0 Mobile Safari/537.36"
81.17.24.163 - - [10/Feb/2026:14:55:28 +0100] "GET /wp-content/uploads/2024/08/cropped-Online_Band_2022_7-scaled-2-32x32.jpg HTTP/1.0" 200 1765 "-" "Mozilla/5.0 (Linux; Android 10; K) AppleWebKit/537.36 (KHTML, like Gecko) Chrome/134.0.0.0 Mobile Safari/537.36"
81.17.24.163 - - [10/Feb/2026:14:55:29 +0100] "GET /wp-content/uploads/2024/08/cropped-Online_Band_2022_7-scaled-2-192x192.jpg HTTP/1.0" 200 12029 "-" "Mozilla/5.0 (Linux; Android 10; K) AppleWebKit/537.36 (KHTML, like Gecko) Chrome/134.0.0.0 Mobile Safari/537.36"
80.74.154.100 - - [11/Feb/2026:05:53:31 +0100] "POST /wp-cron.php?doing_wp_cron=1770785611.7362759113311767578125 HTTP/1.0" 200 409 "-" "WordPress/6.9.1; https://online.comeonline.ch"
80.74.154.100 - - [11/Feb/2026:06:20:16 +0100] "POST /wp-cron.php?doing_wp_cron=1770787216.4830250740051269531250 HTTP/1.0" 200 409 "-" "WordPress/6.9.1; https://online.comeonline.ch"
142.93.218.242 - - [11/Feb/2026:15:12:23 +0100] "GET / HTTP/1.0" 200 70895 "-" "Mozilla/5.0 (X11; Linux x86_64; rv:142.0) Gecko/20100101 Firefox/142.0"
80.74.154.100 - - [11/Feb/2026:15:12:24 +0100] "POST /wp-cron.php?doing_wp_cron=1770819144.3608729839324951171875 HTTP/1.0" 200 409 "-" "WordPress/6.9.1; https://online.comeonline.ch"
142.93.218.242 - - [11/Feb/2026:15:12:30 +0100] "GET /wp-content/uploads/2024/08/cropped-Online_Band_2022_7-scaled-2-32x32.jpg HTTP/1.0" 200 1765 "https://online.comeonline.ch/" "Mozilla/5.0 (X11; Linux x86_64; rv:142.0) Gecko/20100101 Firefox/142.0"
35.188.71.140 - - [11/Feb/2026:19:18:13 +0100] "GET / HTTP/1.0" 200 70895 "http://online.comeonline.ch" "Mozilla/5.0 (compatible; CMS-Checker/1.0; +https://example.com)"
80.74.154.100 - - [11/Feb/2026:19:18:13 +0100] "POST /wp-cron.php?doing_wp_cron=1770833893.5047669410705566406250 HTTP/1.0" 200 409 "-" "WordPress/6.9.1; https://online.comeonline.ch"
103.4.251.96 - - [12/Feb/2026:03:38:25 +0100] "GET / HTTP/1.0" 200 70895 "-" "Mozilla/5.0 (Windows NT 10.0; Win64; x64) AppleWebKit/537.36 (KHTML, like Gecko) Chrome/117.0.0.0 Safari/537.36"
154.28.229.140 - - [12/Feb/2026:03:38:25 +0100] "GET / HTTP/1.0" 200 70895 "-" "Mozilla/5.0 (X11; Linux x86_64) AppleWebKit/537.36 (KHTML, like Gecko) Chrome/116.0.0.0 Safari/537.36"
80.74.154.100 - - [12/Feb/2026:03:38:26 +0100] "POST /wp-cron.php?doing_wp_cron=1770863905.8227689266204833984375 HTTP/1.0" 200 409 "-" "WordPress/6.9.1; https://online.comeonline.ch"
103.4.251.96 - - [12/Feb/2026:03:38:28 +0100] "GET / HTTP/1.0" 200 70895 "-" "Mozilla/5.0 (Windows NT 10.0; Win64; x64) AppleWebKit/537.36 (KHTML, like Gecko) Chrome/116.0.0.0 Safari/537.36"
103.4.251.96 - - [12/Feb/2026:03:38:30 +0100] "GET /https%3A/gmpg.org/xfn/11 HTTP/1.0" 404 579 "-" "Mozilla/5.0 (Windows NT 10.0; Win64; x64) AppleWebKit/537.36 (KHTML, like Gecko) Chrome/116.0.0.0 Safari/537.36"
103.4.251.96 - - [12/Feb/2026:03:38:30 +0100] "GET /https%3A/online.comeonline.ch/%3Fpage_id%3D76 HTTP/1.0" 404 596 "-" "Mozilla/5.0 (Windows NT 10.0; Win64; x64) AppleWebKit/537.36 (KHTML, like Gecko) Chrome/116.0.0.0 Safari/537.36"
103.4.251.96 - - [12/Feb/2026:03:38:30 +0100] "GET /https%3A/online.comeonline.ch/%3Ffeed%3Drss2 HTTP/1.0" 404 595 "-" "Mozilla/5.0 (Windows NT 10.0; Win64; x64) AppleWebKit/537.36 (KHTML, like Gecko) Chrome/116.0.0.0 Safari/537.36"
103.4.251.96 - - [12/Feb/2026:03:38:30 +0100] "GET /https%3A/online.comeonline.ch/%3Ffeed%3Dcomments-rss2 HTTP/1.0" 404 604 "-" "Mozilla/5.0 (Windows NT 10.0; Win64; x64) AppleWebKit/537.36 (KHTML, like Gecko) Chrome/116.0.0.0 Safari/537.36"
103.4.251.96 - - [12/Feb/2026:03:38:30 +0100] "GET /https%3A/online.comeonline.ch/index.php%3Frest_route%3D/oembed/1.0/embed%26url%3Dhttps%3A/online.comeonline.ch/ HTTP/1.0" 404 660 "-" "Mozilla/5.0 (Windows NT 10.0; Win64; x64) AppleWebKit/537.36 (KHTML, like Gecko) Chrome/116.0.0.0 Safari/537.36"
103.4.251.96 - - [12/Feb/2026:03:38:30 +0100] "GET /https%3A/online.comeonline.ch/index.php%3Frest_route%3D/oembed/1.0/embed%26url%3Dhttps%3A/online.comeonline.ch/%26format%3Dxml HTTP/1.0" 404 675 "-" "Mozilla/5.0 (Windows NT 10.0; Win64; x64) AppleWebKit/537.36 (KHTML, like Gecko) Chrome/116.0.0.0 Safari/537.36"
103.4.251.96 - - [12/Feb/2026:03:38:30 +0100] "GET /https%3A/online.comeonline.ch/wp-content/themes/twentyseventeen/assets/fonts/font-libre-franklin.css%3Fver%3D20230328 HTTP/1.0" 404 668 "-" "Mozilla/5.0 (Windows NT 10.0; Win64; x64) AppleWebKit/537.36 (KHTML, like Gecko) Chrome/116.0.0.0 Safari/537.36"
103.4.251.96 - - [12/Feb/2026:03:38:31 +0100] "GET /https%3A/online.comeonline.ch/wp-content/themes/twentyseventeen/assets/css/blocks.css%3Fver%3D20240624 HTTP/1.0" 404 653 "-" "Mozilla/5.0 (Windows NT 10.0; Win64; x64) AppleWebKit/537.36 (KHTML, like Gecko) Chrome/116.0.0.0 Safari/537.36"
103.4.251.96 - - [12/Feb/2026:03:38:31 +0100] "GET /https%3A/online.comeonline.ch/wp-content/themes/twentyseventeen/style.css%3Fver%3D20240716 HTTP/1.0" 404 641 "-" "Mozilla/5.0 (Windows NT 10.0; Win64; x64) AppleWebKit/537.36 (KHTML, like Gecko) Chrome/116.0.0.0 Safari/537.36"
103.4.251.96 - - [12/Feb/2026:03:38:31 +0100] "GET /https%3A/online.comeonline.ch/index.php%3Frest_route%3D/wp/v2/pages/48 HTTP/1.0" 404 621 "-" "Mozilla/5.0 (Windows NT 10.0; Win64; x64) AppleWebKit/537.36 (KHTML, like Gecko) Chrome/116.0.0.0 Safari/537.36"
103.4.251.96 - - [12/Feb/2026:03:38:31 +0100] "GET /https%3A/online.comeonline.ch/index.php%3Frest_route%3D/ HTTP/1.0" 404 607 "-" "Mozilla/5.0 (Windows NT 10.0; Win64; x64) AppleWebKit/537.36 (KHTML, like Gecko) Chrome/116.0.0.0 Safari/537.36"
103.4.251.96 - - [12/Feb/2026:03:38:31 +0100] "GET /https%3A/online.comeonline.ch/xmlrpc.php%3Frsd HTTP/1.0" 404 599 "-" "Mozilla/5.0 (Windows NT 10.0; Win64; x64) AppleWebKit/537.36 (KHTML, like Gecko) Chrome/116.0.0.0 Safari/537.36"
103.4.251.96 - - [12/Feb/2026:03:38:31 +0100] "GET /https%3A/online.comeonline.ch/ HTTP/1.0" 404 585 "-" "Mozilla/5.0 (Windows NT 10.0; Win64; x64) AppleWebKit/537.36 (KHTML, like Gecko) Chrome/116.0.0.0 Safari/537.36"
103.4.251.96 - - [12/Feb/2026:03:38:31 +0100] "GET /%23content HTTP/1.0" 404 565 "-" "Mozilla/5.0 (Windows NT 10.0; Win64; x64) AppleWebKit/537.36 (KHTML, like Gecko) Chrome/116.0.0.0 Safari/537.36"
103.4.251.96 - - [12/Feb/2026:03:38:31 +0100] "GET /wp-includes/js/jquery/jquery-migrate.min.js?ver=3.4.1 HTTP/1.0" 200 14020 "-" "Mozilla/5.0 (Windows NT 10.0; Win64; x64) AppleWebKit/537.36 (KHTML, like Gecko) Chrome/116.0.0.0 Safari/537.36"
103.4.251.96 - - [12/Feb/2026:03:38:31 +0100] "GET /wp-includes/js/wp-emoji-release.min.js?ver=6.9.1 HTTP/1.0" 200 23234 "-" "Mozilla/5.0 (Windows NT 10.0; Win64; x64) AppleWebKit/537.36 (KHTML, like Gecko) Chrome/116.0.0.0 Safari/537.36"
103.4.251.96 - - [12/Feb/2026:03:38:31 +0100] "GET /wp-includes/js/jquery/jquery.min.js?ver=3.7.1 HTTP/1.0" 200 88142 "-" "Mozilla/5.0 (Windows NT 10.0; Win64; x64) AppleWebKit/537.36 (KHTML, like Gecko) Chrome/116.0.0.0 Safari/537.36"
103.4.251.96 - - [12/Feb/2026:03:38:31 +0100] "GET /wp-content/themes/twentyseventeen/assets/js/global.js?ver=20211130 HTTP/1.0" 200 8267 "-" "Mozilla/5.0 (Windows NT 10.0; Win64; x64) AppleWebKit/537.36 (KHTML, like Gecko) Chrome/116.0.0.0 Safari/537.36"
103.4.251.96 - - [12/Feb/2026:03:38:31 +0100] "GET /wp-content/themes/twentyseventeen/assets/js/navigation.js?ver=20210122 HTTP/1.0" 200 4201 "-" "Mozilla/5.0 (Windows NT 10.0; Win64; x64) AppleWebKit/537.36 (KHTML, like Gecko) Chrome/116.0.0.0 Safari/537.36"
103.4.251.96 - - [12/Feb/2026:03:38:31 +0100] "GET /wp-content/themes/twentyseventeen/assets/js/jquery.scrollTo.js?ver=2.1.3 HTTP/1.0" 200 6259 "-" "Mozilla/5.0 (Windows NT 10.0; Win64; x64) AppleWebKit/537.36 (KHTML, like Gecko) Chrome/116.0.0.0 Safari/537.36"
103.4.251.96 - - [12/Feb/2026:03:38:31 +0100] "GET /https%3A/de.wordpress.org/ HTTP/1.0" 404 581 "-" "Mozilla/5.0 (Windows NT 10.0; Win64; x64) AppleWebKit/537.36 (KHTML, like Gecko) Chrome/116.0.0.0 Safari/537.36"
80.74.154.100 - - [12/Feb/2026:05:59:18 +0100] "POST /wp-cron.php?doing_wp_cron=1770872358.4322049617767333984375 HTTP/1.0" 200 409 "-" "WordPress/6.9.1; https://online.comeonline.ch"
209.38.30.16 - - [12/Feb/2026:20:07:51 +0100] "GET / HTTP/1.0" 200 70895 "-" "Mozilla/5.0 (Windows NT 10.0; Win64; x64) AppleWebKit/537.36 (KHTML, like Gecko) Chrome/125.0.0.0 Safari/537.36"
209.38.30.16 - - [12/Feb/2026:20:07:53 +0100] "GET /wp-content/plugins/site-editor/editor/extensions/pagebuilder/includes/ajax_shortcode_pattern.php HTTP/1.0" 404 653 "-" "Mozilla/5.0 (Windows NT 10.0; Win64; x64) AppleWebKit/537.36 (KHTML, like Gecko) Chrome/125.0.0.0 Safari/537.36"
209.38.30.16 - - [12/Feb/2026:20:07:53 +0100] "GET /wp-content/plugins/mypixs/mypixs/downloadpage.php?url=mypixs.js HTTP/1.0" 404 606 "-" "Mozilla/5.0 (Windows NT 10.0; Win64; x64) AppleWebKit/537.36 (KHTML, like Gecko) Chrome/125.0.0.0 Safari/537.36"
209.38.30.16 - - [12/Feb/2026:20:07:53 +0100] "GET /wp-content/plugins/gracemedia-media-player/templates/files/ajax_controller.php?ajaxAction=getIds&cfg=../css/gm.css HTTP/1.0" 404 635 "-" "Mozilla/5.0 (Windows NT 10.0; Win64; x64) AppleWebKit/537.36 (KHTML, like Gecko) Chrome/125.0.0.0 Safari/537.36"
209.38.30.16 - - [12/Feb/2026:20:07:53 +0100] "GET /wp-content/plugins/mail-masta/lib/jquery.selectbox-0.2.min.js HTTP/1.0" 404 618 "-" "Mozilla/5.0 (Windows NT 10.0; Win64; x64) AppleWebKit/537.36 (KHTML, like Gecko) Chrome/125.0.0.0 Safari/537.36"
209.38.30.16 - - [12/Feb/2026:20:07:53 +0100] "GET /wp-content/plugins/brandfolder/callback.php HTTP/1.0" 404 600 "-" "Mozilla/5.0 (Windows NT 10.0; Win64; x64) AppleWebKit/537.36 (KHTML, like Gecko) Chrome/125.0.0.0 Safari/537.36"
80.74.154.100 - - [12/Feb/2026:20:07:52 +0100] "POST /wp-cron.php?doing_wp_cron=1770923272.2739460468292236328125 HTTP/1.0" 200 409 "-" "WordPress/6.9.1; https://online.comeonline.ch"
209.38.30.16 - - [12/Feb/2026:20:07:54 +0100] "GET /wp-content/plugins/gwolle-gb/frontend/captcha/ajaxresponse.php?abspath=../../../../../ HTTP/1.0" 404 619 "-" "Mozilla/5.0 (Windows NT 10.0; Win64; x64) AppleWebKit/537.36 (KHTML, like Gecko) Chrome/125.0.0.0 Safari/537.36"
209.38.30.16 - - [12/Feb/2026:20:07:54 +0100] "GET /wp-content/plugins/canto/includes/lib/sizes.php?abspath=../../../../../ HTTP/1.0" 404 604 "-" "Mozilla/5.0 (Windows NT 10.0; Win64; x64) AppleWebKit/537.36 (KHTML, like Gecko) Chrome/125.0.0.0 Safari/537.36"
209.38.30.16 - - [12/Feb/2026:20:07:54 +0100] "GET /wp-content/plugins/lws-affiliation/view/admin/preview_widget.php?path=../../../../../ HTTP/1.0" 404 621 "-" "Mozilla/5.0 (Windows NT 10.0; Win64; x64) AppleWebKit/537.36 (KHTML, like Gecko) Chrome/125.0.0.0 Safari/537.36"
209.38.30.16 - - [12/Feb/2026:20:07:54 +0100] "GET /wp-content/plugins/where-i-was-where-i-will-be/wiwwiwb.php HTTP/1.0" 404 615 "-" "Mozilla/5.0 (Windows NT 10.0; Win64; x64) AppleWebKit/537.36 (KHTML, like Gecko) Chrome/125.0.0.0 Safari/537.36"
209.38.30.16 - - [12/Feb/2026:20:07:54 +0100] "GET /?umbrella-restore=1&filename=wp-includes/css/editor.css HTTP/1.0" 200 70886 "-" "Mozilla/5.0 (Windows NT 10.0; Win64; x64) AppleWebKit/537.36 (KHTML, like Gecko) Chrome/125.0.0.0 Safari/537.36"
80.74.154.100 - - [13/Feb/2026:05:54:10 +0100] "POST /wp-cron.php?doing_wp_cron=1770958450.3669860363006591796875 HTTP/1.0" 200 409 "-" "WordPress/6.9.1; https://online.comeonline.ch"
80.74.154.100 - - [13/Feb/2026:06:19:47 +0100] "POST /wp-cron.php?doing_wp_cron=1770959987.1489460468292236328125 HTTP/1.0" 200 409 "-" "WordPress/6.9.1; https://online.comeonline.ch"
80.74.154.100 - - [14/Feb/2026:05:53:29 +0100] "POST /wp-cron.php HTTP/1.0" 200 409 "-" "WordPress/6.9.1; https://online.comeonline.ch"
80.74.154.100 - - [14/Feb/2026:05:53:30 +0100] "GET / HTTP/1.0" 200 70895 "-" "WordPress/6.9.1; https://online.comeonline.ch"
80.74.154.100 - - [14/Feb/2026:05:53:30 +0100] "GET / HTTP/1.0" 200 70895 "-" "WordPress/6.9.1; https://online.comeonline.ch"
80.74.154.100 - - [14/Feb/2026:05:53:30 +0100] "GET / HTTP/1.0" 200 70895 "-" "WordPress/6.9.1; https://online.comeonline.ch"
80.74.154.100 - - [14/Feb/2026:05:53:30 +0100] "GET / HTTP/1.0" 200 70895 "-" "WordPress/6.9.1; https://online.comeonline.ch"
80.74.154.100 - - [14/Feb/2026:05:53:26 +0100] "POST /wp-cron.php?doing_wp_cron=1771044806.2162029743194580078125 HTTP/1.0" 200 409 "-" "WordPress/6.9.1; https://online.comeonline.ch"
80.74.154.100 - - [14/Feb/2026:06:19:26 +0100] "POST /wp-cron.php?doing_wp_cron=1771046366.2402300834655761718750 HTTP/1.0" 200 409 "-" "WordPress/6.9.1; https://online.comeonline.ch"
138.197.123.89 - - [15/Feb/2026:02:33:38 +0100] "GET / HTTP/1.0" 200 70895 "-" "Mozilla/5.0 (Macintosh; Intel Mac OS X 10_15_7) AppleWebKit/537.36 (KHTML, like Gecko) Chrome/136.0.0.0 Safari/537.36"
80.74.154.100 - - [15/Feb/2026:02:33:38 +0100] "POST /wp-cron.php?doing_wp_cron=1771119218.6350851058959960937500 HTTP/1.0" 200 409 "-" "WordPress/6.9.1; https://online.comeonline.ch"
80.74.154.100 - - [15/Feb/2026:05:54:34 +0100] "POST /wp-cron.php?doing_wp_cron=1771131274.3698821067810058593750 HTTP/1.0" 200 409 "-" "WordPress/6.9.1; https://online.comeonline.ch"
80.74.154.100 - - [15/Feb/2026:06:20:48 +0100] "POST /wp-cron.php?doing_wp_cron=1771132848.7130789756774902343750 HTTP/1.0" 200 409 "-" "WordPress/6.9.1; https://online.comeonline.ch"
34.240.183.100 - - [15/Feb/2026:20:23:56 +0100] "GET / HTTP/1.0" 200 70895 "-" "Mozilla/5.0 (compatible; NetcraftSurveyAgent/1.0; +info@netcraft.com)"
80.74.154.100 - - [15/Feb/2026:20:23:57 +0100] "POST /wp-cron.php?doing_wp_cron=1771183436.9977679252624511718750 HTTP/1.0" 200 409 "-" "WordPress/6.9.1; https://online.comeonline.ch"
80.74.154.100 - - [16/Feb/2026:05:52:53 +0100] "POST /wp-cron.php?doing_wp_cron=1771217573.1263279914855957031250 HTTP/1.0" 200 409 "-" "WordPress/6.9.1; https://online.comeonline.ch"
80.74.154.100 - - [16/Feb/2026:06:19:24 +0100] "POST /wp-cron.php?doing_wp_cron=1771219163.8483591079711914062500 HTTP/1.0" 200 409 "-" "WordPress/6.9.1; https://online.comeonline.ch"
80.74.154.100 - - [17/Feb/2026:05:52:09 +0100] "POST /wp-cron.php?doing_wp_cron=1771303929.0326809883117675781250 HTTP/1.0" 200 409 "-" "WordPress/6.9.1; https://online.comeonline.ch"
80.74.154.100 - - [17/Feb/2026:06:19:12 +0100] "POST /wp-cron.php?doing_wp_cron=1771305552.0087699890136718750000 HTTP/1.0" 200 409 "-" "WordPress/6.9.1; https://online.comeonline.ch"
34.148.4.88 - - [17/Feb/2026:12:21:59 +0100] "GET / HTTP/1.0" 200 70895 "-" "Mozilla/5.0 (Windows NT 10.0; Win64; x64) AppleWebKit/537.36 (KHTML, like Gecko) Chrome/78.0.3904.108 Safari/537.36"
34.148.4.88 - - [17/Feb/2026:12:22:01 +0100] "GET //wp-includes/wlwmanifest.xml HTTP/1.0" 404 584 "-" "Mozilla/5.0 (Windows NT 10.0; Win64; x64) AppleWebKit/537.36 (KHTML, like Gecko) Chrome/78.0.3904.108 Safari/537.36"
80.74.154.100 - - [17/Feb/2026:12:22:00 +0100] "POST /wp-cron.php?doing_wp_cron=1771327320.5027658939361572265625 HTTP/1.0" 200 409 "-" "WordPress/6.9.1; https://online.comeonline.ch"
34.148.4.88 - - [17/Feb/2026:12:22:02 +0100] "GET //xmlrpc.php?rsd HTTP/1.0" 200 1173 "-" "Mozilla/5.0 (Windows NT 10.0; Win64; x64) AppleWebKit/537.36 (KHTML, like Gecko) Chrome/78.0.3904.108 Safari/537.36"
34.148.4.88 - - [17/Feb/2026:12:22:03 +0100] "GET //?author=1 HTTP/1.0" 301 407 "-" "Mozilla/5.0 (Windows NT 10.0; Win64; x64) AppleWebKit/537.36 (KHTML, like Gecko) Chrome/78.0.3904.108 Safari/537.36"
34.148.4.88 - - [17/Feb/2026:12:22:03 +0100] "GET //?author=2 HTTP/1.0" 301 519 "-" "Mozilla/5.0 (Windows NT 10.0; Win64; x64) AppleWebKit/537.36 (KHTML, like Gecko) Chrome/78.0.3904.108 Safari/537.36"
34.148.4.88 - - [17/Feb/2026:12:22:03 +0100] "GET //wp-json/wp/v2/users/ HTTP/1.0" 404 577 "-" "Mozilla/5.0 (Windows NT 10.0; Win64; x64) AppleWebKit/537.36 (KHTML, like Gecko) Chrome/78.0.3904.108 Safari/537.36"
34.148.4.88 - - [17/Feb/2026:12:22:03 +0100] "GET //wp-json/oembed/1.0/embed?url=https://online.comeonline.ch/ HTTP/1.0" 404 581 "-" "Mozilla/5.0 (Windows NT 10.0; Win64; x64) AppleWebKit/537.36 (KHTML, like Gecko) Chrome/78.0.3904.108 Safari/537.36"
34.148.4.88 - - [17/Feb/2026:12:22:03 +0100] "POST //xmlrpc.php HTTP/1.0" 200 741 "-" "Mozilla/5.0 (Windows NT 10.0; Win64; x64) AppleWebKit/537.36 (KHTML, like Gecko) Chrome/78.0.3904.108 Safari/537.36"
34.148.4.88 - - [17/Feb/2026:12:22:04 +0100] "POST //xmlrpc.php HTTP/1.0" 200 741 "-" "Mozilla/5.0 (Windows NT 10.0; Win64; x64) AppleWebKit/537.36 (KHTML, like Gecko) Chrome/78.0.3904.108 Safari/537.36"
34.148.4.88 - - [17/Feb/2026:12:22:04 +0100] "POST //xmlrpc.php HTTP/1.0" 200 741 "-" "Mozilla/5.0 (Windows NT 10.0; Win64; x64) AppleWebKit/537.36 (KHTML, like Gecko) Chrome/78.0.3904.108 Safari/537.36"
34.148.4.88 - - [17/Feb/2026:12:22:04 +0100] "POST //xmlrpc.php HTTP/1.0" 200 741 "-" "Mozilla/5.0 (Windows NT 10.0; Win64; x64) AppleWebKit/537.36 (KHTML, like Gecko) Chrome/78.0.3904.108 Safari/537.36"
34.148.4.88 - - [17/Feb/2026:12:22:04 +0100] "POST //xmlrpc.php HTTP/1.0" 200 741 "-" "Mozilla/5.0 (Windows NT 10.0; Win64; x64) AppleWebKit/537.36 (KHTML, like Gecko) Chrome/78.0.3904.108 Safari/537.36"
34.148.4.88 - - [17/Feb/2026:12:22:04 +0100] "POST //xmlrpc.php HTTP/1.0" 200 741 "-" "Mozilla/5.0 (Windows NT 10.0; Win64; x64) AppleWebKit/537.36 (KHTML, like Gecko) Chrome/78.0.3904.108 Safari/537.36"
34.148.4.88 - - [17/Feb/2026:12:22:04 +0100] "POST //xmlrpc.php HTTP/1.0" 200 741 "-" "Mozilla/5.0 (Windows NT 10.0; Win64; x64) AppleWebKit/537.36 (KHTML, like Gecko) Chrome/78.0.3904.108 Safari/537.36"
34.148.4.88 - - [17/Feb/2026:12:22:05 +0100] "POST //xmlrpc.php HTTP/1.0" 200 741 "-" "Mozilla/5.0 (Windows NT 10.0; Win64; x64) AppleWebKit/537.36 (KHTML, like Gecko) Chrome/78.0.3904.108 Safari/537.36"
69.165.67.22 - - [17/Feb/2026:15:33:41 +0100] "GET /index.php?rest_route=/wp/v2/posts&per_page=100&_fields=id%2Ccomment_status&page=1 HTTP/1.0" 200 742 "https://online.comeonline.ch" "Mozilla/5.0 (iPhone; CPU iPhone OS 18_3_2 like Mac OS X) AppleWebKit/605.1.15 (KHTML, like Gecko) Version/18.3.1 Mobile/15E148 Safari/604.1"
80.74.154.100 - - [17/Feb/2026:15:33:41 +0100] "POST /wp-cron.php?doing_wp_cron=1771338821.6507270336151123046875 HTTP/1.0" 200 409 "-" "WordPress/6.9.1; https://online.comeonline.ch"
121.127.34.138 - - [17/Feb/2026:17:08:17 +0100] "GET / HTTP/1.0" 200 70895 "http://online.comeonline.ch/" "Mozilla/5.0 (Macintosh; Intel Mac OS X 10_15_7) AppleWebKit/605.1.15 (KHTML, like Gecko) Version/17.6 Safari/605.1.15"
80.74.154.100 - - [17/Feb/2026:17:08:17 +0100] "POST /wp-cron.php?doing_wp_cron=1771344497.5491149425506591796875 HTTP/1.0" 200 409 "-" "WordPress/6.9.1; https://online.comeonline.ch"
103.10.195.65 - - [17/Feb/2026:17:15:02 +0100] "GET /robots.txt HTTP/1.0" 404 567 "-" "Mozilla/5.0 (Windows NT 10.0; Win64; x64) AppleWebKit/537.36 (KHTML, like Gecko) Chrome/114.0.0.0 Safari/537.36 Edg/114.0.1823.43"
165.22.221.221 - - [18/Feb/2026:04:15:25 +0100] "GET / HTTP/1.0" 200 70895 "-" "Mozilla/5.0 (X11; Linux x86_64) AppleWebKit/537.36 (KHTML, like Gecko) Chrome/142.0.0.0 Safari/537.36"
80.74.154.100 - - [18/Feb/2026:04:15:26 +0100] "POST /wp-cron.php?doing_wp_cron=1771384526.2291450500488281250000 HTTP/1.0" 200 409 "-" "WordPress/6.9.1; https://online.comeonline.ch"
165.22.221.221 - - [18/Feb/2026:04:15:32 +0100] "GET /wp-content/uploads/2024/08/cropped-Online_Band_2022_7-scaled-2-32x32.jpg HTTP/1.0" 200 1765 "https://online.comeonline.ch/" "Mozilla/5.0 (X11; Linux x86_64) AppleWebKit/537.36 (KHTML, like Gecko) Chrome/142.0.0.0 Safari/537.36"
80.74.154.100 - - [18/Feb/2026:05:56:46 +0100] "POST /wp-cron.php?doing_wp_cron=1771390606.6851980686187744140625 HTTP/1.0" 200 409 "-" "WordPress/6.9.1; https://online.comeonline.ch"
80.74.154.100 - - [19/Feb/2026:05:53:12 +0100] "POST /wp-cron.php?doing_wp_cron=1771476792.3765940666198730468750 HTTP/1.0" 200 409 "-" "WordPress/6.9.1; https://online.comeonline.ch"
80.74.154.100 - - [19/Feb/2026:06:20:46 +0100] "POST /wp-cron.php?doing_wp_cron=1771478446.1293499469757080078125 HTTP/1.0" 200 409 "-" "WordPress/6.9.1; https://online.comeonline.ch"
69.165.67.172 - - [19/Feb/2026:23:28:51 +0100] "GET /index.php?rest_route=/wp/v2/posts&per_page=100&_fields=id%2Ccomment_status&page=1 HTTP/1.0" 200 742 "https://online.comeonline.ch" "Mozilla/5.0 (iPhone; CPU iPhone OS 18_3_2 like Mac OS X) AppleWebKit/605.1.15 (KHTML, like Gecko) Version/18.3.1 Mobile/15E148 Safari/604.1"
80.74.154.100 - - [19/Feb/2026:23:28:52 +0100] "POST /wp-cron.php?doing_wp_cron=1771540132.3892168998718261718750 HTTP/1.0" 200 409 "-" "WordPress/6.9.1; https://online.comeonline.ch"
80.74.154.100 - - [20/Feb/2026:05:52:30 +0100] "POST /wp-cron.php?doing_wp_cron=1771563150.0845990180969238281250 HTTP/1.0" 200 409 "-" "WordPress/6.9.1; https://online.comeonline.ch"
80.74.154.100 - - [20/Feb/2026:06:19:14 +0100] "POST /wp-cron.php?doing_wp_cron=1771564754.0305778980255126953125 HTTP/1.0" 200 409 "-" "WordPress/6.9.1; https://online.comeonline.ch"
147.45.179.128 - - [21/Feb/2026:02:46:43 +0100] "GET /.env HTTP/1.0" 404 561 "-" "Mozilla/5.0 (X11; Ubuntu; Linux x86_64; rv:147.0) Gecko/20100101 Firefox/147.0"
80.74.154.100 - - [21/Feb/2026:05:53:36 +0100] "POST /wp-cron.php HTTP/1.0" 200 409 "-" "WordPress/6.9.1; https://online.comeonline.ch"
80.74.154.100 - - [21/Feb/2026:05:53:37 +0100] "GET / HTTP/1.0" 200 70895 "-" "WordPress/6.9.1; https://online.comeonline.ch"
80.74.154.100 - - [21/Feb/2026:05:53:38 +0100] "GET / HTTP/1.0" 200 70895 "-" "WordPress/6.9.1; https://online.comeonline.ch"
80.74.154.100 - - [21/Feb/2026:05:53:38 +0100] "GET / HTTP/1.0" 200 70895 "-" "WordPress/6.9.1; https://online.comeonline.ch"
80.74.154.100 - - [21/Feb/2026:05:53:38 +0100] "GET / HTTP/1.0" 200 70895 "-" "WordPress/6.9.1; https://online.comeonline.ch"
80.74.154.100 - - [21/Feb/2026:05:53:34 +0100] "POST /wp-cron.php?doing_wp_cron=1771649613.8097960948944091796875 HTTP/1.0" 200 409 "-" "WordPress/6.9.1; https://online.comeonline.ch"
80.74.154.100 - - [21/Feb/2026:06:20:03 +0100] "POST /wp-cron.php?doing_wp_cron=1771651203.4996829032897949218750 HTTP/1.0" 200 409 "-" "WordPress/6.9.1; https://online.comeonline.ch"
104.28.235.57 - - [21/Feb/2026:09:11:20 +0100] "GET /style.php HTTP/1.0" 404 566 "http://online.comeonline.ch/style.php" "Go-http-client/2.0"
104.28.235.57 - - [21/Feb/2026:09:11:21 +0100] "GET /wp-content/style.php HTTP/1.0" 404 577 "http://online.comeonline.ch/wp-content/style.php" "Go-http-client/2.0"
104.28.235.57 - - [21/Feb/2026:09:11:22 +0100] "GET /wp-content/themes/style.php HTTP/1.0" 404 584 "http://online.comeonline.ch/wp-content/themes/style.php" "Go-http-client/2.0"
104.28.235.57 - - [21/Feb/2026:09:11:23 +0100] "GET /wp-admin/style.php HTTP/1.0" 404 575 "http://online.comeonline.ch/wp-admin/style.php" "Go-http-client/2.0"
104.28.235.57 - - [21/Feb/2026:09:11:24 +0100] "GET /wp-includes/style.php HTTP/1.0" 404 578 "http://online.comeonline.ch/wp-includes/style.php" "Go-http-client/2.0"
104.28.235.57 - - [21/Feb/2026:09:11:25 +0100] "GET /chosen.php?p= HTTP/1.0" 404 567 "http://online.comeonline.ch/chosen.php?p=" "Go-http-client/2.0"
104.28.235.57 - - [21/Feb/2026:09:11:26 +0100] "GET /file.php HTTP/1.0" 404 565 "http://online.comeonline.ch/file.php" "Go-http-client/2.0"
104.28.235.57 - - [21/Feb/2026:09:11:27 +0100] "GET /flower.php HTTP/1.0" 404 567 "http://online.comeonline.ch/flower.php" "Go-http-client/2.0"
104.28.235.57 - - [21/Feb/2026:09:11:28 +0100] "GET /gifclass.php HTTP/1.0" 404 569 "http://online.comeonline.ch/gifclass.php#888xyz999" "Go-http-client/2.0"
104.28.235.57 - - [21/Feb/2026:09:11:29 +0100] "GET /bless.php HTTP/1.0" 404 566 "http://online.comeonline.ch/bless.php#888xyz999" "Go-http-client/2.0"
104.28.235.57 - - [21/Feb/2026:09:11:30 +0100] "GET /class-t.api.php HTTP/1.0" 404 572 "http://online.comeonline.ch/class-t.api.php#888xyz999" "Go-http-client/2.0"
104.28.235.57 - - [21/Feb/2026:09:11:31 +0100] "GET /blurbs.php HTTP/1.0" 404 567 "http://online.comeonline.ch/blurbs.php#888xyz999" "Go-http-client/2.0"
104.28.235.57 - - [21/Feb/2026:09:11:32 +0100] "GET /akcc.php HTTP/1.0" 404 565 "http://online.comeonline.ch/akcc.php" "Go-http-client/2.0"
104.28.235.57 - - [21/Feb/2026:09:11:33 +0100] "GET /abcd.php HTTP/1.0" 404 565 "http://online.comeonline.ch/abcd.php" "Go-http-client/2.0"
104.28.235.57 - - [21/Feb/2026:09:11:34 +0100] "GET /shelp.php HTTP/1.0" 404 566 "http://online.comeonline.ch/shelp.php" "Go-http-client/2.0"
104.28.235.57 - - [21/Feb/2026:09:11:35 +0100] "GET /cord.php HTTP/1.0" 404 8112 "http://online.comeonline.ch/cord.php" "Go-http-client/2.0"
104.28.235.57 - - [21/Feb/2026:09:11:36 +0100] "GET /dex.php HTTP/1.0" 404 564 "http://online.comeonline.ch/dex.php" "Go-http-client/2.0"
104.28.235.57 - - [21/Feb/2026:09:11:37 +0100] "GET /wp-admin/admin-ajax.php HTTP/1.0" 400 471 "http://online.comeonline.ch/wp-admin/admin-ajax.php" "Go-http-client/2.0"
80.74.154.100 - - [21/Feb/2026:09:11:38 +0100] "POST /wp-cron.php?doing_wp_cron=1771661497.9851999282836914062500 HTTP/1.0" 200 409 "-" "WordPress/6.9.1; https://online.comeonline.ch"
104.28.235.57 - - [21/Feb/2026:09:11:39 +0100] "GET /file2.php HTTP/1.0" 404 566 "http://online.comeonline.ch/file2.php#tabFM" "Go-http-client/2.0"
104.28.235.57 - - [21/Feb/2026:09:11:40 +0100] "GET //zwso.php HTTP/1.0" 404 565 "http://online.comeonline.ch//zwso.php" "Go-http-client/2.0"
104.28.235.57 - - [21/Feb/2026:09:11:41 +0100] "GET /wp-admin/zwso.php HTTP/1.0" 404 574 "http://online.comeonline.ch/wp-admin/zwso.php" "Go-http-client/2.0"
104.28.235.57 - - [21/Feb/2026:09:11:42 +0100] "GET /wp-content/plugins/hellopress/wp_mna.php HTTP/1.0" 404 597 "http://online.comeonline.ch/wp-content/plugins/hellopress/wp_mna.php" "Go-http-client/2.0"
104.28.235.57 - - [21/Feb/2026:09:11:43 +0100] "GET /bolt.php HTTP/1.0" 404 565 "http://online.comeonline.ch/bolt.php" "Go-http-client/2.0"
104.28.235.57 - - [21/Feb/2026:09:11:44 +0100] "GET /shlo.php HTTP/1.0" 404 565 "http://online.comeonline.ch/shlo.php#lufix" "Go-http-client/2.0"
104.28.235.57 - - [21/Feb/2026:09:11:45 +0100] "GET /133.php HTTP/1.0" 404 564 "http://online.comeonline.ch/133.php" "Go-http-client/2.0"
104.28.235.57 - - [21/Feb/2026:09:11:46 +0100] "GET /ahax.php HTTP/1.0" 404 565 "http://online.comeonline.ch/ahax.php" "Go-http-client/2.0"
104.28.235.57 - - [21/Feb/2026:09:11:47 +0100] "GET /php8.php HTTP/1.0" 404 565 "http://online.comeonline.ch/php8.php#xleet" "Go-http-client/2.0"
104.28.235.57 - - [21/Feb/2026:09:11:48 +0100] "GET /lufix1.php HTTP/1.0" 404 567 "http://online.comeonline.ch/lufix1.php#lufix" "Go-http-client/2.0"
104.28.235.57 - - [21/Feb/2026:09:11:49 +0100] "GET /witmm.php HTTP/1.0" 404 566 "http://online.comeonline.ch/witmm.php#lufix" "Go-http-client/2.0"
104.28.235.57 - - [21/Feb/2026:09:11:50 +0100] "GET /wp-admin/css/index.php HTTP/1.0" 404 579 "http://online.comeonline.ch/wp-admin/css/index.php" "Go-http-client/2.0"
104.28.235.57 - - [21/Feb/2026:09:11:51 +0100] "GET /wp-content/plugins/index.php HTTP/1.0" 200 316 "http://online.comeonline.ch/wp-content/plugins/index.php" "Go-http-client/2.0"
104.28.235.57 - - [21/Feb/2026:09:11:52 +0100] "GET /wp-content/index.php HTTP/1.0" 200 316 "http://online.comeonline.ch/wp-content/index.php" "Go-http-client/2.0"
104.28.235.57 - - [21/Feb/2026:09:11:53 +0100] "GET /ioxi-o.php HTTP/1.0" 404 567 "http://online.comeonline.ch/ioxi-o.php" "Go-http-client/2.0"
104.28.235.57 - - [21/Feb/2026:09:11:54 +0100] "GET /222.php HTTP/1.0" 404 564 "http://online.comeonline.ch/222.php" "Go-http-client/2.0"
104.28.235.57 - - [21/Feb/2026:09:11:55 +0100] "GET /files.php HTTP/1.0" 404 566 "http://online.comeonline.ch/files.php#admin@3tu/T?TJ8v?N" "Go-http-client/2.0"
104.28.235.57 - - [21/Feb/2026:09:11:56 +0100] "GET /wp-editor.php HTTP/1.0" 404 570 "http://online.comeonline.ch/wp-editor.php#lufix" "Go-http-client/2.0"
104.28.235.57 - - [21/Feb/2026:09:11:57 +0100] "GET /txets.php HTTP/1.0" 404 566 "http://online.comeonline.ch/txets.php" "Go-http-client/2.0"
104.28.235.57 - - [21/Feb/2026:09:11:58 +0100] "GET /wp-content/txets.php HTTP/1.0" 404 577 "http://online.comeonline.ch/wp-content/txets.php" "Go-http-client/2.0"
104.28.235.57 - - [21/Feb/2026:09:11:59 +0100] "GET /wp-admin/txets.php HTTP/1.0" 404 575 "http://online.comeonline.ch/wp-admin/txets.php" "Go-http-client/2.0"
104.28.235.57 - - [21/Feb/2026:09:12:00 +0100] "GET /postnews.php HTTP/1.0" 404 569 "http://online.comeonline.ch/postnews.php" "Go-http-client/2.0"
104.28.235.57 - - [21/Feb/2026:09:12:01 +0100] "GET /wp-content/postnews.php HTTP/1.0" 404 580 "http://online.comeonline.ch/wp-content/postnews.php" "Go-http-client/2.0"
104.28.235.57 - - [21/Feb/2026:09:12:02 +0100] "GET /wp-admin/postnews.php HTTP/1.0" 404 578 "http://online.comeonline.ch/wp-admin/postnews.php" "Go-http-client/2.0"
80.74.154.100 - - [22/Feb/2026:05:52:22 +0100] "POST /wp-cron.php?doing_wp_cron=1771735942.4717400074005126953125 HTTP/1.0" 200 409 "-" "WordPress/6.9.1; https://online.comeonline.ch"
80.74.154.100 - - [22/Feb/2026:06:19:28 +0100] "POST /wp-cron.php?doing_wp_cron=1771737568.4609849452972412109375 HTTP/1.0" 200 409 "-" "WordPress/6.9.1; https://online.comeonline.ch"
34.74.4.63 - - [22/Feb/2026:16:06:40 +0100] "GET / HTTP/1.0" 200 70895 "-" "Mozilla/5.0 (Windows NT 10.0; Win64; x64) AppleWebKit/537.36 (KHTML, like Gecko) Chrome/78.0.3904.108 Safari/537.36"
34.74.4.63 - - [22/Feb/2026:16:06:42 +0100] "GET //wp-includes/wlwmanifest.xml HTTP/1.0" 404 584 "-" "Mozilla/5.0 (Windows NT 10.0; Win64; x64) AppleWebKit/537.36 (KHTML, like Gecko) Chrome/78.0.3904.108 Safari/537.36"
80.74.154.100 - - [22/Feb/2026:16:06:41 +0100] "POST /wp-cron.php?doing_wp_cron=1771772800.8107490539550781250000 HTTP/1.0" 200 409 "-" "WordPress/6.9.1; https://online.comeonline.ch"
34.74.4.63 - - [22/Feb/2026:16:06:42 +0100] "GET //xmlrpc.php?rsd HTTP/1.0" 200 1173 "-" "Mozilla/5.0 (Windows NT 10.0; Win64; x64) AppleWebKit/537.36 (KHTML, like Gecko) Chrome/78.0.3904.108 Safari/537.36"
34.74.4.63 - - [22/Feb/2026:16:06:43 +0100] "GET //?author=1 HTTP/1.0" 301 407 "-" "Mozilla/5.0 (Windows NT 10.0; Win64; x64) AppleWebKit/537.36 (KHTML, like Gecko) Chrome/78.0.3904.108 Safari/537.36"
34.74.4.63 - - [22/Feb/2026:16:06:43 +0100] "GET //?author=2 HTTP/1.0" 301 519 "-" "Mozilla/5.0 (Windows NT 10.0; Win64; x64) AppleWebKit/537.36 (KHTML, like Gecko) Chrome/78.0.3904.108 Safari/537.36"
34.74.4.63 - - [22/Feb/2026:16:06:43 +0100] "GET //wp-json/wp/v2/users/ HTTP/1.0" 404 577 "-" "Mozilla/5.0 (Windows NT 10.0; Win64; x64) AppleWebKit/537.36 (KHTML, like Gecko) Chrome/78.0.3904.108 Safari/537.36"
34.74.4.63 - - [22/Feb/2026:16:06:43 +0100] "GET //wp-json/oembed/1.0/embed?url=https://online.comeonline.ch/ HTTP/1.0" 404 581 "-" "Mozilla/5.0 (Windows NT 10.0; Win64; x64) AppleWebKit/537.36 (KHTML, like Gecko) Chrome/78.0.3904.108 Safari/537.36"
34.74.4.63 - - [22/Feb/2026:16:06:43 +0100] "POST //xmlrpc.php HTTP/1.0" 200 741 "-" "Mozilla/5.0 (Windows NT 10.0; Win64; x64) AppleWebKit/537.36 (KHTML, like Gecko) Chrome/78.0.3904.108 Safari/537.36"
34.74.4.63 - - [22/Feb/2026:16:06:44 +0100] "POST //xmlrpc.php HTTP/1.0" 200 741 "-" "Mozilla/5.0 (Windows NT 10.0; Win64; x64) AppleWebKit/537.36 (KHTML, like Gecko) Chrome/78.0.3904.108 Safari/537.36"
34.74.4.63 - - [22/Feb/2026:16:06:44 +0100] "POST //xmlrpc.php HTTP/1.0" 200 741 "-" "Mozilla/5.0 (Windows NT 10.0; Win64; x64) AppleWebKit/537.36 (KHTML, like Gecko) Chrome/78.0.3904.108 Safari/537.36"
34.74.4.63 - - [22/Feb/2026:16:06:44 +0100] "POST //xmlrpc.php HTTP/1.0" 200 741 "-" "Mozilla/5.0 (Windows NT 10.0; Win64; x64) AppleWebKit/537.36 (KHTML, like Gecko) Chrome/78.0.3904.108 Safari/537.36"
34.74.4.63 - - [22/Feb/2026:16:06:44 +0100] "POST //xmlrpc.php HTTP/1.0" 200 741 "-" "Mozilla/5.0 (Windows NT 10.0; Win64; x64) AppleWebKit/537.36 (KHTML, like Gecko) Chrome/78.0.3904.108 Safari/537.36"
34.74.4.63 - - [22/Feb/2026:16:06:45 +0100] "POST //xmlrpc.php HTTP/1.0" 200 741 "-" "Mozilla/5.0 (Windows NT 10.0; Win64; x64) AppleWebKit/537.36 (KHTML, like Gecko) Chrome/78.0.3904.108 Safari/537.36"
34.74.4.63 - - [22/Feb/2026:16:06:45 +0100] "POST //xmlrpc.php HTTP/1.0" 200 741 "-" "Mozilla/5.0 (Windows NT 10.0; Win64; x64) AppleWebKit/537.36 (KHTML, like Gecko) Chrome/78.0.3904.108 Safari/537.36"
80.74.154.100 - - [23/Feb/2026:05:49:00 +0100] "POST /wp-cron.php?doing_wp_cron=1771822140.2840158939361572265625 HTTP/1.0" 200 409 "-" "WordPress/6.9.1; https://online.comeonline.ch"
80.74.154.100 - - [23/Feb/2026:06:15:10 +0100] "POST /wp-cron.php?doing_wp_cron=1771823710.7490420341491699218750 HTTP/1.0" 200 409 "-" "WordPress/6.9.1; https://online.comeonline.ch"
184.32.51.101 - - [24/Feb/2026:05:02:41 +0100] "GET /robots.txt HTTP/1.0" 404 567 "-" "Mozilla/5.0 (compatible; wpbot/1.4; +https://forms.gle/ajBaxygz9jSR8p8G9)"
184.32.51.101 - - [24/Feb/2026:05:02:42 +0100] "GET /enhancecp HTTP/1.0" 404 566 "-" "Mozilla/5.0 (compatible; wpbot/1.4; +https://forms.gle/ajBaxygz9jSR8p8G9)"
80.74.154.100 - - [24/Feb/2026:05:52:23 +0100] "POST /wp-cron.php?doing_wp_cron=1771908743.0825738906860351562500 HTTP/1.0" 200 409 "-" "WordPress/6.9.1; https://online.comeonline.ch"
80.74.154.100 - - [24/Feb/2026:06:20:30 +0100] "POST /wp-cron.php?doing_wp_cron=1771910430.1535649299621582031250 HTTP/1.0" 200 409 "-" "WordPress/6.9.1; https://online.comeonline.ch"
107.22.248.10 - - [25/Feb/2026:04:58:12 +0100] "GET / HTTP/1.0" 200 70895 "-" "Mozilla/5.0 (X11; Linux x86_64) AppleWebKit/537.36 (KHTML, like Gecko) Chrome/131.0.0.0 Safari/537.36"
80.74.154.100 - - [25/Feb/2026:04:58:13 +0100] "POST /wp-cron.php?doing_wp_cron=1771991892.8235480785369873046875 HTTP/1.0" 200 409 "-" "WordPress/6.9.1; https://online.comeonline.ch"
80.74.154.100 - - [25/Feb/2026:06:15:38 +0100] "POST /wp-cron.php?doing_wp_cron=1771996538.7825899124145507812500 HTTP/1.0" 200 409 "-" "WordPress/6.9.1; https://online.comeonline.ch"
157.245.150.188 - - [25/Feb/2026:08:03:35 +0100] "GET / HTTP/1.0" 200 70895 "-" "Mozilla/5.0 (compatible; WP-Safe-Scanner/1.0)"
80.74.154.100 - - [25/Feb/2026:08:03:35 +0100] "POST /wp-cron.php?doing_wp_cron=1772003015.5796670913696289062500 HTTP/1.0" 200 409 "-" "WordPress/6.9.1; https://online.comeonline.ch"
157.245.150.188 - - [25/Feb/2026:08:03:37 +0100] "GET /wp-content/uploads/ HTTP/1.0" 403 580 "-" "Mozilla/5.0 (compatible; WP-Safe-Scanner/1.0)"
157.245.150.188 - - [25/Feb/2026:08:03:37 +0100] "GET /wp-content/plugins/ HTTP/1.0" 200 316 "-" "Mozilla/5.0 (compatible; WP-Safe-Scanner/1.0)"
157.245.150.188 - - [25/Feb/2026:08:03:37 +0100] "GET /wp-content/themes/ HTTP/1.0" 200 316 "-" "Mozilla/5.0 (compatible; WP-Safe-Scanner/1.0)"
157.245.150.188 - - [25/Feb/2026:08:03:38 +0100] "GET /wp-includes/ HTTP/1.0" 403 573 "-" "Mozilla/5.0 (compatible; WP-Safe-Scanner/1.0)"
157.245.150.188 - - [25/Feb/2026:08:03:38 +0100] "GET /wp-admin/ HTTP/1.0" 302 580 "-" "Mozilla/5.0 (compatible; WP-Safe-Scanner/1.0)"
