157.245.150.188 - - [25/Feb/2026:08:03:38 +0100] "GET /wp-login.php?redirect_to=https%3A%2F%2Fonline.comeonline.ch%2Fwp-admin%2F&reauth=1 HTTP/1.0" 200 11531 "-" "Mozilla/5.0 (compatible; WP-Safe-Scanner/1.0)"
80.74.154.100 - - [26/Feb/2026:05:50:28 +0100] "POST /wp-cron.php?doing_wp_cron=1772081428.6936678886413574218750 HTTP/1.0" 200 409 "-" "WordPress/6.9.1; https://online.comeonline.ch"
80.74.154.100 - - [26/Feb/2026:06:17:09 +0100] "POST /wp-cron.php?doing_wp_cron=1772083028.9912919998168945312500 HTTP/1.0" 200 409 "-" "WordPress/6.9.1; https://online.comeonline.ch"
80.74.154.100 - - [27/Feb/2026:05:55:21 +0100] "POST /wp-cron.php?doing_wp_cron=1772168121.0401229858398437500000 HTTP/1.0" 200 409 "-" "WordPress/6.9.1; https://online.comeonline.ch"
80.74.154.100 - - [27/Feb/2026:06:22:40 +0100] "POST /wp-cron.php?doing_wp_cron=1772169760.5801510810852050781250 HTTP/1.0" 200 409 "-" "WordPress/6.9.1; https://online.comeonline.ch"
31.47.251.11 - - [27/Feb/2026:19:32:24 +0100] "GET / HTTP/1.0" 200 70895 "-" "Mozilla/5.0 (Windows NT 10.0; Win64; x64) AppleWebKit/537.36 (KHTML, like Gecko) Chrome/120.0.0.0 Safari/537.36"
31.47.251.11 - - [27/Feb/2026:19:32:24 +0100] "GET / HTTP/1.0" 200 70895 "-" "Mozilla/5.0 (Windows NT 10.0; Win64; x64) AppleWebKit/537.36 (KHTML, like Gecko) Chrome/120.0.0.0 Safari/537.36"
80.74.154.100 - - [27/Feb/2026:19:32:28 +0100] "POST /wp-cron.php HTTP/1.0" 200 409 "-" "WordPress/6.9.1; https://online.comeonline.ch"
80.74.154.100 - - [27/Feb/2026:19:32:28 +0100] "GET / HTTP/1.0" 200 70895 "-" "WordPress/6.9.1; https://online.comeonline.ch"
80.74.154.100 - - [27/Feb/2026:19:32:28 +0100] "GET / HTTP/1.0" 200 70895 "-" "WordPress/6.9.1; https://online.comeonline.ch"
80.74.154.100 - - [27/Feb/2026:19:32:28 +0100] "GET / HTTP/1.0" 200 70895 "-" "WordPress/6.9.1; https://online.comeonline.ch"
80.74.154.100 - - [27/Feb/2026:19:32:28 +0100] "GET / HTTP/1.0" 200 70895 "-" "WordPress/6.9.1; https://online.comeonline.ch"
80.74.154.100 - - [27/Feb/2026:19:32:25 +0100] "POST /wp-cron.php?doing_wp_cron=1772217145.1331000328063964843750 HTTP/1.0" 200 409 "-" "WordPress/6.9.1; https://online.comeonline.ch"
80.74.154.100 - - [28/Feb/2026:05:52:33 +0100] "POST /wp-cron.php?doing_wp_cron=1772254352.9844760894775390625000 HTTP/1.0" 200 409 "-" "WordPress/6.9.1; https://online.comeonline.ch"
80.74.154.100 - - [28/Feb/2026:06:19:16 +0100] "POST /wp-cron.php?doing_wp_cron=1772255955.8873810768127441406250 HTTP/1.0" 200 409 "-" "WordPress/6.9.1; https://online.comeonline.ch"
104.28.235.59 - - [28/Feb/2026:12:18:06 +0100] "GET /style.php HTTP/1.0" 404 566 "http://online.comeonline.ch/style.php" "Go-http-client/2.0"
104.28.235.59 - - [28/Feb/2026:12:18:07 +0100] "GET /wp-content/style.php HTTP/1.0" 404 577 "http://online.comeonline.ch/wp-content/style.php" "Go-http-client/2.0"
104.28.235.59 - - [28/Feb/2026:12:18:08 +0100] "GET /wp-content/themes/style.php HTTP/1.0" 404 584 "http://online.comeonline.ch/wp-content/themes/style.php" "Go-http-client/2.0"
104.28.235.59 - - [28/Feb/2026:12:18:09 +0100] "GET /wp-admin/style.php HTTP/1.0" 404 575 "http://online.comeonline.ch/wp-admin/style.php" "Go-http-client/2.0"
104.28.235.59 - - [28/Feb/2026:12:18:10 +0100] "GET /wp-includes/style.php HTTP/1.0" 404 578 "http://online.comeonline.ch/wp-includes/style.php" "Go-http-client/2.0"
104.28.235.59 - - [28/Feb/2026:12:18:11 +0100] "GET /chosen.php?p= HTTP/1.0" 404 567 "http://online.comeonline.ch/chosen.php?p=" "Go-http-client/2.0"
104.28.235.59 - - [28/Feb/2026:12:18:12 +0100] "GET /file.php HTTP/1.0" 404 565 "http://online.comeonline.ch/file.php" "Go-http-client/2.0"
104.28.235.59 - - [28/Feb/2026:12:18:13 +0100] "GET /flower.php HTTP/1.0" 404 567 "http://online.comeonline.ch/flower.php" "Go-http-client/2.0"
104.28.235.59 - - [28/Feb/2026:12:18:14 +0100] "GET /gifclass.php HTTP/1.0" 404 569 "http://online.comeonline.ch/gifclass.php#888xyz999" "Go-http-client/2.0"
104.28.235.59 - - [28/Feb/2026:12:18:15 +0100] "GET /bless.php HTTP/1.0" 404 566 "http://online.comeonline.ch/bless.php#888xyz999" "Go-http-client/2.0"
104.28.235.59 - - [28/Feb/2026:12:18:16 +0100] "GET /class-t.api.php HTTP/1.0" 404 572 "http://online.comeonline.ch/class-t.api.php#888xyz999" "Go-http-client/2.0"
104.28.235.59 - - [28/Feb/2026:12:18:17 +0100] "GET /blurbs.php HTTP/1.0" 404 567 "http://online.comeonline.ch/blurbs.php#888xyz999" "Go-http-client/2.0"
104.28.235.59 - - [28/Feb/2026:12:18:18 +0100] "GET /akcc.php HTTP/1.0" 404 565 "http://online.comeonline.ch/akcc.php" "Go-http-client/2.0"
104.28.235.59 - - [28/Feb/2026:12:18:19 +0100] "GET /abcd.php HTTP/1.0" 404 565 "http://online.comeonline.ch/abcd.php" "Go-http-client/2.0"
104.28.235.59 - - [28/Feb/2026:12:18:20 +0100] "GET /shelp.php HTTP/1.0" 404 566 "http://online.comeonline.ch/shelp.php" "Go-http-client/2.0"
104.28.235.59 - - [28/Feb/2026:12:18:21 +0100] "GET /cord.php HTTP/1.0" 404 565 "http://online.comeonline.ch/cord.php" "Go-http-client/2.0"
104.28.235.59 - - [28/Feb/2026:12:18:22 +0100] "GET /dex.php HTTP/1.0" 404 564 "http://online.comeonline.ch/dex.php" "Go-http-client/2.0"
104.28.235.59 - - [28/Feb/2026:12:18:23 +0100] "GET /wp-admin/admin-ajax.php HTTP/1.0" 400 471 "http://online.comeonline.ch/wp-admin/admin-ajax.php" "Go-http-client/2.0"
104.28.235.59 - - [28/Feb/2026:12:18:24 +0100] "GET /file2.php HTTP/1.0" 404 566 "http://online.comeonline.ch/file2.php#tabFM" "Go-http-client/2.0"
104.28.235.59 - - [28/Feb/2026:12:18:25 +0100] "GET //zwso.php HTTP/1.0" 404 565 "http://online.comeonline.ch//zwso.php" "Go-http-client/2.0"
80.74.154.100 - - [28/Feb/2026:12:18:24 +0100] "POST /wp-cron.php?doing_wp_cron=1772277503.6065130233764648437500 HTTP/1.0" 200 409 "-" "WordPress/6.9.1; https://online.comeonline.ch"
104.28.235.59 - - [28/Feb/2026:12:18:26 +0100] "GET /wp-admin/zwso.php HTTP/1.0" 404 574 "http://online.comeonline.ch/wp-admin/zwso.php" "Go-http-client/2.0"
104.28.235.59 - - [28/Feb/2026:12:18:27 +0100] "GET /wp-content/plugins/hellopress/wp_mna.php HTTP/1.0" 404 597 "http://online.comeonline.ch/wp-content/plugins/hellopress/wp_mna.php" "Go-http-client/2.0"
104.28.235.59 - - [28/Feb/2026:12:18:28 +0100] "GET /bolt.php HTTP/1.0" 404 565 "http://online.comeonline.ch/bolt.php" "Go-http-client/2.0"
104.28.235.59 - - [28/Feb/2026:12:18:29 +0100] "GET /shlo.php HTTP/1.0" 404 565 "http://online.comeonline.ch/shlo.php#lufix" "Go-http-client/2.0"
104.28.235.59 - - [28/Feb/2026:12:18:30 +0100] "GET /133.php HTTP/1.0" 404 564 "http://online.comeonline.ch/133.php" "Go-http-client/2.0"
104.28.235.59 - - [28/Feb/2026:12:18:31 +0100] "GET /ahax.php HTTP/1.0" 404 565 "http://online.comeonline.ch/ahax.php" "Go-http-client/2.0"
104.28.235.59 - - [28/Feb/2026:12:18:32 +0100] "GET /php8.php HTTP/1.0" 404 565 "http://online.comeonline.ch/php8.php#xleet" "Go-http-client/2.0"
104.28.235.59 - - [28/Feb/2026:12:18:33 +0100] "GET /lufix1.php HTTP/1.0" 404 567 "http://online.comeonline.ch/lufix1.php#lufix" "Go-http-client/2.0"
104.28.235.59 - - [28/Feb/2026:12:18:34 +0100] "GET /witmm.php HTTP/1.0" 404 566 "http://online.comeonline.ch/witmm.php#lufix" "Go-http-client/2.0"
104.28.235.59 - - [28/Feb/2026:12:18:35 +0100] "GET /wp-admin/css/index.php HTTP/1.0" 404 579 "http://online.comeonline.ch/wp-admin/css/index.php" "Go-http-client/2.0"
104.28.235.59 - - [28/Feb/2026:12:18:36 +0100] "GET /wp-content/plugins/index.php HTTP/1.0" 200 316 "http://online.comeonline.ch/wp-content/plugins/index.php" "Go-http-client/2.0"
104.28.235.59 - - [28/Feb/2026:12:18:37 +0100] "GET /wp-content/index.php HTTP/1.0" 200 316 "http://online.comeonline.ch/wp-content/index.php" "Go-http-client/2.0"
104.28.235.59 - - [28/Feb/2026:12:18:38 +0100] "GET /ioxi-o.php HTTP/1.0" 404 567 "http://online.comeonline.ch/ioxi-o.php" "Go-http-client/2.0"
104.28.235.59 - - [28/Feb/2026:12:18:39 +0100] "GET /222.php HTTP/1.0" 404 564 "http://online.comeonline.ch/222.php" "Go-http-client/2.0"
104.28.235.59 - - [28/Feb/2026:12:18:40 +0100] "GET /files.php HTTP/1.0" 404 566 "http://online.comeonline.ch/files.php#admin@3tu/T?TJ8v?N" "Go-http-client/2.0"
104.28.235.59 - - [28/Feb/2026:12:18:41 +0100] "GET /wp-editor.php HTTP/1.0" 404 570 "http://online.comeonline.ch/wp-editor.php#lufix" "Go-http-client/2.0"
104.28.235.59 - - [28/Feb/2026:12:18:42 +0100] "GET /txets.php HTTP/1.0" 404 566 "http://online.comeonline.ch/txets.php" "Go-http-client/2.0"
104.28.235.59 - - [28/Feb/2026:12:18:43 +0100] "GET /wp-content/txets.php HTTP/1.0" 404 577 "http://online.comeonline.ch/wp-content/txets.php" "Go-http-client/2.0"
104.28.235.59 - - [28/Feb/2026:12:18:44 +0100] "GET /wp-admin/txets.php HTTP/1.0" 404 575 "http://online.comeonline.ch/wp-admin/txets.php" "Go-http-client/2.0"
104.28.235.59 - - [28/Feb/2026:12:18:45 +0100] "GET /postnews.php HTTP/1.0" 404 569 "http://online.comeonline.ch/postnews.php" "Go-http-client/2.0"
104.28.235.59 - - [28/Feb/2026:12:18:46 +0100] "GET /wp-content/postnews.php HTTP/1.0" 404 580 "http://online.comeonline.ch/wp-content/postnews.php" "Go-http-client/2.0"
104.28.235.59 - - [28/Feb/2026:12:18:47 +0100] "GET /wp-admin/postnews.php HTTP/1.0" 404 578 "http://online.comeonline.ch/wp-admin/postnews.php" "Go-http-client/2.0"
31.47.251.11 - - [28/Feb/2026:19:47:28 +0100] "GET / HTTP/1.0" 200 70895 "-" "Mozilla/5.0 (Windows NT 10.0; Win64; x64) AppleWebKit/537.36 (KHTML, like Gecko) Chrome/120.0.0.0 Safari/537.36"
80.74.154.100 - - [28/Feb/2026:19:47:29 +0100] "POST /wp-cron.php?doing_wp_cron=1772304449.2637870311737060546875 HTTP/1.0" 200 409 "-" "WordPress/6.9.1; https://online.comeonline.ch"
31.47.251.11 - - [28/Feb/2026:19:47:29 +0100] "GET / HTTP/1.0" 200 70895 "-" "Mozilla/5.0 (Windows NT 10.0; Win64; x64) AppleWebKit/537.36 (KHTML, like Gecko) Chrome/120.0.0.0 Safari/537.36"
80.74.154.100 - - [01/Mar/2026:05:53:09 +0100] "POST /wp-cron.php?doing_wp_cron=1772340789.4667730331420898437500 HTTP/1.0" 200 409 "-" "WordPress/6.9.1; https://online.comeonline.ch"
80.74.154.100 - - [01/Mar/2026:06:19:44 +0100] "POST /wp-cron.php?doing_wp_cron=1772342384.2340109348297119140625 HTTP/1.0" 200 409 "-" "WordPress/6.9.1; https://online.comeonline.ch"
31.47.251.11 - - [01/Mar/2026:20:03:17 +0100] "GET / HTTP/1.0" 200 70895 "-" "Mozilla/5.0 (Windows NT 10.0; Win64; x64) AppleWebKit/537.36 (KHTML, like Gecko) Chrome/120.0.0.0 Safari/537.36"
31.47.251.11 - - [01/Mar/2026:20:03:18 +0100] "GET / HTTP/1.0" 200 70895 "-" "Mozilla/5.0 (Windows NT 10.0; Win64; x64) AppleWebKit/537.36 (KHTML, like Gecko) Chrome/120.0.0.0 Safari/537.36"
80.74.154.100 - - [01/Mar/2026:20:03:18 +0100] "POST /wp-cron.php?doing_wp_cron=1772391798.1993699073791503906250 HTTP/1.0" 200 409 "-" "WordPress/6.9.1; https://online.comeonline.ch"
80.74.154.100 - - [02/Mar/2026:05:53:54 +0100] "POST /wp-cron.php?doing_wp_cron=1772427234.3104379177093505859375 HTTP/1.0" 200 409 "-" "WordPress/6.9.1; https://online.comeonline.ch"
80.74.154.100 - - [02/Mar/2026:06:20:33 +0100] "POST /wp-cron.php?doing_wp_cron=1772428833.4927101135253906250000 HTTP/1.0" 200 409 "-" "WordPress/6.9.1; https://online.comeonline.ch"
31.47.251.11 - - [02/Mar/2026:20:17:32 +0100] "GET / HTTP/1.0" 200 70895 "-" "Mozilla/5.0 (Windows NT 10.0; Win64; x64) AppleWebKit/537.36 (KHTML, like Gecko) Chrome/120.0.0.0 Safari/537.36"
31.47.251.11 - - [02/Mar/2026:20:17:33 +0100] "GET / HTTP/1.0" 200 70895 "-" "Mozilla/5.0 (Windows NT 10.0; Win64; x64) AppleWebKit/537.36 (KHTML, like Gecko) Chrome/120.0.0.0 Safari/537.36"
80.74.154.100 - - [02/Mar/2026:20:17:33 +0100] "POST /wp-cron.php?doing_wp_cron=1772479053.4496719837188720703125 HTTP/1.0" 200 409 "-" "WordPress/6.9.1; https://online.comeonline.ch"
80.74.154.100 - - [03/Mar/2026:05:56:17 +0100] "POST /wp-cron.php?doing_wp_cron=1772513777.4807438850402832031250 HTTP/1.0" 200 409 "-" "WordPress/6.9.1; https://online.comeonline.ch"
31.47.251.11 - - [03/Mar/2026:20:32:15 +0100] "GET / HTTP/1.0" 200 70895 "-" "Mozilla/5.0 (Windows NT 10.0; Win64; x64) AppleWebKit/537.36 (KHTML, like Gecko) Chrome/120.0.0.0 Safari/537.36"
31.47.251.11 - - [03/Mar/2026:20:32:15 +0100] "GET / HTTP/1.0" 200 70895 "-" "Mozilla/5.0 (Windows NT 10.0; Win64; x64) AppleWebKit/537.36 (KHTML, like Gecko) Chrome/120.0.0.0 Safari/537.36"
80.74.154.100 - - [03/Mar/2026:20:32:15 +0100] "POST /wp-cron.php?doing_wp_cron=1772566335.7783598899841308593750 HTTP/1.0" 200 409 "-" "WordPress/6.9.1; https://online.comeonline.ch"
80.74.154.100 - - [04/Mar/2026:05:58:28 +0100] "POST /wp-cron.php?doing_wp_cron=1772600308.2989749908447265625000 HTTP/1.0" 200 409 "-" "WordPress/6.9.1; https://online.comeonline.ch"
167.172.32.38 - - [04/Mar/2026:09:38:11 +0100] "GET / HTTP/1.0" 200 70895 "-" "Mozilla/5.0 (X11; Linux x86_64) AppleWebKit/537.36 (KHTML, like Gecko) Chrome/142.0.0.0 Safari/537.36"
80.74.154.100 - - [04/Mar/2026:09:38:12 +0100] "POST /wp-cron.php?doing_wp_cron=1772613492.1946029663085937500000 HTTP/1.0" 200 409 "-" "WordPress/6.9.1; https://online.comeonline.ch"
167.172.32.38 - - [04/Mar/2026:09:38:13 +0100] "GET /wp-content/uploads/2024/08/cropped-Online_Band_2022_7-scaled-2-32x32.jpg HTTP/1.0" 200 1765 "https://online.comeonline.ch/" "Mozilla/5.0 (X11; Linux x86_64) AppleWebKit/537.36 (KHTML, like Gecko) Chrome/142.0.0.0 Safari/537.36"
136.115.132.237 - - [04/Mar/2026:17:25:06 +0100] "GET / HTTP/1.0" 200 70895 "http://online.comeonline.ch" "Mozilla/5.0 (compatible; CMS-Checker/1.0; +https://example.com)"
80.74.154.100 - - [04/Mar/2026:17:25:07 +0100] "POST /wp-cron.php?doing_wp_cron=1772641506.9430150985717773437500 HTTP/1.0" 200 409 "-" "WordPress/6.9.1; https://online.comeonline.ch"
136.115.132.237 - - [04/Mar/2026:18:01:44 +0100] "GET / HTTP/1.0" 200 70895 "-" "Mozilla/5.0 (Windows NT 10.0; Win64; x64) AppleWebKit/537.36 (KHTML, like Gecko) Chrome/78.0.3904.108 Safari/537.36"
80.74.154.100 - - [04/Mar/2026:18:01:45 +0100] "POST /wp-cron.php?doing_wp_cron=1772643705.3455009460449218750000 HTTP/1.0" 200 409 "-" "WordPress/6.9.1; https://online.comeonline.ch"
136.115.132.237 - - [04/Mar/2026:18:01:46 +0100] "GET //wp-includes/wlwmanifest.xml HTTP/1.0" 404 584 "-" "Mozilla/5.0 (Windows NT 10.0; Win64; x64) AppleWebKit/537.36 (KHTML, like Gecko) Chrome/78.0.3904.108 Safari/537.36"
136.115.132.237 - - [04/Mar/2026:18:01:46 +0100] "GET //xmlrpc.php?rsd HTTP/1.0" 200 1173 "-" "Mozilla/5.0 (Windows NT 10.0; Win64; x64) AppleWebKit/537.36 (KHTML, like Gecko) Chrome/78.0.3904.108 Safari/537.36"
136.115.132.237 - - [04/Mar/2026:18:01:47 +0100] "GET //?author=1 HTTP/1.0" 301 407 "-" "Mozilla/5.0 (Windows NT 10.0; Win64; x64) AppleWebKit/537.36 (KHTML, like Gecko) Chrome/78.0.3904.108 Safari/537.36"
136.115.132.237 - - [04/Mar/2026:18:01:47 +0100] "GET //?author=2 HTTP/1.0" 301 519 "-" "Mozilla/5.0 (Windows NT 10.0; Win64; x64) AppleWebKit/537.36 (KHTML, like Gecko) Chrome/78.0.3904.108 Safari/537.36"
136.115.132.237 - - [04/Mar/2026:18:01:47 +0100] "GET //wp-json/wp/v2/users/ HTTP/1.0" 404 577 "-" "Mozilla/5.0 (Windows NT 10.0; Win64; x64) AppleWebKit/537.36 (KHTML, like Gecko) Chrome/78.0.3904.108 Safari/537.36"
136.115.132.237 - - [04/Mar/2026:18:01:47 +0100] "GET //wp-json/oembed/1.0/embed?url=https://online.comeonline.ch/ HTTP/1.0" 404 581 "-" "Mozilla/5.0 (Windows NT 10.0; Win64; x64) AppleWebKit/537.36 (KHTML, like Gecko) Chrome/78.0.3904.108 Safari/537.36"
136.115.132.237 - - [04/Mar/2026:18:01:47 +0100] "POST //xmlrpc.php HTTP/1.0" 200 741 "-" "Mozilla/5.0 (Windows NT 10.0; Win64; x64) AppleWebKit/537.36 (KHTML, like Gecko) Chrome/78.0.3904.108 Safari/537.36"
136.115.132.237 - - [04/Mar/2026:18:01:47 +0100] "POST //xmlrpc.php HTTP/1.0" 200 741 "-" "Mozilla/5.0 (Windows NT 10.0; Win64; x64) AppleWebKit/537.36 (KHTML, like Gecko) Chrome/78.0.3904.108 Safari/537.36"
136.115.132.237 - - [04/Mar/2026:18:01:48 +0100] "POST //xmlrpc.php HTTP/1.0" 200 741 "-" "Mozilla/5.0 (Windows NT 10.0; Win64; x64) AppleWebKit/537.36 (KHTML, like Gecko) Chrome/78.0.3904.108 Safari/537.36"
136.115.132.237 - - [04/Mar/2026:18:01:48 +0100] "POST //xmlrpc.php HTTP/1.0" 200 741 "-" "Mozilla/5.0 (Windows NT 10.0; Win64; x64) AppleWebKit/537.36 (KHTML, like Gecko) Chrome/78.0.3904.108 Safari/537.36"
31.47.251.11 - - [04/Mar/2026:20:46:55 +0100] "GET / HTTP/1.0" 200 70895 "-" "Mozilla/5.0 (Windows NT 10.0; Win64; x64) AppleWebKit/537.36 (KHTML, like Gecko) Chrome/120.0.0.0 Safari/537.36"
80.74.154.100 - - [04/Mar/2026:20:46:56 +0100] "POST /wp-cron.php?doing_wp_cron=1772653616.3128759860992431640625 HTTP/1.0" 200 409 "-" "WordPress/6.9.1; https://online.comeonline.ch"
31.47.251.11 - - [04/Mar/2026:20:46:56 +0100] "GET / HTTP/1.0" 200 70895 "-" "Mozilla/5.0 (Windows NT 10.0; Win64; x64) AppleWebKit/537.36 (KHTML, like Gecko) Chrome/120.0.0.0 Safari/537.36"
80.74.154.100 - - [05/Mar/2026:05:56:59 +0100] "POST /wp-cron.php?doing_wp_cron=1772686619.4458589553833007812500 HTTP/1.0" 200 409 "-" "WordPress/6.9.1; https://online.comeonline.ch"
31.47.251.11 - - [05/Mar/2026:21:02:14 +0100] "GET / HTTP/1.0" 200 70895 "-" "Mozilla/5.0 (Windows NT 10.0; Win64; x64) AppleWebKit/537.36 (KHTML, like Gecko) Chrome/120.0.0.0 Safari/537.36"
31.47.251.11 - - [05/Mar/2026:21:02:14 +0100] "GET / HTTP/1.0" 200 70895 "-" "Mozilla/5.0 (Windows NT 10.0; Win64; x64) AppleWebKit/537.36 (KHTML, like Gecko) Chrome/120.0.0.0 Safari/537.36"
80.74.154.100 - - [05/Mar/2026:21:02:15 +0100] "POST /wp-cron.php?doing_wp_cron=1772740934.8447740077972412109375 HTTP/1.0" 200 409 "-" "WordPress/6.9.1; https://online.comeonline.ch"
35.183.238.8 - - [06/Mar/2026:03:32:06 +0100] "GET / HTTP/1.0" 200 70895 "-" "Mozilla/5.0 (X11; Linux x86_64) AppleWebKit/537.36 (KHTML, like Gecko) Chrome/131.0.0.0 Safari/537.36"
80.74.154.100 - - [06/Mar/2026:03:32:07 +0100] "POST /wp-cron.php?doing_wp_cron=1772764327.6013009548187255859375 HTTP/1.0" 200 409 "-" "WordPress/6.9.1; https://online.comeonline.ch"
35.183.238.8 - - [06/Mar/2026:03:32:08 +0100] "POST / HTTP/1.0" 200 70895 "-" "Mozilla/5.0 (X11; Linux x86_64) AppleWebKit/537.36 (KHTML, like Gecko) Chrome/131.0.0.0 Safari/537.36"
35.183.238.8 - - [06/Mar/2026:03:32:10 +0100] "POST / HTTP/1.0" 200 70895 "-" "Mozilla/5.0 (X11; Linux x86_64) AppleWebKit/537.36 (KHTML, like Gecko) Chrome/131.0.0.0 Safari/537.36"
35.183.238.8 - - [06/Mar/2026:03:32:10 +0100] "POST / HTTP/1.0" 200 70895 "-" "Mozilla/5.0 (X11; Linux x86_64) AppleWebKit/537.36 (KHTML, like Gecko) Chrome/131.0.0.0 Safari/537.36"
80.74.154.100 - - [06/Mar/2026:05:53:44 +0100] "POST /wp-cron.php?doing_wp_cron=1772772823.7951300144195556640625 HTTP/1.0" 200 409 "-" "WordPress/6.9.1; https://online.comeonline.ch"
80.74.154.100 - - [06/Mar/2026:06:20:25 +0100] "POST /wp-cron.php?doing_wp_cron=1772774425.4580121040344238281250 HTTP/1.0" 200 409 "-" "WordPress/6.9.1; https://online.comeonline.ch"
31.47.251.11 - - [06/Mar/2026:21:16:47 +0100] "GET / HTTP/1.0" 200 70895 "-" "Mozilla/5.0 (Windows NT 10.0; Win64; x64) AppleWebKit/537.36 (KHTML, like Gecko) Chrome/120.0.0.0 Safari/537.36"
31.47.251.11 - - [06/Mar/2026:21:16:48 +0100] "GET / HTTP/1.0" 200 70895 "-" "Mozilla/5.0 (Windows NT 10.0; Win64; x64) AppleWebKit/537.36 (KHTML, like Gecko) Chrome/120.0.0.0 Safari/537.36"
80.74.154.100 - - [06/Mar/2026:21:16:51 +0100] "POST /wp-cron.php HTTP/1.0" 200 409 "-" "WordPress/6.9.1; https://online.comeonline.ch"
80.74.154.100 - - [06/Mar/2026:21:16:51 +0100] "GET / HTTP/1.0" 200 70895 "-" "WordPress/6.9.1; https://online.comeonline.ch"
80.74.154.100 - - [06/Mar/2026:21:16:51 +0100] "GET / HTTP/1.0" 200 70895 "-" "WordPress/6.9.1; https://online.comeonline.ch"
80.74.154.100 - - [06/Mar/2026:21:16:51 +0100] "GET / HTTP/1.0" 200 70895 "-" "WordPress/6.9.1; https://online.comeonline.ch"
80.74.154.100 - - [06/Mar/2026:21:16:51 +0100] "GET / HTTP/1.0" 200 70895 "-" "WordPress/6.9.1; https://online.comeonline.ch"
80.74.154.100 - - [06/Mar/2026:21:16:48 +0100] "POST /wp-cron.php?doing_wp_cron=1772828208.1456971168518066406250 HTTP/1.0" 200 409 "-" "WordPress/6.9.1; https://online.comeonline.ch"
13.229.201.149 - - [07/Mar/2026:00:21:12 +0100] "GET / HTTP/1.0" 200 70895 "-" "Mozilla/5.0 (Windows NT 10.0; Win64; x64) AppleWebKit/537.36 (KHTML, like Gecko) Chrome/131.0.0.0 Safari/537.36"
80.74.154.100 - - [07/Mar/2026:00:21:12 +0100] "POST /wp-cron.php?doing_wp_cron=1772839272.5913100242614746093750 HTTP/1.0" 200 409 "-" "WordPress/6.9.1; https://online.comeonline.ch"
13.229.201.149 - - [07/Mar/2026:00:21:13 +0100] "POST / HTTP/1.0" 200 70895 "-" "Mozilla/5.0 (Windows NT 10.0; Win64; x64) AppleWebKit/537.36 (KHTML, like Gecko) Chrome/131.0.0.0 Safari/537.36"
13.229.201.149 - - [07/Mar/2026:00:21:15 +0100] "POST / HTTP/1.0" 200 70895 "-" "Mozilla/5.0 (Windows NT 10.0; Win64; x64) AppleWebKit/537.36 (KHTML, like Gecko) Chrome/131.0.0.0 Safari/537.36"
13.229.201.149 - - [07/Mar/2026:00:21:15 +0100] "POST / HTTP/1.0" 200 70895 "-" "Mozilla/5.0 (Windows NT 10.0; Win64; x64) AppleWebKit/537.36 (KHTML, like Gecko) Chrome/131.0.0.0 Safari/537.36"
80.74.154.100 - - [07/Mar/2026:05:52:52 +0100] "POST /wp-cron.php?doing_wp_cron=1772859172.2129828929901123046875 HTTP/1.0" 200 409 "-" "WordPress/6.9.1; https://online.comeonline.ch"
80.74.154.100 - - [07/Mar/2026:06:19:26 +0100] "POST /wp-cron.php?doing_wp_cron=1772860766.0384759902954101562500 HTTP/1.0" 200 409 "-" "WordPress/6.9.1; https://online.comeonline.ch"
104.28.214.116 - - [07/Mar/2026:17:41:21 +0100] "GET /style.php HTTP/1.0" 404 566 "http://online.comeonline.ch/style.php" "Go-http-client/2.0"
104.28.214.116 - - [07/Mar/2026:17:41:23 +0100] "GET /wp-content/style.php HTTP/1.0" 404 577 "http://online.comeonline.ch/wp-content/style.php" "Go-http-client/2.0"
104.28.214.116 - - [07/Mar/2026:17:41:24 +0100] "GET /wp-content/themes/style.php HTTP/1.0" 404 584 "http://online.comeonline.ch/wp-content/themes/style.php" "Go-http-client/2.0"
104.28.214.116 - - [07/Mar/2026:17:41:25 +0100] "GET /wp-admin/style.php HTTP/1.0" 404 575 "http://online.comeonline.ch/wp-admin/style.php" "Go-http-client/2.0"
104.28.214.116 - - [07/Mar/2026:17:41:26 +0100] "GET /wp-includes/style.php HTTP/1.0" 404 578 "http://online.comeonline.ch/wp-includes/style.php" "Go-http-client/2.0"
104.28.214.116 - - [07/Mar/2026:17:41:27 +0100] "GET /chosen.php?p= HTTP/1.0" 404 567 "http://online.comeonline.ch/chosen.php?p=" "Go-http-client/2.0"
104.28.214.116 - - [07/Mar/2026:17:41:28 +0100] "GET /file.php HTTP/1.0" 404 565 "http://online.comeonline.ch/file.php" "Go-http-client/2.0"
104.28.214.116 - - [07/Mar/2026:17:41:29 +0100] "GET /flower.php HTTP/1.0" 404 567 "http://online.comeonline.ch/flower.php" "Go-http-client/2.0"
104.28.214.116 - - [07/Mar/2026:17:41:30 +0100] "GET /gifclass.php HTTP/1.0" 404 569 "http://online.comeonline.ch/gifclass.php#888xyz999" "Go-http-client/2.0"
104.28.214.116 - - [07/Mar/2026:17:41:31 +0100] "GET /bless.php HTTP/1.0" 404 566 "http://online.comeonline.ch/bless.php#888xyz999" "Go-http-client/2.0"
104.28.214.116 - - [07/Mar/2026:17:41:32 +0100] "GET /class-t.api.php HTTP/1.0" 404 572 "http://online.comeonline.ch/class-t.api.php#888xyz999" "Go-http-client/2.0"
104.28.214.116 - - [07/Mar/2026:17:41:33 +0100] "GET /blurbs.php HTTP/1.0" 404 567 "http://online.comeonline.ch/blurbs.php#888xyz999" "Go-http-client/2.0"
104.28.214.116 - - [07/Mar/2026:17:41:34 +0100] "GET /akcc.php HTTP/1.0" 404 565 "http://online.comeonline.ch/akcc.php" "Go-http-client/2.0"
104.28.214.116 - - [07/Mar/2026:17:41:35 +0100] "GET /abcd.php HTTP/1.0" 404 565 "http://online.comeonline.ch/abcd.php" "Go-http-client/2.0"
104.28.214.116 - - [07/Mar/2026:17:41:36 +0100] "GET /shelp.php HTTP/1.0" 404 566 "http://online.comeonline.ch/shelp.php" "Go-http-client/2.0"
104.28.214.116 - - [07/Mar/2026:17:41:37 +0100] "GET /cord.php HTTP/1.0" 404 565 "http://online.comeonline.ch/cord.php" "Go-http-client/2.0"
104.28.214.116 - - [07/Mar/2026:17:41:38 +0100] "GET /dex.php HTTP/1.0" 404 564 "http://online.comeonline.ch/dex.php" "Go-http-client/2.0"
104.28.214.116 - - [07/Mar/2026:17:41:39 +0100] "GET /wp-admin/admin-ajax.php HTTP/1.0" 400 471 "http://online.comeonline.ch/wp-admin/admin-ajax.php" "Go-http-client/2.0"
80.74.154.100 - - [07/Mar/2026:17:41:39 +0100] "POST /wp-cron.php?doing_wp_cron=1772901699.7413039207458496093750 HTTP/1.0" 200 409 "-" "WordPress/6.9.1; https://online.comeonline.ch"
104.28.214.116 - - [07/Mar/2026:17:41:42 +0100] "GET /file2.php HTTP/1.0" 404 566 "http://online.comeonline.ch/file2.php#tabFM" "Go-http-client/2.0"
104.28.214.116 - - [07/Mar/2026:17:41:43 +0100] "GET //zwso.php HTTP/1.0" 404 565 "http://online.comeonline.ch//zwso.php" "Go-http-client/2.0"
104.28.214.116 - - [07/Mar/2026:17:41:44 +0100] "GET /wp-admin/zwso.php HTTP/1.0" 404 574 "http://online.comeonline.ch/wp-admin/zwso.php" "Go-http-client/2.0"
104.28.214.116 - - [07/Mar/2026:17:41:45 +0100] "GET /wp-content/plugins/hellopress/wp_mna.php HTTP/1.0" 404 597 "http://online.comeonline.ch/wp-content/plugins/hellopress/wp_mna.php" "Go-http-client/2.0"
104.28.214.116 - - [07/Mar/2026:17:41:46 +0100] "GET /bolt.php HTTP/1.0" 404 565 "http://online.comeonline.ch/bolt.php" "Go-http-client/2.0"
104.28.214.116 - - [07/Mar/2026:17:41:47 +0100] "GET /shlo.php HTTP/1.0" 404 565 "http://online.comeonline.ch/shlo.php#lufix" "Go-http-client/2.0"
104.28.214.116 - - [07/Mar/2026:17:41:48 +0100] "GET /133.php HTTP/1.0" 404 564 "http://online.comeonline.ch/133.php" "Go-http-client/2.0"
104.28.214.116 - - [07/Mar/2026:17:41:49 +0100] "GET /ahax.php HTTP/1.0" 404 565 "http://online.comeonline.ch/ahax.php" "Go-http-client/2.0"
104.28.214.116 - - [07/Mar/2026:17:41:50 +0100] "GET /php8.php HTTP/1.0" 404 565 "http://online.comeonline.ch/php8.php#xleet" "Go-http-client/2.0"
104.28.214.116 - - [07/Mar/2026:17:41:51 +0100] "GET /lufix1.php HTTP/1.0" 404 567 "http://online.comeonline.ch/lufix1.php#lufix" "Go-http-client/2.0"
104.28.214.116 - - [07/Mar/2026:17:41:52 +0100] "GET /witmm.php HTTP/1.0" 404 566 "http://online.comeonline.ch/witmm.php#lufix" "Go-http-client/2.0"
104.28.214.116 - - [07/Mar/2026:17:41:53 +0100] "GET /wp-admin/css/index.php HTTP/1.0" 404 579 "http://online.comeonline.ch/wp-admin/css/index.php" "Go-http-client/2.0"
104.28.214.116 - - [07/Mar/2026:17:41:54 +0100] "GET /wp-content/plugins/index.php HTTP/1.0" 200 316 "http://online.comeonline.ch/wp-content/plugins/index.php" "Go-http-client/2.0"
104.28.214.116 - - [07/Mar/2026:17:41:55 +0100] "GET /wp-content/index.php HTTP/1.0" 200 316 "http://online.comeonline.ch/wp-content/index.php" "Go-http-client/2.0"
104.28.214.116 - - [07/Mar/2026:17:41:56 +0100] "GET /ioxi-o.php HTTP/1.0" 404 567 "http://online.comeonline.ch/ioxi-o.php" "Go-http-client/2.0"
104.28.214.116 - - [07/Mar/2026:17:41:57 +0100] "GET /222.php HTTP/1.0" 404 564 "http://online.comeonline.ch/222.php" "Go-http-client/2.0"
104.28.214.116 - - [07/Mar/2026:17:41:58 +0100] "GET /files.php HTTP/1.0" 404 566 "http://online.comeonline.ch/files.php#admin@3tu/T?TJ8v?N" "Go-http-client/2.0"
104.28.214.116 - - [07/Mar/2026:17:41:59 +0100] "GET /wp-editor.php HTTP/1.0" 404 570 "http://online.comeonline.ch/wp-editor.php#lufix" "Go-http-client/2.0"
104.28.214.116 - - [07/Mar/2026:17:42:00 +0100] "GET /txets.php HTTP/1.0" 404 566 "http://online.comeonline.ch/txets.php" "Go-http-client/2.0"
104.28.214.116 - - [07/Mar/2026:17:42:01 +0100] "GET /wp-content/txets.php HTTP/1.0" 404 577 "http://online.comeonline.ch/wp-content/txets.php" "Go-http-client/2.0"
104.28.214.116 - - [07/Mar/2026:17:42:02 +0100] "GET /wp-admin/txets.php HTTP/1.0" 404 575 "http://online.comeonline.ch/wp-admin/txets.php" "Go-http-client/2.0"
104.28.214.116 - - [07/Mar/2026:17:42:03 +0100] "GET /postnews.php HTTP/1.0" 404 569 "http://online.comeonline.ch/postnews.php" "Go-http-client/2.0"
104.28.214.116 - - [07/Mar/2026:17:42:04 +0100] "GET /wp-content/postnews.php HTTP/1.0" 404 580 "http://online.comeonline.ch/wp-content/postnews.php" "Go-http-client/2.0"
104.28.214.116 - - [07/Mar/2026:17:42:05 +0100] "GET /wp-admin/postnews.php HTTP/1.0" 404 578 "http://online.comeonline.ch/wp-admin/postnews.php" "Go-http-client/2.0"
16.184.42.192 - - [07/Mar/2026:18:46:03 +0100] "GET / HTTP/1.0" 200 70895 "-" "Mozilla/5.0 (Windows NT 10.0; Win64; x64) AppleWebKit/537.36 (KHTML, like Gecko) Chrome/131.0.0.0 Safari/537.36"
80.74.154.100 - - [07/Mar/2026:18:46:04 +0100] "POST /wp-cron.php?doing_wp_cron=1772905564.0452671051025390625000 HTTP/1.0" 200 409 "-" "WordPress/6.9.1; https://online.comeonline.ch"
16.184.42.192 - - [07/Mar/2026:18:46:05 +0100] "POST / HTTP/1.0" 200 70895 "-" "Mozilla/5.0 (Windows NT 10.0; Win64; x64) AppleWebKit/537.36 (KHTML, like Gecko) Chrome/131.0.0.0 Safari/537.36"
16.184.42.192 - - [07/Mar/2026:18:46:06 +0100] "POST / HTTP/1.0" 200 70895 "-" "Mozilla/5.0 (Windows NT 10.0; Win64; x64) AppleWebKit/537.36 (KHTML, like Gecko) Chrome/131.0.0.0 Safari/537.36"
16.184.42.192 - - [07/Mar/2026:18:46:06 +0100] "POST / HTTP/1.0" 200 70895 "-" "Mozilla/5.0 (Windows NT 10.0; Win64; x64) AppleWebKit/537.36 (KHTML, like Gecko) Chrome/131.0.0.0 Safari/537.36"
31.47.251.11 - - [07/Mar/2026:21:32:02 +0100] "GET / HTTP/1.0" 200 70895 "-" "Mozilla/5.0 (Windows NT 10.0; Win64; x64) AppleWebKit/537.36 (KHTML, like Gecko) Chrome/120.0.0.0 Safari/537.36"
31.47.251.11 - - [07/Mar/2026:21:32:02 +0100] "GET / HTTP/1.0" 200 70895 "-" "Mozilla/5.0 (Windows NT 10.0; Win64; x64) AppleWebKit/537.36 (KHTML, like Gecko) Chrome/120.0.0.0 Safari/537.36"
80.74.154.100 - - [07/Mar/2026:21:32:03 +0100] "POST /wp-cron.php?doing_wp_cron=1772915523.1828958988189697265625 HTTP/1.0" 200 409 "-" "WordPress/6.9.1; https://online.comeonline.ch"
80.74.154.100 - - [08/Mar/2026:05:51:24 +0100] "POST /wp-cron.php?doing_wp_cron=1772945484.5029630661010742187500 HTTP/1.0" 200 409 "-" "WordPress/6.9.1; https://online.comeonline.ch"
80.74.154.100 - - [08/Mar/2026:06:18:18 +0100] "POST /wp-cron.php?doing_wp_cron=1772947098.0526049137115478515625 HTTP/1.0" 200 409 "-" "WordPress/6.9.1; https://online.comeonline.ch"
31.47.251.11 - - [08/Mar/2026:21:46:51 +0100] "GET / HTTP/1.0" 200 70895 "-" "Mozilla/5.0 (Windows NT 10.0; Win64; x64) AppleWebKit/537.36 (KHTML, like Gecko) Chrome/120.0.0.0 Safari/537.36"
31.47.251.11 - - [08/Mar/2026:21:46:51 +0100] "GET / HTTP/1.0" 200 70895 "-" "Mozilla/5.0 (Windows NT 10.0; Win64; x64) AppleWebKit/537.36 (KHTML, like Gecko) Chrome/120.0.0.0 Safari/537.36"
80.74.154.100 - - [08/Mar/2026:21:46:52 +0100] "POST /wp-cron.php?doing_wp_cron=1773002812.5319280624389648437500 HTTP/1.0" 200 409 "-" "WordPress/6.9.1; https://online.comeonline.ch"
80.74.154.100 - - [08/Mar/2026:21:46:52 +0100] "POST /wp-cron.php?doing_wp_cron=1773002812.5319819450378417968750 HTTP/1.0" 200 409 "-" "WordPress/6.9.1; https://online.comeonline.ch"
80.74.154.100 - - [09/Mar/2026:05:50:36 +0100] "POST /wp-cron.php?doing_wp_cron=1773031835.9267890453338623046875 HTTP/1.0" 200 409 "-" "WordPress/6.9.1; https://online.comeonline.ch"
80.74.154.100 - - [09/Mar/2026:06:16:51 +0100] "POST /wp-cron.php?doing_wp_cron=1773033410.8195641040802001953125 HTTP/1.0" 200 409 "-" "WordPress/6.9.1; https://online.comeonline.ch"
34.29.168.99 - - [09/Mar/2026:16:26:56 +0100] "GET / HTTP/1.0" 200 70895 "http://online.comeonline.ch" "Mozilla/5.0 (compatible; CMS-Checker/1.0; +https://example.com)"
80.74.154.100 - - [09/Mar/2026:16:26:57 +0100] "POST /wp-cron.php?doing_wp_cron=1773070016.9251439571380615234375 HTTP/1.0" 200 409 "-" "WordPress/6.9.1; https://online.comeonline.ch"
34.29.168.99 - - [09/Mar/2026:17:17:00 +0100] "GET / HTTP/1.0" 200 70895 "-" "Mozilla/5.0 (Windows NT 10.0; Win64; x64) AppleWebKit/537.36 (KHTML, like Gecko) Chrome/78.0.3904.108 Safari/537.36"
80.74.154.100 - - [09/Mar/2026:17:17:01 +0100] "POST /wp-cron.php?doing_wp_cron=1773073020.9303770065307617187500 HTTP/1.0" 200 409 "-" "WordPress/6.9.1; https://online.comeonline.ch"
34.29.168.99 - - [09/Mar/2026:17:17:02 +0100] "GET //wp-includes/wlwmanifest.xml HTTP/1.0" 404 584 "-" "Mozilla/5.0 (Windows NT 10.0; Win64; x64) AppleWebKit/537.36 (KHTML, like Gecko) Chrome/78.0.3904.108 Safari/537.36"
34.29.168.99 - - [09/Mar/2026:17:17:02 +0100] "GET //xmlrpc.php?rsd HTTP/1.0" 200 1173 "-" "Mozilla/5.0 (Windows NT 10.0; Win64; x64) AppleWebKit/537.36 (KHTML, like Gecko) Chrome/78.0.3904.108 Safari/537.36"
34.29.168.99 - - [09/Mar/2026:17:17:02 +0100] "GET //?author=1 HTTP/1.0" 301 407 "-" "Mozilla/5.0 (Windows NT 10.0; Win64; x64) AppleWebKit/537.36 (KHTML, like Gecko) Chrome/78.0.3904.108 Safari/537.36"
34.29.168.99 - - [09/Mar/2026:17:17:02 +0100] "GET //?author=2 HTTP/1.0" 301 519 "-" "Mozilla/5.0 (Windows NT 10.0; Win64; x64) AppleWebKit/537.36 (KHTML, like Gecko) Chrome/78.0.3904.108 Safari/537.36"
34.29.168.99 - - [09/Mar/2026:17:17:03 +0100] "GET //wp-json/wp/v2/users/ HTTP/1.0" 404 577 "-" "Mozilla/5.0 (Windows NT 10.0; Win64; x64) AppleWebKit/537.36 (KHTML, like Gecko) Chrome/78.0.3904.108 Safari/537.36"
34.29.168.99 - - [09/Mar/2026:17:17:03 +0100] "GET //wp-json/oembed/1.0/embed?url=https://online.comeonline.ch/ HTTP/1.0" 404 581 "-" "Mozilla/5.0 (Windows NT 10.0; Win64; x64) AppleWebKit/537.36 (KHTML, like Gecko) Chrome/78.0.3904.108 Safari/537.36"
34.29.168.99 - - [09/Mar/2026:17:17:03 +0100] "POST //xmlrpc.php HTTP/1.0" 200 741 "-" "Mozilla/5.0 (Windows NT 10.0; Win64; x64) AppleWebKit/537.36 (KHTML, like Gecko) Chrome/78.0.3904.108 Safari/537.36"
34.29.168.99 - - [09/Mar/2026:17:17:03 +0100] "POST //xmlrpc.php HTTP/1.0" 200 741 "-" "Mozilla/5.0 (Windows NT 10.0; Win64; x64) AppleWebKit/537.36 (KHTML, like Gecko) Chrome/78.0.3904.108 Safari/537.36"
34.29.168.99 - - [09/Mar/2026:17:17:03 +0100] "POST //xmlrpc.php HTTP/1.0" 200 741 "-" "Mozilla/5.0 (Windows NT 10.0; Win64; x64) AppleWebKit/537.36 (KHTML, like Gecko) Chrome/78.0.3904.108 Safari/537.36"
34.29.168.99 - - [09/Mar/2026:17:17:03 +0100] "POST //xmlrpc.php HTTP/1.0" 200 741 "-" "Mozilla/5.0 (Windows NT 10.0; Win64; x64) AppleWebKit/537.36 (KHTML, like Gecko) Chrome/78.0.3904.108 Safari/537.36"
34.29.168.99 - - [09/Mar/2026:17:17:04 +0100] "POST //xmlrpc.php HTTP/1.0" 200 741 "-" "Mozilla/5.0 (Windows NT 10.0; Win64; x64) AppleWebKit/537.36 (KHTML, like Gecko) Chrome/78.0.3904.108 Safari/537.36"
34.29.168.99 - - [09/Mar/2026:17:17:04 +0100] "POST //xmlrpc.php HTTP/1.0" 200 741 "-" "Mozilla/5.0 (Windows NT 10.0; Win64; x64) AppleWebKit/537.36 (KHTML, like Gecko) Chrome/78.0.3904.108 Safari/537.36"
34.29.168.99 - - [09/Mar/2026:17:17:04 +0100] "POST //xmlrpc.php HTTP/1.0" 200 741 "-" "Mozilla/5.0 (Windows NT 10.0; Win64; x64) AppleWebKit/537.36 (KHTML, like Gecko) Chrome/78.0.3904.108 Safari/537.36"
34.29.168.99 - - [09/Mar/2026:17:17:04 +0100] "POST //xmlrpc.php HTTP/1.0" 200 741 "-" "Mozilla/5.0 (Windows NT 10.0; Win64; x64) AppleWebKit/537.36 (KHTML, like Gecko) Chrome/78.0.3904.108 Safari/537.36"
34.29.168.99 - - [09/Mar/2026:17:17:04 +0100] "POST //xmlrpc.php HTTP/1.0" 200 741 "-" "Mozilla/5.0 (Windows NT 10.0; Win64; x64) AppleWebKit/537.36 (KHTML, like Gecko) Chrome/78.0.3904.108 Safari/537.36"
35.94.138.154 - - [09/Mar/2026:17:34:04 +0100] "GET /robots.txt HTTP/1.0" 404 567 "-" "Mozilla/5.0 (compatible; wpbot/1.4; +https://forms.gle/ajBaxygz9jSR8p8G9)"
35.94.138.154 - - [09/Mar/2026:17:34:04 +0100] "GET / HTTP/1.0" 200 70895 "-" "Mozilla/5.0 (compatible; wpbot/1.4; +https://forms.gle/ajBaxygz9jSR8p8G9)"
31.47.251.11 - - [09/Mar/2026:21:47:10 +0100] "GET / HTTP/1.0" 200 70866 "-" "Mozilla/5.0 (Windows NT 10.0; Win64; x64) AppleWebKit/537.36 (KHTML, like Gecko) Chrome/120.0.0.0 Safari/537.36"
80.74.154.100 - - [09/Mar/2026:21:47:11 +0100] "POST /wp-cron.php?doing_wp_cron=1773089231.0337829589843750000000 HTTP/1.0" 200 409 "-" "WordPress/6.9.1; https://online.comeonline.ch"
31.47.251.11 - - [09/Mar/2026:21:47:10 +0100] "GET / HTTP/1.0" 200 70895 "-" "Mozilla/5.0 (Windows NT 10.0; Win64; x64) AppleWebKit/537.36 (KHTML, like Gecko) Chrome/120.0.0.0 Safari/537.36"
80.74.154.100 - - [10/Mar/2026:05:56:06 +0100] "POST /wp-cron.php?doing_wp_cron=1773118566.1454100608825683593750 HTTP/1.0" 200 409 "-" "WordPress/6.9.1; https://online.comeonline.ch"
212.28.181.25 - - [10/Mar/2026:19:15:46 +0100] "GET / HTTP/1.0" 200 70895 "-" "python-requests/2.31.0"
80.74.154.100 - - [10/Mar/2026:19:15:47 +0100] "POST /wp-cron.php?doing_wp_cron=1773166547.1570219993591308593750 HTTP/1.0" 200 409 "-" "WordPress/6.9.1; https://online.comeonline.ch"
31.47.251.11 - - [10/Mar/2026:21:58:37 +0100] "GET / HTTP/1.0" 200 70895 "-" "Mozilla/5.0 (Windows NT 10.0; Win64; x64) AppleWebKit/537.36 (KHTML, like Gecko) Chrome/120.0.0.0 Safari/537.36"
80.74.154.100 - - [10/Mar/2026:21:58:38 +0100] "POST /wp-cron.php?doing_wp_cron=1773176318.0662860870361328125000 HTTP/1.0" 200 409 "-" "WordPress/6.9.1; https://online.comeonline.ch"
34.125.171.143 - - [11/Mar/2026:01:58:15 +0100] "GET /.git/config HTTP/1.0" 404 568 "-" "-"
80.74.154.100 - - [11/Mar/2026:07:02:59 +0100] "POST /wp-cron.php?doing_wp_cron=1773208979.6067399978637695312500 HTTP/1.0" 200 409 "-" "WordPress/6.9.1; https://online.comeonline.ch"
80.74.154.100 - - [11/Mar/2026:07:03:13 +0100] "HEAD / HTTP/1.0" 200 137 "-" "-"
80.74.154.100 - - [11/Mar/2026:07:03:19 +0100] "POST /wp-admin/upgrade.php?step=upgrade_db HTTP/1.0" 200 439 "-" "WordPress/6.9.1; https://online.comeonline.ch"
80.74.154.100 - - [11/Mar/2026:07:03:28 +0100] "HEAD / HTTP/1.0" 200 137 "-" "-"
35.199.180.237 - - [11/Mar/2026:11:12:59 +0100] "GET / HTTP/1.0" 200 70895 "-" "Mozilla/5.0 (Windows NT 10.0; Win64; x64) AppleWebKit/537.36 (KHTML, like Gecko) Chrome/78.0.3904.108 Safari/537.36"
35.199.180.237 - - [11/Mar/2026:11:13:01 +0100] "GET //wp-includes/wlwmanifest.xml HTTP/1.0" 404 584 "-" "Mozilla/5.0 (Windows NT 10.0; Win64; x64) AppleWebKit/537.36 (KHTML, like Gecko) Chrome/78.0.3904.108 Safari/537.36"
80.74.154.100 - - [11/Mar/2026:11:12:59 +0100] "POST /wp-cron.php?doing_wp_cron=1773223979.6735761165618896484375 HTTP/1.0" 200 409 "-" "WordPress/6.9.3; https://online.comeonline.ch"
35.199.180.237 - - [11/Mar/2026:11:13:01 +0100] "GET //xmlrpc.php?rsd HTTP/1.0" 200 1173 "-" "Mozilla/5.0 (Windows NT 10.0; Win64; x64) AppleWebKit/537.36 (KHTML, like Gecko) Chrome/78.0.3904.108 Safari/537.36"
35.199.180.237 - - [11/Mar/2026:11:13:02 +0100] "GET //?author=1 HTTP/1.0" 301 407 "-" "Mozilla/5.0 (Windows NT 10.0; Win64; x64) AppleWebKit/537.36 (KHTML, like Gecko) Chrome/78.0.3904.108 Safari/537.36"
35.199.180.237 - - [11/Mar/2026:11:13:02 +0100] "GET //?author=2 HTTP/1.0" 301 519 "-" "Mozilla/5.0 (Windows NT 10.0; Win64; x64) AppleWebKit/537.36 (KHTML, like Gecko) Chrome/78.0.3904.108 Safari/537.36"
35.199.180.237 - - [11/Mar/2026:11:13:02 +0100] "GET //wp-json/wp/v2/users/ HTTP/1.0" 404 577 "-" "Mozilla/5.0 (Windows NT 10.0; Win64; x64) AppleWebKit/537.36 (KHTML, like Gecko) Chrome/78.0.3904.108 Safari/537.36"
35.199.180.237 - - [11/Mar/2026:11:13:03 +0100] "GET //wp-json/oembed/1.0/embed?url=https://online.comeonline.ch/ HTTP/1.0" 404 581 "-" "Mozilla/5.0 (Windows NT 10.0; Win64; x64) AppleWebKit/537.36 (KHTML, like Gecko) Chrome/78.0.3904.108 Safari/537.36"
35.199.180.237 - - [11/Mar/2026:11:13:03 +0100] "POST //xmlrpc.php HTTP/1.0" 200 741 "-" "Mozilla/5.0 (Windows NT 10.0; Win64; x64) AppleWebKit/537.36 (KHTML, like Gecko) Chrome/78.0.3904.108 Safari/537.36"
35.199.180.237 - - [11/Mar/2026:11:13:03 +0100] "POST //xmlrpc.php HTTP/1.0" 200 741 "-" "Mozilla/5.0 (Windows NT 10.0; Win64; x64) AppleWebKit/537.36 (KHTML, like Gecko) Chrome/78.0.3904.108 Safari/537.36"
35.199.180.237 - - [11/Mar/2026:11:13:03 +0100] "POST //xmlrpc.php HTTP/1.0" 200 741 "-" "Mozilla/5.0 (Windows NT 10.0; Win64; x64) AppleWebKit/537.36 (KHTML, like Gecko) Chrome/78.0.3904.108 Safari/537.36"
35.199.180.237 - - [11/Mar/2026:11:13:03 +0100] "POST //xmlrpc.php HTTP/1.0" 200 741 "-" "Mozilla/5.0 (Windows NT 10.0; Win64; x64) AppleWebKit/537.36 (KHTML, like Gecko) Chrome/78.0.3904.108 Safari/537.36"
35.199.180.237 - - [11/Mar/2026:11:13:04 +0100] "POST //xmlrpc.php HTTP/1.0" 200 741 "-" "Mozilla/5.0 (Windows NT 10.0; Win64; x64) AppleWebKit/537.36 (KHTML, like Gecko) Chrome/78.0.3904.108 Safari/537.36"
35.199.180.237 - - [11/Mar/2026:11:13:04 +0100] "POST //xmlrpc.php HTTP/1.0" 200 741 "-" "Mozilla/5.0 (Windows NT 10.0; Win64; x64) AppleWebKit/537.36 (KHTML, like Gecko) Chrome/78.0.3904.108 Safari/537.36"
35.199.180.237 - - [11/Mar/2026:11:13:04 +0100] "POST //xmlrpc.php HTTP/1.0" 200 741 "-" "Mozilla/5.0 (Windows NT 10.0; Win64; x64) AppleWebKit/537.36 (KHTML, like Gecko) Chrome/78.0.3904.108 Safari/537.36"
35.199.180.237 - - [11/Mar/2026:11:13:04 +0100] "POST //xmlrpc.php HTTP/1.0" 200 741 "-" "Mozilla/5.0 (Windows NT 10.0; Win64; x64) AppleWebKit/537.36 (KHTML, like Gecko) Chrome/78.0.3904.108 Safari/537.36"
35.199.180.237 - - [11/Mar/2026:11:13:04 +0100] "POST //xmlrpc.php HTTP/1.0" 200 741 "-" "Mozilla/5.0 (Windows NT 10.0; Win64; x64) AppleWebKit/537.36 (KHTML, like Gecko) Chrome/78.0.3904.108 Safari/537.36"
69.165.67.28 - - [11/Mar/2026:17:16:54 +0100] "GET /index.php?rest_route=/wp/v2/posts&per_page=100&_fields=id%2Ccomment_status&page=1 HTTP/1.0" 200 742 "https://online.comeonline.ch" "Mozilla/5.0 (iPhone; CPU iPhone OS 17_6_1 like Mac OS X) AppleWebKit/605.1.15 (KHTML, like Gecko) Version/17.6 Mobile/15E148 Safari/604.1"
80.74.154.100 - - [11/Mar/2026:17:16:55 +0100] "POST /wp-cron.php?doing_wp_cron=1773245815.3235719203948974609375 HTTP/1.0" 200 409 "-" "WordPress/6.9.3; https://online.comeonline.ch"
31.47.251.11 - - [11/Mar/2026:22:01:59 +0100] "GET / HTTP/1.0" 200 70895 "-" "Mozilla/5.0 (Windows NT 10.0; Win64; x64) AppleWebKit/537.36 (KHTML, like Gecko) Chrome/120.0.0.0 Safari/537.36"
80.74.154.100 - - [11/Mar/2026:22:02:00 +0100] "POST /wp-cron.php?doing_wp_cron=1773262920.0806710720062255859375 HTTP/1.0" 200 409 "-" "WordPress/6.9.3; https://online.comeonline.ch"
31.47.251.11 - - [11/Mar/2026:22:02:00 +0100] "GET / HTTP/1.0" 200 70895 "-" "Mozilla/5.0 (Windows NT 10.0; Win64; x64) AppleWebKit/537.36 (KHTML, like Gecko) Chrome/120.0.0.0 Safari/537.36"
18.170.0.29 - - [12/Mar/2026:04:34:06 +0100] "GET / HTTP/1.0" 200 70895 "-" "Mozilla/5.0 (Windows NT 10.0; Win64; x64) AppleWebKit/537.36 (KHTML, like Gecko) Chrome/131.0.0.0 Safari/537.36"
18.170.0.29 - - [12/Mar/2026:04:34:08 +0100] "POST / HTTP/1.0" 200 70895 "-" "Mozilla/5.0 (Windows NT 10.0; Win64; x64) AppleWebKit/537.36 (KHTML, like Gecko) Chrome/131.0.0.0 Safari/537.36"
18.170.0.29 - - [12/Mar/2026:04:34:08 +0100] "POST / HTTP/1.0" 200 70895 "-" "Mozilla/5.0 (Windows NT 10.0; Win64; x64) AppleWebKit/537.36 (KHTML, like Gecko) Chrome/131.0.0.0 Safari/537.36"
18.170.0.29 - - [12/Mar/2026:04:34:08 +0100] "POST / HTTP/1.0" 200 70895 "-" "Mozilla/5.0 (Windows NT 10.0; Win64; x64) AppleWebKit/537.36 (KHTML, like Gecko) Chrome/131.0.0.0 Safari/537.36"
80.74.154.100 - - [12/Mar/2026:04:34:07 +0100] "POST /wp-cron.php?doing_wp_cron=1773286447.1344289779663085937500 HTTP/1.0" 200 409 "-" "WordPress/6.9.3; https://online.comeonline.ch"
80.74.154.100 - - [12/Mar/2026:06:37:19 +0100] "POST /wp-cron.php?doing_wp_cron=1773293839.0009760856628417968750 HTTP/1.0" 200 409 "-" "WordPress/6.9.3; https://online.comeonline.ch"
80.74.154.100 - - [12/Mar/2026:06:37:33 +0100] "HEAD / HTTP/1.0" 200 137 "-" "-"
80.74.154.100 - - [12/Mar/2026:06:37:36 +0100] "POST /wp-admin/upgrade.php?step=upgrade_db HTTP/1.0" 200 439 "-" "WordPress/6.9.3; https://online.comeonline.ch"
80.74.154.100 - - [12/Mar/2026:06:37:45 +0100] "HEAD / HTTP/1.0" 200 137 "-" "-"
80.74.154.100 - - [12/Mar/2026:07:17:18 +0100] "POST /wp-cron.php?doing_wp_cron=1773296238.3533210754394531250000 HTTP/1.0" 200 409 "-" "WordPress/6.9.4; https://online.comeonline.ch"
31.47.251.11 - - [12/Mar/2026:22:16:59 +0100] "GET / HTTP/1.0" 200 70895 "-" "Mozilla/5.0 (Windows NT 10.0; Win64; x64) AppleWebKit/537.36 (KHTML, like Gecko) Chrome/120.0.0.0 Safari/537.36"
31.47.251.11 - - [12/Mar/2026:22:17:00 +0100] "GET / HTTP/1.0" 200 70895 "-" "Mozilla/5.0 (Windows NT 10.0; Win64; x64) AppleWebKit/537.36 (KHTML, like Gecko) Chrome/120.0.0.0 Safari/537.36"
80.74.154.100 - - [12/Mar/2026:22:17:00 +0100] "POST /wp-cron.php?doing_wp_cron=1773350220.2537839412689208984375 HTTP/1.0" 200 409 "-" "WordPress/6.9.4; https://online.comeonline.ch"
80.74.154.100 - - [13/Mar/2026:06:07:53 +0100] "POST /wp-cron.php?doing_wp_cron=1773378473.2812430858612060546875 HTTP/1.0" 200 409 "-" "WordPress/6.9.4; https://online.comeonline.ch"
31.47.251.11 - - [13/Mar/2026:22:31:29 +0100] "GET / HTTP/1.0" 200 70895 "-" "Mozilla/5.0 (Windows NT 10.0; Win64; x64) AppleWebKit/537.36 (KHTML, like Gecko) Chrome/120.0.0.0 Safari/537.36"
31.47.251.11 - - [13/Mar/2026:22:31:30 +0100] "GET / HTTP/1.0" 200 70895 "-" "Mozilla/5.0 (Windows NT 10.0; Win64; x64) AppleWebKit/537.36 (KHTML, like Gecko) Chrome/120.0.0.0 Safari/537.36"
80.74.154.100 - - [13/Mar/2026:22:31:33 +0100] "POST /wp-cron.php HTTP/1.0" 200 409 "-" "WordPress/6.9.4; https://online.comeonline.ch"
80.74.154.100 - - [13/Mar/2026:22:31:33 +0100] "GET / HTTP/1.0" 200 70895 "-" "WordPress/6.9.4; https://online.comeonline.ch"
80.74.154.100 - - [13/Mar/2026:22:31:34 +0100] "GET / HTTP/1.0" 200 70895 "-" "WordPress/6.9.4; https://online.comeonline.ch"
80.74.154.100 - - [13/Mar/2026:22:31:34 +0100] "GET / HTTP/1.0" 200 70895 "-" "WordPress/6.9.4; https://online.comeonline.ch"
80.74.154.100 - - [13/Mar/2026:22:31:34 +0100] "GET / HTTP/1.0" 200 70895 "-" "WordPress/6.9.4; https://online.comeonline.ch"
80.74.154.100 - - [13/Mar/2026:22:31:30 +0100] "POST /wp-cron.php?doing_wp_cron=1773437490.4091479778289794921875 HTTP/1.0" 200 409 "-" "WordPress/6.9.4; https://online.comeonline.ch"
80.74.154.100 - - [14/Mar/2026:05:50:12 +0100] "POST /wp-cron.php?doing_wp_cron=1773463812.3643960952758789062500 HTTP/1.0" 200 409 "-" "WordPress/6.9.4; https://online.comeonline.ch"
80.74.154.100 - - [14/Mar/2026:06:16:45 +0100] "POST /wp-cron.php?doing_wp_cron=1773465405.5785799026489257812500 HTTP/1.0" 200 409 "-" "WordPress/6.9.4; https://online.comeonline.ch"
31.47.251.11 - - [14/Mar/2026:22:46:39 +0100] "GET / HTTP/1.0" 200 70895 "-" "Mozilla/5.0 (Windows NT 10.0; Win64; x64) AppleWebKit/537.36 (KHTML, like Gecko) Chrome/120.0.0.0 Safari/537.36"
31.47.251.11 - - [14/Mar/2026:22:46:40 +0100] "GET / HTTP/1.0" 200 70895 "-" "Mozilla/5.0 (Windows NT 10.0; Win64; x64) AppleWebKit/537.36 (KHTML, like Gecko) Chrome/120.0.0.0 Safari/537.36"
80.74.154.100 - - [14/Mar/2026:22:46:40 +0100] "POST /wp-cron.php?doing_wp_cron=1773524800.5185699462890625000000 HTTP/1.0" 200 409 "-" "WordPress/6.9.4; https://online.comeonline.ch"
80.74.154.100 - - [15/Mar/2026:05:52:09 +0100] "POST /wp-cron.php?doing_wp_cron=1773550328.9831941127777099609375 HTTP/1.0" 200 409 "-" "WordPress/6.9.4; https://online.comeonline.ch"
80.74.154.100 - - [15/Mar/2026:06:19:04 +0100] "POST /wp-cron.php?doing_wp_cron=1773551944.0305750370025634765625 HTTP/1.0" 200 409 "-" "WordPress/6.9.4; https://online.comeonline.ch"
31.47.251.11 - - [15/Mar/2026:22:46:53 +0100] "GET / HTTP/1.0" 200 70895 "-" "Mozilla/5.0 (Windows NT 10.0; Win64; x64) AppleWebKit/537.36 (KHTML, like Gecko) Chrome/120.0.0.0 Safari/537.36"
31.47.251.11 - - [15/Mar/2026:22:46:54 +0100] "GET / HTTP/1.0" 200 70895 "-" "Mozilla/5.0 (Windows NT 10.0; Win64; x64) AppleWebKit/537.36 (KHTML, like Gecko) Chrome/120.0.0.0 Safari/537.36"
80.74.154.100 - - [15/Mar/2026:22:46:54 +0100] "POST /wp-cron.php?doing_wp_cron=1773611214.3670439720153808593750 HTTP/1.0" 200 409 "-" "WordPress/6.9.4; https://online.comeonline.ch"
70.153.136.37 - - [16/Mar/2026:05:27:50 +0100] "GET / HTTP/1.0" 200 70895 "-" "Mozilla/5.0 (Macintosh; Intel Mac OS X 10_15_7) AppleWebKit/605.1.15 (KHTML, like Gecko) Version/14.0.3 Safari/605.1.15"
80.74.154.100 - - [16/Mar/2026:05:27:51 +0100] "POST /wp-cron.php?doing_wp_cron=1773635271.4258310794830322265625 HTTP/1.0" 200 409 "-" "WordPress/6.9.4; https://online.comeonline.ch"
70.153.136.37 - - [16/Mar/2026:05:29:35 +0100] "GET /ftpsync.settings HTTP/1.0" 404 573 "-" "Mozilla/5.0 (Macintosh; Intel Mac OS X 10_15_7) AppleWebKit/605.1.15 (KHTML, like Gecko) Version/14.0.3 Safari/605.1.15"
70.153.136.37 - - [16/Mar/2026:05:29:44 +0100] "GET /sftp-config.json HTTP/1.0" 404 573 "-" "Mozilla/5.0 (Macintosh; Intel Mac OS X 10_15_7) AppleWebKit/605.1.15 (KHTML, like Gecko) Version/14.0.3 Safari/605.1.15"
70.153.136.37 - - [16/Mar/2026:05:29:48 +0100] "GET /.vscode/sftp.json HTTP/1.0" 404 574 "-" "Mozilla/5.0 (Macintosh; Intel Mac OS X 10_15_7) AppleWebKit/605.1.15 (KHTML, like Gecko) Version/14.0.3 Safari/605.1.15"
80.74.154.100 - - [16/Mar/2026:05:56:27 +0100] "POST /wp-cron.php?doing_wp_cron=1773636986.9173429012298583984375 HTTP/1.0" 200 409 "-" "WordPress/6.9.4; https://online.comeonline.ch"
31.10.151.155 - - [16/Mar/2026:11:21:02 +0100] "GET /favicon.ico HTTP/1.0" 404 568 "-" "Mozilla/5.0 (Windows NT 10.0; Win64; x64) AppleWebKit/537.36 (KHTML, like Gecko) Chrome/145.0.0.0 Safari/537.36"
34.240.237.103 - - [16/Mar/2026:14:12:36 +0100] "GET / HTTP/1.0" 200 70895 "-" "Mozilla/5.0 (compatible; NetcraftSurveyAgent/1.0; +info@netcraft.com)"
80.74.154.100 - - [16/Mar/2026:14:12:37 +0100] "POST /wp-cron.php?doing_wp_cron=1773666757.2880589962005615234375 HTTP/1.0" 200 409 "-" "WordPress/6.9.4; https://online.comeonline.ch"
31.47.251.11 - - [16/Mar/2026:23:02:11 +0100] "GET / HTTP/1.0" 200 70895 "-" "Mozilla/5.0 (Windows NT 10.0; Win64; x64) AppleWebKit/537.36 (KHTML, like Gecko) Chrome/120.0.0.0 Safari/537.36"
31.47.251.11 - - [16/Mar/2026:23:02:12 +0100] "GET / HTTP/1.0" 200 70895 "-" "Mozilla/5.0 (Windows NT 10.0; Win64; x64) AppleWebKit/537.36 (KHTML, like Gecko) Chrome/120.0.0.0 Safari/537.36"
80.74.154.100 - - [16/Mar/2026:23:02:12 +0100] "POST /wp-cron.php?doing_wp_cron=1773698532.3988349437713623046875 HTTP/1.0" 200 409 "-" "WordPress/6.9.4; https://online.comeonline.ch"
80.74.154.100 - - [17/Mar/2026:05:54:00 +0100] "POST /wp-cron.php?doing_wp_cron=1773723239.8633649349212646484375 HTTP/1.0" 200 409 "-" "WordPress/6.9.4; https://online.comeonline.ch"
80.74.154.100 - - [17/Mar/2026:06:21:45 +0100] "POST /wp-cron.php?doing_wp_cron=1773724905.0132260322570800781250 HTTP/1.0" 200 409 "-" "WordPress/6.9.4; https://online.comeonline.ch"
