207.241.235.86 - - [14/May/2026:22:26:07 +0200] "GET /wp-content/themes/twentyseventeen/assets/fonts/libre-franklin/libre-franklin-latin-ext-300-normal.woff2?ver=13 HTTP/1.0" 200 9952 "https://online.comeonline.ch/wp-content/themes/twentyseventeen/assets/fonts/font-libre-franklin.css?ver=20230328" "Mozilla/5.0 (compatible; archive.org_bot/3.11.1; +https://archive.org/details/archive.org_bot)"
207.241.235.86 - - [14/May/2026:22:26:08 +0200] "GET /wp-content/themes/twentyseventeen/assets/fonts/libre-franklin/libre-franklin-latin-300-normal.woff2?ver=13 HTTP/1.0" 200 14545 "https://online.comeonline.ch/wp-content/themes/twentyseventeen/assets/fonts/font-libre-franklin.css?ver=20230328" "Mozilla/5.0 (compatible; archive.org_bot/3.11.1; +https://archive.org/details/archive.org_bot)"
207.241.235.86 - - [14/May/2026:22:26:10 +0200] "GET /wp-content/themes/twentyseventeen/assets/fonts/libre-franklin/libre-franklin-vietnamese-300-italic.woff2?ver=13 HTTP/1.0" 200 4027 "https://online.comeonline.ch/wp-content/themes/twentyseventeen/assets/fonts/font-libre-franklin.css?ver=20230328" "Mozilla/5.0 (compatible; archive.org_bot/3.11.1; +https://archive.org/details/archive.org_bot)"
207.241.235.86 - - [14/May/2026:22:26:12 +0200] "GET /wp-content/themes/twentyseventeen/assets/fonts/libre-franklin/libre-franklin-all-300-italic.woff?ver=13 HTTP/1.0" 200 33920 "https://online.comeonline.ch/wp-content/themes/twentyseventeen/assets/fonts/font-libre-franklin.css?ver=20230328" "Mozilla/5.0 (compatible; archive.org_bot/3.11.1; +https://archive.org/details/archive.org_bot)"
207.241.235.86 - - [14/May/2026:22:26:13 +0200] "GET /wp-content/themes/twentyseventeen/assets/fonts/libre-franklin/libre-franklin-latin-ext-300-italic.woff2?ver=13 HTTP/1.0" 200 10557 "https://online.comeonline.ch/wp-content/themes/twentyseventeen/assets/fonts/font-libre-franklin.css?ver=20230328" "Mozilla/5.0 (compatible; archive.org_bot/3.11.1; +https://archive.org/details/archive.org_bot)"
207.241.235.86 - - [14/May/2026:22:26:15 +0200] "GET /wp-content/themes/twentyseventeen/assets/fonts/libre-franklin/libre-franklin-latin-300-italic.woff2?ver=13 HTTP/1.0" 200 15829 "https://online.comeonline.ch/wp-content/themes/twentyseventeen/assets/fonts/font-libre-franklin.css?ver=20230328" "Mozilla/5.0 (compatible; archive.org_bot/3.11.1; +https://archive.org/details/archive.org_bot)"
207.241.235.86 - - [14/May/2026:22:26:17 +0200] "GET /wp-content/themes/twentyseventeen/assets/fonts/libre-franklin/libre-franklin-vietnamese-400-normal.woff2?ver=13 HTTP/1.0" 200 3879 "https://online.comeonline.ch/wp-content/themes/twentyseventeen/assets/fonts/font-libre-franklin.css?ver=20230328" "Mozilla/5.0 (compatible; archive.org_bot/3.11.1; +https://archive.org/details/archive.org_bot)"
207.241.235.86 - - [14/May/2026:22:26:18 +0200] "GET /wp-content/themes/twentyseventeen/assets/fonts/libre-franklin/libre-franklin-all-400-normal.woff?ver=13 HTTP/1.0" 200 31287 "https://online.comeonline.ch/wp-content/themes/twentyseventeen/assets/fonts/font-libre-franklin.css?ver=20230328" "Mozilla/5.0 (compatible; archive.org_bot/3.11.1; +https://archive.org/details/archive.org_bot)"
207.241.235.86 - - [14/May/2026:22:26:20 +0200] "GET /wp-content/themes/twentyseventeen/assets/fonts/libre-franklin/libre-franklin-latin-ext-400-normal.woff2?ver=13 HTTP/1.0" 200 10036 "https://online.comeonline.ch/wp-content/themes/twentyseventeen/assets/fonts/font-libre-franklin.css?ver=20230328" "Mozilla/5.0 (compatible; archive.org_bot/3.11.1; +https://archive.org/details/archive.org_bot)"
207.241.235.86 - - [14/May/2026:22:26:22 +0200] "GET /wp-content/themes/twentyseventeen/assets/fonts/libre-franklin/libre-franklin-latin-400-normal.woff2?ver=13 HTTP/1.0" 200 14557 "https://online.comeonline.ch/wp-content/themes/twentyseventeen/assets/fonts/font-libre-franklin.css?ver=20230328" "Mozilla/5.0 (compatible; archive.org_bot/3.11.1; +https://archive.org/details/archive.org_bot)"
207.241.235.86 - - [14/May/2026:22:26:24 +0200] "GET /wp-content/themes/twentyseventeen/assets/fonts/libre-franklin/libre-franklin-vietnamese-400-italic.woff2?ver=13 HTTP/1.0" 200 4015 "https://online.comeonline.ch/wp-content/themes/twentyseventeen/assets/fonts/font-libre-franklin.css?ver=20230328" "Mozilla/5.0 (compatible; archive.org_bot/3.11.1; +https://archive.org/details/archive.org_bot)"
207.241.235.86 - - [14/May/2026:22:26:26 +0200] "GET /wp-content/themes/twentyseventeen/assets/fonts/libre-franklin/libre-franklin-all-400-italic.woff?ver=13 HTTP/1.0" 200 34112 "https://online.comeonline.ch/wp-content/themes/twentyseventeen/assets/fonts/font-libre-franklin.css?ver=20230328" "Mozilla/5.0 (compatible; archive.org_bot/3.11.1; +https://archive.org/details/archive.org_bot)"
207.241.235.86 - - [14/May/2026:22:26:27 +0200] "GET /wp-content/themes/twentyseventeen/assets/fonts/libre-franklin/libre-franklin-latin-ext-400-italic.woff2?ver=13 HTTP/1.0" 200 10657 "https://online.comeonline.ch/wp-content/themes/twentyseventeen/assets/fonts/font-libre-franklin.css?ver=20230328" "Mozilla/5.0 (compatible; archive.org_bot/3.11.1; +https://archive.org/details/archive.org_bot)"
207.241.235.86 - - [14/May/2026:22:26:29 +0200] "GET /wp-content/themes/twentyseventeen/assets/fonts/libre-franklin/libre-franklin-latin-400-italic.woff2?ver=13 HTTP/1.0" 200 15985 "https://online.comeonline.ch/wp-content/themes/twentyseventeen/assets/fonts/font-libre-franklin.css?ver=20230328" "Mozilla/5.0 (compatible; archive.org_bot/3.11.1; +https://archive.org/details/archive.org_bot)"
207.241.235.86 - - [14/May/2026:22:26:31 +0200] "GET /wp-content/themes/twentyseventeen/assets/fonts/libre-franklin/libre-franklin-vietnamese-600-normal.woff2?ver=13 HTTP/1.0" 200 3875 "https://online.comeonline.ch/wp-content/themes/twentyseventeen/assets/fonts/font-libre-franklin.css?ver=20230328" "Mozilla/5.0 (compatible; archive.org_bot/3.11.1; +https://archive.org/details/archive.org_bot)"
207.241.235.86 - - [14/May/2026:22:26:32 +0200] "GET /wp-content/themes/twentyseventeen/assets/fonts/libre-franklin/libre-franklin-all-600-normal.woff?ver=13 HTTP/1.0" 200 31323 "https://online.comeonline.ch/wp-content/themes/twentyseventeen/assets/fonts/font-libre-franklin.css?ver=20230328" "Mozilla/5.0 (compatible; archive.org_bot/3.11.1; +https://archive.org/details/archive.org_bot)"
207.241.235.86 - - [14/May/2026:22:26:34 +0200] "GET /wp-content/themes/twentyseventeen/assets/fonts/libre-franklin/libre-franklin-latin-ext-600-normal.woff2?ver=13 HTTP/1.0" 200 10064 "https://online.comeonline.ch/wp-content/themes/twentyseventeen/assets/fonts/font-libre-franklin.css?ver=20230328" "Mozilla/5.0 (compatible; archive.org_bot/3.11.1; +https://archive.org/details/archive.org_bot)"
207.241.235.86 - - [14/May/2026:22:26:36 +0200] "GET /wp-content/themes/twentyseventeen/assets/fonts/libre-franklin/libre-franklin-latin-600-normal.woff2?ver=13 HTTP/1.0" 200 14625 "https://online.comeonline.ch/wp-content/themes/twentyseventeen/assets/fonts/font-libre-franklin.css?ver=20230328" "Mozilla/5.0 (compatible; archive.org_bot/3.11.1; +https://archive.org/details/archive.org_bot)"
207.241.235.86 - - [14/May/2026:22:26:38 +0200] "GET /wp-content/themes/twentyseventeen/assets/fonts/libre-franklin/libre-franklin-vietnamese-600-italic.woff2?ver=13 HTTP/1.0" 200 4067 "https://online.comeonline.ch/wp-content/themes/twentyseventeen/assets/fonts/font-libre-franklin.css?ver=20230328" "Mozilla/5.0 (compatible; archive.org_bot/3.11.1; +https://archive.org/details/archive.org_bot)"
207.241.235.86 - - [14/May/2026:22:26:39 +0200] "GET /wp-content/themes/twentyseventeen/assets/fonts/libre-franklin/libre-franklin-all-600-italic.woff?ver=13 HTTP/1.0" 200 34312 "https://online.comeonline.ch/wp-content/themes/twentyseventeen/assets/fonts/font-libre-franklin.css?ver=20230328" "Mozilla/5.0 (compatible; archive.org_bot/3.11.1; +https://archive.org/details/archive.org_bot)"
207.241.235.86 - - [14/May/2026:22:26:41 +0200] "GET /wp-content/themes/twentyseventeen/assets/fonts/libre-franklin/libre-franklin-latin-ext-600-italic.woff2?ver=13 HTTP/1.0" 200 10897 "https://online.comeonline.ch/wp-content/themes/twentyseventeen/assets/fonts/font-libre-franklin.css?ver=20230328" "Mozilla/5.0 (compatible; archive.org_bot/3.11.1; +https://archive.org/details/archive.org_bot)"
207.241.235.86 - - [14/May/2026:22:26:42 +0200] "GET /wp-content/themes/twentyseventeen/assets/fonts/libre-franklin/libre-franklin-latin-600-italic.woff2?ver=13 HTTP/1.0" 200 16049 "https://online.comeonline.ch/wp-content/themes/twentyseventeen/assets/fonts/font-libre-franklin.css?ver=20230328" "Mozilla/5.0 (compatible; archive.org_bot/3.11.1; +https://archive.org/details/archive.org_bot)"
207.241.235.86 - - [14/May/2026:22:26:44 +0200] "GET /wp-content/themes/twentyseventeen/assets/fonts/libre-franklin/libre-franklin-vietnamese-800-normal.woff2?ver=13 HTTP/1.0" 200 3871 "https://online.comeonline.ch/wp-content/themes/twentyseventeen/assets/fonts/font-libre-franklin.css?ver=20230328" "Mozilla/5.0 (compatible; archive.org_bot/3.11.1; +https://archive.org/details/archive.org_bot)"
207.241.235.86 - - [14/May/2026:22:26:46 +0200] "GET /wp-content/themes/twentyseventeen/assets/fonts/libre-franklin/libre-franklin-all-800-normal.woff?ver=13 HTTP/1.0" 200 31267 "https://online.comeonline.ch/wp-content/themes/twentyseventeen/assets/fonts/font-libre-franklin.css?ver=20230328" "Mozilla/5.0 (compatible; archive.org_bot/3.11.1; +https://archive.org/details/archive.org_bot)"
207.241.235.86 - - [14/May/2026:22:26:48 +0200] "GET /wp-content/themes/twentyseventeen/assets/fonts/libre-franklin/libre-franklin-latin-ext-800-normal.woff2?ver=13 HTTP/1.0" 200 10076 "https://online.comeonline.ch/wp-content/themes/twentyseventeen/assets/fonts/font-libre-franklin.css?ver=20230328" "Mozilla/5.0 (compatible; archive.org_bot/3.11.1; +https://archive.org/details/archive.org_bot)"
207.241.235.86 - - [14/May/2026:22:26:50 +0200] "GET /wp-content/themes/twentyseventeen/assets/fonts/libre-franklin/libre-franklin-latin-800-normal.woff2?ver=13 HTTP/1.0" 200 14665 "https://online.comeonline.ch/wp-content/themes/twentyseventeen/assets/fonts/font-libre-franklin.css?ver=20230328" "Mozilla/5.0 (compatible; archive.org_bot/3.11.1; +https://archive.org/details/archive.org_bot)"
207.241.235.86 - - [14/May/2026:22:26:52 +0200] "GET /wp-content/themes/twentyseventeen/assets/fonts/libre-franklin/libre-franklin-vietnamese-800-italic.woff2?ver=13 HTTP/1.0" 200 4079 "https://online.comeonline.ch/wp-content/themes/twentyseventeen/assets/fonts/font-libre-franklin.css?ver=20230328" "Mozilla/5.0 (compatible; archive.org_bot/3.11.1; +https://archive.org/details/archive.org_bot)"
207.241.235.86 - - [14/May/2026:22:26:53 +0200] "GET /wp-content/themes/twentyseventeen/assets/fonts/libre-franklin/libre-franklin-all-800-italic.woff?ver=13 HTTP/1.0" 200 34332 "https://online.comeonline.ch/wp-content/themes/twentyseventeen/assets/fonts/font-libre-franklin.css?ver=20230328" "Mozilla/5.0 (compatible; archive.org_bot/3.11.1; +https://archive.org/details/archive.org_bot)"
207.241.235.86 - - [14/May/2026:22:26:55 +0200] "GET /wp-content/themes/twentyseventeen/assets/fonts/libre-franklin/libre-franklin-latin-ext-800-italic.woff2?ver=13 HTTP/1.0" 200 10913 "https://online.comeonline.ch/wp-content/themes/twentyseventeen/assets/fonts/font-libre-franklin.css?ver=20230328" "Mozilla/5.0 (compatible; archive.org_bot/3.11.1; +https://archive.org/details/archive.org_bot)"
207.241.235.86 - - [14/May/2026:22:26:57 +0200] "GET /wp-content/themes/twentyseventeen/assets/fonts/libre-franklin/libre-franklin-latin-800-italic.woff2?ver=13 HTTP/1.0" 200 16157 "https://online.comeonline.ch/wp-content/themes/twentyseventeen/assets/fonts/font-libre-franklin.css?ver=20230328" "Mozilla/5.0 (compatible; archive.org_bot/3.11.1; +https://archive.org/details/archive.org_bot)"
207.241.235.86 - - [14/May/2026:22:26:59 +0200] "GET /true/ HTTP/1.0" 404 562 "https://online.comeonline.ch/wp-includes/js/jquery/jquery.min.js?ver=3.7.1" "Mozilla/5.0 (compatible; archive.org_bot/3.11.1; +https://archive.org/details/archive.org_bot)"
207.241.235.86 - - [14/May/2026:22:27:00 +0200] "GET /click.twentyseventeen HTTP/1.0" 404 578 "https://online.comeonline.ch/wp-content/themes/twentyseventeen/assets/js/navigation.js?ver=20210122" "Mozilla/5.0 (compatible; archive.org_bot/3.11.1; +https://archive.org/details/archive.org_bot)"
207.241.235.86 - - [14/May/2026:22:27:02 +0200] "GET /touchstart.twentyseventeen HTTP/1.0" 404 583 "https://online.comeonline.ch/wp-content/themes/twentyseventeen/assets/js/navigation.js?ver=20210122" "Mozilla/5.0 (compatible; archive.org_bot/3.11.1; +https://archive.org/details/archive.org_bot)"
207.241.235.86 - - [14/May/2026:22:27:04 +0200] "GET /resize.twentyseventeen HTTP/1.0" 404 579 "https://online.comeonline.ch/wp-content/themes/twentyseventeen/assets/js/navigation.js?ver=20210122" "Mozilla/5.0 (compatible; archive.org_bot/3.11.1; +https://archive.org/details/archive.org_bot)"
207.241.235.86 - - [14/May/2026:22:27:05 +0200] "GET /index.php?rest_route=%2Foembed%2F1.0%2Fembed&url=https%3A%2F%2Fonline.comeonline.ch%2F%3Fpage_id%3D76 HTTP/1.0" 200 2870 "https://online.comeonline.ch/?page_id=76" "Mozilla/5.0 (compatible; archive.org_bot/3.11.1; +https://archive.org/details/archive.org_bot)"
207.241.235.86 - - [14/May/2026:22:27:07 +0200] "GET /index.php?rest_route=%2Foembed%2F1.0%2Fembed&url=https%3A%2F%2Fonline.comeonline.ch%2F%3Fpage_id%3D76&format=xml HTTP/1.0" 200 3004 "https://online.comeonline.ch/?page_id=76" "Mozilla/5.0 (compatible; archive.org_bot/3.11.1; +https://archive.org/details/archive.org_bot)"
207.241.235.86 - - [14/May/2026:22:27:08 +0200] "GET /?page_id=76&embed=true HTTP/1.0" 200 20865 "https://online.comeonline.ch/index.php?rest_route=%2Foembed%2F1.0%2Fembed&url=https%3A%2F%2Fonline.comeonline.ch%2F%3Fpage_id%3D76&format=xml" "Mozilla/5.0 (compatible; archive.org_bot/3.11.1; +https://archive.org/details/archive.org_bot)"
207.241.235.86 - - [14/May/2026:22:27:10 +0200] "GET /index.php?rest_route=/wp/v2/pages/76 HTTP/1.0" 200 2502 "https://online.comeonline.ch/?page_id=76" "Mozilla/5.0 (compatible; archive.org_bot/3.11.1; +https://archive.org/details/archive.org_bot)"
207.241.235.86 - - [14/May/2026:22:27:12 +0200] "GET /index.php?rest_route=%2Fwp%2Fv2%2Fcomments&post=76 HTTP/1.0" 200 710 "https://online.comeonline.ch/index.php?rest_route=/wp/v2/pages/76" "Mozilla/5.0 (compatible; archive.org_bot/3.11.1; +https://archive.org/details/archive.org_bot)"
207.241.235.86 - - [14/May/2026:22:27:14 +0200] "GET /index.php?rest_route=/wp/v2/pages/76/revisions HTTP/1.0" 401 805 "https://online.comeonline.ch/index.php?rest_route=/wp/v2/pages/76" "Mozilla/5.0 (compatible; archive.org_bot/3.11.1; +https://archive.org/details/archive.org_bot)"
207.241.235.86 - - [14/May/2026:22:27:16 +0200] "GET /index.php?rest_route=/wp/v2/pages/76/revisions/109 HTTP/1.0" 401 805 "https://online.comeonline.ch/index.php?rest_route=/wp/v2/pages/76" "Mozilla/5.0 (compatible; archive.org_bot/3.11.1; +https://archive.org/details/archive.org_bot)"
207.241.235.86 - - [14/May/2026:22:27:18 +0200] "GET /index.php?rest_route=%2Fwp%2Fv2%2Fmedia&parent=76 HTTP/1.0" 200 710 "https://online.comeonline.ch/index.php?rest_route=/wp/v2/pages/76" "Mozilla/5.0 (compatible; archive.org_bot/3.11.1; +https://archive.org/details/archive.org_bot)"
207.241.235.86 - - [14/May/2026:22:27:19 +0200] "GET /?p=76 HTTP/1.0" 301 521 "https://online.comeonline.ch/?page_id=76" "Mozilla/5.0 (compatible; archive.org_bot/3.11.1; +https://archive.org/details/archive.org_bot)"
207.241.235.86 - - [14/May/2026:22:27:21 +0200] "GET /wp-includes/blocks/paragraph/style.min.css?ver=6.9.4 HTTP/1.0" 200 1081 "https://online.comeonline.ch/?p=1&embed=true" "Mozilla/5.0 (compatible; archive.org_bot/3.11.1; +https://archive.org/details/archive.org_bot)"
207.241.235.86 - - [14/May/2026:22:27:22 +0200] "GET /?feed=rss2&author=1 HTTP/1.0" 200 2572 "https://online.comeonline.ch/?author=1" "Mozilla/5.0 (compatible; archive.org_bot/3.11.1; +https://archive.org/details/archive.org_bot)"
207.241.235.86 - - [14/May/2026:22:27:24 +0200] "GET /wp-includes/blocks/heading/style.min.css?ver=6.9.4 HTTP/1.0" 200 1592 "https://online.comeonline.ch/?page_id=76&embed=true" "Mozilla/5.0 (compatible; archive.org_bot/3.11.1; +https://archive.org/details/archive.org_bot)"
80.74.154.100 - - [15/May/2026:05:54:35 +0200] "POST /wp-cron.php?doing_wp_cron=1778817275.6931350231170654296875 HTTP/1.0" 200 409 "-" "WordPress/6.9.4; https://online.comeonline.ch"
80.74.154.100 - - [15/May/2026:06:26:06 +0200] "POST /wp-cron.php?doing_wp_cron=1778819166.3746869564056396484375 HTTP/1.0" 200 409 "-" "WordPress/6.9.4; https://online.comeonline.ch"
34.151.155.37 - - [15/May/2026:11:42:05 +0200] "GET /.git/config HTTP/1.0" 404 568 "-" "Mozilla/5.0 (Macintosh; Intel Mac OS X 10_14_4) AppleWebKit/605.1.15 (KHTML, like Gecko) Version/12.1 Safari/605.1.15"
31.47.251.11 - - [15/May/2026:11:45:21 +0200] "GET / HTTP/1.0" 200 70895 "-" "Mozilla/5.0 (Windows NT 10.0; Win64; x64) AppleWebKit/537.36 (KHTML, like Gecko) Chrome/120.0.0.0 Safari/537.36"
31.47.251.11 - - [15/May/2026:11:45:22 +0200] "GET / HTTP/1.0" 200 70895 "-" "Mozilla/5.0 (Windows NT 10.0; Win64; x64) AppleWebKit/537.36 (KHTML, like Gecko) Chrome/120.0.0.0 Safari/537.36"
80.74.154.100 - - [15/May/2026:11:45:26 +0200] "POST /wp-cron.php HTTP/1.0" 200 409 "-" "WordPress/6.9.4; https://online.comeonline.ch"
80.74.154.100 - - [15/May/2026:11:45:26 +0200] "GET / HTTP/1.0" 200 70895 "-" "WordPress/6.9.4; https://online.comeonline.ch"
80.74.154.100 - - [15/May/2026:11:45:26 +0200] "GET / HTTP/1.0" 200 70895 "-" "WordPress/6.9.4; https://online.comeonline.ch"
80.74.154.100 - - [15/May/2026:11:45:26 +0200] "GET / HTTP/1.0" 200 70895 "-" "WordPress/6.9.4; https://online.comeonline.ch"
80.74.154.100 - - [15/May/2026:11:45:26 +0200] "GET / HTTP/1.0" 200 70895 "-" "WordPress/6.9.4; https://online.comeonline.ch"
80.74.154.100 - - [15/May/2026:11:45:22 +0200] "POST /wp-cron.php?doing_wp_cron=1778838322.4998021125793457031250 HTTP/1.0" 200 409 "-" "WordPress/6.9.4; https://online.comeonline.ch"
34.248.226.33 - - [15/May/2026:19:02:01 +0200] "GET / HTTP/1.0" 200 70895 "-" "Mozilla/5.0 (compatible; NetcraftSurveyAgent/1.0; +info@netcraft.com)"
80.74.154.100 - - [15/May/2026:19:02:02 +0200] "POST /wp-cron.php?doing_wp_cron=1778864521.9190390110015869140625 HTTP/1.0" 200 409 "-" "WordPress/6.9.4; https://online.comeonline.ch"
80.74.154.100 - - [16/May/2026:05:53:00 +0200] "POST /wp-cron.php?doing_wp_cron=1778903579.7445631027221679687500 HTTP/1.0" 200 409 "-" "WordPress/6.9.4; https://online.comeonline.ch"
80.74.154.100 - - [16/May/2026:06:22:27 +0200] "POST /wp-cron.php?doing_wp_cron=1778905346.7204210758209228515625 HTTP/1.0" 200 409 "-" "WordPress/6.9.4; https://online.comeonline.ch"
31.47.251.11 - - [16/May/2026:12:00:35 +0200] "GET / HTTP/1.0" 200 70895 "-" "Mozilla/5.0 (Windows NT 10.0; Win64; x64) AppleWebKit/537.36 (KHTML, like Gecko) Chrome/120.0.0.0 Safari/537.36"
31.47.251.11 - - [16/May/2026:12:00:35 +0200] "GET / HTTP/1.0" 200 70895 "-" "Mozilla/5.0 (Windows NT 10.0; Win64; x64) AppleWebKit/537.36 (KHTML, like Gecko) Chrome/120.0.0.0 Safari/537.36"
80.74.154.100 - - [16/May/2026:12:00:36 +0200] "POST /wp-cron.php?doing_wp_cron=1778925636.4067869186401367187500 HTTP/1.0" 200 409 "-" "WordPress/6.9.4; https://online.comeonline.ch"
165.22.19.114 - - [16/May/2026:18:56:06 +0200] "GET /.env.development HTTP/1.0" 404 573 "https://www.google.com/search?q=online.comeonline.ch" "Mozilla/5.0 (Windows NT 10.0; Win64; x64) AppleWebKit/537.36 (KHTML, like Gecko) Chrome/135.0.0.0 Safari/537.36"
5.189.135.191 - - [17/May/2026:03:52:25 +0200] "GET / HTTP/1.0" 200 70895 "http://online.comeonline.ch" "Mozilla/5.0 (Macintosh; Intel Mac OS X 10_15_7) AppleWebKit/605.1.15 (KHTML, like Gecko) Version/15.1 Safari/605.1.15"
80.74.154.100 - - [17/May/2026:03:52:26 +0200] "POST /wp-cron.php?doing_wp_cron=1778982746.3983080387115478515625 HTTP/1.0" 200 409 "-" "WordPress/6.9.4; https://online.comeonline.ch"
5.189.135.191 - - [17/May/2026:03:52:33 +0200] "GET /wp-includes/js/wp-emoji-release.min.js?ver=6.9.4 HTTP/1.0" 200 23234 "-" "Mozilla/5.0 (Windows NT 10.0; Win64; x64) AppleWebKit/537.36 Chrome/114.0.5735.110 Safari/537.36"
5.189.135.191 - - [17/May/2026:03:52:33 +0200] "GET /wp-includes/js/jquery/jquery.min.js?ver=3.7.1 HTTP/1.0" 200 88142 "-" "Mozilla/5.0 (Macintosh; Intel Mac OS X 10_15_7) AppleWebKit/605.1.15 (KHTML, like Gecko) Version/15.1 Safari/605.1.15"
5.189.135.191 - - [17/May/2026:03:52:34 +0200] "GET /wp-includes/js/jquery/jquery-migrate.min.js?ver=3.4.1 HTTP/1.0" 200 14020 "-" "Mozilla/5.0 (X11; Linux x86_64) AppleWebKit/537.36 Chrome/113.0.0.0 Safari/537.36"
5.189.135.191 - - [17/May/2026:03:52:35 +0200] "GET /wp-content/themes/twentyseventeen/assets/js/global.js?ver=20211130 HTTP/1.0" 200 8267 "-" "Mozilla/5.0 (Windows NT 10.0; Win64; x64) AppleWebKit/537.36 Chrome/114.0.5735.110 Safari/537.36"
5.189.135.191 - - [17/May/2026:03:52:36 +0200] "GET /index.php?rest_route=/ HTTP/1.0" 200 210259 "-" "Mozilla/5.0 (Macintosh; Intel Mac OS X 10_15_7) AppleWebKit/605.1.15 (KHTML, like Gecko) Version/15.1 Safari/605.1.15"
5.189.135.191 - - [17/May/2026:03:52:39 +0200] "GET /index.php?rest_route=/wp/v2/pages/48 HTTP/1.0" 200 2323 "-" "Mozilla/5.0 (Windows NT 10.0; Win64; x64) AppleWebKit/537.36 Chrome/114.0.5735.110 Safari/537.36"
5.189.135.191 - - [17/May/2026:03:52:41 +0200] "GET /xmlrpc.php?rsd HTTP/1.0" 200 1173 "-" "Mozilla/5.0 (Macintosh; Intel Mac OS X 10_15_7) AppleWebKit/605.1.15 (KHTML, like Gecko) Version/15.1 Safari/605.1.15"
5.189.135.191 - - [17/May/2026:03:52:42 +0200] "GET /wp-includes/js/wp-emoji-loader.min.js HTTP/1.0" 200 3331 "-" "Mozilla/5.0 (Windows NT 10.0; Win64; x64) AppleWebKit/537.36 Chrome/114.0.5735.110 Safari/537.36"
5.189.135.191 - - [17/May/2026:03:52:43 +0200] "GET /index.php?rest_route=%2Foembed%2F1.0%2Fembed& HTTP/1.0" 400 798 "-" "Mozilla/5.0 (Windows NT 10.0; Win64; x64) AppleWebKit/537.36 Chrome/114.0.5735.110 Safari/537.36"
5.189.135.191 - - [17/May/2026:03:52:44 +0200] "GET /index.php?rest_route=%2Foembed%2F1.0%2Fembed&url=https%3A%2F%2Fonline.comeonline.ch%2F HTTP/1.0" 200 2882 "-" "Mozilla/5.0 (X11; Linux x86_64) AppleWebKit/537.36 Chrome/113.0.0.0 Safari/537.36"
5.189.135.191 - - [17/May/2026:03:52:46 +0200] "GET /index.php?rest_route=%2Foembed%2F1.0%2Fembed&url=https%3A%2F%2Fonline.comeonline.ch%2F&format=xml HTTP/1.0" 200 3017 "-" "Mozilla/5.0 (Macintosh; Intel Mac OS X 10_15_7) AppleWebKit/605.1.15 (KHTML, like Gecko) Version/15.1 Safari/605.1.15"
5.189.135.191 - - [17/May/2026:03:52:47 +0200] "GET /wp-content/themes/twentyseventeen/assets/js/navigation.js?ver=20210122 HTTP/1.0" 200 4201 "-" "Mozilla/5.0 (X11; Linux x86_64) AppleWebKit/537.36 Chrome/113.0.0.0 Safari/537.36"
5.189.135.191 - - [17/May/2026:03:52:48 +0200] "GET /wp-content/themes/twentyseventeen/assets/js/jquery.scrollTo.js?ver=2.1.3 HTTP/1.0" 200 6259 "-" "Mozilla/5.0 (Macintosh; Intel Mac OS X 10_15_7) AppleWebKit/605.1.15 (KHTML, like Gecko) Version/15.1 Safari/605.1.15"
5.189.135.191 - - [17/May/2026:03:52:48 +0200] "GET /index.php?rest_route=%2Foembed%2F1.0%2Fembed& HTTP/1.0" 400 798 "-" "Mozilla/5.0 (X11; Linux x86_64) AppleWebKit/537.36 Chrome/113.0.0.0 Safari/537.36"
80.74.154.100 - - [17/May/2026:05:52:07 +0200] "POST /wp-cron.php?doing_wp_cron=1778989927.2296690940856933593750 HTTP/1.0" 200 409 "-" "WordPress/6.9.4; https://online.comeonline.ch"
80.74.154.100 - - [17/May/2026:06:22:01 +0200] "POST /wp-cron.php?doing_wp_cron=1778991721.2025630474090576171875 HTTP/1.0" 200 409 "-" "WordPress/6.9.4; https://online.comeonline.ch"
31.47.251.11 - - [17/May/2026:12:15:59 +0200] "GET / HTTP/1.0" 200 70895 "-" "Mozilla/5.0 (Windows NT 10.0; Win64; x64) AppleWebKit/537.36 (KHTML, like Gecko) Chrome/120.0.0.0 Safari/537.36"
31.47.251.11 - - [17/May/2026:12:16:00 +0200] "GET / HTTP/1.0" 200 70895 "-" "Mozilla/5.0 (Windows NT 10.0; Win64; x64) AppleWebKit/537.36 (KHTML, like Gecko) Chrome/120.0.0.0 Safari/537.36"
80.74.154.100 - - [17/May/2026:12:16:00 +0200] "POST /wp-cron.php?doing_wp_cron=1779012960.5098180770874023437500 HTTP/1.0" 200 409 "-" "WordPress/6.9.4; https://online.comeonline.ch"
80.74.154.100 - - [17/May/2026:23:53:24 +0200] "POST /wp-cron.php?doing_wp_cron=1779054804.1294300556182861328125 HTTP/1.0" 200 409 "-" "WordPress/6.9.4; https://online.comeonline.ch"
80.74.154.100 - - [18/May/2026:05:46:16 +0200] "POST /wp-cron.php?doing_wp_cron=1779075976.1316339969635009765625 HTTP/1.0" 200 409 "-" "WordPress/6.9.4; https://online.comeonline.ch"
80.74.154.100 - - [18/May/2026:06:13:52 +0200] "POST /wp-cron.php?doing_wp_cron=1779077632.3778998851776123046875 HTTP/1.0" 200 409 "-" "WordPress/6.9.4; https://online.comeonline.ch"
31.47.251.11 - - [18/May/2026:12:30:49 +0200] "GET / HTTP/1.0" 200 70895 "-" "Mozilla/5.0 (Windows NT 10.0; Win64; x64) AppleWebKit/537.36 (KHTML, like Gecko) Chrome/120.0.0.0 Safari/537.36"
31.47.251.11 - - [18/May/2026:12:30:49 +0200] "GET / HTTP/1.0" 200 70895 "-" "Mozilla/5.0 (Windows NT 10.0; Win64; x64) AppleWebKit/537.36 (KHTML, like Gecko) Chrome/120.0.0.0 Safari/537.36"
35.239.110.105 - - [18/May/2026:17:48:12 +0200] "GET / HTTP/1.0" 200 70895 "http://online.comeonline.ch" "Mozilla/5.0 (compatible; CMS-Checker/1.0; +https://example.com)"
80.74.154.100 - - [18/May/2026:17:48:13 +0200] "POST /wp-cron.php?doing_wp_cron=1779119293.4579670429229736328125 HTTP/1.0" 200 409 "-" "WordPress/6.9.4; https://online.comeonline.ch"
35.239.110.105 - - [18/May/2026:18:38:24 +0200] "GET / HTTP/1.0" 200 70895 "-" "Mozilla/5.0 (Windows NT 10.0; Win64; x64) AppleWebKit/537.36 (KHTML, like Gecko) Chrome/78.0.3904.108 Safari/537.36"
80.74.154.100 - - [18/May/2026:18:38:25 +0200] "POST /wp-cron.php?doing_wp_cron=1779122305.3446059226989746093750 HTTP/1.0" 200 409 "-" "WordPress/6.9.4; https://online.comeonline.ch"
35.239.110.105 - - [18/May/2026:18:38:26 +0200] "GET //wp-includes/wlwmanifest.xml HTTP/1.0" 404 584 "-" "Mozilla/5.0 (Windows NT 10.0; Win64; x64) AppleWebKit/537.36 (KHTML, like Gecko) Chrome/78.0.3904.108 Safari/537.36"
35.239.110.105 - - [18/May/2026:18:38:26 +0200] "GET //xmlrpc.php?rsd HTTP/1.0" 200 1173 "-" "Mozilla/5.0 (Windows NT 10.0; Win64; x64) AppleWebKit/537.36 (KHTML, like Gecko) Chrome/78.0.3904.108 Safari/537.36"
35.239.110.105 - - [18/May/2026:18:38:27 +0200] "GET //?author=1 HTTP/1.0" 301 407 "-" "Mozilla/5.0 (Windows NT 10.0; Win64; x64) AppleWebKit/537.36 (KHTML, like Gecko) Chrome/78.0.3904.108 Safari/537.36"
35.239.110.105 - - [18/May/2026:18:38:27 +0200] "GET //?author=2 HTTP/1.0" 301 519 "-" "Mozilla/5.0 (Windows NT 10.0; Win64; x64) AppleWebKit/537.36 (KHTML, like Gecko) Chrome/78.0.3904.108 Safari/537.36"
35.239.110.105 - - [18/May/2026:18:38:27 +0200] "GET //wp-json/wp/v2/users/ HTTP/1.0" 404 577 "-" "Mozilla/5.0 (Windows NT 10.0; Win64; x64) AppleWebKit/537.36 (KHTML, like Gecko) Chrome/78.0.3904.108 Safari/537.36"
35.239.110.105 - - [18/May/2026:18:38:27 +0200] "GET //wp-json/oembed/1.0/embed?url=https://online.comeonline.ch/ HTTP/1.0" 404 581 "-" "Mozilla/5.0 (Windows NT 10.0; Win64; x64) AppleWebKit/537.36 (KHTML, like Gecko) Chrome/78.0.3904.108 Safari/537.36"
35.239.110.105 - - [18/May/2026:18:38:27 +0200] "POST //xmlrpc.php HTTP/1.0" 200 741 "-" "Mozilla/5.0 (Windows NT 10.0; Win64; x64) AppleWebKit/537.36 (KHTML, like Gecko) Chrome/78.0.3904.108 Safari/537.36"
35.239.110.105 - - [18/May/2026:18:38:27 +0200] "POST //xmlrpc.php HTTP/1.0" 200 741 "-" "Mozilla/5.0 (Windows NT 10.0; Win64; x64) AppleWebKit/537.36 (KHTML, like Gecko) Chrome/78.0.3904.108 Safari/537.36"
35.239.110.105 - - [18/May/2026:18:38:28 +0200] "POST //xmlrpc.php HTTP/1.0" 200 741 "-" "Mozilla/5.0 (Windows NT 10.0; Win64; x64) AppleWebKit/537.36 (KHTML, like Gecko) Chrome/78.0.3904.108 Safari/537.36"
35.239.110.105 - - [18/May/2026:18:38:28 +0200] "POST //xmlrpc.php HTTP/1.0" 200 741 "-" "Mozilla/5.0 (Windows NT 10.0; Win64; x64) AppleWebKit/537.36 (KHTML, like Gecko) Chrome/78.0.3904.108 Safari/537.36"
35.239.110.105 - - [18/May/2026:18:38:28 +0200] "POST //xmlrpc.php HTTP/1.0" 200 741 "-" "Mozilla/5.0 (Windows NT 10.0; Win64; x64) AppleWebKit/537.36 (KHTML, like Gecko) Chrome/78.0.3904.108 Safari/537.36"
35.239.110.105 - - [18/May/2026:18:38:28 +0200] "POST //xmlrpc.php HTTP/1.0" 200 741 "-" "Mozilla/5.0 (Windows NT 10.0; Win64; x64) AppleWebKit/537.36 (KHTML, like Gecko) Chrome/78.0.3904.108 Safari/537.36"
35.239.110.105 - - [18/May/2026:18:38:29 +0200] "POST //xmlrpc.php HTTP/1.0" 200 741 "-" "Mozilla/5.0 (Windows NT 10.0; Win64; x64) AppleWebKit/537.36 (KHTML, like Gecko) Chrome/78.0.3904.108 Safari/537.36"
80.74.154.100 - - [19/May/2026:05:50:11 +0200] "POST /wp-cron.php?doing_wp_cron=1779162611.6801280975341796875000 HTTP/1.0" 200 409 "-" "WordPress/6.9.4; https://online.comeonline.ch"
80.74.154.100 - - [19/May/2026:06:19:39 +0200] "POST /wp-cron.php?doing_wp_cron=1779164379.2943220138549804687500 HTTP/1.0" 200 409 "-" "WordPress/6.9.4; https://online.comeonline.ch"
31.47.251.11 - - [19/May/2026:12:45:44 +0200] "GET / HTTP/1.0" 200 70895 "-" "Mozilla/5.0 (Windows NT 10.0; Win64; x64) AppleWebKit/537.36 (KHTML, like Gecko) Chrome/120.0.0.0 Safari/537.36"
31.47.251.11 - - [19/May/2026:12:45:45 +0200] "GET / HTTP/1.0" 200 70895 "-" "Mozilla/5.0 (Windows NT 10.0; Win64; x64) AppleWebKit/537.36 (KHTML, like Gecko) Chrome/120.0.0.0 Safari/537.36"
80.74.154.100 - - [19/May/2026:12:45:45 +0200] "POST /wp-cron.php?doing_wp_cron=1779187545.5553650856018066406250 HTTP/1.0" 200 409 "-" "WordPress/6.9.4; https://online.comeonline.ch"
80.74.154.100 - - [20/May/2026:05:57:01 +0200] "POST /wp-cron.php?doing_wp_cron=1779249421.4818260669708251953125 HTTP/1.0" 200 409 "-" "WordPress/6.9.4; https://online.comeonline.ch"
31.47.251.11 - - [20/May/2026:13:00:36 +0200] "GET / HTTP/1.0" 200 70895 "-" "Mozilla/5.0 (Windows NT 10.0; Win64; x64) AppleWebKit/537.36 (KHTML, like Gecko) Chrome/120.0.0.0 Safari/537.36"
31.47.251.11 - - [20/May/2026:13:00:37 +0200] "GET / HTTP/1.0" 200 70895 "-" "Mozilla/5.0 (Windows NT 10.0; Win64; x64) AppleWebKit/537.36 (KHTML, like Gecko) Chrome/120.0.0.0 Safari/537.36"
80.74.154.100 - - [20/May/2026:13:00:37 +0200] "POST /wp-cron.php?doing_wp_cron=1779274837.3198840618133544921875 HTTP/1.0" 200 409 "-" "WordPress/6.9.4; https://online.comeonline.ch"
34.147.123.197 - - [21/May/2026:00:58:20 +0200] "GET / HTTP/1.0" 200 70895 "-" "Scrapy/2.14.1 (+https://scrapy.org)"
80.74.154.100 - - [21/May/2026:00:58:21 +0200] "POST /wp-cron.php?doing_wp_cron=1779317901.6414520740509033203125 HTTP/1.0" 200 409 "-" "WordPress/6.9.4; https://online.comeonline.ch"
207.241.235.86 - - [21/May/2026:06:30:30 +0200] "GET /robots.txt HTTP/1.0" 404 567 "http://online.comeonline.ch/robots.txt" "Mozilla/5.0 (compatible; special_archiver/3.11.1; +https://archive.org/details/archive.org_bot)"
207.241.235.86 - - [21/May/2026:06:30:32 +0200] "GET / HTTP/1.0" 200 70895 "http://online.comeonline.ch/" "Mozilla/5.0 (compatible; special_archiver/3.11.1; +https://archive.org/details/archive.org_bot)"
80.74.154.100 - - [21/May/2026:06:30:33 +0200] "POST /wp-cron.php?doing_wp_cron=1779337833.0662291049957275390625 HTTP/1.0" 200 409 "-" "WordPress/6.9.4; https://online.comeonline.ch"
207.241.235.86 - - [21/May/2026:06:30:37 +0200] "GET /favicon.ico HTTP/1.0" 404 568 "https://online.comeonline.ch/" "Mozilla/5.0 (compatible; special_archiver/3.11.1; +https://archive.org/details/archive.org_bot)"
207.241.235.86 - - [21/May/2026:06:30:39 +0200] "GET /?feed=rss2 HTTP/1.0" 200 2406 "https://online.comeonline.ch/" "Mozilla/5.0 (compatible; special_archiver/3.11.1; +https://archive.org/details/archive.org_bot)"
207.241.235.86 - - [21/May/2026:06:30:41 +0200] "GET /?p=1 HTTP/1.0" 200 77044 "https://online.comeonline.ch/?feed=rss2" "Mozilla/5.0 (compatible; special_archiver/3.11.1; +https://archive.org/details/archive.org_bot)"
207.241.235.86 - - [21/May/2026:06:30:43 +0200] "GET /?feed=rss2&p=1 HTTP/1.0" 200 2369 "https://online.comeonline.ch/?feed=rss2" "Mozilla/5.0 (compatible; special_archiver/3.11.1; +https://archive.org/details/archive.org_bot)"
207.241.235.86 - - [21/May/2026:06:30:45 +0200] "GET /?feed=comments-rss2 HTTP/1.0" 200 2165 "https://online.comeonline.ch/" "Mozilla/5.0 (compatible; special_archiver/3.11.1; +https://archive.org/details/archive.org_bot)"
207.241.235.86 - - [21/May/2026:06:30:47 +0200] "GET /index.php?rest_route=%2Foembed%2F1.0%2Fembed&url=https%3A%2F%2Fonline.comeonline.ch%2F HTTP/1.0" 200 2882 "https://online.comeonline.ch/" "Mozilla/5.0 (compatible; special_archiver/3.11.1; +https://archive.org/details/archive.org_bot)"
207.241.235.86 - - [21/May/2026:06:30:49 +0200] "GET /?embed=true HTTP/1.0" 200 20494 "https://online.comeonline.ch/index.php?rest_route=%2Foembed%2F1.0%2Fembed&url=https%3A%2F%2Fonline.comeonline.ch%2F" "Mozilla/5.0 (compatible; special_archiver/3.11.1; +https://archive.org/details/archive.org_bot)"
207.241.235.86 - - [21/May/2026:06:30:51 +0200] "GET /index.php?rest_route=%2Foembed%2F1.0%2Fembed&url=https%3A%2F%2Fonline.comeonline.ch%2F&format=xml HTTP/1.0" 200 3017 "https://online.comeonline.ch/" "Mozilla/5.0 (compatible; special_archiver/3.11.1; +https://archive.org/details/archive.org_bot)"
207.241.235.86 - - [21/May/2026:06:30:52 +0200] "GET /wp-content/themes/twentyseventeen/assets/fonts/font-libre-franklin.css?ver=20230328 HTTP/1.0" 200 11902 "https://online.comeonline.ch/" "Mozilla/5.0 (compatible; special_archiver/3.11.1; +https://archive.org/details/archive.org_bot)"
207.241.235.86 - - [21/May/2026:06:30:54 +0200] "GET /wp-content/themes/twentyseventeen/style.css?ver=20240716 HTTP/1.0" 200 84673 "https://online.comeonline.ch/" "Mozilla/5.0 (compatible; special_archiver/3.11.1; +https://archive.org/details/archive.org_bot)"
207.241.235.86 - - [21/May/2026:06:30:56 +0200] "GET /wp-content/themes/twentyseventeen/assets/css/blocks.css?ver=20240624 HTTP/1.0" 200 11319 "https://online.comeonline.ch/" "Mozilla/5.0 (compatible; special_archiver/3.11.1; +https://archive.org/details/archive.org_bot)"
207.241.235.86 - - [21/May/2026:06:30:58 +0200] "GET /wp-includes/js/jquery/jquery.min.js?ver=3.7.1 HTTP/1.0" 200 88142 "https://online.comeonline.ch/" "Mozilla/5.0 (compatible; special_archiver/3.11.1; +https://archive.org/details/archive.org_bot)"
207.241.235.86 - - [21/May/2026:06:31:00 +0200] "GET /wp-includes/js/jquery/jquery-migrate.min.js?ver=3.4.1 HTTP/1.0" 200 14020 "https://online.comeonline.ch/" "Mozilla/5.0 (compatible; special_archiver/3.11.1; +https://archive.org/details/archive.org_bot)"
207.241.235.86 - - [21/May/2026:06:31:06 +0200] "GET /wp-content/themes/twentyseventeen/assets/js/global.js?ver=20211130 HTTP/1.0" 200 8267 "https://online.comeonline.ch/" "Mozilla/5.0 (compatible; special_archiver/3.11.1; +https://archive.org/details/archive.org_bot)"
207.241.235.86 - - [21/May/2026:06:31:08 +0200] "GET /wp-content/themes/twentyseventeen/assets/js/navigation.js?ver=20210122 HTTP/1.0" 200 4201 "https://online.comeonline.ch/" "Mozilla/5.0 (compatible; special_archiver/3.11.1; +https://archive.org/details/archive.org_bot)"
207.241.235.86 - - [21/May/2026:06:31:10 +0200] "GET /index.php?rest_route=/ HTTP/1.0" 200 210259 "https://online.comeonline.ch/" "Mozilla/5.0 (compatible; special_archiver/3.11.1; +https://archive.org/details/archive.org_bot)"
207.241.235.86 - - [21/May/2026:06:31:13 +0200] "GET /oembed/1.0 HTTP/1.0" 404 567 "https://online.comeonline.ch/index.php?rest_route=/" "Mozilla/5.0 (compatible; special_archiver/3.11.1; +https://archive.org/details/archive.org_bot)"
207.241.235.86 - - [21/May/2026:06:31:14 +0200] "GET /wp/v2 HTTP/1.0" 404 562 "https://online.comeonline.ch/index.php?rest_route=/" "Mozilla/5.0 (compatible; special_archiver/3.11.1; +https://archive.org/details/archive.org_bot)"
207.241.235.86 - - [21/May/2026:06:31:16 +0200] "GET /wp-site-health/v1 HTTP/1.0" 404 574 "https://online.comeonline.ch/index.php?rest_route=/" "Mozilla/5.0 (compatible; special_archiver/3.11.1; +https://archive.org/details/archive.org_bot)"
207.241.235.86 - - [21/May/2026:06:31:18 +0200] "GET /wp-block-editor/v1 HTTP/1.0" 404 575 "https://online.comeonline.ch/index.php?rest_route=/" "Mozilla/5.0 (compatible; special_archiver/3.11.1; +https://archive.org/details/archive.org_bot)"
207.241.235.86 - - [21/May/2026:06:31:19 +0200] "GET /wp-abilities/v1 HTTP/1.0" 404 572 "https://online.comeonline.ch/index.php?rest_route=/" "Mozilla/5.0 (compatible; special_archiver/3.11.1; +https://archive.org/details/archive.org_bot)"
207.241.235.86 - - [21/May/2026:06:31:21 +0200] "GET /batch/v1 HTTP/1.0" 404 565 "https://online.comeonline.ch/index.php?rest_route=/" "Mozilla/5.0 (compatible; special_archiver/3.11.1; +https://archive.org/details/archive.org_bot)"
207.241.235.86 - - [21/May/2026:06:31:23 +0200] "GET /index.php?rest_route=/batch/v1 HTTP/1.0" 404 812 "https://online.comeonline.ch/index.php?rest_route=/" "Mozilla/5.0 (compatible; special_archiver/3.11.1; +https://archive.org/details/archive.org_bot)"
207.241.235.86 - - [21/May/2026:06:31:25 +0200] "GET /index.php?rest_route=/oembed/1.0 HTTP/1.0" 200 10027 "https://online.comeonline.ch/index.php?rest_route=/" "Mozilla/5.0 (compatible; special_archiver/3.11.1; +https://archive.org/details/archive.org_bot)"
207.241.235.86 - - [21/May/2026:06:31:27 +0200] "GET /index.php?rest_route=/oembed/1.0/embed HTTP/1.0" 400 798 "https://online.comeonline.ch/index.php?rest_route=/" "Mozilla/5.0 (compatible; special_archiver/3.11.1; +https://archive.org/details/archive.org_bot)"
207.241.235.86 - - [21/May/2026:06:31:29 +0200] "GET /index.php?rest_route=/oembed/1.0/proxy HTTP/1.0" 400 786 "https://online.comeonline.ch/index.php?rest_route=/" "Mozilla/5.0 (compatible; special_archiver/3.11.1; +https://archive.org/details/archive.org_bot)"
207.241.235.86 - - [21/May/2026:06:31:30 +0200] "GET /index.php?rest_route=/wp/v2 HTTP/1.0" 200 200305 "https://online.comeonline.ch/index.php?rest_route=/" "Mozilla/5.0 (compatible; special_archiver/3.11.1; +https://archive.org/details/archive.org_bot)"
207.241.235.86 - - [21/May/2026:06:31:33 +0200] "GET /wp/v2/posts HTTP/1.0" 404 568 "https://online.comeonline.ch/index.php?rest_route=/" "Mozilla/5.0 (compatible; special_archiver/3.11.1; +https://archive.org/details/archive.org_bot)"
207.241.235.86 - - [21/May/2026:06:31:35 +0200] "GET /index.php?rest_route=/wp/v2/posts HTTP/1.0" 200 2761 "https://online.comeonline.ch/index.php?rest_route=/" "Mozilla/5.0 (compatible; special_archiver/3.11.1; +https://archive.org/details/archive.org_bot)"
207.241.235.86 - - [21/May/2026:06:31:37 +0200] "GET /wp/v2/pages HTTP/1.0" 404 568 "https://online.comeonline.ch/index.php?rest_route=/" "Mozilla/5.0 (compatible; special_archiver/3.11.1; +https://archive.org/details/archive.org_bot)"
207.241.235.86 - - [21/May/2026:06:31:38 +0200] "GET /index.php?rest_route=/wp/v2/pages HTTP/1.0" 200 4209 "https://online.comeonline.ch/index.php?rest_route=/" "Mozilla/5.0 (compatible; special_archiver/3.11.1; +https://archive.org/details/archive.org_bot)"
207.241.235.86 - - [21/May/2026:06:31:40 +0200] "GET /wp/v2/media HTTP/1.0" 404 568 "https://online.comeonline.ch/index.php?rest_route=/" "Mozilla/5.0 (compatible; special_archiver/3.11.1; +https://archive.org/details/archive.org_bot)"
207.241.235.86 - - [21/May/2026:06:31:42 +0200] "GET /index.php?rest_route=/wp/v2/media HTTP/1.0" 200 28063 "https://online.comeonline.ch/index.php?rest_route=/" "Mozilla/5.0 (compatible; special_archiver/3.11.1; +https://archive.org/details/archive.org_bot)"
207.241.235.86 - - [21/May/2026:06:31:44 +0200] "GET /wp/v2/menu-items HTTP/1.0" 404 573 "https://online.comeonline.ch/index.php?rest_route=/" "Mozilla/5.0 (compatible; special_archiver/3.11.1; +https://archive.org/details/archive.org_bot)"
207.241.235.86 - - [21/May/2026:06:31:46 +0200] "GET /index.php?rest_route=/wp/v2/menu-items HTTP/1.0" 401 799 "https://online.comeonline.ch/index.php?rest_route=/" "Mozilla/5.0 (compatible; special_archiver/3.11.1; +https://archive.org/details/archive.org_bot)"
207.241.235.86 - - [21/May/2026:06:31:48 +0200] "GET /wp/v2/blocks HTTP/1.0" 404 569 "https://online.comeonline.ch/index.php?rest_route=/" "Mozilla/5.0 (compatible; special_archiver/3.11.1; +https://archive.org/details/archive.org_bot)"
207.241.235.86 - - [21/May/2026:06:31:50 +0200] "GET /index.php?rest_route=/wp/v2/blocks HTTP/1.0" 200 710 "https://online.comeonline.ch/index.php?rest_route=/" "Mozilla/5.0 (compatible; special_archiver/3.11.1; +https://archive.org/details/archive.org_bot)"
207.241.235.86 - - [21/May/2026:06:31:52 +0200] "GET /wp/v2/templates HTTP/1.0" 404 572 "https://online.comeonline.ch/index.php?rest_route=/" "Mozilla/5.0 (compatible; special_archiver/3.11.1; +https://archive.org/details/archive.org_bot)"
207.241.235.86 - - [21/May/2026:06:31:53 +0200] "GET /index.php?rest_route=/wp/v2/templates HTTP/1.0" 401 823 "https://online.comeonline.ch/index.php?rest_route=/" "Mozilla/5.0 (compatible; special_archiver/3.11.1; +https://archive.org/details/archive.org_bot)"
207.241.235.86 - - [21/May/2026:06:31:55 +0200] "GET /wp/v2/templates/lookup HTTP/1.0" 404 579 "https://online.comeonline.ch/index.php?rest_route=/" "Mozilla/5.0 (compatible; special_archiver/3.11.1; +https://archive.org/details/archive.org_bot)"
207.241.235.86 - - [21/May/2026:06:31:57 +0200] "GET /index.php?rest_route=/wp/v2/templates/lookup HTTP/1.0" 400 788 "https://online.comeonline.ch/index.php?rest_route=/" "Mozilla/5.0 (compatible; special_archiver/3.11.1; +https://archive.org/details/archive.org_bot)"
207.241.235.86 - - [21/May/2026:06:31:58 +0200] "GET /wp/v2/template-parts HTTP/1.0" 404 577 "https://online.comeonline.ch/index.php?rest_route=/" "Mozilla/5.0 (compatible; special_archiver/3.11.1; +https://archive.org/details/archive.org_bot)"
207.241.235.86 - - [21/May/2026:06:32:00 +0200] "GET /index.php?rest_route=/wp/v2/template-parts HTTP/1.0" 401 823 "https://online.comeonline.ch/index.php?rest_route=/" "Mozilla/5.0 (compatible; special_archiver/3.11.1; +https://archive.org/details/archive.org_bot)"
207.241.235.86 - - [21/May/2026:06:32:02 +0200] "GET /wp/v2/template-parts/lookup HTTP/1.0" 404 584 "https://online.comeonline.ch/index.php?rest_route=/" "Mozilla/5.0 (compatible; special_archiver/3.11.1; +https://archive.org/details/archive.org_bot)"
207.241.235.86 - - [21/May/2026:06:32:04 +0200] "GET /index.php?rest_route=/wp/v2/template-parts/lookup HTTP/1.0" 400 788 "https://online.comeonline.ch/index.php?rest_route=/" "Mozilla/5.0 (compatible; special_archiver/3.11.1; +https://archive.org/details/archive.org_bot)"
207.241.235.86 - - [21/May/2026:06:32:06 +0200] "GET /wp/v2/navigation HTTP/1.0" 404 573 "https://online.comeonline.ch/index.php?rest_route=/" "Mozilla/5.0 (compatible; special_archiver/3.11.1; +https://archive.org/details/archive.org_bot)"
207.241.235.86 - - [21/May/2026:06:32:07 +0200] "GET /index.php?rest_route=/wp/v2/navigation HTTP/1.0" 200 2159 "https://online.comeonline.ch/index.php?rest_route=/" "Mozilla/5.0 (compatible; special_archiver/3.11.1; +https://archive.org/details/archive.org_bot)"
207.241.235.86 - - [21/May/2026:06:32:09 +0200] "GET /wp/v2/font-families HTTP/1.0" 404 576 "https://online.comeonline.ch/index.php?rest_route=/" "Mozilla/5.0 (compatible; special_archiver/3.11.1; +https://archive.org/details/archive.org_bot)"
207.241.235.86 - - [21/May/2026:06:32:11 +0200] "GET /index.php?rest_route=/wp/v2/font-families HTTP/1.0" 401 798 "https://online.comeonline.ch/index.php?rest_route=/" "Mozilla/5.0 (compatible; special_archiver/3.11.1; +https://archive.org/details/archive.org_bot)"
207.241.235.86 - - [21/May/2026:06:32:13 +0200] "GET /wp/v2/types HTTP/1.0" 404 568 "https://online.comeonline.ch/index.php?rest_route=/" "Mozilla/5.0 (compatible; special_archiver/3.11.1; +https://archive.org/details/archive.org_bot)"
207.241.235.86 - - [21/May/2026:06:32:14 +0200] "GET /index.php?rest_route=/wp/v2/types HTTP/1.0" 200 6760 "https://online.comeonline.ch/index.php?rest_route=/" "Mozilla/5.0 (compatible; special_archiver/3.11.1; +https://archive.org/details/archive.org_bot)"
207.241.235.86 - - [21/May/2026:06:32:16 +0200] "GET /wp/v2/statuses HTTP/1.0" 404 571 "https://online.comeonline.ch/index.php?rest_route=/" "Mozilla/5.0 (compatible; special_archiver/3.11.1; +https://archive.org/details/archive.org_bot)"
207.241.235.86 - - [21/May/2026:06:32:18 +0200] "GET /index.php?rest_route=/wp/v2/statuses HTTP/1.0" 200 889 "https://online.comeonline.ch/index.php?rest_route=/" "Mozilla/5.0 (compatible; special_archiver/3.11.1; +https://archive.org/details/archive.org_bot)"
207.241.235.86 - - [21/May/2026:06:32:19 +0200] "GET /wp/v2/taxonomies HTTP/1.0" 404 573 "https://online.comeonline.ch/index.php?rest_route=/" "Mozilla/5.0 (compatible; special_archiver/3.11.1; +https://archive.org/details/archive.org_bot)"
207.241.235.86 - - [21/May/2026:06:32:21 +0200] "GET /index.php?rest_route=/wp/v2/taxonomies HTTP/1.0" 200 2507 "https://online.comeonline.ch/index.php?rest_route=/" "Mozilla/5.0 (compatible; special_archiver/3.11.1; +https://archive.org/details/archive.org_bot)"
207.241.235.86 - - [21/May/2026:06:32:23 +0200] "GET /wp/v2/categories HTTP/1.0" 404 573 "https://online.comeonline.ch/index.php?rest_route=/" "Mozilla/5.0 (compatible; special_archiver/3.11.1; +https://archive.org/details/archive.org_bot)"
207.241.235.86 - - [21/May/2026:06:32:25 +0200] "GET /index.php?rest_route=/wp/v2/categories HTTP/1.0" 200 1418 "https://online.comeonline.ch/index.php?rest_route=/" "Mozilla/5.0 (compatible; special_archiver/3.11.1; +https://archive.org/details/archive.org_bot)"
207.241.235.86 - - [21/May/2026:06:32:27 +0200] "GET /wp/v2/tags HTTP/1.0" 404 567 "https://online.comeonline.ch/index.php?rest_route=/" "Mozilla/5.0 (compatible; special_archiver/3.11.1; +https://archive.org/details/archive.org_bot)"
207.241.235.86 - - [21/May/2026:06:32:29 +0200] "GET /index.php?rest_route=/wp/v2/tags HTTP/1.0" 200 710 "https://online.comeonline.ch/index.php?rest_route=/" "Mozilla/5.0 (compatible; special_archiver/3.11.1; +https://archive.org/details/archive.org_bot)"
207.241.235.86 - - [21/May/2026:06:32:31 +0200] "GET /wp/v2/menus HTTP/1.0" 404 568 "https://online.comeonline.ch/index.php?rest_route=/" "Mozilla/5.0 (compatible; special_archiver/3.11.1; +https://archive.org/details/archive.org_bot)"
207.241.235.86 - - [21/May/2026:06:32:33 +0200] "GET /index.php?rest_route=/wp/v2/menus HTTP/1.0" 401 788 "https://online.comeonline.ch/index.php?rest_route=/" "Mozilla/5.0 (compatible; special_archiver/3.11.1; +https://archive.org/details/archive.org_bot)"
207.241.235.86 - - [21/May/2026:06:32:34 +0200] "GET /wp/v2/wp_pattern_category HTTP/1.0" 404 582 "https://online.comeonline.ch/index.php?rest_route=/" "Mozilla/5.0 (compatible; special_archiver/3.11.1; +https://archive.org/details/archive.org_bot)"
207.241.235.86 - - [21/May/2026:06:32:36 +0200] "GET /index.php?rest_route=/wp/v2/wp_pattern_category HTTP/1.0" 200 710 "https://online.comeonline.ch/index.php?rest_route=/" "Mozilla/5.0 (compatible; special_archiver/3.11.1; +https://archive.org/details/archive.org_bot)"
207.241.235.86 - - [21/May/2026:06:32:38 +0200] "GET /wp/v2/users HTTP/1.0" 404 568 "https://online.comeonline.ch/index.php?rest_route=/" "Mozilla/5.0 (compatible; special_archiver/3.11.1; +https://archive.org/details/archive.org_bot)"
207.241.235.86 - - [21/May/2026:06:32:40 +0200] "GET /index.php?rest_route=/wp/v2/users HTTP/1.0" 200 1492 "https://online.comeonline.ch/index.php?rest_route=/" "Mozilla/5.0 (compatible; special_archiver/3.11.1; +https://archive.org/details/archive.org_bot)"
207.241.235.86 - - [21/May/2026:06:32:42 +0200] "GET /wp/v2/users/me HTTP/1.0" 404 571 "https://online.comeonline.ch/index.php?rest_route=/" "Mozilla/5.0 (compatible; special_archiver/3.11.1; +https://archive.org/details/archive.org_bot)"
207.241.235.86 - - [21/May/2026:06:32:44 +0200] "GET /index.php?rest_route=/wp/v2/users/me HTTP/1.0" 401 782 "https://online.comeonline.ch/index.php?rest_route=/" "Mozilla/5.0 (compatible; special_archiver/3.11.1; +https://archive.org/details/archive.org_bot)"
207.241.235.86 - - [21/May/2026:06:32:46 +0200] "GET /wp/v2/comments HTTP/1.0" 404 571 "https://online.comeonline.ch/index.php?rest_route=/" "Mozilla/5.0 (compatible; special_archiver/3.11.1; +https://archive.org/details/archive.org_bot)"
207.241.235.86 - - [21/May/2026:06:32:47 +0200] "GET /index.php?rest_route=/wp/v2/comments HTTP/1.0" 200 2048 "https://online.comeonline.ch/index.php?rest_route=/" "Mozilla/5.0 (compatible; special_archiver/3.11.1; +https://archive.org/details/archive.org_bot)"
207.241.235.86 - - [21/May/2026:06:32:49 +0200] "GET /wp/v2/search HTTP/1.0" 404 569 "https://online.comeonline.ch/index.php?rest_route=/" "Mozilla/5.0 (compatible; special_archiver/3.11.1; +https://archive.org/details/archive.org_bot)"
207.241.235.86 - - [21/May/2026:06:32:51 +0200] "GET /index.php?rest_route=/wp/v2/search HTTP/1.0" 200 2098 "https://online.comeonline.ch/index.php?rest_route=/" "Mozilla/5.0 (compatible; special_archiver/3.11.1; +https://archive.org/details/archive.org_bot)"
207.241.235.86 - - [21/May/2026:06:32:52 +0200] "GET /wp/v2/block-types HTTP/1.0" 404 574 "https://online.comeonline.ch/index.php?rest_route=/" "Mozilla/5.0 (compatible; special_archiver/3.11.1; +https://archive.org/details/archive.org_bot)"
207.241.235.86 - - [21/May/2026:06:32:54 +0200] "GET /index.php?rest_route=/wp/v2/block-types HTTP/1.0" 401 801 "https://online.comeonline.ch/index.php?rest_route=/" "Mozilla/5.0 (compatible; special_archiver/3.11.1; +https://archive.org/details/archive.org_bot)"
207.241.235.86 - - [21/May/2026:06:32:56 +0200] "GET /wp/v2/settings HTTP/1.0" 404 571 "https://online.comeonline.ch/index.php?rest_route=/" "Mozilla/5.0 (compatible; special_archiver/3.11.1; +https://archive.org/details/archive.org_bot)"
