80.74.154.100 - - [13/Jan/2026:05:54:25 +0100] "POST /wp-cron.php?doing_wp_cron=1768280065.4728860855102539062500 HTTP/1.0" 200 409 "-" "WordPress/6.9; https://online.comeonline.ch"
80.74.154.100 - - [13/Jan/2026:06:19:26 +0100] "POST /wp-cron.php?doing_wp_cron=1768281565.9378681182861328125000 HTTP/1.0" 200 409 "-" "WordPress/6.9; https://online.comeonline.ch"
31.10.151.237 - - [13/Jan/2026:09:31:51 +0100] "GET /favicon.ico HTTP/1.0" 404 568 "-" "Mozilla/5.0 (Windows NT 10.0; Win64; x64) AppleWebKit/537.36 (KHTML, like Gecko) Chrome/143.0.0.0 Safari/537.36"
27.34.70.221 - - [13/Jan/2026:18:16:49 +0100] "GET /robots.txt HTTP/1.0" 404 567 "-" "Mozilla/5.0 (Windows NT 10.0; Win64; x64) AppleWebKit/537.36 (KHTML, like Gecko) Chrome/114.0.0.0 Safari/537.36 Edg/114.0.1823.43"
80.74.154.100 - - [14/Jan/2026:05:54:29 +0100] "POST /wp-cron.php?doing_wp_cron=1768366469.4142429828643798828125 HTTP/1.0" 200 409 "-" "WordPress/6.9; https://online.comeonline.ch"
80.74.154.100 - - [14/Jan/2026:06:20:45 +0100] "POST /wp-cron.php?doing_wp_cron=1768368044.9618339538574218750000 HTTP/1.0" 200 409 "-" "WordPress/6.9; https://online.comeonline.ch"
54.253.24.220 - - [13/Jan/2026:17:57:11 +0100] "GET /wp-content/plugins/rss-feed-post-generator-echo/readme.txt HTTP/1.1" 403 146 "-" "Mozilla/5.0 (iPhone; CPU iPhone OS 18_4_0 like Mac OS X) AppleWebKit/605.1.15 (KHTML, like Gecko) GSA/363.0.743255906 Mobile/15E148 Safari/604.1"
80.74.154.100 - - [15/Jan/2026:05:54:58 +0100] "POST /wp-cron.php?doing_wp_cron=1768452897.8397738933563232421875 HTTP/1.0" 200 409 "-" "WordPress/6.9; https://online.comeonline.ch"
80.74.154.100 - - [15/Jan/2026:06:20:19 +0100] "POST /wp-cron.php?doing_wp_cron=1768454418.9005239009857177734375 HTTP/1.0" 200 409 "-" "WordPress/6.9; https://online.comeonline.ch"
104.28.246.53 - - [16/Jan/2026:00:35:01 +0100] "GET /style.php HTTP/1.0" 404 566 "http://online.comeonline.ch/style.php" "Go-http-client/2.0"
104.28.246.53 - - [16/Jan/2026:00:35:02 +0100] "GET /wp-content/style.php HTTP/1.0" 404 577 "http://online.comeonline.ch/wp-content/style.php" "Go-http-client/2.0"
104.28.246.53 - - [16/Jan/2026:00:35:03 +0100] "GET /wp-content/themes/style.php HTTP/1.0" 404 584 "http://online.comeonline.ch/wp-content/themes/style.php" "Go-http-client/2.0"
104.28.246.53 - - [16/Jan/2026:00:35:04 +0100] "GET /wp-admin/style.php HTTP/1.0" 404 575 "http://online.comeonline.ch/wp-admin/style.php" "Go-http-client/2.0"
104.28.246.53 - - [16/Jan/2026:00:35:05 +0100] "GET /wp-includes/style.php HTTP/1.0" 404 578 "http://online.comeonline.ch/wp-includes/style.php" "Go-http-client/2.0"
104.28.246.53 - - [16/Jan/2026:00:35:06 +0100] "GET /chosen.php?p= HTTP/1.0" 404 567 "http://online.comeonline.ch/chosen.php?p=" "Go-http-client/2.0"
104.28.246.53 - - [16/Jan/2026:00:35:07 +0100] "GET /file.php HTTP/1.0" 404 565 "http://online.comeonline.ch/file.php" "Go-http-client/2.0"
104.28.246.53 - - [16/Jan/2026:00:35:08 +0100] "GET /flower.php HTTP/1.0" 404 567 "http://online.comeonline.ch/flower.php" "Go-http-client/2.0"
104.28.246.53 - - [16/Jan/2026:00:35:09 +0100] "GET /gifclass.php HTTP/1.0" 404 569 "http://online.comeonline.ch/gifclass.php#888xyz999" "Go-http-client/2.0"
104.28.246.53 - - [16/Jan/2026:00:35:10 +0100] "GET /bless.php HTTP/1.0" 404 566 "http://online.comeonline.ch/bless.php#888xyz999" "Go-http-client/2.0"
104.28.246.53 - - [16/Jan/2026:00:35:11 +0100] "GET /class-t.api.php HTTP/1.0" 404 572 "http://online.comeonline.ch/class-t.api.php#888xyz999" "Go-http-client/2.0"
104.28.246.53 - - [16/Jan/2026:00:35:12 +0100] "GET /blurbs.php HTTP/1.0" 404 567 "http://online.comeonline.ch/blurbs.php#888xyz999" "Go-http-client/2.0"
104.28.246.53 - - [16/Jan/2026:00:35:13 +0100] "GET /akcc.php HTTP/1.0" 404 565 "http://online.comeonline.ch/akcc.php" "Go-http-client/2.0"
104.28.246.53 - - [16/Jan/2026:00:35:14 +0100] "GET /abcd.php HTTP/1.0" 404 565 "http://online.comeonline.ch/abcd.php" "Go-http-client/2.0"
104.28.246.53 - - [16/Jan/2026:00:35:15 +0100] "GET /shelp.php HTTP/1.0" 404 566 "http://online.comeonline.ch/shelp.php" "Go-http-client/2.0"
104.28.246.53 - - [16/Jan/2026:00:35:16 +0100] "GET /cord.php HTTP/1.0" 404 565 "http://online.comeonline.ch/cord.php" "Go-http-client/2.0"
104.28.246.53 - - [16/Jan/2026:00:35:17 +0100] "GET /dex.php HTTP/1.0" 404 564 "http://online.comeonline.ch/dex.php" "Go-http-client/2.0"
104.28.246.53 - - [16/Jan/2026:00:35:18 +0100] "GET /wp-admin/admin-ajax.php HTTP/1.0" 400 471 "http://online.comeonline.ch/wp-admin/admin-ajax.php" "Go-http-client/2.0"
104.28.246.53 - - [16/Jan/2026:00:35:20 +0100] "GET /file2.php HTTP/1.0" 404 566 "http://online.comeonline.ch/file2.php#tabFM" "Go-http-client/2.0"
80.74.154.100 - - [16/Jan/2026:00:35:19 +0100] "POST /wp-cron.php?doing_wp_cron=1768520119.0194609165191650390625 HTTP/1.0" 200 409 "-" "WordPress/6.9; https://online.comeonline.ch"
104.28.246.53 - - [16/Jan/2026:00:35:21 +0100] "GET //zwso.php HTTP/1.0" 404 565 "http://online.comeonline.ch//zwso.php" "Go-http-client/2.0"
104.28.246.53 - - [16/Jan/2026:00:35:22 +0100] "GET /wp-admin/zwso.php HTTP/1.0" 404 574 "http://online.comeonline.ch/wp-admin/zwso.php" "Go-http-client/2.0"
104.28.246.53 - - [16/Jan/2026:00:35:23 +0100] "GET /wp-content/plugins/hellopress/wp_mna.php HTTP/1.0" 404 597 "http://online.comeonline.ch/wp-content/plugins/hellopress/wp_mna.php" "Go-http-client/2.0"
104.28.246.53 - - [16/Jan/2026:00:35:24 +0100] "GET /bolt.php HTTP/1.0" 404 565 "http://online.comeonline.ch/bolt.php" "Go-http-client/2.0"
104.28.246.53 - - [16/Jan/2026:00:35:25 +0100] "GET /shlo.php HTTP/1.0" 404 565 "http://online.comeonline.ch/shlo.php#lufix" "Go-http-client/2.0"
104.28.246.53 - - [16/Jan/2026:00:35:26 +0100] "GET /133.php HTTP/1.0" 404 564 "http://online.comeonline.ch/133.php" "Go-http-client/2.0"
104.28.246.53 - - [16/Jan/2026:00:35:27 +0100] "GET /ahax.php HTTP/1.0" 404 565 "http://online.comeonline.ch/ahax.php" "Go-http-client/2.0"
104.28.246.53 - - [16/Jan/2026:00:35:28 +0100] "GET /php8.php HTTP/1.0" 404 565 "http://online.comeonline.ch/php8.php#xleet" "Go-http-client/2.0"
104.28.246.53 - - [16/Jan/2026:00:35:29 +0100] "GET /lufix1.php HTTP/1.0" 404 567 "http://online.comeonline.ch/lufix1.php#lufix" "Go-http-client/2.0"
104.28.246.53 - - [16/Jan/2026:00:35:30 +0100] "GET /witmm.php HTTP/1.0" 404 566 "http://online.comeonline.ch/witmm.php#lufix" "Go-http-client/2.0"
104.28.246.53 - - [16/Jan/2026:00:35:31 +0100] "GET /wp-admin/css/index.php HTTP/1.0" 404 579 "http://online.comeonline.ch/wp-admin/css/index.php" "Go-http-client/2.0"
104.28.246.53 - - [16/Jan/2026:00:35:32 +0100] "GET /wp-content/plugins/index.php HTTP/1.0" 200 316 "http://online.comeonline.ch/wp-content/plugins/index.php" "Go-http-client/2.0"
104.28.246.53 - - [16/Jan/2026:00:35:33 +0100] "GET /wp-content/index.php HTTP/1.0" 200 316 "http://online.comeonline.ch/wp-content/index.php" "Go-http-client/2.0"
104.28.246.53 - - [16/Jan/2026:00:35:34 +0100] "GET /ioxi-o.php HTTP/1.0" 404 567 "http://online.comeonline.ch/ioxi-o.php" "Go-http-client/2.0"
104.28.246.53 - - [16/Jan/2026:00:35:35 +0100] "GET /222.php HTTP/1.0" 404 564 "http://online.comeonline.ch/222.php" "Go-http-client/2.0"
104.28.246.53 - - [16/Jan/2026:00:35:36 +0100] "GET /files.php HTTP/1.0" 404 566 "http://online.comeonline.ch/files.php#admin@3tu/T?TJ8v?N" "Go-http-client/2.0"
104.28.246.53 - - [16/Jan/2026:00:35:37 +0100] "GET /wp-editor.php HTTP/1.0" 404 570 "http://online.comeonline.ch/wp-editor.php#lufix" "Go-http-client/2.0"
104.28.246.53 - - [16/Jan/2026:00:35:38 +0100] "GET /txets.php HTTP/1.0" 404 566 "http://online.comeonline.ch/txets.php" "Go-http-client/2.0"
104.28.246.53 - - [16/Jan/2026:00:35:39 +0100] "GET /wp-content/txets.php HTTP/1.0" 404 577 "http://online.comeonline.ch/wp-content/txets.php" "Go-http-client/2.0"
104.28.246.53 - - [16/Jan/2026:00:35:40 +0100] "GET /wp-admin/txets.php HTTP/1.0" 404 575 "http://online.comeonline.ch/wp-admin/txets.php" "Go-http-client/2.0"
104.28.246.53 - - [16/Jan/2026:00:35:41 +0100] "GET /postnews.php HTTP/1.0" 404 569 "http://online.comeonline.ch/postnews.php" "Go-http-client/2.0"
104.28.246.53 - - [16/Jan/2026:00:35:42 +0100] "GET /wp-content/postnews.php HTTP/1.0" 404 580 "http://online.comeonline.ch/wp-content/postnews.php" "Go-http-client/2.0"
104.28.246.53 - - [16/Jan/2026:00:35:43 +0100] "GET /wp-admin/postnews.php HTTP/1.0" 404 578 "http://online.comeonline.ch/wp-admin/postnews.php" "Go-http-client/2.0"
80.74.154.100 - - [16/Jan/2026:05:51:55 +0100] "POST /wp-cron.php?doing_wp_cron=1768539115.5279541015625000000000 HTTP/1.0" 200 409 "-" "WordPress/6.9; https://online.comeonline.ch"
80.74.154.100 - - [16/Jan/2026:06:16:10 +0100] "POST /wp-cron.php?doing_wp_cron=1768540570.2544460296630859375000 HTTP/1.0" 200 409 "-" "WordPress/6.9; https://online.comeonline.ch"
172.69.151.218 - - [16/Jan/2026:16:51:23 +0100] "GET /.git/config HTTP/1.0" 404 568 "-" "Wget/1.21.3 (linux-gnu)"
80.74.154.100 - - [17/Jan/2026:05:50:00 +0100] "POST /wp-cron.php HTTP/1.0" 200 409 "-" "WordPress/6.9; https://online.comeonline.ch"
80.74.154.100 - - [17/Jan/2026:05:50:01 +0100] "GET / HTTP/1.0" 200 70918 "-" "WordPress/6.9; https://online.comeonline.ch"
80.74.154.100 - - [17/Jan/2026:05:50:01 +0100] "GET / HTTP/1.0" 200 70918 "-" "WordPress/6.9; https://online.comeonline.ch"
80.74.154.100 - - [17/Jan/2026:05:50:02 +0100] "GET / HTTP/1.0" 200 70918 "-" "WordPress/6.9; https://online.comeonline.ch"
80.74.154.100 - - [17/Jan/2026:05:50:02 +0100] "GET / HTTP/1.0" 200 70918 "-" "WordPress/6.9; https://online.comeonline.ch"
80.74.154.100 - - [17/Jan/2026:05:49:57 +0100] "POST /wp-cron.php?doing_wp_cron=1768625397.3443040847778320312500 HTTP/1.0" 200 409 "-" "WordPress/6.9; https://online.comeonline.ch"
80.74.154.100 - - [17/Jan/2026:06:14:31 +0100] "POST /wp-cron.php?doing_wp_cron=1768626871.0355980396270751953125 HTTP/1.0" 200 409 "-" "WordPress/6.9; https://online.comeonline.ch"
80.74.154.100 - - [18/Jan/2026:05:53:52 +0100] "POST /wp-cron.php?doing_wp_cron=1768712031.7527260780334472656250 HTTP/1.0" 200 409 "-" "WordPress/6.9; https://online.comeonline.ch"
80.74.154.100 - - [18/Jan/2026:06:20:37 +0100] "POST /wp-cron.php?doing_wp_cron=1768713637.0804429054260253906250 HTTP/1.0" 200 409 "-" "WordPress/6.9; https://online.comeonline.ch"
80.74.154.100 - - [19/Jan/2026:05:51:08 +0100] "POST /wp-cron.php?doing_wp_cron=1768798268.2266900539398193359375 HTTP/1.0" 200 409 "-" "WordPress/6.9; https://online.comeonline.ch"
80.74.154.100 - - [19/Jan/2026:06:15:24 +0100] "POST /wp-cron.php?doing_wp_cron=1768799724.2095239162445068359375 HTTP/1.0" 200 409 "-" "WordPress/6.9; https://online.comeonline.ch"
34.61.110.114 - - [19/Jan/2026:09:17:50 +0100] "POST / HTTP/1.0" 200 70918 "-" "Mozilla/5.0 (Windows NT 10.0; Win64; x64) AppleWebKit/537.36 (KHTML, like Gecko) Chrome/143.0.0.0 Safari/537.36"
80.74.154.100 - - [19/Jan/2026:09:17:51 +0100] "POST /wp-cron.php?doing_wp_cron=1768810671.2238540649414062500000 HTTP/1.0" 200 409 "-" "WordPress/6.9; https://online.comeonline.ch"
80.74.154.100 - - [20/Jan/2026:05:53:49 +0100] "POST /wp-cron.php?doing_wp_cron=1768884829.1771099567413330078125 HTTP/1.0" 200 409 "-" "WordPress/6.9; https://online.comeonline.ch"
80.74.154.100 - - [20/Jan/2026:06:18:29 +0100] "POST /wp-cron.php?doing_wp_cron=1768886309.3837180137634277343750 HTTP/1.0" 200 409 "-" "WordPress/6.9; https://online.comeonline.ch"
34.57.242.163 - - [20/Jan/2026:17:13:22 +0100] "GET /.git/config HTTP/1.0" 404 568 "-" "-"
80.74.154.100 - - [21/Jan/2026:05:59:13 +0100] "POST /wp-cron.php?doing_wp_cron=1768971553.4067230224609375000000 HTTP/1.0" 200 409 "-" "WordPress/6.9; https://online.comeonline.ch"
104.28.214.122 - - [21/Jan/2026:13:51:26 +0100] "GET /style.php HTTP/1.0" 404 566 "http://online.comeonline.ch/style.php" "Go-http-client/2.0"
104.28.214.122 - - [21/Jan/2026:13:51:29 +0100] "GET /wp-content/style.php HTTP/1.0" 404 577 "http://online.comeonline.ch/wp-content/style.php" "Go-http-client/2.0"
34.90.254.162 - - [21/Jan/2026:14:38:34 +0100] "GET / HTTP/1.0" 200 70918 "-" "Scrapy/2.13.4 (+https://scrapy.org)"
80.74.154.100 - - [21/Jan/2026:14:38:35 +0100] "POST /wp-cron.php?doing_wp_cron=1769002715.4011790752410888671875 HTTP/1.0" 200 409 "-" "WordPress/6.9; https://online.comeonline.ch"
206.189.126.231 - - [21/Jan/2026:16:28:56 +0100] "GET / HTTP/1.0" 200 70918 "-" "Mozilla/5.0 (X11; Linux x86_64; rv:142.0) Gecko/20100101 Firefox/142.0"
80.74.154.100 - - [21/Jan/2026:16:28:57 +0100] "POST /wp-cron.php?doing_wp_cron=1769009337.0152549743652343750000 HTTP/1.0" 200 409 "-" "WordPress/6.9; https://online.comeonline.ch"
206.189.126.231 - - [21/Jan/2026:16:28:58 +0100] "GET /wp-content/uploads/2024/08/cropped-Online_Band_2022_7-scaled-2-32x32.jpg HTTP/1.0" 200 1765 "https://online.comeonline.ch/" "Mozilla/5.0 (X11; Linux x86_64; rv:142.0) Gecko/20100101 Firefox/142.0"
80.74.154.100 - - [22/Jan/2026:05:53:42 +0100] "POST /wp-cron.php?doing_wp_cron=1769057622.6503069400787353515625 HTTP/1.0" 200 409 "-" "WordPress/6.9; https://online.comeonline.ch"
80.74.154.100 - - [22/Jan/2026:06:19:09 +0100] "POST /wp-cron.php?doing_wp_cron=1769059149.5695319175720214843750 HTTP/1.0" 200 409 "-" "WordPress/6.9; https://online.comeonline.ch"
31.10.151.237 - - [22/Jan/2026:11:23:57 +0100] "GET /favicon.ico HTTP/1.0" 404 568 "-" "Mozilla/5.0 (Windows NT 10.0; Win64; x64) AppleWebKit/537.36 (KHTML, like Gecko) Chrome/143.0.0.0 Safari/537.36"
31.10.151.237 - - [22/Jan/2026:12:48:56 +0100] "GET /favicon.ico HTTP/1.0" 404 568 "-" "Mozilla/5.0 (Windows NT 10.0; Win64; x64) AppleWebKit/537.36 (KHTML, like Gecko) Chrome/143.0.0.0 Safari/537.36"
31.97.245.115 - - [22/Jan/2026:13:42:18 +0100] "POST / HTTP/1.0" 200 70918 "-" "Mozilla/5.0"
80.74.154.100 - - [22/Jan/2026:13:42:19 +0100] "POST /wp-cron.php?doing_wp_cron=1769085739.3117671012878417968750 HTTP/1.0" 200 409 "-" "WordPress/6.9; https://online.comeonline.ch"
31.97.245.115 - - [22/Jan/2026:13:42:22 +0100] "POST / HTTP/1.0" 200 70918 "-" "Mozilla/5.0"
130.107.200.81 - - [22/Jan/2026:15:49:45 +0100] "POST / HTTP/1.0" 200 70918 "-" "Mozilla/5.0"
80.74.154.100 - - [22/Jan/2026:15:49:46 +0100] "POST /wp-cron.php?doing_wp_cron=1769093386.0869009494781494140625 HTTP/1.0" 200 409 "-" "WordPress/6.9; https://online.comeonline.ch"
130.107.200.81 - - [22/Jan/2026:15:49:47 +0100] "POST / HTTP/1.0" 200 70918 "-" "Mozilla/5.0"
102.209.61.155 - - [23/Jan/2026:02:21:40 +0100] "POST / HTTP/1.0" 200 70918 "-" "Mozilla/5.0"
80.74.154.100 - - [23/Jan/2026:02:21:43 +0100] "POST /wp-cron.php?doing_wp_cron=1769131302.0811181068420410156250 HTTP/1.0" 200 409 "-" "WordPress/6.9; https://online.comeonline.ch"
102.209.61.155 - - [23/Jan/2026:02:21:44 +0100] "POST / HTTP/1.0" 200 70918 "-" "Mozilla/5.0"
8.133.253.62 - - [23/Jan/2026:02:23:45 +0100] "POST / HTTP/1.0" 200 70918 "-" "Mozilla/5.0"
8.133.253.62 - - [23/Jan/2026:02:23:46 +0100] "POST / HTTP/1.0" 200 70918 "-" "Mozilla/5.0"
44.211.33.119 - - [23/Jan/2026:03:23:11 +0100] "POST / HTTP/1.0" 200 70918 "-" "Mozilla/5.0"
80.74.154.100 - - [23/Jan/2026:03:23:11 +0100] "POST /wp-cron.php?doing_wp_cron=1769134991.6984369754791259765625 HTTP/1.0" 200 409 "-" "WordPress/6.9; https://online.comeonline.ch"
44.211.33.119 - - [23/Jan/2026:03:23:13 +0100] "POST / HTTP/1.0" 200 70918 "-" "Mozilla/5.0"
63.34.214.203 - - [23/Jan/2026:05:27:55 +0100] "POST / HTTP/1.0" 200 70918 "-" "Mozilla/5.0"
80.74.154.100 - - [23/Jan/2026:05:27:56 +0100] "POST /wp-cron.php?doing_wp_cron=1769142476.2023038864135742187500 HTTP/1.0" 200 409 "-" "WordPress/6.9; https://online.comeonline.ch"
63.34.214.203 - - [23/Jan/2026:05:28:01 +0100] "POST / HTTP/1.0" 200 70918 "-" "Mozilla/5.0"
80.74.154.100 - - [23/Jan/2026:06:16:41 +0100] "POST /wp-cron.php?doing_wp_cron=1769145401.2575631141662597656250 HTTP/1.0" 200 409 "-" "WordPress/6.9; https://online.comeonline.ch"
80.74.154.100 - - [24/Jan/2026:05:52:09 +0100] "POST /wp-cron.php HTTP/1.0" 200 409 "-" "WordPress/6.9; https://online.comeonline.ch"
80.74.154.100 - - [24/Jan/2026:05:52:10 +0100] "GET / HTTP/1.0" 200 70918 "-" "WordPress/6.9; https://online.comeonline.ch"
80.74.154.100 - - [24/Jan/2026:05:52:11 +0100] "GET / HTTP/1.0" 200 70918 "-" "WordPress/6.9; https://online.comeonline.ch"
80.74.154.100 - - [24/Jan/2026:05:52:11 +0100] "GET / HTTP/1.0" 200 70918 "-" "WordPress/6.9; https://online.comeonline.ch"
80.74.154.100 - - [24/Jan/2026:05:52:11 +0100] "GET / HTTP/1.0" 200 70918 "-" "WordPress/6.9; https://online.comeonline.ch"
80.74.154.100 - - [24/Jan/2026:05:52:07 +0100] "POST /wp-cron.php?doing_wp_cron=1769230326.7802600860595703125000 HTTP/1.0" 200 409 "-" "WordPress/6.9; https://online.comeonline.ch"
80.74.154.100 - - [24/Jan/2026:06:17:07 +0100] "POST /wp-cron.php?doing_wp_cron=1769231827.0588030815124511718750 HTTP/1.0" 200 409 "-" "WordPress/6.9; https://online.comeonline.ch"
156.245.246.112 - - [24/Jan/2026:18:56:55 +0100] "GET /index.php?rest_route=/wp/v2/posts&per_page=100&_fields=id%2Ccomment_status&page=1 HTTP/1.0" 200 742 "https://online.comeonline.ch" "Mozilla/5.0 (iPhone; CPU iPhone OS 18_3_2 like Mac OS X) AppleWebKit/605.1.15 (KHTML, like Gecko) GSA/363.0.743255906 Mobile/15E148 Safari/604.1"
80.74.154.100 - - [24/Jan/2026:18:56:56 +0100] "POST /wp-cron.php?doing_wp_cron=1769277415.9975910186767578125000 HTTP/1.0" 200 409 "-" "WordPress/6.9; https://online.comeonline.ch"
80.74.154.100 - - [25/Jan/2026:05:52:52 +0100] "POST /wp-cron.php?doing_wp_cron=1769316772.7591190338134765625000 HTTP/1.0" 200 409 "-" "WordPress/6.9; https://online.comeonline.ch"
80.74.154.100 - - [25/Jan/2026:06:17:22 +0100] "POST /wp-cron.php?doing_wp_cron=1769318242.4811089038848876953125 HTTP/1.0" 200 409 "-" "WordPress/6.9; https://online.comeonline.ch"
34.253.217.189 - - [25/Jan/2026:22:00:39 +0100] "GET / HTTP/1.0" 200 70918 "-" "Mozilla/5.0 (Windows NT 10.0; Win64; x64) AppleWebKit/537.36 (KHTML, like Gecko) Chrome/91.0.4472.124 Safari/537.36"
34.253.217.189 - - [25/Jan/2026:22:00:41 +0100] "GET /wp-json/wc/v3 HTTP/1.0" 404 570 "-" "Mozilla/5.0 (Windows NT 10.0; Win64; x64) AppleWebKit/537.36 (KHTML, like Gecko) Chrome/91.0.4472.124 Safari/537.36"
34.253.217.189 - - [25/Jan/2026:22:00:41 +0100] "GET /magento_version HTTP/1.0" 404 572 "-" "Mozilla/5.0 (Windows NT 10.0; Win64; x64) AppleWebKit/537.36 (KHTML, like Gecko) Chrome/91.0.4472.124 Safari/537.36"
34.253.217.189 - - [25/Jan/2026:22:00:41 +0100] "GET /index.php?route=checkout/cart HTTP/1.0" 301 418 "-" "Mozilla/5.0 (Windows NT 10.0; Win64; x64) AppleWebKit/537.36 (KHTML, like Gecko) Chrome/91.0.4472.124 Safari/537.36"
80.74.154.100 - - [25/Jan/2026:22:00:40 +0100] "POST /wp-cron.php?doing_wp_cron=1769374840.4782140254974365234375 HTTP/1.0" 200 409 "-" "WordPress/6.9; https://online.comeonline.ch"
34.253.217.189 - - [25/Jan/2026:22:00:41 +0100] "GET /?route=checkout/cart HTTP/1.0" 200 70880 "https://online.comeonline.ch/index.php?route=checkout/cart" "Mozilla/5.0 (Windows NT 10.0; Win64; x64) AppleWebKit/537.36 (KHTML, like Gecko) Chrome/91.0.4472.124 Safari/537.36"
34.253.217.189 - - [25/Jan/2026:22:00:42 +0100] "GET /wp-login.php?action=register HTTP/1.0" 302 738 "-" "Mozilla/5.0 (Windows NT 10.0; Win64; x64) AppleWebKit/537.36 (KHTML, like Gecko) Chrome/91.0.4472.124 Safari/537.36"
34.253.217.189 - - [25/Jan/2026:22:00:42 +0100] "GET /wp-login.php?registration=disabled HTTP/1.0" 200 9597 "https://online.comeonline.ch/wp-login.php?action=register" "Mozilla/5.0 (Windows NT 10.0; Win64; x64) AppleWebKit/537.36 (KHTML, like Gecko) Chrome/91.0.4472.124 Safari/537.36"
80.74.154.100 - - [26/Jan/2026:05:51:32 +0100] "POST /wp-cron.php?doing_wp_cron=1769403092.3434898853302001953125 HTTP/1.0" 200 409 "-" "WordPress/6.9; https://online.comeonline.ch"
80.74.154.100 - - [26/Jan/2026:06:16:10 +0100] "POST /wp-cron.php?doing_wp_cron=1769404570.1715810298919677734375 HTTP/1.0" 200 409 "-" "WordPress/6.9; https://online.comeonline.ch"
80.74.154.100 - - [27/Jan/2026:05:55:57 +0100] "POST /wp-cron.php?doing_wp_cron=1769489757.0572979450225830078125 HTTP/1.0" 200 409 "-" "WordPress/6.9; https://online.comeonline.ch"
91.134.69.56 - - [27/Jan/2026:07:59:38 +0100] "GET / HTTP/1.0" 200 70918 "-" "Mozilla/5.0 (X11; Ubuntu; Linux x86_64; rv:115.0) Gecko/20100101 Chrome/115.0.0.0 Safari/537.36"
80.74.154.100 - - [27/Jan/2026:07:59:39 +0100] "POST /wp-cron.php?doing_wp_cron=1769497179.1767380237579345703125 HTTP/1.0" 200 409 "-" "WordPress/6.9; https://online.comeonline.ch"
91.134.69.56 - - [27/Jan/2026:08:01:38 +0100] "GET / HTTP/1.0" 200 70918 "-" "Mozilla/5.0 (X11; Ubuntu; Linux x86_64; rv:115.0) Gecko/20100101 Chrome/115.0.0.0 Safari/537.36"
91.134.69.56 - - [27/Jan/2026:08:01:38 +0100] "GET /wp-content/themes/twentyseventeen/assets/fonts/font-libre-franklin.css?ver=20230328 HTTP/1.0" 200 11902 "https://online.comeonline.ch/" "Mozilla/5.0 (X11; Ubuntu; Linux x86_64; rv:115.0) Gecko/20100101 Chrome/115.0.0.0 Safari/537.36"
91.134.69.56 - - [27/Jan/2026:08:01:38 +0100] "GET /wp-content/themes/twentyseventeen/style.css?ver=20240716 HTTP/1.0" 200 84673 "https://online.comeonline.ch/" "Mozilla/5.0 (X11; Ubuntu; Linux x86_64; rv:115.0) Gecko/20100101 Chrome/115.0.0.0 Safari/537.36"
91.134.69.56 - - [27/Jan/2026:08:01:38 +0100] "GET /wp-content/themes/twentyseventeen/assets/css/blocks.css?ver=20240624 HTTP/1.0" 200 11319 "https://online.comeonline.ch/" "Mozilla/5.0 (X11; Ubuntu; Linux x86_64; rv:115.0) Gecko/20100101 Chrome/115.0.0.0 Safari/537.36"
91.134.69.56 - - [27/Jan/2026:08:01:38 +0100] "GET /wp-includes/js/jquery/jquery-migrate.min.js?ver=3.4.1 HTTP/1.0" 200 14020 "https://online.comeonline.ch/" "Mozilla/5.0 (X11; Ubuntu; Linux x86_64; rv:115.0) Gecko/20100101 Chrome/115.0.0.0 Safari/537.36"
91.134.69.56 - - [27/Jan/2026:08:01:38 +0100] "GET /wp-includes/js/jquery/jquery.min.js?ver=3.7.1 HTTP/1.0" 200 88142 "https://online.comeonline.ch/" "Mozilla/5.0 (X11; Ubuntu; Linux x86_64; rv:115.0) Gecko/20100101 Chrome/115.0.0.0 Safari/537.36"
91.134.69.56 - - [27/Jan/2026:08:01:38 +0100] "GET /wp-content/uploads/2024/08/cropped-Online_Band_2022_7-scaled-1.jpg HTTP/1.0" 200 398479 "https://online.comeonline.ch/" "Mozilla/5.0 (X11; Ubuntu; Linux x86_64; rv:115.0) Gecko/20100101 Chrome/115.0.0.0 Safari/537.36"
91.134.69.56 - - [27/Jan/2026:08:01:38 +0100] "GET /wp-content/themes/twentyseventeen/assets/js/global.js?ver=20211130 HTTP/1.0" 200 8267 "https://online.comeonline.ch/" "Mozilla/5.0 (X11; Ubuntu; Linux x86_64; rv:115.0) Gecko/20100101 Chrome/115.0.0.0 Safari/537.36"
91.134.69.56 - - [27/Jan/2026:08:01:38 +0100] "GET /wp-content/themes/twentyseventeen/assets/js/navigation.js?ver=20210122 HTTP/1.0" 200 4201 "https://online.comeonline.ch/" "Mozilla/5.0 (X11; Ubuntu; Linux x86_64; rv:115.0) Gecko/20100101 Chrome/115.0.0.0 Safari/537.36"
91.134.69.56 - - [27/Jan/2026:08:01:38 +0100] "GET /wp-content/themes/twentyseventeen/assets/js/jquery.scrollTo.js?ver=2.1.3 HTTP/1.0" 200 6259 "https://online.comeonline.ch/" "Mozilla/5.0 (X11; Ubuntu; Linux x86_64; rv:115.0) Gecko/20100101 Chrome/115.0.0.0 Safari/537.36"
91.134.69.56 - - [27/Jan/2026:08:01:38 +0100] "GET /wp-content/themes/twentyseventeen/assets/fonts/libre-franklin/libre-franklin-latin-400-normal.woff2?ver=13 HTTP/1.0" 200 14557 "https://online.comeonline.ch/wp-content/themes/twentyseventeen/assets/fonts/font-libre-franklin.css?ver=20230328" "Mozilla/5.0 (X11; Ubuntu; Linux x86_64; rv:115.0) Gecko/20100101 Chrome/115.0.0.0 Safari/537.36"
91.134.69.56 - - [27/Jan/2026:08:01:38 +0100] "GET /wp-content/themes/twentyseventeen/assets/fonts/libre-franklin/libre-franklin-latin-600-normal.woff2?ver=13 HTTP/1.0" 200 14625 "https://online.comeonline.ch/wp-content/themes/twentyseventeen/assets/fonts/font-libre-franklin.css?ver=20230328" "Mozilla/5.0 (X11; Ubuntu; Linux x86_64; rv:115.0) Gecko/20100101 Chrome/115.0.0.0 Safari/537.36"
91.134.69.56 - - [27/Jan/2026:08:01:38 +0100] "GET /wp-content/themes/twentyseventeen/assets/fonts/libre-franklin/libre-franklin-latin-800-normal.woff2?ver=13 HTTP/1.0" 200 14665 "https://online.comeonline.ch/wp-content/themes/twentyseventeen/assets/fonts/font-libre-franklin.css?ver=20230328" "Mozilla/5.0 (X11; Ubuntu; Linux x86_64; rv:115.0) Gecko/20100101 Chrome/115.0.0.0 Safari/537.36"
80.74.154.100 - - [28/Jan/2026:05:53:26 +0100] "POST /wp-cron.php?doing_wp_cron=1769576006.1751658916473388671875 HTTP/1.0" 200 409 "-" "WordPress/6.9; https://online.comeonline.ch"
80.74.154.100 - - [28/Jan/2026:06:18:05 +0100] "POST /wp-cron.php?doing_wp_cron=1769577485.6768128871917724609375 HTTP/1.0" 200 409 "-" "WordPress/6.9; https://online.comeonline.ch"
80.74.154.100 - - [29/Jan/2026:05:56:39 +0100] "POST /wp-cron.php?doing_wp_cron=1769662599.5959820747375488281250 HTTP/1.0" 200 409 "-" "WordPress/6.9; https://online.comeonline.ch"
43.162.97.225 - - [29/Jan/2026:21:08:08 +0100] "GET / HTTP/1.0" 200 70918 "-" "Mozilla/5.0 (Windows NT 10.0; Win64; x64) AppleWebKit/537.36 (KHTML, like Gecko) Chrome/134.0.0.0 Safari/537.36"
80.74.154.100 - - [29/Jan/2026:21:08:09 +0100] "POST /wp-cron.php?doing_wp_cron=1769717288.8811950683593750000000 HTTP/1.0" 200 409 "-" "WordPress/6.9; https://online.comeonline.ch"
80.74.154.100 - - [30/Jan/2026:05:56:39 +0100] "POST /wp-cron.php?doing_wp_cron=1769748998.9089419841766357421875 HTTP/1.0" 200 409 "-" "WordPress/6.9; https://online.comeonline.ch"
80.74.154.100 - - [31/Jan/2026:05:53:09 +0100] "POST /wp-cron.php HTTP/1.0" 200 409 "-" "WordPress/6.9; https://online.comeonline.ch"
80.74.154.100 - - [31/Jan/2026:05:53:10 +0100] "GET / HTTP/1.0" 200 70918 "-" "WordPress/6.9; https://online.comeonline.ch"
80.74.154.100 - - [31/Jan/2026:05:53:10 +0100] "GET / HTTP/1.0" 200 70918 "-" "WordPress/6.9; https://online.comeonline.ch"
80.74.154.100 - - [31/Jan/2026:05:53:10 +0100] "GET / HTTP/1.0" 200 70918 "-" "WordPress/6.9; https://online.comeonline.ch"
80.74.154.100 - - [31/Jan/2026:05:53:10 +0100] "GET / HTTP/1.0" 200 70918 "-" "WordPress/6.9; https://online.comeonline.ch"
80.74.154.100 - - [31/Jan/2026:05:53:06 +0100] "POST /wp-cron.php?doing_wp_cron=1769835186.0715539455413818359375 HTTP/1.0" 200 409 "-" "WordPress/6.9; https://online.comeonline.ch"
80.74.154.100 - - [31/Jan/2026:06:17:33 +0100] "POST /wp-cron.php?doing_wp_cron=1769836653.1149160861968994140625 HTTP/1.0" 200 409 "-" "WordPress/6.9; https://online.comeonline.ch"
80.74.154.100 - - [01/Feb/2026:05:53:24 +0100] "POST /wp-cron.php?doing_wp_cron=1769921604.1359329223632812500000 HTTP/1.0" 200 409 "-" "WordPress/6.9; https://online.comeonline.ch"
80.74.154.100 - - [01/Feb/2026:06:18:19 +0100] "POST /wp-cron.php?doing_wp_cron=1769923099.0766038894653320312500 HTTP/1.0" 200 409 "-" "WordPress/6.9; https://online.comeonline.ch"
80.74.154.100 - - [02/Feb/2026:05:53:31 +0100] "POST /wp-cron.php?doing_wp_cron=1770008011.6237580776214599609375 HTTP/1.0" 200 409 "-" "WordPress/6.9; https://online.comeonline.ch"
80.74.154.100 - - [02/Feb/2026:06:18:06 +0100] "POST /wp-cron.php?doing_wp_cron=1770009486.7572319507598876953125 HTTP/1.0" 200 409 "-" "WordPress/6.9; https://online.comeonline.ch"
80.74.154.100 - - [03/Feb/2026:05:54:08 +0100] "POST /wp-cron.php?doing_wp_cron=1770094448.4961249828338623046875 HTTP/1.0" 200 409 "-" "WordPress/6.9; https://online.comeonline.ch"
80.74.154.100 - - [03/Feb/2026:06:19:15 +0100] "POST /wp-cron.php?doing_wp_cron=1770095954.9491391181945800781250 HTTP/1.0" 200 409 "-" "WordPress/6.9; https://online.comeonline.ch"
31.10.151.237 - - [03/Feb/2026:11:29:27 +0100] "GET /favicon.ico HTTP/1.0" 404 568 "-" "Mozilla/5.0 (Windows NT 10.0; Win64; x64) AppleWebKit/537.36 (KHTML, like Gecko) Chrome/144.0.0.0 Safari/537.36"
80.74.154.100 - - [04/Feb/2026:06:42:58 +0100] "POST /wp-cron.php?doing_wp_cron=1770183777.8715751171112060546875 HTTP/1.0" 200 409 "-" "WordPress/6.9; https://online.comeonline.ch"
80.74.154.100 - - [04/Feb/2026:06:43:12 +0100] "HEAD / HTTP/1.0" 200 137 "-" "-"
80.74.154.100 - - [04/Feb/2026:06:43:18 +0100] "POST /wp-admin/upgrade.php?step=upgrade_db HTTP/1.0" 200 439 "-" "WordPress/6.9; https://online.comeonline.ch"
80.74.154.100 - - [04/Feb/2026:06:43:26 +0100] "HEAD / HTTP/1.0" 200 137 "-" "-"
80.74.154.100 - - [04/Feb/2026:07:24:36 +0100] "POST /wp-cron.php?doing_wp_cron=1770186276.0881280899047851562500 HTTP/1.0" 200 409 "-" "WordPress/6.9.1; https://online.comeonline.ch"
164.90.144.235 - - [04/Feb/2026:11:17:20 +0100] "GET / HTTP/1.0" 200 70895 "-" "Mozilla/5.0 (X11; Linux x86_64) AppleWebKit/537.36 (KHTML, like Gecko) Chrome/142.0.0.0 Safari/537.36"
80.74.154.100 - - [04/Feb/2026:11:17:21 +0100] "POST /wp-cron.php?doing_wp_cron=1770200241.2113010883331298828125 HTTP/1.0" 200 409 "-" "WordPress/6.9.1; https://online.comeonline.ch"
164.90.144.235 - - [04/Feb/2026:11:17:26 +0100] "GET /wp-content/uploads/2024/08/cropped-Online_Band_2022_7-scaled-2-32x32.jpg HTTP/1.0" 200 1765 "https://online.comeonline.ch/" "Mozilla/5.0 (X11; Linux x86_64) AppleWebKit/537.36 (KHTML, like Gecko) Chrome/142.0.0.0 Safari/537.36"
80.74.154.100 - - [05/Feb/2026:05:55:46 +0100] "POST /wp-cron.php?doing_wp_cron=1770267346.4161889553070068359375 HTTP/1.0" 200 409 "-" "WordPress/6.9.1; https://online.comeonline.ch"
80.74.154.100 - - [05/Feb/2026:05:55:57 +0100] "POST /wp-cron.php?doing_wp_cron=1770267357.2947859764099121093750 HTTP/1.0" 200 409 "-" "WordPress/6.9.1; https://online.comeonline.ch"
34.26.135.22 - - [05/Feb/2026:10:08:07 +0100] "GET / HTTP/1.0" 200 70895 "-" "Mozilla/5.0 (Windows NT 10.0; Win64; x64) AppleWebKit/537.36 (KHTML, like Gecko) Chrome/78.0.3904.108 Safari/537.36"
80.74.154.100 - - [05/Feb/2026:10:08:08 +0100] "POST /wp-cron.php?doing_wp_cron=1770282488.3848960399627685546875 HTTP/1.0" 200 409 "-" "WordPress/6.9.1; https://online.comeonline.ch"
34.26.135.22 - - [05/Feb/2026:10:08:09 +0100] "GET //wp-includes/wlwmanifest.xml HTTP/1.0" 404 584 "-" "Mozilla/5.0 (Windows NT 10.0; Win64; x64) AppleWebKit/537.36 (KHTML, like Gecko) Chrome/78.0.3904.108 Safari/537.36"
34.26.135.22 - - [05/Feb/2026:10:08:09 +0100] "GET //xmlrpc.php?rsd HTTP/1.0" 200 1173 "-" "Mozilla/5.0 (Windows NT 10.0; Win64; x64) AppleWebKit/537.36 (KHTML, like Gecko) Chrome/78.0.3904.108 Safari/537.36"
34.26.135.22 - - [05/Feb/2026:10:08:10 +0100] "GET //?author=1 HTTP/1.0" 301 407 "-" "Mozilla/5.0 (Windows NT 10.0; Win64; x64) AppleWebKit/537.36 (KHTML, like Gecko) Chrome/78.0.3904.108 Safari/537.36"
34.26.135.22 - - [05/Feb/2026:10:08:10 +0100] "GET //?author=2 HTTP/1.0" 301 519 "-" "Mozilla/5.0 (Windows NT 10.0; Win64; x64) AppleWebKit/537.36 (KHTML, like Gecko) Chrome/78.0.3904.108 Safari/537.36"
34.26.135.22 - - [05/Feb/2026:10:08:10 +0100] "GET //wp-json/wp/v2/users/ HTTP/1.0" 404 577 "-" "Mozilla/5.0 (Windows NT 10.0; Win64; x64) AppleWebKit/537.36 (KHTML, like Gecko) Chrome/78.0.3904.108 Safari/537.36"
34.26.135.22 - - [05/Feb/2026:10:08:10 +0100] "GET //wp-json/oembed/1.0/embed?url=https://online.comeonline.ch/ HTTP/1.0" 404 581 "-" "Mozilla/5.0 (Windows NT 10.0; Win64; x64) AppleWebKit/537.36 (KHTML, like Gecko) Chrome/78.0.3904.108 Safari/537.36"
34.26.135.22 - - [05/Feb/2026:10:08:10 +0100] "POST //xmlrpc.php HTTP/1.0" 200 741 "-" "Mozilla/5.0 (Windows NT 10.0; Win64; x64) AppleWebKit/537.36 (KHTML, like Gecko) Chrome/78.0.3904.108 Safari/537.36"
34.26.135.22 - - [05/Feb/2026:10:08:10 +0100] "POST //xmlrpc.php HTTP/1.0" 200 741 "-" "Mozilla/5.0 (Windows NT 10.0; Win64; x64) AppleWebKit/537.36 (KHTML, like Gecko) Chrome/78.0.3904.108 Safari/537.36"
34.26.135.22 - - [05/Feb/2026:10:08:11 +0100] "POST //xmlrpc.php HTTP/1.0" 200 741 "-" "Mozilla/5.0 (Windows NT 10.0; Win64; x64) AppleWebKit/537.36 (KHTML, like Gecko) Chrome/78.0.3904.108 Safari/537.36"
34.26.135.22 - - [05/Feb/2026:10:08:11 +0100] "POST //xmlrpc.php HTTP/1.0" 200 741 "-" "Mozilla/5.0 (Windows NT 10.0; Win64; x64) AppleWebKit/537.36 (KHTML, like Gecko) Chrome/78.0.3904.108 Safari/537.36"
34.26.135.22 - - [05/Feb/2026:10:08:11 +0100] "POST //xmlrpc.php HTTP/1.0" 200 741 "-" "Mozilla/5.0 (Windows NT 10.0; Win64; x64) AppleWebKit/537.36 (KHTML, like Gecko) Chrome/78.0.3904.108 Safari/537.36"
34.26.135.22 - - [05/Feb/2026:10:08:11 +0100] "POST //xmlrpc.php HTTP/1.0" 200 741 "-" "Mozilla/5.0 (Windows NT 10.0; Win64; x64) AppleWebKit/537.36 (KHTML, like Gecko) Chrome/78.0.3904.108 Safari/537.36"
34.26.135.22 - - [05/Feb/2026:10:08:11 +0100] "POST //xmlrpc.php HTTP/1.0" 200 741 "-" "Mozilla/5.0 (Windows NT 10.0; Win64; x64) AppleWebKit/537.36 (KHTML, like Gecko) Chrome/78.0.3904.108 Safari/537.36"
80.74.154.100 - - [06/Feb/2026:05:58:48 +0100] "POST /wp-cron.php?doing_wp_cron=1770353928.6464300155639648437500 HTTP/1.0" 200 409 "-" "WordPress/6.9.1; https://online.comeonline.ch"
69.165.67.63 - - [06/Feb/2026:19:14:50 +0100] "GET /index.php?rest_route=/wp/v2/posts&per_page=100&_fields=id%2Ccomment_status&page=1 HTTP/1.0" 200 742 "https://online.comeonline.ch" "Mozilla/5.0 (Linux; Android 10; K) AppleWebKit/537.36 (KHTML, like Gecko) Chrome/135.0.0.0 Mobile Safari/537.36"
80.74.154.100 - - [06/Feb/2026:19:14:53 +0100] "POST /wp-cron.php HTTP/1.0" 200 409 "-" "WordPress/6.9.1; https://online.comeonline.ch"
80.74.154.100 - - [06/Feb/2026:19:14:55 +0100] "GET / HTTP/1.0" 200 70895 "-" "WordPress/6.9.1; https://online.comeonline.ch"
80.74.154.100 - - [06/Feb/2026:19:14:55 +0100] "GET / HTTP/1.0" 200 70895 "-" "WordPress/6.9.1; https://online.comeonline.ch"
80.74.154.100 - - [06/Feb/2026:19:14:55 +0100] "GET / HTTP/1.0" 200 70895 "-" "WordPress/6.9.1; https://online.comeonline.ch"
80.74.154.100 - - [06/Feb/2026:19:14:55 +0100] "GET / HTTP/1.0" 200 70895 "-" "WordPress/6.9.1; https://online.comeonline.ch"
80.74.154.100 - - [06/Feb/2026:19:14:51 +0100] "POST /wp-cron.php?doing_wp_cron=1770401690.9459409713745117187500 HTTP/1.0" 200 409 "-" "WordPress/6.9.1; https://online.comeonline.ch"
80.74.154.100 - - [07/Feb/2026:05:53:21 +0100] "POST /wp-cron.php?doing_wp_cron=1770440001.0893828868865966796875 HTTP/1.0" 200 409 "-" "WordPress/6.9.1; https://online.comeonline.ch"
80.74.154.100 - - [07/Feb/2026:06:18:48 +0100] "POST /wp-cron.php?doing_wp_cron=1770441528.6547639369964599609375 HTTP/1.0" 200 409 "-" "WordPress/6.9.1; https://online.comeonline.ch"
80.74.154.100 - - [08/Feb/2026:02:51:25 +0100] "POST /wp-cron.php?doing_wp_cron=1770515484.8904769420623779296875 HTTP/1.0" 200 409 "-" "WordPress/6.9.1; https://online.comeonline.ch"
104.252.191.152 - - [08/Feb/2026:02:51:29 +0100] "GET / HTTP/1.0" 200 70895 "-" "Mozilla/5.0 (X11; Linux x86_64) AppleWebKit/537.36 (KHTML, like Gecko) Chrome/116.0.0.0 Safari/537.36"
103.4.251.29 - - [08/Feb/2026:02:51:36 +0100] "GET / HTTP/1.0" 200 70895 "-" "Mozilla/5.0 (X11; Linux x86_64) AppleWebKit/537.36 (KHTML, like Gecko) Chrome/117.0.0.0 Safari/537.36"
104.252.191.152 - - [08/Feb/2026:02:51:43 +0100] "GET / HTTP/1.0" 200 70895 "-" "Mozilla/5.0 (Windows NT 10.0; Win64; x64) AppleWebKit/537.36 (KHTML, like Gecko) Chrome/116.0.0.0 Safari/537.36"
104.252.191.152 - - [08/Feb/2026:02:52:09 +0100] "GET /https%3A/gmpg.org/xfn/11 HTTP/1.0" 404 579 "-" "Mozilla/5.0 (Windows NT 10.0; Win64; x64) AppleWebKit/537.36 (KHTML, like Gecko) Chrome/116.0.0.0 Safari/537.36"
104.252.191.152 - - [08/Feb/2026:02:52:09 +0100] "GET /https%3A/online.comeonline.ch/%3Ffeed%3Drss2 HTTP/1.0" 404 595 "-" "Mozilla/5.0 (Windows NT 10.0; Win64; x64) AppleWebKit/537.36 (KHTML, like Gecko) Chrome/116.0.0.0 Safari/537.36"
104.252.191.152 - - [08/Feb/2026:02:52:09 +0100] "GET /https%3A/online.comeonline.ch/%3Ffeed%3Dcomments-rss2 HTTP/1.0" 404 604 "-" "Mozilla/5.0 (Windows NT 10.0; Win64; x64) AppleWebKit/537.36 (KHTML, like Gecko) Chrome/116.0.0.0 Safari/537.36"
104.252.191.152 - - [08/Feb/2026:02:52:09 +0100] "GET /https%3A/online.comeonline.ch/index.php%3Frest_route%3D/oembed/1.0/embed%26url%3Dhttps%3A/online.comeonline.ch/ HTTP/1.0" 404 660 "-" "Mozilla/5.0 (Windows NT 10.0; Win64; x64) AppleWebKit/537.36 (KHTML, like Gecko) Chrome/116.0.0.0 Safari/537.36"
104.252.191.152 - - [08/Feb/2026:02:52:09 +0100] "GET /https%3A/online.comeonline.ch/index.php%3Frest_route%3D/oembed/1.0/embed%26url%3Dhttps%3A/online.comeonline.ch/%26format%3Dxml HTTP/1.0" 404 675 "-" "Mozilla/5.0 (Windows NT 10.0; Win64; x64) AppleWebKit/537.36 (KHTML, like Gecko) Chrome/116.0.0.0 Safari/537.36"
104.252.191.152 - - [08/Feb/2026:02:52:09 +0100] "GET /https%3A/online.comeonline.ch/wp-content/themes/twentyseventeen/assets/fonts/font-libre-franklin.css%3Fver%3D20230328 HTTP/1.0" 404 668 "-" "Mozilla/5.0 (Windows NT 10.0; Win64; x64) AppleWebKit/537.36 (KHTML, like Gecko) Chrome/116.0.0.0 Safari/537.36"
31.97.153.61 - - [08/Feb/2026:02:52:39 +0100] "GET / HTTP/1.0" 200 70895 "-" "Mozilla/5.0 (Macintosh; Intel Mac OS X 10_15_7) AppleWebKit/537.36 (KHTML, like Gecko) Chrome/126.0.0.0 Safari/537.36"
158.173.152.196 - - [08/Feb/2026:02:52:55 +0100] "GET / HTTP/1.0" 200 70895 "-" "Mozilla/5.0 (Macintosh; Intel Mac OS X 10_15_7) AppleWebKit/537.36 (KHTML, like Gecko) Chrome/143.0.0.0 Safari/537.36"
158.173.152.196 - - [08/Feb/2026:02:52:56 +0100] "GET / HTTP/1.0" 200 70895 "-" "Mozilla/5.0 (Linux; arm_64; Android 14; Infinix X6833B) AppleWebKit/537.36 (KHTML, like Gecko) Chrome/142.0.7444.213 YaBrowser/25.12.3.213.00 Mobile Safari/537.36"
158.173.152.196 - - [08/Feb/2026:02:53:30 +0100] "GET /wp-content/uploads/2024/08/cropped-Online_Band_2022_7-scaled-2-180x180.jpg HTTP/1.0" 200 11188 "-" "Mozilla/5.0 (Linux; arm_64; Android 14; Infinix X6833B) AppleWebKit/537.36 (KHTML, like Gecko) Chrome/142.0.7444.213 YaBrowser/25.12.3.213.00 Mobile Safari/537.36"
158.173.152.196 - - [08/Feb/2026:02:53:30 +0100] "GET /wp-content/uploads/2024/08/cropped-Online_Band_2022_7-scaled-2-192x192.jpg HTTP/1.0" 200 12029 "-" "Mozilla/5.0 (Linux; arm_64; Android 14; Infinix X6833B) AppleWebKit/537.36 (KHTML, like Gecko) Chrome/142.0.7444.213 YaBrowser/25.12.3.213.00 Mobile Safari/537.36"
158.173.152.196 - - [08/Feb/2026:02:53:32 +0100] "GET /wp-content/uploads/2024/08/cropped-Online_Band_2022_7-scaled-2-192x192.jpg HTTP/1.0" 200 12029 "-" "Mozilla/5.0 (Macintosh; Intel Mac OS X 10_15_7) AppleWebKit/537.36 (KHTML, like Gecko) Chrome/143.0.0.0 Safari/537.36"
158.173.152.196 - - [08/Feb/2026:02:53:32 +0100] "GET /wp-content/uploads/2024/08/cropped-Online_Band_2022_7-scaled-2-180x180.jpg HTTP/1.0" 200 11188 "-" "Mozilla/5.0 (Macintosh; Intel Mac OS X 10_15_7) AppleWebKit/537.36 (KHTML, like Gecko) Chrome/143.0.0.0 Safari/537.36"
158.173.152.196 - - [08/Feb/2026:02:53:32 +0100] "GET /wp-content/uploads/2024/08/cropped-Online_Band_2022_7-scaled-2-32x32.jpg HTTP/1.0" 200 1765 "-" "Mozilla/5.0 (Linux; arm_64; Android 14; Infinix X6833B) AppleWebKit/537.36 (KHTML, like Gecko) Chrome/142.0.7444.213 YaBrowser/25.12.3.213.00 Mobile Safari/537.36"
158.173.152.196 - - [08/Feb/2026:02:53:33 +0100] "GET /wp-content/uploads/2024/08/cropped-Online_Band_2022_7-scaled-2-32x32.jpg HTTP/1.0" 200 1765 "-" "Mozilla/5.0 (Macintosh; Intel Mac OS X 10_15_7) AppleWebKit/537.36 (KHTML, like Gecko) Chrome/143.0.0.0 Safari/537.36"
158.173.152.196 - - [08/Feb/2026:02:54:04 +0100] "GET /favicon.ico HTTP/1.0" 404 568 "-" "Mozilla/5.0 (Macintosh; Intel Mac OS X 10_15_7) AppleWebKit/537.36 (KHTML, like Gecko) Chrome/143.0.0.0 Safari/537.36"
18.235.94.119 - - [08/Feb/2026:02:54:29 +0100] "GET / HTTP/1.0" 200 70895 "-" "Mozilla/5.0 (X11; Linux x86_64) AppleWebKit/537.36 (KHTML, like Gecko) Chrome/134.0.0.0 Safari/537.36"
154.28.229.116 - - [08/Feb/2026:03:06:35 +0100] "GET / HTTP/1.0" 200 70895 "-" "Mozilla/5.0 (Macintosh; Intel Mac OS X 10_15_7) AppleWebKit/537.36 (KHTML, like Gecko) Chrome/117.0.0.0 Safari/537.36"
103.4.250.213 - - [08/Feb/2026:03:06:35 +0100] "GET / HTTP/1.0" 200 70895 "-" "Mozilla/5.0 (X11; Linux x86_64) AppleWebKit/537.36 (KHTML, like Gecko) Chrome/116.0.0.0 Safari/537.36"
80.74.154.100 - - [08/Feb/2026:03:06:36 +0100] "POST /wp-cron.php?doing_wp_cron=1770516395.9075989723205566406250 HTTP/1.0" 200 409 "-" "WordPress/6.9.1; https://online.comeonline.ch"
80.74.154.100 - - [08/Feb/2026:03:06:36 +0100] "POST /wp-cron.php?doing_wp_cron=1770516395.9075961112976074218750 HTTP/1.0" 200 409 "-" "WordPress/6.9.1; https://online.comeonline.ch"
154.28.229.116 - - [08/Feb/2026:03:06:43 +0100] "GET / HTTP/1.0" 200 70895 "-" "Mozilla/5.0 (Windows NT 10.0; Win64; x64) AppleWebKit/537.36 (KHTML, like Gecko) Chrome/117.0.0.0 Safari/537.36"
217.182.76.73 - - [08/Feb/2026:03:36:42 +0100] "GET / HTTP/1.0" 200 70895 "-" "Mozilla/5.0 (X11; CrOS x86_64 14541.0.0) AppleWebKit/537.36 (KHTML, like Gecko) Chrome/120.0.0.0 Safari/537.3"
217.182.76.73 - - [08/Feb/2026:03:37:47 +0100] "GET /favicon.ico HTTP/1.0" 404 8115 "-" "Mozilla/5.0 (X11; CrOS x86_64 14541.0.0) AppleWebKit/537.36 (KHTML, like Gecko) Chrome/120.0.0.0 Safari/537.3"
217.182.76.73 - - [08/Feb/2026:03:37:50 +0100] "GET /wp-content/uploads/2024/08/cropped-Online_Band_2022_7-scaled-2-32x32.jpg HTTP/1.0" 200 1765 "-" "Mozilla/5.0 (X11; CrOS x86_64 14541.0.0) AppleWebKit/537.36 (KHTML, like Gecko) Chrome/120.0.0.0 Safari/537.3"
217.182.76.73 - - [08/Feb/2026:03:37:59 +0100] "GET /wp-content/uploads/2024/08/cropped-Online_Band_2022_7-scaled-2-192x192.jpg HTTP/1.0" 200 12029 "-" "Mozilla/5.0 (X11; CrOS x86_64 14541.0.0) AppleWebKit/537.36 (KHTML, like Gecko) Chrome/120.0.0.0 Safari/537.3"
104.252.191.21 - - [08/Feb/2026:03:39:19 +0100] "GET / HTTP/1.0" 200 70895 "-" "Mozilla/5.0 (Macintosh; Intel Mac OS X 10_15_7) AppleWebKit/537.36 (KHTML, like Gecko) Chrome/117.0.0.0 Safari/537.36"
104.164.126.107 - - [08/Feb/2026:03:39:19 +0100] "GET / HTTP/1.0" 200 70895 "-" "Mozilla/5.0 (Macintosh; Intel Mac OS X 10_15_7) AppleWebKit/537.36 (KHTML, like Gecko) Chrome/116.0.0.0 Safari/537.36"
104.164.126.107 - - [08/Feb/2026:03:39:32 +0100] "GET / HTTP/1.0" 200 70895 "-" "Mozilla/5.0 (Macintosh; Intel Mac OS X 10_15_7) AppleWebKit/537.36 (KHTML, like Gecko) Chrome/116.0.0.0 Safari/537.36"
104.164.126.107 - - [08/Feb/2026:03:39:58 +0100] "GET /https%3A/online.comeonline.ch/index.php%3Frest_route%3D/ HTTP/1.0" 404 607 "-" "Mozilla/5.0 (Macintosh; Intel Mac OS X 10_15_7) AppleWebKit/537.36 (KHTML, like Gecko) Chrome/116.0.0.0 Safari/537.36"
217.182.76.73 - - [08/Feb/2026:03:40:54 +0100] "GET /wp-content/uploads/2024/08/cropped-Online_Band_2022_7-scaled-2-180x180.jpg HTTP/1.0" 200 11188 "-" "Mozilla/5.0 (X11; CrOS x86_64 14541.0.0) AppleWebKit/537.36 (KHTML, like Gecko) Chrome/120.0.0.0 Safari/537.3"
217.182.76.73 - - [08/Feb/2026:03:41:29 +0100] "HEAD / HTTP/1.0" 200 137 "-" "Mozilla/5.0 (Windows NT 10.0; Win64; x64) AppleWebKit/537.36 (KHTML, like Gecko) Chrome/42.0.2311.135 Safari/537.36 Edge/12.246"
217.182.76.73 - - [08/Feb/2026:03:41:30 +0100] "GET / HTTP/1.0" 200 70895 "-" "Mozilla/5.0 (Windows NT 10.0; Win64; x64) AppleWebKit/537.36 (KHTML, like Gecko) Chrome/42.0.2311.135 Safari/537.36 Edge/12.246"
217.182.76.73 - - [08/Feb/2026:03:41:30 +0100] "HEAD /?feed=rss2 HTTP/1.0" 200 137 "https://online.comeonline.ch/" "Mozilla/5.0 (Windows NT 10.0; Win64; x64) AppleWebKit/537.36 (KHTML, like Gecko) Chrome/42.0.2311.135 Safari/537.36 Edge/12.246"
217.182.76.73 - - [08/Feb/2026:03:41:30 +0100] "HEAD /?feed=comments-rss2 HTTP/1.0" 200 137 "https://online.comeonline.ch/" "Mozilla/5.0 (Windows NT 10.0; Win64; x64) AppleWebKit/537.36 (KHTML, like Gecko) Chrome/42.0.2311.135 Safari/537.36 Edge/12.246"
217.182.76.73 - - [08/Feb/2026:03:41:30 +0100] "HEAD /index.php?rest_route=%2Foembed%2F1.0%2Fembed&url=https%3A%2F%2Fonline.comeonline.ch%2F HTTP/1.0" 200 137 "https://online.comeonline.ch/" "Mozilla/5.0 (Windows NT 10.0; Win64; x64) AppleWebKit/537.36 (KHTML, like Gecko) Chrome/42.0.2311.135 Safari/537.36 Edge/12.246"
217.182.76.73 - - [08/Feb/2026:03:41:30 +0100] "HEAD /index.php?rest_route=%2Foembed%2F1.0%2Fembed&url=https%3A%2F%2Fonline.comeonline.ch%2F&format=xml HTTP/1.0" 200 137 "https://online.comeonline.ch/" "Mozilla/5.0 (Windows NT 10.0; Win64; x64) AppleWebKit/537.36 (KHTML, like Gecko) Chrome/42.0.2311.135 Safari/537.36 Edge/12.246"
217.182.76.73 - - [08/Feb/2026:03:41:30 +0100] "HEAD /wp-content/themes/twentyseventeen/assets/fonts/font-libre-franklin.css?ver=20230328 HTTP/1.0" 200 137 "https://online.comeonline.ch/" "Mozilla/5.0 (Windows NT 10.0; Win64; x64) AppleWebKit/537.36 (KHTML, like Gecko) Chrome/42.0.2311.135 Safari/537.36 Edge/12.246"
217.182.76.73 - - [08/Feb/2026:03:41:30 +0100] "GET /wp-content/themes/twentyseventeen/assets/fonts/font-libre-franklin.css?ver=20230328 HTTP/1.0" 200 11902 "https://online.comeonline.ch/" "Mozilla/5.0 (Windows NT 10.0; Win64; x64) AppleWebKit/537.36 (KHTML, like Gecko) Chrome/42.0.2311.135 Safari/537.36 Edge/12.246"
217.182.76.73 - - [08/Feb/2026:03:41:30 +0100] "HEAD /wp-content/themes/twentyseventeen/style.css?ver=20240716 HTTP/1.0" 200 137 "https://online.comeonline.ch/" "Mozilla/5.0 (Windows NT 10.0; Win64; x64) AppleWebKit/537.36 (KHTML, like Gecko) Chrome/42.0.2311.135 Safari/537.36 Edge/12.246"
217.182.76.73 - - [08/Feb/2026:03:41:30 +0100] "GET /wp-content/themes/twentyseventeen/style.css?ver=20240716 HTTP/1.0" 200 84673 "https://online.comeonline.ch/" "Mozilla/5.0 (Windows NT 10.0; Win64; x64) AppleWebKit/537.36 (KHTML, like Gecko) Chrome/42.0.2311.135 Safari/537.36 Edge/12.246"
217.182.76.73 - - [08/Feb/2026:03:41:30 +0100] "HEAD /wp-content/themes/twentyseventeen/assets/css/blocks.css?ver=20240624 HTTP/1.0" 200 137 "https://online.comeonline.ch/" "Mozilla/5.0 (Windows NT 10.0; Win64; x64) AppleWebKit/537.36 (KHTML, like Gecko) Chrome/42.0.2311.135 Safari/537.36 Edge/12.246"
217.182.76.73 - - [08/Feb/2026:03:41:30 +0100] "GET /wp-content/themes/twentyseventeen/assets/css/blocks.css?ver=20240624 HTTP/1.0" 200 11319 "https://online.comeonline.ch/" "Mozilla/5.0 (Windows NT 10.0; Win64; x64) AppleWebKit/537.36 (KHTML, like Gecko) Chrome/42.0.2311.135 Safari/537.36 Edge/12.246"
217.182.76.73 - - [08/Feb/2026:03:41:30 +0100] "HEAD /wp-includes/js/jquery/jquery.min.js?ver=3.7.1 HTTP/1.0" 200 137 "https://online.comeonline.ch/" "Mozilla/5.0 (Windows NT 10.0; Win64; x64) AppleWebKit/537.36 (KHTML, like Gecko) Chrome/42.0.2311.135 Safari/537.36 Edge/12.246"
217.182.76.73 - - [08/Feb/2026:03:41:30 +0100] "HEAD /wp-includes/js/jquery/jquery-migrate.min.js?ver=3.4.1 HTTP/1.0" 200 137 "https://online.comeonline.ch/" "Mozilla/5.0 (Windows NT 10.0; Win64; x64) AppleWebKit/537.36 (KHTML, like Gecko) Chrome/42.0.2311.135 Safari/537.36 Edge/12.246"
217.182.76.73 - - [08/Feb/2026:03:41:30 +0100] "HEAD /wp-content/themes/twentyseventeen/assets/js/global.js?ver=20211130 HTTP/1.0" 200 137 "https://online.comeonline.ch/" "Mozilla/5.0 (Windows NT 10.0; Win64; x64) AppleWebKit/537.36 (KHTML, like Gecko) Chrome/42.0.2311.135 Safari/537.36 Edge/12.246"
217.182.76.73 - - [08/Feb/2026:03:41:30 +0100] "HEAD /wp-content/themes/twentyseventeen/assets/js/navigation.js?ver=20210122 HTTP/1.0" 200 137 "https://online.comeonline.ch/" "Mozilla/5.0 (Windows NT 10.0; Win64; x64) AppleWebKit/537.36 (KHTML, like Gecko) Chrome/42.0.2311.135 Safari/537.36 Edge/12.246"
217.182.76.73 - - [08/Feb/2026:03:41:30 +0100] "HEAD /index.php?rest_route=/ HTTP/1.0" 200 137 "https://online.comeonline.ch/" "Mozilla/5.0 (Windows NT 10.0; Win64; x64) AppleWebKit/537.36 (KHTML, like Gecko) Chrome/42.0.2311.135 Safari/537.36 Edge/12.246"
217.182.76.73 - - [08/Feb/2026:03:41:31 +0100] "HEAD /index.php?rest_route=/wp/v2/pages/48 HTTP/1.0" 200 137 "https://online.comeonline.ch/" "Mozilla/5.0 (Windows NT 10.0; Win64; x64) AppleWebKit/537.36 (KHTML, like Gecko) Chrome/42.0.2311.135 Safari/537.36 Edge/12.246"
217.182.76.73 - - [08/Feb/2026:03:41:31 +0100] "HEAD /xmlrpc.php?rsd HTTP/1.0" 200 137 "https://online.comeonline.ch/" "Mozilla/5.0 (Windows NT 10.0; Win64; x64) AppleWebKit/537.36 (KHTML, like Gecko) Chrome/42.0.2311.135 Safari/537.36 Edge/12.246"
217.182.76.73 - - [08/Feb/2026:03:41:31 +0100] "HEAD /wp-content/uploads/2024/08/cropped-Online_Band_2022_7-scaled-2-32x32.jpg HTTP/1.0" 200 137 "https://online.comeonline.ch/" "Mozilla/5.0 (Windows NT 10.0; Win64; x64) AppleWebKit/537.36 (KHTML, like Gecko) Chrome/42.0.2311.135 Safari/537.36 Edge/12.246"
217.182.76.73 - - [08/Feb/2026:03:41:31 +0100] "HEAD /wp-content/uploads/2024/08/cropped-Online_Band_2022_7-scaled-2-192x192.jpg HTTP/1.0" 200 137 "https://online.comeonline.ch/" "Mozilla/5.0 (Windows NT 10.0; Win64; x64) AppleWebKit/537.36 (KHTML, like Gecko) Chrome/42.0.2311.135 Safari/537.36 Edge/12.246"
217.182.76.73 - - [08/Feb/2026:03:41:31 +0100] "HEAD /wp-content/uploads/2024/08/cropped-Online_Band_2022_7-scaled-2-180x180.jpg HTTP/1.0" 200 137 "https://online.comeonline.ch/" "Mozilla/5.0 (Windows NT 10.0; Win64; x64) AppleWebKit/537.36 (KHTML, like Gecko) Chrome/42.0.2311.135 Safari/537.36 Edge/12.246"
217.182.76.73 - - [08/Feb/2026:03:41:31 +0100] "HEAD /wp-content/uploads/2024/08/cropped-Online_Band_2022_7-scaled-1.jpg HTTP/1.0" 200 137 "https://online.comeonline.ch/" "Mozilla/5.0 (Windows NT 10.0; Win64; x64) AppleWebKit/537.36 (KHTML, like Gecko) Chrome/42.0.2311.135 Safari/537.36 Edge/12.246"
217.182.76.73 - - [08/Feb/2026:03:41:31 +0100] "HEAD /wp-content/uploads/2024/08/cropped-Online_Band_2022_7-scaled-1-300x180.jpg HTTP/1.0" 200 137 "https://online.comeonline.ch/" "Mozilla/5.0 (Windows NT 10.0; Win64; x64) AppleWebKit/537.36 (KHTML, like Gecko) Chrome/42.0.2311.135 Safari/537.36 Edge/12.246"
217.182.76.73 - - [08/Feb/2026:03:41:31 +0100] "HEAD /wp-content/uploads/2024/08/cropped-Online_Band_2022_7-scaled-1-1024x614.jpg HTTP/1.0" 200 137 "https://online.comeonline.ch/" "Mozilla/5.0 (Windows NT 10.0; Win64; x64) AppleWebKit/537.36 (KHTML, like Gecko) Chrome/42.0.2311.135 Safari/537.36 Edge/12.246"
217.182.76.73 - - [08/Feb/2026:03:41:31 +0100] "HEAD /wp-content/uploads/2024/08/cropped-Online_Band_2022_7-scaled-1-768x461.jpg HTTP/1.0" 200 137 "https://online.comeonline.ch/" "Mozilla/5.0 (Windows NT 10.0; Win64; x64) AppleWebKit/537.36 (KHTML, like Gecko) Chrome/42.0.2311.135 Safari/537.36 Edge/12.246"
217.182.76.73 - - [08/Feb/2026:03:41:31 +0100] "HEAD /wp-content/uploads/2024/08/cropped-Online_Band_2022_7-scaled-1-1536x922.jpg HTTP/1.0" 200 137 "https://online.comeonline.ch/" "Mozilla/5.0 (Windows NT 10.0; Win64; x64) AppleWebKit/537.36 (KHTML, like Gecko) Chrome/42.0.2311.135 Safari/537.36 Edge/12.246"
