149.56.15.153 - - [09/Apr/2026:03:36:03 +0200] "HEAD /wp-content/themes/twentyseventeen/assets/fonts/libre-franklin/libre-franklin-all-800-italic.woff?ver=13 HTTP/1.0" 200 137 "https://online.comeonline.ch/wp-content/themes/twentyseventeen/assets/fonts/font-libre-franklin.css?ver=20230328" "Mozilla/5.0 (Windows NT 10.0; Win64; x64) AppleWebKit/537.36 (KHTML, like Gecko) Chrome/42.0.2311.135 Safari/537.36 Edge/12.246"
149.56.15.153 - - [09/Apr/2026:03:36:03 +0200] "HEAD /wp-content/themes/twentyseventeen/assets/fonts/libre-franklin/libre-franklin-latin-ext-800-italic.woff2?ver=13 HTTP/1.0" 200 137 "https://online.comeonline.ch/wp-content/themes/twentyseventeen/assets/fonts/font-libre-franklin.css?ver=20230328" "Mozilla/5.0 (Windows NT 10.0; Win64; x64) AppleWebKit/537.36 (KHTML, like Gecko) Chrome/42.0.2311.135 Safari/537.36 Edge/12.246"
149.56.15.153 - - [09/Apr/2026:03:36:03 +0200] "GET /wp-content/themes/twentyseventeen/assets/fonts/libre-franklin/libre-franklin-latin-ext-800-italic.woff2?ver=13 HTTP/1.0" 200 10913 "https://online.comeonline.ch/wp-content/themes/twentyseventeen/assets/fonts/font-libre-franklin.css?ver=20230328" "Mozilla/5.0 (Windows NT 10.0; Win64; x64) AppleWebKit/537.36 (KHTML, like Gecko) Chrome/42.0.2311.135 Safari/537.36 Edge/12.246"
149.56.15.153 - - [09/Apr/2026:03:36:03 +0200] "HEAD /wp-content/themes/twentyseventeen/assets/fonts/libre-franklin/libre-franklin-latin-800-italic.woff2?ver=13 HTTP/1.0" 200 137 "https://online.comeonline.ch/wp-content/themes/twentyseventeen/assets/fonts/font-libre-franklin.css?ver=20230328" "Mozilla/5.0 (Windows NT 10.0; Win64; x64) AppleWebKit/537.36 (KHTML, like Gecko) Chrome/42.0.2311.135 Safari/537.36 Edge/12.246"
149.56.15.153 - - [09/Apr/2026:03:36:03 +0200] "GET /wp-content/themes/twentyseventeen/assets/fonts/libre-franklin/libre-franklin-latin-800-italic.woff2?ver=13 HTTP/1.0" 200 16157 "https://online.comeonline.ch/wp-content/themes/twentyseventeen/assets/fonts/font-libre-franklin.css?ver=20230328" "Mozilla/5.0 (Windows NT 10.0; Win64; x64) AppleWebKit/537.36 (KHTML, like Gecko) Chrome/42.0.2311.135 Safari/537.36 Edge/12.246"
149.56.15.153 - - [09/Apr/2026:03:36:03 +0200] "HEAD /index.php?rest_route=%2Foembed%2F1.0%2Fembed&url=https%3A%2F%2Fonline.comeonline.ch%2F%3Fpage_id%3D76 HTTP/1.0" 200 137 "https://online.comeonline.ch/?page_id=76" "Mozilla/5.0 (Windows NT 10.0; Win64; x64) AppleWebKit/537.36 (KHTML, like Gecko) Chrome/42.0.2311.135 Safari/537.36 Edge/12.246"
149.56.15.153 - - [09/Apr/2026:03:36:04 +0200] "HEAD /index.php?rest_route=%2Foembed%2F1.0%2Fembed&url=https%3A%2F%2Fonline.comeonline.ch%2F%3Fpage_id%3D76&format=xml HTTP/1.0" 200 137 "https://online.comeonline.ch/?page_id=76" "Mozilla/5.0 (Windows NT 10.0; Win64; x64) AppleWebKit/537.36 (KHTML, like Gecko) Chrome/42.0.2311.135 Safari/537.36 Edge/12.246"
149.56.15.153 - - [09/Apr/2026:03:36:04 +0200] "HEAD /index.php?rest_route=/wp/v2/pages/76 HTTP/1.0" 200 137 "https://online.comeonline.ch/?page_id=76" "Mozilla/5.0 (Windows NT 10.0; Win64; x64) AppleWebKit/537.36 (KHTML, like Gecko) Chrome/42.0.2311.135 Safari/537.36 Edge/12.246"
149.56.15.153 - - [09/Apr/2026:03:36:04 +0200] "HEAD /?p=76 HTTP/1.0" 301 137 "https://online.comeonline.ch/?page_id=76" "Mozilla/5.0 (Windows NT 10.0; Win64; x64) AppleWebKit/537.36 (KHTML, like Gecko) Chrome/42.0.2311.135 Safari/537.36 Edge/12.246"
149.56.15.153 - - [09/Apr/2026:03:36:04 +0200] "HEAD /?page_id=76 HTTP/1.0" 200 137 "https://online.comeonline.ch/?page_id=76" "Mozilla/5.0 (Windows NT 10.0; Win64; x64) AppleWebKit/537.36 (KHTML, like Gecko) Chrome/42.0.2311.135 Safari/537.36 Edge/12.246"
149.56.15.153 - - [09/Apr/2026:03:36:05 +0200] "GET /?page_id=76 HTTP/1.0" 200 72004 "https://online.comeonline.ch/?page_id=76" "Mozilla/5.0 (Windows NT 10.0; Win64; x64) AppleWebKit/537.36 (KHTML, like Gecko) Chrome/42.0.2311.135 Safari/537.36 Edge/12.246"
149.56.15.153 - - [09/Apr/2026:03:38:03 +0200] "GET /?feed=rss2 HTTP/1.0" 200 2406 "-" "Mozilla/5.0 (Linux; Android 10; K) AppleWebKit/537.36 (KHTML, like Gecko) Chrome/117.0.0.0 Mobile Safari/537.3"
149.56.15.153 - - [09/Apr/2026:03:38:47 +0200] "GET /?feed=rss2 HTTP/1.0" 200 2406 "-" "Mozilla/5.0 (Linux; Android 10; K) AppleWebKit/537.36 (KHTML, like Gecko) Chrome/117.0.0.0 Mobile Safari/537.3"
172.215.209.180 - - [09/Apr/2026:03:40:05 +0200] "GET /.git/config HTTP/1.0" 404 568 "-" "Mozilla/5.0 (X11; Linux x86_64) AppleWebKit/537.36 (KHTML, like Gecko) Chrome/131.0.0.0 Safari/537.36"
172.215.209.180 - - [09/Apr/2026:03:40:05 +0200] "GET /.git/credentials HTTP/1.0" 404 573 "-" "Mozilla/5.0 (X11; Linux x86_64) AppleWebKit/537.36 (KHTML, like Gecko) Chrome/131.0.0.0 Safari/537.36"
172.215.209.180 - - [09/Apr/2026:03:40:05 +0200] "GET /.git-credentials HTTP/1.0" 404 573 "https://news.ycombinator.com/" "Mozilla/5.0 (X11; Linux x86_64) AppleWebKit/537.36 (KHTML, like Gecko) Chrome/131.0.0.0 Safari/537.36"
172.215.209.180 - - [09/Apr/2026:03:40:05 +0200] "GET /.gitconfig HTTP/1.0" 404 567 "-" "Mozilla/5.0 (X11; Linux x86_64) AppleWebKit/537.36 (KHTML, like Gecko) Chrome/131.0.0.0 Safari/537.36"
172.215.209.180 - - [09/Apr/2026:03:40:05 +0200] "GET /.netrc HTTP/1.0" 404 563 "https://outlook.live.com/" "Mozilla/5.0 (X11; Linux x86_64) AppleWebKit/537.36 (KHTML, like Gecko) Chrome/131.0.0.0 Safari/537.36"
172.215.209.180 - - [09/Apr/2026:03:40:06 +0200] "GET /_netrc HTTP/1.0" 404 563 "-" "Mozilla/5.0 (X11; Linux x86_64) AppleWebKit/537.36 (KHTML, like Gecko) Chrome/131.0.0.0 Safari/537.36"
172.215.209.180 - - [09/Apr/2026:03:40:06 +0200] "GET /.npmrc HTTP/1.0" 404 563 "-" "Mozilla/5.0 (X11; Linux x86_64) AppleWebKit/537.36 (KHTML, like Gecko) Chrome/131.0.0.0 Safari/537.36"
172.215.209.180 - - [09/Apr/2026:03:40:06 +0200] "GET /.yarnrc HTTP/1.0" 404 564 "-" "Mozilla/5.0 (X11; Linux x86_64) AppleWebKit/537.36 (KHTML, like Gecko) Chrome/131.0.0.0 Safari/537.36"
172.215.209.180 - - [09/Apr/2026:03:40:06 +0200] "GET /.composer/auth.json HTTP/1.0" 404 576 "https://www.reddit.com/" "Mozilla/5.0 (X11; Linux x86_64) AppleWebKit/537.36 (KHTML, like Gecko) Chrome/131.0.0.0 Safari/537.36"
172.215.209.180 - - [09/Apr/2026:03:40:06 +0200] "GET /composer/auth.json HTTP/1.0" 404 575 "-" "Mozilla/5.0 (X11; Linux x86_64) AppleWebKit/537.36 (KHTML, like Gecko) Chrome/131.0.0.0 Safari/537.36"
172.215.209.180 - - [09/Apr/2026:03:40:06 +0200] "GET /.config/gh/hosts.yml HTTP/1.0" 404 577 "-" "Mozilla/5.0 (X11; Linux x86_64) AppleWebKit/537.36 (KHTML, like Gecko) Chrome/131.0.0.0 Safari/537.36"
172.215.209.180 - - [09/Apr/2026:03:40:06 +0200] "GET /config/git-credentials HTTP/1.0" 404 579 "https://www.reddit.com/" "Mozilla/5.0 (X11; Linux x86_64) AppleWebKit/537.36 (KHTML, like Gecko) Chrome/131.0.0.0 Safari/537.36"
172.215.209.180 - - [09/Apr/2026:03:40:06 +0200] "GET /.env HTTP/1.0" 404 561 "-" "Mozilla/5.0 (X11; Linux x86_64) AppleWebKit/537.36 (KHTML, like Gecko) Chrome/131.0.0.0 Safari/537.36"
172.215.209.180 - - [09/Apr/2026:03:40:07 +0200] "GET /.env.local HTTP/1.0" 404 567 "-" "Mozilla/5.0 (X11; Linux x86_64) AppleWebKit/537.36 (KHTML, like Gecko) Chrome/131.0.0.0 Safari/537.36"
172.215.209.180 - - [09/Apr/2026:03:40:07 +0200] "GET /.env.production HTTP/1.0" 404 572 "https://mail.google.com/" "Mozilla/5.0 (X11; Linux x86_64) AppleWebKit/537.36 (KHTML, like Gecko) Chrome/131.0.0.0 Safari/537.36"
172.215.209.180 - - [09/Apr/2026:03:40:07 +0200] "GET /config.json HTTP/1.0" 404 568 "https://twitter.com/" "Mozilla/5.0 (X11; Linux x86_64) AppleWebKit/537.36 (KHTML, like Gecko) Chrome/131.0.0.0 Safari/537.36"
149.56.15.153 - - [09/Apr/2026:03:40:19 +0200] "GET /index.php?rest_route=%2Foembed%2F1.0%2Fembed&url=https%3A%2F%2Fonline.comeonline.ch%2F HTTP/1.0" 200 2882 "-" "Mozilla/5.0 (Linux; Android 10; K) AppleWebKit/537.36 (KHTML, like Gecko) Chrome/117.0.0.0 Mobile Safari/537.3"
149.56.15.153 - - [09/Apr/2026:03:40:33 +0200] "GET /index.php?rest_route=%2Foembed%2F1.0%2Fembed&url=https%3A%2F%2Fonline.comeonline.ch%2F HTTP/1.0" 200 2882 "-" "Mozilla/5.0 (Linux; Android 10; K) AppleWebKit/537.36 (KHTML, like Gecko) Chrome/117.0.0.0 Mobile Safari/537.3"
149.56.15.153 - - [09/Apr/2026:03:43:54 +0200] "GET /index.php?rest_route=/ HTTP/1.0" 200 210259 "-" "Mozilla/5.0 (Linux; Android 10; K) AppleWebKit/537.36 (KHTML, like Gecko) Chrome/117.0.0.0 Mobile Safari/537.3"
149.56.15.153 - - [09/Apr/2026:03:44:11 +0200] "GET /index.php?rest_route=/ HTTP/1.0" 200 210259 "-" "Mozilla/5.0 (Linux; Android 10; K) AppleWebKit/537.36 (KHTML, like Gecko) Chrome/117.0.0.0 Mobile Safari/537.3"
149.56.15.153 - - [09/Apr/2026:03:44:24 +0200] "GET /index.php?rest_route=/wp/v2/pages/48 HTTP/1.0" 200 2323 "-" "Mozilla/5.0 (Linux; Android 10; K) AppleWebKit/537.36 (KHTML, like Gecko) Chrome/117.0.0.0 Mobile Safari/537.3"
149.56.15.153 - - [09/Apr/2026:03:44:34 +0200] "GET /index.php?rest_route=/wp/v2/pages/48 HTTP/1.0" 200 2323 "-" "Mozilla/5.0 (Linux; Android 10; K) AppleWebKit/537.36 (KHTML, like Gecko) Chrome/117.0.0.0 Mobile Safari/537.3"
149.56.15.153 - - [09/Apr/2026:03:44:46 +0200] "GET /xmlrpc.php?rsd HTTP/1.0" 200 1173 "-" "Mozilla/5.0 (Linux; Android 10; K) AppleWebKit/537.36 (KHTML, like Gecko) Chrome/117.0.0.0 Mobile Safari/537.3"
149.56.15.153 - - [09/Apr/2026:03:44:48 +0200] "GET /xmlrpc.php?rsd HTTP/1.0" 200 1173 "-" "Mozilla/5.0 (Linux; Android 10; K) AppleWebKit/537.36 (KHTML, like Gecko) Chrome/117.0.0.0 Mobile Safari/537.3"
149.56.15.153 - - [09/Apr/2026:03:44:51 +0200] "GET /wp-content/uploads/2024/08/cropped-Online_Band_2022_7-scaled-2-32x32.jpg HTTP/1.0" 200 1765 "-" "Mozilla/5.0 (Linux; Android 10; K) AppleWebKit/537.36 (KHTML, like Gecko) Chrome/117.0.0.0 Mobile Safari/537.3"
149.56.15.153 - - [09/Apr/2026:03:45:15 +0200] "GET /wp-content/uploads/2024/08/cropped-Online_Band_2022_7-scaled-2-32x32.jpg HTTP/1.0" 200 1765 "-" "Mozilla/5.0 (Linux; Android 10; K) AppleWebKit/537.36 (KHTML, like Gecko) Chrome/117.0.0.0 Mobile Safari/537.3"
149.56.15.153 - - [09/Apr/2026:03:45:16 +0200] "GET /wp-content/uploads/2024/08/cropped-Online_Band_2022_7-scaled-2-192x192.jpg HTTP/1.0" 200 12029 "-" "Mozilla/5.0 (Linux; Android 10; K) AppleWebKit/537.36 (KHTML, like Gecko) Chrome/117.0.0.0 Mobile Safari/537.3"
149.56.15.153 - - [09/Apr/2026:03:45:23 +0200] "GET /wp-content/uploads/2024/08/cropped-Online_Band_2022_7-scaled-2-192x192.jpg HTTP/1.0" 200 12029 "-" "Mozilla/5.0 (Linux; Android 10; K) AppleWebKit/537.36 (KHTML, like Gecko) Chrome/117.0.0.0 Mobile Safari/537.3"
149.56.15.153 - - [09/Apr/2026:03:45:33 +0200] "GET /wp-content/uploads/2024/08/cropped-Online_Band_2022_7-scaled-2-180x180.jpg HTTP/1.0" 200 11188 "-" "Mozilla/5.0 (Linux; Android 10; K) AppleWebKit/537.36 (KHTML, like Gecko) Chrome/117.0.0.0 Mobile Safari/537.3"
149.56.15.153 - - [09/Apr/2026:03:45:37 +0200] "GET /wp-content/uploads/2024/08/cropped-Online_Band_2022_7-scaled-2-180x180.jpg HTTP/1.0" 200 11188 "-" "Mozilla/5.0 (Linux; Android 10; K) AppleWebKit/537.36 (KHTML, like Gecko) Chrome/117.0.0.0 Mobile Safari/537.3"
149.56.15.153 - - [09/Apr/2026:03:45:50 +0200] "GET /wp-content/uploads/2024/08/cropped-Online_Band_2022_7-scaled-1.jpg HTTP/1.0" 200 398479 "-" "Mozilla/5.0 (Linux; Android 10; K) AppleWebKit/537.36 (KHTML, like Gecko) Chrome/117.0.0.0 Mobile Safari/537.3"
149.56.15.153 - - [09/Apr/2026:03:45:51 +0200] "GET /wp-content/uploads/2024/08/cropped-Online_Band_2022_7-scaled-1.jpg HTTP/1.0" 200 398479 "-" "Mozilla/5.0 (Linux; Android 10; K) AppleWebKit/537.36 (KHTML, like Gecko) Chrome/117.0.0.0 Mobile Safari/537.3"
149.56.15.153 - - [09/Apr/2026:03:45:54 +0200] "GET /wp-content/uploads/2024/08/cropped-Online_Band_2022_7-scaled-1-300x180.jpg HTTP/1.0" 200 17362 "-" "Mozilla/5.0 (Linux; Android 10; K) AppleWebKit/537.36 (KHTML, like Gecko) Chrome/117.0.0.0 Mobile Safari/537.3"
149.56.15.153 - - [09/Apr/2026:03:46:08 +0200] "GET /wp-content/uploads/2024/08/cropped-Online_Band_2022_7-scaled-1-300x180.jpg HTTP/1.0" 200 17362 "-" "Mozilla/5.0 (Linux; Android 10; K) AppleWebKit/537.36 (KHTML, like Gecko) Chrome/117.0.0.0 Mobile Safari/537.3"
149.56.15.153 - - [09/Apr/2026:03:46:12 +0200] "GET /wp-content/uploads/2024/08/cropped-Online_Band_2022_7-scaled-1-1024x614.jpg HTTP/1.0" 200 125669 "-" "Mozilla/5.0 (Linux; Android 10; K) AppleWebKit/537.36 (KHTML, like Gecko) Chrome/117.0.0.0 Mobile Safari/537.3"
149.56.15.153 - - [09/Apr/2026:03:46:34 +0200] "GET /wp-content/uploads/2024/08/cropped-Online_Band_2022_7-scaled-1-1024x614.jpg HTTP/1.0" 200 125669 "-" "Mozilla/5.0 (Linux; Android 10; K) AppleWebKit/537.36 (KHTML, like Gecko) Chrome/117.0.0.0 Mobile Safari/537.3"
149.56.15.153 - - [09/Apr/2026:03:46:36 +0200] "GET /wp-content/uploads/2024/08/cropped-Online_Band_2022_7-scaled-1-768x461.jpg HTTP/1.0" 200 78150 "-" "Mozilla/5.0 (Linux; Android 10; K) AppleWebKit/537.36 (KHTML, like Gecko) Chrome/117.0.0.0 Mobile Safari/537.3"
149.56.15.153 - - [09/Apr/2026:03:46:38 +0200] "GET /wp-content/uploads/2024/08/cropped-Online_Band_2022_7-scaled-1-768x461.jpg HTTP/1.0" 200 78150 "-" "Mozilla/5.0 (Linux; Android 10; K) AppleWebKit/537.36 (KHTML, like Gecko) Chrome/117.0.0.0 Mobile Safari/537.3"
149.56.15.153 - - [09/Apr/2026:03:46:57 +0200] "GET /wp-content/uploads/2024/08/cropped-Online_Band_2022_7-scaled-1-1536x922.jpg HTTP/1.0" 200 246803 "-" "Mozilla/5.0 (Linux; Android 10; K) AppleWebKit/537.36 (KHTML, like Gecko) Chrome/117.0.0.0 Mobile Safari/537.3"
149.56.15.153 - - [09/Apr/2026:03:47:32 +0200] "GET /wp-content/uploads/2024/08/cropped-Online_Band_2022_7-scaled-1-1536x922.jpg HTTP/1.0" 200 246803 "-" "Mozilla/5.0 (Linux; Android 10; K) AppleWebKit/537.36 (KHTML, like Gecko) Chrome/117.0.0.0 Mobile Safari/537.3"
149.56.15.153 - - [09/Apr/2026:03:47:45 +0200] "GET /?page_id=76 HTTP/1.0" 200 71975 "-" "Mozilla/5.0 (Linux; Android 10; K) AppleWebKit/537.36 (KHTML, like Gecko) Chrome/117.0.0.0 Mobile Safari/537.3"
149.56.15.153 - - [09/Apr/2026:03:48:13 +0200] "GET /?page_id=76 HTTP/1.0" 200 72004 "-" "Mozilla/5.0 (Linux; Android 10; K) AppleWebKit/537.36 (KHTML, like Gecko) Chrome/117.0.0.0 Mobile Safari/537.3"
149.56.15.153 - - [09/Apr/2026:03:48:35 +0200] "GET /index.php?rest_route=%2Foembed%2F1.0%2Fembed&url=https%3A%2F%2Fonline.comeonline.ch%2F%3Fpage_id%3D76 HTTP/1.0" 200 2870 "-" "Mozilla/5.0 (Linux; Android 10; K) AppleWebKit/537.36 (KHTML, like Gecko) Chrome/117.0.0.0 Mobile Safari/537.3"
149.56.15.153 - - [09/Apr/2026:03:49:42 +0200] "GET /index.php?rest_route=%2Foembed%2F1.0%2Fembed&url=https%3A%2F%2Fonline.comeonline.ch%2F%3Fpage_id%3D76 HTTP/1.0" 200 2870 "-" "Mozilla/5.0 (Linux; Android 10; K) AppleWebKit/537.36 (KHTML, like Gecko) Chrome/117.0.0.0 Mobile Safari/537.3"
149.56.15.153 - - [09/Apr/2026:03:49:54 +0200] "GET /index.php?rest_route=%2Foembed%2F1.0%2Fembed&url=https%3A%2F%2Fonline.comeonline.ch%2F%3Fpage_id%3D76&format=xml HTTP/1.0" 200 3004 "-" "Mozilla/5.0 (Linux; Android 10; K) AppleWebKit/537.36 (KHTML, like Gecko) Chrome/117.0.0.0 Mobile Safari/537.3"
149.56.15.153 - - [09/Apr/2026:03:49:59 +0200] "GET /index.php?rest_route=%2Foembed%2F1.0%2Fembed&url=https%3A%2F%2Fonline.comeonline.ch%2F%3Fpage_id%3D76&format=xml HTTP/1.0" 200 3004 "-" "Mozilla/5.0 (Linux; Android 10; K) AppleWebKit/537.36 (KHTML, like Gecko) Chrome/117.0.0.0 Mobile Safari/537.3"
149.56.15.153 - - [09/Apr/2026:03:50:10 +0200] "GET /index.php?rest_route=/wp/v2/pages/76 HTTP/1.0" 200 2502 "-" "Mozilla/5.0 (Linux; Android 10; K) AppleWebKit/537.36 (KHTML, like Gecko) Chrome/117.0.0.0 Mobile Safari/537.3"
149.56.15.153 - - [09/Apr/2026:03:53:34 +0200] "GET /index.php?rest_route=/wp/v2/pages/76 HTTP/1.0" 200 2502 "-" "Mozilla/5.0 (Linux; Android 10; K) AppleWebKit/537.36 (KHTML, like Gecko) Chrome/117.0.0.0 Mobile Safari/537.3"
149.56.15.153 - - [09/Apr/2026:03:54:17 +0200] "GET /?p=76 HTTP/1.0" 301 521 "-" "Mozilla/5.0 (Linux; Android 10; K) AppleWebKit/537.36 (KHTML, like Gecko) Chrome/117.0.0.0 Mobile Safari/537.3"
149.56.15.153 - - [09/Apr/2026:03:54:17 +0200] "GET /?page_id=76 HTTP/1.0" 200 72004 "-" "Mozilla/5.0 (Linux; Android 10; K) AppleWebKit/537.36 (KHTML, like Gecko) Chrome/117.0.0.0 Mobile Safari/537.3"
149.56.15.153 - - [09/Apr/2026:03:54:24 +0200] "GET /?p=76 HTTP/1.0" 301 521 "-" "Mozilla/5.0 (Linux; Android 10; K) AppleWebKit/537.36 (KHTML, like Gecko) Chrome/117.0.0.0 Mobile Safari/537.3"
149.56.15.153 - - [09/Apr/2026:03:54:24 +0200] "GET /?page_id=76 HTTP/1.0" 200 72004 "-" "Mozilla/5.0 (Linux; Android 10; K) AppleWebKit/537.36 (KHTML, like Gecko) Chrome/117.0.0.0 Mobile Safari/537.3"
91.231.89.17 - - [09/Apr/2026:04:07:57 +0200] "GET / HTTP/1.0" 200 70895 "-" "Mozilla/5.0 (X11; Ubuntu; Linux x86_64; rv:134.0) Gecko/20100101 Firefox/134.0"
80.74.154.100 - - [09/Apr/2026:04:07:58 +0200] "POST /wp-cron.php?doing_wp_cron=1775700478.0796420574188232421875 HTTP/1.0" 200 409 "-" "WordPress/6.9.4; https://online.comeonline.ch"
199.217.99.225 - - [09/Apr/2026:04:11:01 +0200] "GET / HTTP/1.0" 200 70895 "-" "Mozilla/5.0 (Windows NT 10.0; Win64; x64; rv:124.0) Gecko/20100101 Firefox/124.0"
15.235.202.155 - - [09/Apr/2026:04:16:59 +0200] "HEAD / HTTP/1.0" 200 137 "-" "Mozilla/5.0 (compatible; OSINTPH/1.0)"
15.235.202.155 - - [09/Apr/2026:04:16:59 +0200] "GET /favicon.ico HTTP/1.0" 404 568 "-" "Mozilla/5.0 (compatible; OSINTPH/1.0)"
15.235.202.155 - - [09/Apr/2026:04:17:01 +0200] "GET / HTTP/1.0" 200 70895 "-" "Mozilla/5.0 (compatible; OSINTPH/1.0)"
15.235.202.155 - - [09/Apr/2026:04:17:01 +0200] "GET /wp-content/uploads/2024/08/cropped-Online_Band_2022_7-scaled-2-32x32.jpg HTTP/1.0" 200 1765 "-" "Mozilla/5.0 (compatible; OSINTPH/1.0)"
80.74.154.100 - - [09/Apr/2026:05:56:57 +0200] "POST /wp-cron.php?doing_wp_cron=1775707017.3853371143341064453125 HTTP/1.0" 200 409 "-" "WordPress/6.9.4; https://online.comeonline.ch"
142.252.248.42 - - [09/Apr/2026:07:32:35 +0200] "HEAD / HTTP/1.0" 200 137 "-" "Mozilla/5.0 (Windows NT 10.0; Win64; x64) AppleWebKit/537.36 (KHTML, like Gecko) Chrome/134.0.6998.35/36 Safari/537.36"
80.74.154.100 - - [09/Apr/2026:07:32:36 +0200] "POST /wp-cron.php?doing_wp_cron=1775712756.2606639862060546875000 HTTP/1.0" 200 409 "-" "WordPress/6.9.4; https://online.comeonline.ch"
142.252.248.42 - - [09/Apr/2026:07:32:38 +0200] "GET / HTTP/1.0" 200 70895 "-" "Mozilla/5.0 (Windows NT 10.0; Win64; x64) AppleWebKit/537.36 (KHTML, like Gecko) Chrome/134.0.6998.35/36 Safari/537.36"
141.11.164.170 - - [09/Apr/2026:15:45:48 +0200] "GET / HTTP/1.0" 200 70895 "-" "Mozilla/5.0 (Windows NT 10.0; Win64; x64) AppleWebKit/537.36 (KHTML, like Gecko) Chrome/131.0.0.0 Safari/537.36"
80.74.154.100 - - [09/Apr/2026:15:45:49 +0200] "POST /wp-cron.php?doing_wp_cron=1775742349.3067710399627685546875 HTTP/1.0" 200 409 "-" "WordPress/6.9.4; https://online.comeonline.ch"
141.11.164.170 - - [09/Apr/2026:15:45:51 +0200] "GET /wp-content/uploads/2024/08/cropped-Online_Band_2022_7-scaled-2-180x180.jpg HTTP/1.0" 200 11188 "-" "Mozilla/5.0 (Windows NT 10.0; Win64; x64) AppleWebKit/537.36 (KHTML, like Gecko) Chrome/131.0.0.0 Safari/537.36"
141.11.164.170 - - [09/Apr/2026:15:45:53 +0200] "GET /wp-content/uploads/2024/08/cropped-Online_Band_2022_7-scaled-2-192x192.jpg HTTP/1.0" 200 12029 "-" "Mozilla/5.0 (Windows NT 10.0; Win64; x64) AppleWebKit/537.36 (KHTML, like Gecko) Chrome/131.0.0.0 Safari/537.36"
141.11.164.170 - - [09/Apr/2026:15:45:54 +0200] "GET /wp-content/uploads/2024/08/cropped-Online_Band_2022_7-scaled-2-32x32.jpg HTTP/1.0" 200 1765 "-" "Mozilla/5.0 (Windows NT 10.0; Win64; x64) AppleWebKit/537.36 (KHTML, like Gecko) Chrome/131.0.0.0 Safari/537.36"
141.11.164.170 - - [09/Apr/2026:15:46:01 +0200] "GET /favicon.ico HTTP/1.0" 404 568 "-" "Mozilla/5.0 (Windows NT 10.0; Win64; x64) AppleWebKit/537.36 (KHTML, like Gecko) Chrome/131.0.0.0 Safari/537.36"
34.30.188.20 - - [09/Apr/2026:19:13:56 +0200] "GET / HTTP/1.0" 200 70895 "http://online.comeonline.ch" "Mozilla/5.0 (compatible; CMS-Checker/1.0; +https://example.com)"
80.74.154.100 - - [09/Apr/2026:19:13:57 +0200] "POST /wp-cron.php?doing_wp_cron=1775754836.9941620826721191406250 HTTP/1.0" 200 409 "-" "WordPress/6.9.4; https://online.comeonline.ch"
18.235.94.119 - - [09/Apr/2026:22:44:52 +0200] "GET / HTTP/1.0" 200 70895 "-" "Mozilla/5.0 (X11; Linux x86_64) AppleWebKit/537.36 (KHTML, like Gecko) Chrome/134.0.0.0 Safari/537.36"
80.74.154.100 - - [09/Apr/2026:22:44:53 +0200] "POST /wp-cron.php?doing_wp_cron=1775767493.1957290172576904296875 HTTP/1.0" 200 409 "-" "WordPress/6.9.4; https://online.comeonline.ch"
23.178.112.210 - - [09/Apr/2026:02:54:21 +0200] "GET /.well-known/acme-challenge/urppjL5YAXtgs8v4qE0a___72mPLvjgEXjc6_dQHiX4 HTTP/1.1" 200 87 "http://online.comeonline.ch/.well-known/acme-challenge/urppjL5YAXtgs8v4qE0a___72mPLvjgEXjc6_dQHiX4" "Mozilla/5.0 (compatible; Let's Encrypt validation server; +https://www.letsencrypt.org)"
13.61.147.208 - - [09/Apr/2026:02:54:21 +0200] "GET /.well-known/acme-challenge/urppjL5YAXtgs8v4qE0a___72mPLvjgEXjc6_dQHiX4 HTTP/1.1" 200 87 "http://online.comeonline.ch/.well-known/acme-challenge/urppjL5YAXtgs8v4qE0a___72mPLvjgEXjc6_dQHiX4" "Mozilla/5.0 (compatible; Let's Encrypt validation server; +https://www.letsencrypt.org)"
3.15.24.63 - - [09/Apr/2026:02:54:22 +0200] "GET /.well-known/acme-challenge/urppjL5YAXtgs8v4qE0a___72mPLvjgEXjc6_dQHiX4 HTTP/1.1" 200 87 "http://online.comeonline.ch/.well-known/acme-challenge/urppjL5YAXtgs8v4qE0a___72mPLvjgEXjc6_dQHiX4" "Mozilla/5.0 (compatible; Let's Encrypt validation server; +https://www.letsencrypt.org)"
13.212.171.43 - - [09/Apr/2026:02:54:22 +0200] "GET /.well-known/acme-challenge/urppjL5YAXtgs8v4qE0a___72mPLvjgEXjc6_dQHiX4 HTTP/1.1" 200 87 "http://online.comeonline.ch/.well-known/acme-challenge/urppjL5YAXtgs8v4qE0a___72mPLvjgEXjc6_dQHiX4" "Mozilla/5.0 (compatible; Let's Encrypt validation server; +https://www.letsencrypt.org)"
54.185.249.222 - - [09/Apr/2026:02:54:22 +0200] "GET /.well-known/acme-challenge/urppjL5YAXtgs8v4qE0a___72mPLvjgEXjc6_dQHiX4 HTTP/1.1" 200 87 "http://online.comeonline.ch/.well-known/acme-challenge/urppjL5YAXtgs8v4qE0a___72mPLvjgEXjc6_dQHiX4" "Mozilla/5.0 (compatible; Let's Encrypt validation server; +https://www.letsencrypt.org)"
18.235.94.119 - - [10/Apr/2026:03:27:47 +0200] "GET / HTTP/1.0" 200 70895 "-" "Mozilla/5.0 (X11; Linux x86_64) AppleWebKit/537.36 (KHTML, like Gecko) Chrome/134.0.0.0 Safari/537.36"
80.74.154.100 - - [10/Apr/2026:03:27:48 +0200] "POST /wp-cron.php?doing_wp_cron=1775784468.0755789279937744140625 HTTP/1.0" 200 409 "-" "WordPress/6.9.4; https://online.comeonline.ch"
31.47.251.11 - - [10/Apr/2026:03:46:55 +0200] "GET / HTTP/1.0" 200 70895 "-" "Mozilla/5.0 (Windows NT 10.0; Win64; x64) AppleWebKit/537.36 (KHTML, like Gecko) Chrome/120.0.0.0 Safari/537.36"
31.47.251.11 - - [10/Apr/2026:03:46:55 +0200] "GET / HTTP/1.0" 200 70895 "-" "Mozilla/5.0 (Windows NT 10.0; Win64; x64) AppleWebKit/537.36 (KHTML, like Gecko) Chrome/120.0.0.0 Safari/537.36"
158.173.152.84 - - [10/Apr/2026:03:49:52 +0200] "GET / HTTP/1.0" 200 70895 "-" "Mozilla/5.0 (Linux; Android 10; K) AppleWebKit/537.36 (KHTML, like Gecko) Chrome/145.0.0.0 Mobile Safari/537.36"
80.74.154.100 - - [10/Apr/2026:05:58:55 +0200] "POST /wp-cron.php?doing_wp_cron=1775793535.5190629959106445312500 HTTP/1.0" 200 409 "-" "WordPress/6.9.4; https://online.comeonline.ch"
34.62.196.141 - - [10/Apr/2026:13:27:57 +0200] "GET / HTTP/1.0" 200 70895 "http://online.comeonline.ch" "Mozilla/5.0 (compatible; CMS-Checker/1.0; +https://example.com)"
80.74.154.100 - - [10/Apr/2026:13:28:00 +0200] "POST /wp-cron.php HTTP/1.0" 200 409 "-" "WordPress/6.9.4; https://online.comeonline.ch"
80.74.154.100 - - [10/Apr/2026:13:28:01 +0200] "GET / HTTP/1.0" 200 70895 "-" "WordPress/6.9.4; https://online.comeonline.ch"
80.74.154.100 - - [10/Apr/2026:13:28:02 +0200] "GET / HTTP/1.0" 200 70895 "-" "WordPress/6.9.4; https://online.comeonline.ch"
80.74.154.100 - - [10/Apr/2026:13:28:02 +0200] "GET / HTTP/1.0" 200 70895 "-" "WordPress/6.9.4; https://online.comeonline.ch"
80.74.154.100 - - [10/Apr/2026:13:28:02 +0200] "GET / HTTP/1.0" 200 70895 "-" "WordPress/6.9.4; https://online.comeonline.ch"
80.74.154.100 - - [10/Apr/2026:13:27:57 +0200] "POST /wp-cron.php?doing_wp_cron=1775820477.7578260898590087890625 HTTP/1.0" 200 409 "-" "WordPress/6.9.4; https://online.comeonline.ch"
34.62.196.141 - - [10/Apr/2026:13:54:17 +0200] "GET / HTTP/1.0" 200 70895 "-" "Mozilla/5.0 (Windows NT 10.0; Win64; x64) AppleWebKit/537.36 (KHTML, like Gecko) Chrome/78.0.3904.108 Safari/537.36"
34.62.196.141 - - [10/Apr/2026:13:54:18 +0200] "GET //wp-includes/wlwmanifest.xml HTTP/1.0" 404 584 "-" "Mozilla/5.0 (Windows NT 10.0; Win64; x64) AppleWebKit/537.36 (KHTML, like Gecko) Chrome/78.0.3904.108 Safari/537.36"
34.62.196.141 - - [10/Apr/2026:13:54:18 +0200] "GET //xmlrpc.php?rsd HTTP/1.0" 200 1173 "-" "Mozilla/5.0 (Windows NT 10.0; Win64; x64) AppleWebKit/537.36 (KHTML, like Gecko) Chrome/78.0.3904.108 Safari/537.36"
34.62.196.141 - - [10/Apr/2026:13:54:18 +0200] "GET //?author=1 HTTP/1.0" 301 407 "-" "Mozilla/5.0 (Windows NT 10.0; Win64; x64) AppleWebKit/537.36 (KHTML, like Gecko) Chrome/78.0.3904.108 Safari/537.36"
34.62.196.141 - - [10/Apr/2026:13:54:18 +0200] "GET //?author=2 HTTP/1.0" 301 519 "-" "Mozilla/5.0 (Windows NT 10.0; Win64; x64) AppleWebKit/537.36 (KHTML, like Gecko) Chrome/78.0.3904.108 Safari/537.36"
34.62.196.141 - - [10/Apr/2026:13:54:18 +0200] "GET //wp-json/wp/v2/users/ HTTP/1.0" 404 577 "-" "Mozilla/5.0 (Windows NT 10.0; Win64; x64) AppleWebKit/537.36 (KHTML, like Gecko) Chrome/78.0.3904.108 Safari/537.36"
34.62.196.141 - - [10/Apr/2026:13:54:18 +0200] "GET //wp-json/oembed/1.0/embed?url=https://online.comeonline.ch/ HTTP/1.0" 404 581 "-" "Mozilla/5.0 (Windows NT 10.0; Win64; x64) AppleWebKit/537.36 (KHTML, like Gecko) Chrome/78.0.3904.108 Safari/537.36"
34.62.196.141 - - [10/Apr/2026:13:54:18 +0200] "POST //xmlrpc.php HTTP/1.0" 200 741 "-" "Mozilla/5.0 (Windows NT 10.0; Win64; x64) AppleWebKit/537.36 (KHTML, like Gecko) Chrome/78.0.3904.108 Safari/537.36"
34.62.196.141 - - [10/Apr/2026:13:54:19 +0200] "POST //xmlrpc.php HTTP/1.0" 200 741 "-" "Mozilla/5.0 (Windows NT 10.0; Win64; x64) AppleWebKit/537.36 (KHTML, like Gecko) Chrome/78.0.3904.108 Safari/537.36"
34.62.196.141 - - [10/Apr/2026:13:54:19 +0200] "POST //xmlrpc.php HTTP/1.0" 200 741 "-" "Mozilla/5.0 (Windows NT 10.0; Win64; x64) AppleWebKit/537.36 (KHTML, like Gecko) Chrome/78.0.3904.108 Safari/537.36"
34.62.196.141 - - [10/Apr/2026:13:54:19 +0200] "POST //xmlrpc.php HTTP/1.0" 200 741 "-" "Mozilla/5.0 (Windows NT 10.0; Win64; x64) AppleWebKit/537.36 (KHTML, like Gecko) Chrome/78.0.3904.108 Safari/537.36"
34.62.196.141 - - [10/Apr/2026:13:54:19 +0200] "POST //xmlrpc.php HTTP/1.0" 200 741 "-" "Mozilla/5.0 (Windows NT 10.0; Win64; x64) AppleWebKit/537.36 (KHTML, like Gecko) Chrome/78.0.3904.108 Safari/537.36"
34.62.196.141 - - [10/Apr/2026:13:54:19 +0200] "POST //xmlrpc.php HTTP/1.0" 200 741 "-" "Mozilla/5.0 (Windows NT 10.0; Win64; x64) AppleWebKit/537.36 (KHTML, like Gecko) Chrome/78.0.3904.108 Safari/537.36"
34.62.196.141 - - [10/Apr/2026:13:54:19 +0200] "POST //xmlrpc.php HTTP/1.0" 200 741 "-" "Mozilla/5.0 (Windows NT 10.0; Win64; x64) AppleWebKit/537.36 (KHTML, like Gecko) Chrome/78.0.3904.108 Safari/537.36"
34.62.196.141 - - [10/Apr/2026:13:54:19 +0200] "POST //xmlrpc.php HTTP/1.0" 200 741 "-" "Mozilla/5.0 (Windows NT 10.0; Win64; x64) AppleWebKit/537.36 (KHTML, like Gecko) Chrome/78.0.3904.108 Safari/537.36"
34.62.196.141 - - [10/Apr/2026:13:54:19 +0200] "POST //xmlrpc.php HTTP/1.0" 200 741 "-" "Mozilla/5.0 (Windows NT 10.0; Win64; x64) AppleWebKit/537.36 (KHTML, like Gecko) Chrome/78.0.3904.108 Safari/537.36"
64.225.5.169 - - [10/Apr/2026:14:47:33 +0200] "GET / HTTP/1.0" 200 70895 "-" "Mozilla/5.0 (X11; Linux x86_64) AppleWebKit/537.36 (KHTML, like Gecko) Chrome/142.0.0.0 Safari/537.36"
80.74.154.100 - - [10/Apr/2026:14:47:33 +0200] "POST /wp-cron.php?doing_wp_cron=1775825253.6230719089508056640625 HTTP/1.0" 200 409 "-" "WordPress/6.9.4; https://online.comeonline.ch"
64.225.5.169 - - [10/Apr/2026:14:47:39 +0200] "GET /wp-content/uploads/2024/08/cropped-Online_Band_2022_7-scaled-2-32x32.jpg HTTP/1.0" 200 1765 "https://online.comeonline.ch/" "Mozilla/5.0 (X11; Linux x86_64) AppleWebKit/537.36 (KHTML, like Gecko) Chrome/142.0.0.0 Safari/537.36"
3.86.246.1 - - [10/Apr/2026:17:53:55 +0200] "GET /_ignition/execute-solution HTTP/1.0" 404 583 "-" "Mozilla/5.0 (Windows NT 10.0; Win64; x64) AppleWebKit/537.36 (KHTML, like Gecko) Chrome/85.0.4183.83 Safari/537.36"
34.46.2.138 - - [10/Apr/2026:18:25:05 +0200] "GET / HTTP/1.0" 200 70895 "http://online.comeonline.ch" "Mozilla/5.0 (compatible; CMS-Checker/1.0; +https://example.com)"
80.74.154.100 - - [10/Apr/2026:18:25:05 +0200] "POST /wp-cron.php?doing_wp_cron=1775838305.7638618946075439453125 HTTP/1.0" 200 409 "-" "WordPress/6.9.4; https://online.comeonline.ch"
158.173.152.84 - - [10/Apr/2026:22:56:54 +0200] "GET / HTTP/1.0" 200 70895 "-" "Mozilla/5.0 (Linux; Android 10; K) AppleWebKit/537.36 (KHTML, like Gecko) Chrome/144.0.0.0 Mobile Safari/537.36"
80.74.154.100 - - [10/Apr/2026:22:56:55 +0200] "POST /wp-cron.php?doing_wp_cron=1775854615.3937609195709228515625 HTTP/1.0" 200 409 "-" "WordPress/6.9.4; https://online.comeonline.ch"
31.47.251.11 - - [11/Apr/2026:04:01:27 +0200] "GET / HTTP/1.0" 200 70895 "-" "Mozilla/5.0 (Windows NT 10.0; Win64; x64) AppleWebKit/537.36 (KHTML, like Gecko) Chrome/120.0.0.0 Safari/537.36"
31.47.251.11 - - [11/Apr/2026:04:01:28 +0200] "GET / HTTP/1.0" 200 70895 "-" "Mozilla/5.0 (Windows NT 10.0; Win64; x64) AppleWebKit/537.36 (KHTML, like Gecko) Chrome/120.0.0.0 Safari/537.36"
80.74.154.100 - - [11/Apr/2026:04:01:28 +0200] "POST /wp-cron.php?doing_wp_cron=1775872888.2374238967895507812500 HTTP/1.0" 200 409 "-" "WordPress/6.9.4; https://online.comeonline.ch"
80.74.154.100 - - [11/Apr/2026:05:56:05 +0200] "POST /wp-cron.php?doing_wp_cron=1775879765.6421320438385009765625 HTTP/1.0" 200 409 "-" "WordPress/6.9.4; https://online.comeonline.ch"
43.165.3.165 - - [11/Apr/2026:17:30:21 +0200] "GET /index.php?rest_route=/wp/v2/pages&_fields=content HTTP/1.0" 200 915 "-" "Mozilla/5.0 (iPhone; CPU iPhone OS 18_3_2 like Mac OS X) AppleWebKit/605.1.15 (KHTML, like Gecko) Version/18.3.1 Mobile/15E148 Safari/604.1"
80.74.154.100 - - [11/Apr/2026:17:30:22 +0200] "POST /wp-cron.php?doing_wp_cron=1775921422.0556750297546386718750 HTTP/1.0" 200 409 "-" "WordPress/6.9.4; https://online.comeonline.ch"
158.173.152.84 - - [12/Apr/2026:03:46:08 +0200] "GET / HTTP/1.0" 200 70895 "-" "Mozilla/5.0 (Windows NT 10.0; Win64; x64) AppleWebKit/537.36 (KHTML, like Gecko) Chrome/146.0.0.0 Safari/537.36"
80.74.154.100 - - [12/Apr/2026:03:46:09 +0200] "POST /wp-cron.php?doing_wp_cron=1775958369.4928119182586669921875 HTTP/1.0" 200 409 "-" "WordPress/6.9.4; https://online.comeonline.ch"
31.47.251.11 - - [12/Apr/2026:04:16:39 +0200] "GET / HTTP/1.0" 200 70895 "-" "Mozilla/5.0 (Windows NT 10.0; Win64; x64) AppleWebKit/537.36 (KHTML, like Gecko) Chrome/120.0.0.0 Safari/537.36"
31.47.251.11 - - [12/Apr/2026:04:16:40 +0200] "GET / HTTP/1.0" 200 70895 "-" "Mozilla/5.0 (Windows NT 10.0; Win64; x64) AppleWebKit/537.36 (KHTML, like Gecko) Chrome/120.0.0.0 Safari/537.36"
80.74.154.100 - - [12/Apr/2026:04:16:40 +0200] "POST /wp-cron.php?doing_wp_cron=1775960200.1874299049377441406250 HTTP/1.0" 200 409 "-" "WordPress/6.9.4; https://online.comeonline.ch"
80.74.154.100 - - [12/Apr/2026:05:56:57 +0200] "POST /wp-cron.php?doing_wp_cron=1775966217.2219669818878173828125 HTTP/1.0" 200 409 "-" "WordPress/6.9.4; https://online.comeonline.ch"
3.110.187.239 - - [12/Apr/2026:08:33:40 +0200] "GET / HTTP/1.0" 200 70895 "-" "Mozilla/5.0 (X11; Linux x86_64) AppleWebKit/537.36 (KHTML, like Gecko) Chrome/131.0.0.0 Safari/537.36"
80.74.154.100 - - [12/Apr/2026:08:33:41 +0200] "POST /wp-cron.php?doing_wp_cron=1775975620.9008119106292724609375 HTTP/1.0" 200 409 "-" "WordPress/6.9.4; https://online.comeonline.ch"
3.110.187.239 - - [12/Apr/2026:08:33:42 +0200] "POST / HTTP/1.0" 200 70895 "-" "Mozilla/5.0 (X11; Linux x86_64) AppleWebKit/537.36 (KHTML, like Gecko) Chrome/131.0.0.0 Safari/537.36"
3.110.187.239 - - [12/Apr/2026:08:33:42 +0200] "POST / HTTP/1.0" 200 70895 "-" "Mozilla/5.0 (X11; Linux x86_64) AppleWebKit/537.36 (KHTML, like Gecko) Chrome/131.0.0.0 Safari/537.36"
3.110.187.239 - - [12/Apr/2026:08:33:42 +0200] "POST / HTTP/1.0" 200 70895 "-" "Mozilla/5.0 (X11; Linux x86_64) AppleWebKit/537.36 (KHTML, like Gecko) Chrome/131.0.0.0 Safari/537.36"
3.110.187.239 - - [12/Apr/2026:08:33:42 +0200] "GET /.git/config HTTP/1.0" 404 568 "-" "Mozilla/5.0 (X11; Linux x86_64) AppleWebKit/537.36 (KHTML, like Gecko) Chrome/131.0.0.0 Safari/537.36"
3.110.187.239 - - [12/Apr/2026:08:33:43 +0200] "POST / HTTP/1.0" 200 70895 "-" "Mozilla/5.0 (X11; Linux x86_64) AppleWebKit/537.36 (KHTML, like Gecko) Chrome/131.0.0.0 Safari/537.36"
3.110.187.239 - - [12/Apr/2026:08:33:43 +0200] "GET /.env HTTP/1.0" 404 561 "-" "Mozilla/5.0 (X11; Linux x86_64) AppleWebKit/537.36 (KHTML, like Gecko) Chrome/131.0.0.0 Safari/537.36"
3.110.187.239 - - [12/Apr/2026:08:33:43 +0200] "GET /.env.local HTTP/1.0" 404 567 "-" "Mozilla/5.0 (X11; Linux x86_64) AppleWebKit/537.36 (KHTML, like Gecko) Chrome/131.0.0.0 Safari/537.36"
3.110.187.239 - - [12/Apr/2026:08:33:43 +0200] "GET /.env.production HTTP/1.0" 404 572 "-" "Mozilla/5.0 (X11; Linux x86_64) AppleWebKit/537.36 (KHTML, like Gecko) Chrome/131.0.0.0 Safari/537.36"
3.110.187.239 - - [12/Apr/2026:08:33:43 +0200] "GET /.env.staging HTTP/1.0" 404 569 "-" "Mozilla/5.0 (X11; Linux x86_64) AppleWebKit/537.36 (KHTML, like Gecko) Chrome/131.0.0.0 Safari/537.36"
3.110.187.239 - - [12/Apr/2026:08:33:43 +0200] "GET /.env.development HTTP/1.0" 404 573 "-" "Mozilla/5.0 (X11; Linux x86_64) AppleWebKit/537.36 (KHTML, like Gecko) Chrome/131.0.0.0 Safari/537.36"
3.110.187.239 - - [12/Apr/2026:08:33:43 +0200] "GET /.env.test HTTP/1.0" 404 566 "-" "Mozilla/5.0 (X11; Linux x86_64) AppleWebKit/537.36 (KHTML, like Gecko) Chrome/131.0.0.0 Safari/537.36"
3.110.187.239 - - [12/Apr/2026:08:33:44 +0200] "GET /.env.remote HTTP/1.0" 404 568 "-" "Mozilla/5.0 (X11; Linux x86_64) AppleWebKit/537.36 (KHTML, like Gecko) Chrome/131.0.0.0 Safari/537.36"
3.110.187.239 - - [12/Apr/2026:08:33:44 +0200] "GET /.env.bak HTTP/1.0" 404 565 "-" "Mozilla/5.0 (X11; Linux x86_64) AppleWebKit/537.36 (KHTML, like Gecko) Chrome/131.0.0.0 Safari/537.36"
3.110.187.239 - - [12/Apr/2026:08:33:44 +0200] "GET /.env.backup HTTP/1.0" 404 568 "-" "Mozilla/5.0 (X11; Linux x86_64) AppleWebKit/537.36 (KHTML, like Gecko) Chrome/131.0.0.0 Safari/537.36"
3.110.187.239 - - [12/Apr/2026:08:33:44 +0200] "GET /.env.save HTTP/1.0" 404 566 "-" "Mozilla/5.0 (X11; Linux x86_64) AppleWebKit/537.36 (KHTML, like Gecko) Chrome/131.0.0.0 Safari/537.36"
3.110.187.239 - - [12/Apr/2026:08:33:44 +0200] "GET /.env.old HTTP/1.0" 404 565 "-" "Mozilla/5.0 (X11; Linux x86_64) AppleWebKit/537.36 (KHTML, like Gecko) Chrome/131.0.0.0 Safari/537.36"
3.110.187.239 - - [12/Apr/2026:08:33:44 +0200] "GET /.env.sample HTTP/1.0" 404 568 "-" "Mozilla/5.0 (X11; Linux x86_64) AppleWebKit/537.36 (KHTML, like Gecko) Chrome/131.0.0.0 Safari/537.36"
3.110.187.239 - - [12/Apr/2026:08:33:44 +0200] "GET /.env.example HTTP/1.0" 404 569 "-" "Mozilla/5.0 (X11; Linux x86_64) AppleWebKit/537.36 (KHTML, like Gecko) Chrome/131.0.0.0 Safari/537.36"
3.110.187.239 - - [12/Apr/2026:08:33:45 +0200] "GET /.env.dev HTTP/1.0" 404 565 "-" "Mozilla/5.0 (X11; Linux x86_64) AppleWebKit/537.36 (KHTML, like Gecko) Chrome/131.0.0.0 Safari/537.36"
3.110.187.239 - - [12/Apr/2026:08:33:45 +0200] "GET /.env.prod HTTP/1.0" 404 566 "-" "Mozilla/5.0 (X11; Linux x86_64) AppleWebKit/537.36 (KHTML, like Gecko) Chrome/131.0.0.0 Safari/537.36"
3.110.187.239 - - [12/Apr/2026:08:33:45 +0200] "GET /.env.stage HTTP/1.0" 404 567 "-" "Mozilla/5.0 (X11; Linux x86_64) AppleWebKit/537.36 (KHTML, like Gecko) Chrome/131.0.0.0 Safari/537.36"
3.110.187.239 - - [12/Apr/2026:08:33:45 +0200] "GET /.env.ci HTTP/1.0" 404 564 "-" "Mozilla/5.0 (X11; Linux x86_64) AppleWebKit/537.36 (KHTML, like Gecko) Chrome/131.0.0.0 Safari/537.36"
3.110.187.239 - - [12/Apr/2026:08:33:45 +0200] "GET /.env.docker HTTP/1.0" 404 568 "-" "Mozilla/5.0 (X11; Linux x86_64) AppleWebKit/537.36 (KHTML, like Gecko) Chrome/131.0.0.0 Safari/537.36"
3.110.187.239 - - [12/Apr/2026:08:33:45 +0200] "GET /.env.live HTTP/1.0" 404 566 "-" "Mozilla/5.0 (X11; Linux x86_64) AppleWebKit/537.36 (KHTML, like Gecko) Chrome/131.0.0.0 Safari/537.36"
3.110.187.239 - - [12/Apr/2026:08:33:45 +0200] "GET /.env.preprod HTTP/1.0" 404 569 "-" "Mozilla/5.0 (X11; Linux x86_64) AppleWebKit/537.36 (KHTML, like Gecko) Chrome/131.0.0.0 Safari/537.36"
3.110.187.239 - - [12/Apr/2026:08:33:45 +0200] "GET /.env.uat HTTP/1.0" 404 565 "-" "Mozilla/5.0 (X11; Linux x86_64) AppleWebKit/537.36 (KHTML, like Gecko) Chrome/131.0.0.0 Safari/537.36"
3.110.187.239 - - [12/Apr/2026:08:33:46 +0200] "GET /.env.dist HTTP/1.0" 404 566 "-" "Mozilla/5.0 (X11; Linux x86_64) AppleWebKit/537.36 (KHTML, like Gecko) Chrome/131.0.0.0 Safari/537.36"
3.110.187.239 - - [12/Apr/2026:08:33:46 +0200] "GET /.env.swp HTTP/1.0" 404 565 "-" "Mozilla/5.0 (X11; Linux x86_64) AppleWebKit/537.36 (KHTML, like Gecko) Chrome/131.0.0.0 Safari/537.36"
3.110.187.239 - - [12/Apr/2026:08:33:46 +0200] "GET /.env~ HTTP/1.0" 404 562 "-" "Mozilla/5.0 (X11; Linux x86_64) AppleWebKit/537.36 (KHTML, like Gecko) Chrome/131.0.0.0 Safari/537.36"
3.110.187.239 - - [12/Apr/2026:08:33:46 +0200] "GET /app/.env HTTP/1.0" 404 565 "-" "Mozilla/5.0 (X11; Linux x86_64) AppleWebKit/537.36 (KHTML, like Gecko) Chrome/131.0.0.0 Safari/537.36"
3.110.187.239 - - [12/Apr/2026:08:33:46 +0200] "GET /apps/.env HTTP/1.0" 404 566 "-" "Mozilla/5.0 (X11; Linux x86_64) AppleWebKit/537.36 (KHTML, like Gecko) Chrome/131.0.0.0 Safari/537.36"
3.110.187.239 - - [12/Apr/2026:08:33:46 +0200] "GET /api/.env HTTP/1.0" 404 565 "-" "Mozilla/5.0 (X11; Linux x86_64) AppleWebKit/537.36 (KHTML, like Gecko) Chrome/131.0.0.0 Safari/537.36"
3.110.187.239 - - [12/Apr/2026:08:33:46 +0200] "GET /web/.env HTTP/1.0" 404 565 "-" "Mozilla/5.0 (X11; Linux x86_64) AppleWebKit/537.36 (KHTML, like Gecko) Chrome/131.0.0.0 Safari/537.36"
3.110.187.239 - - [12/Apr/2026:08:33:47 +0200] "GET /site/.env HTTP/1.0" 404 566 "-" "Mozilla/5.0 (X11; Linux x86_64) AppleWebKit/537.36 (KHTML, like Gecko) Chrome/131.0.0.0 Safari/537.36"
3.110.187.239 - - [12/Apr/2026:08:33:47 +0200] "GET /public/.env HTTP/1.0" 404 568 "-" "Mozilla/5.0 (X11; Linux x86_64) AppleWebKit/537.36 (KHTML, like Gecko) Chrome/131.0.0.0 Safari/537.36"
3.110.187.239 - - [12/Apr/2026:08:33:47 +0200] "GET /admin/.env HTTP/1.0" 404 567 "-" "Mozilla/5.0 (X11; Linux x86_64) AppleWebKit/537.36 (KHTML, like Gecko) Chrome/131.0.0.0 Safari/537.36"
3.110.187.239 - - [12/Apr/2026:08:33:47 +0200] "GET /backend/.env HTTP/1.0" 404 569 "-" "Mozilla/5.0 (X11; Linux x86_64) AppleWebKit/537.36 (KHTML, like Gecko) Chrome/131.0.0.0 Safari/537.36"
3.110.187.239 - - [12/Apr/2026:08:33:47 +0200] "GET /server/.env HTTP/1.0" 404 568 "-" "Mozilla/5.0 (X11; Linux x86_64) AppleWebKit/537.36 (KHTML, like Gecko) Chrome/131.0.0.0 Safari/537.36"
3.110.187.239 - - [12/Apr/2026:08:33:47 +0200] "GET /frontend/.env HTTP/1.0" 404 570 "-" "Mozilla/5.0 (X11; Linux x86_64) AppleWebKit/537.36 (KHTML, like Gecko) Chrome/131.0.0.0 Safari/537.36"
3.110.187.239 - - [12/Apr/2026:08:33:47 +0200] "GET /src/.env HTTP/1.0" 404 565 "-" "Mozilla/5.0 (X11; Linux x86_64) AppleWebKit/537.36 (KHTML, like Gecko) Chrome/131.0.0.0 Safari/537.36"
3.110.187.239 - - [12/Apr/2026:08:33:47 +0200] "GET /core/.env HTTP/1.0" 404 566 "-" "Mozilla/5.0 (X11; Linux x86_64) AppleWebKit/537.36 (KHTML, like Gecko) Chrome/131.0.0.0 Safari/537.36"
3.110.187.239 - - [12/Apr/2026:08:33:48 +0200] "GET /core/app/.env HTTP/1.0" 404 570 "-" "Mozilla/5.0 (X11; Linux x86_64) AppleWebKit/537.36 (KHTML, like Gecko) Chrome/131.0.0.0 Safari/537.36"
3.110.187.239 - - [12/Apr/2026:08:33:48 +0200] "GET /core/Database/.env HTTP/1.0" 404 575 "-" "Mozilla/5.0 (X11; Linux x86_64) AppleWebKit/537.36 (KHTML, like Gecko) Chrome/131.0.0.0 Safari/537.36"
3.110.187.239 - - [12/Apr/2026:08:33:48 +0200] "GET /config/.env HTTP/1.0" 404 568 "-" "Mozilla/5.0 (X11; Linux x86_64) AppleWebKit/537.36 (KHTML, like Gecko) Chrome/131.0.0.0 Safari/537.36"
3.110.187.239 - - [12/Apr/2026:08:33:48 +0200] "GET /private/.env HTTP/1.0" 404 569 "-" "Mozilla/5.0 (X11; Linux x86_64) AppleWebKit/537.36 (KHTML, like Gecko) Chrome/131.0.0.0 Safari/537.36"
3.110.187.239 - - [12/Apr/2026:08:33:48 +0200] "GET /current/.env HTTP/1.0" 404 569 "-" "Mozilla/5.0 (X11; Linux x86_64) AppleWebKit/537.36 (KHTML, like Gecko) Chrome/131.0.0.0 Safari/537.36"
3.110.187.239 - - [12/Apr/2026:08:33:48 +0200] "GET /release/.env HTTP/1.0" 404 569 "-" "Mozilla/5.0 (X11; Linux x86_64) AppleWebKit/537.36 (KHTML, like Gecko) Chrome/131.0.0.0 Safari/537.36"
3.110.187.239 - - [12/Apr/2026:08:33:48 +0200] "GET /releases/.env HTTP/1.0" 404 570 "-" "Mozilla/5.0 (X11; Linux x86_64) AppleWebKit/537.36 (KHTML, like Gecko) Chrome/131.0.0.0 Safari/537.36"
3.110.187.239 - - [12/Apr/2026:08:33:49 +0200] "GET /shared/.env HTTP/1.0" 404 568 "-" "Mozilla/5.0 (X11; Linux x86_64) AppleWebKit/537.36 (KHTML, like Gecko) Chrome/131.0.0.0 Safari/537.36"
3.110.187.239 - - [12/Apr/2026:08:33:49 +0200] "GET /deploy/.env HTTP/1.0" 404 568 "-" "Mozilla/5.0 (X11; Linux x86_64) AppleWebKit/537.36 (KHTML, like Gecko) Chrome/131.0.0.0 Safari/537.36"
3.110.187.239 - - [12/Apr/2026:08:33:49 +0200] "GET /build/.env HTTP/1.0" 404 567 "-" "Mozilla/5.0 (X11; Linux x86_64) AppleWebKit/537.36 (KHTML, like Gecko) Chrome/131.0.0.0 Safari/537.36"
3.110.187.239 - - [12/Apr/2026:08:33:49 +0200] "GET /dist/.env HTTP/1.0" 404 566 "-" "Mozilla/5.0 (X11; Linux x86_64) AppleWebKit/537.36 (KHTML, like Gecko) Chrome/131.0.0.0 Safari/537.36"
3.110.187.239 - - [12/Apr/2026:08:33:49 +0200] "GET /public_html/.env HTTP/1.0" 404 573 "-" "Mozilla/5.0 (X11; Linux x86_64) AppleWebKit/537.36 (KHTML, like Gecko) Chrome/131.0.0.0 Safari/537.36"
3.110.187.239 - - [12/Apr/2026:08:33:49 +0200] "GET /htdocs/.env HTTP/1.0" 404 568 "-" "Mozilla/5.0 (X11; Linux x86_64) AppleWebKit/537.36 (KHTML, like Gecko) Chrome/131.0.0.0 Safari/537.36"
3.110.187.239 - - [12/Apr/2026:08:33:49 +0200] "GET /www/.env HTTP/1.0" 404 565 "-" "Mozilla/5.0 (X11; Linux x86_64) AppleWebKit/537.36 (KHTML, like Gecko) Chrome/131.0.0.0 Safari/537.36"
3.110.187.239 - - [12/Apr/2026:08:33:49 +0200] "GET /html/.env HTTP/1.0" 404 566 "-" "Mozilla/5.0 (X11; Linux x86_64) AppleWebKit/537.36 (KHTML, like Gecko) Chrome/131.0.0.0 Safari/537.36"
3.110.187.239 - - [12/Apr/2026:08:33:50 +0200] "GET /live/.env HTTP/1.0" 404 566 "-" "Mozilla/5.0 (X11; Linux x86_64) AppleWebKit/537.36 (KHTML, like Gecko) Chrome/131.0.0.0 Safari/537.36"
3.110.187.239 - - [12/Apr/2026:08:33:50 +0200] "GET /prod/.env HTTP/1.0" 404 566 "-" "Mozilla/5.0 (X11; Linux x86_64) AppleWebKit/537.36 (KHTML, like Gecko) Chrome/131.0.0.0 Safari/537.36"
3.110.187.239 - - [12/Apr/2026:08:33:50 +0200] "GET /dev/.env HTTP/1.0" 404 565 "-" "Mozilla/5.0 (X11; Linux x86_64) AppleWebKit/537.36 (KHTML, like Gecko) Chrome/131.0.0.0 Safari/537.36"
3.110.187.239 - - [12/Apr/2026:08:33:50 +0200] "GET /staging/.env HTTP/1.0" 404 569 "-" "Mozilla/5.0 (X11; Linux x86_64) AppleWebKit/537.36 (KHTML, like Gecko) Chrome/131.0.0.0 Safari/537.36"
3.110.187.239 - - [12/Apr/2026:08:33:50 +0200] "GET /laravel/.env HTTP/1.0" 404 569 "-" "Mozilla/5.0 (X11; Linux x86_64) AppleWebKit/537.36 (KHTML, like Gecko) Chrome/131.0.0.0 Safari/537.36"
3.110.187.239 - - [12/Apr/2026:08:33:50 +0200] "GET /symfony/.env HTTP/1.0" 404 569 "-" "Mozilla/5.0 (X11; Linux x86_64) AppleWebKit/537.36 (KHTML, like Gecko) Chrome/131.0.0.0 Safari/537.36"
3.110.187.239 - - [12/Apr/2026:08:33:50 +0200] "GET /wordpress/.env HTTP/1.0" 404 571 "-" "Mozilla/5.0 (X11; Linux x86_64) AppleWebKit/537.36 (KHTML, like Gecko) Chrome/131.0.0.0 Safari/537.36"
3.110.187.239 - - [12/Apr/2026:08:33:51 +0200] "GET /wp/.env HTTP/1.0" 404 564 "-" "Mozilla/5.0 (X11; Linux x86_64) AppleWebKit/537.36 (KHTML, like Gecko) Chrome/131.0.0.0 Safari/537.36"
3.110.187.239 - - [12/Apr/2026:08:33:51 +0200] "GET /cms/.env HTTP/1.0" 404 565 "-" "Mozilla/5.0 (X11; Linux x86_64) AppleWebKit/537.36 (KHTML, like Gecko) Chrome/131.0.0.0 Safari/537.36"
3.110.187.239 - - [12/Apr/2026:08:33:51 +0200] "GET /drupal/.env HTTP/1.0" 404 568 "-" "Mozilla/5.0 (X11; Linux x86_64) AppleWebKit/537.36 (KHTML, like Gecko) Chrome/131.0.0.0 Safari/537.36"
3.110.187.239 - - [12/Apr/2026:08:33:51 +0200] "GET /joomla/.env HTTP/1.0" 404 568 "-" "Mozilla/5.0 (X11; Linux x86_64) AppleWebKit/537.36 (KHTML, like Gecko) Chrome/131.0.0.0 Safari/537.36"
3.110.187.239 - - [12/Apr/2026:08:33:51 +0200] "GET /magento/.env HTTP/1.0" 404 569 "-" "Mozilla/5.0 (X11; Linux x86_64) AppleWebKit/537.36 (KHTML, like Gecko) Chrome/131.0.0.0 Safari/537.36"
3.110.187.239 - - [12/Apr/2026:08:33:51 +0200] "GET /shopify/.env HTTP/1.0" 404 569 "-" "Mozilla/5.0 (X11; Linux x86_64) AppleWebKit/537.36 (KHTML, like Gecko) Chrome/131.0.0.0 Safari/537.36"
3.110.187.239 - - [12/Apr/2026:08:33:51 +0200] "GET /prestashop/.env HTTP/1.0" 404 572 "-" "Mozilla/5.0 (X11; Linux x86_64) AppleWebKit/537.36 (KHTML, like Gecko) Chrome/131.0.0.0 Safari/537.36"
3.110.187.239 - - [12/Apr/2026:08:33:51 +0200] "GET /v1/.env HTTP/1.0" 404 564 "-" "Mozilla/5.0 (X11; Linux x86_64) AppleWebKit/537.36 (KHTML, like Gecko) Chrome/131.0.0.0 Safari/537.36"
3.110.187.239 - - [12/Apr/2026:08:33:52 +0200] "GET /v2/.env HTTP/1.0" 404 564 "-" "Mozilla/5.0 (X11; Linux x86_64) AppleWebKit/537.36 (KHTML, like Gecko) Chrome/131.0.0.0 Safari/537.36"
3.110.187.239 - - [12/Apr/2026:08:33:52 +0200] "GET /v3/.env HTTP/1.0" 404 564 "-" "Mozilla/5.0 (X11; Linux x86_64) AppleWebKit/537.36 (KHTML, like Gecko) Chrome/131.0.0.0 Safari/537.36"
3.110.187.239 - - [12/Apr/2026:08:33:52 +0200] "GET /api/v1/.env HTTP/1.0" 404 568 "-" "Mozilla/5.0 (X11; Linux x86_64) AppleWebKit/537.36 (KHTML, like Gecko) Chrome/131.0.0.0 Safari/537.36"
3.110.187.239 - - [12/Apr/2026:08:33:52 +0200] "GET /api/v2/.env HTTP/1.0" 404 568 "-" "Mozilla/5.0 (X11; Linux x86_64) AppleWebKit/537.36 (KHTML, like Gecko) Chrome/131.0.0.0 Safari/537.36"
3.110.187.239 - - [12/Apr/2026:08:33:52 +0200] "GET /rest/.env HTTP/1.0" 404 566 "-" "Mozilla/5.0 (X11; Linux x86_64) AppleWebKit/537.36 (KHTML, like Gecko) Chrome/131.0.0.0 Safari/537.36"
3.110.187.239 - - [12/Apr/2026:08:33:52 +0200] "GET /graphql/.env HTTP/1.0" 404 569 "-" "Mozilla/5.0 (X11; Linux x86_64) AppleWebKit/537.36 (KHTML, like Gecko) Chrome/131.0.0.0 Safari/537.36"
3.110.187.239 - - [12/Apr/2026:08:33:52 +0200] "GET /gateway/.env HTTP/1.0" 404 569 "-" "Mozilla/5.0 (X11; Linux x86_64) AppleWebKit/537.36 (KHTML, like Gecko) Chrome/131.0.0.0 Safari/537.36"
3.110.187.239 - - [12/Apr/2026:08:33:53 +0200] "GET /microservice/.env HTTP/1.0" 404 574 "-" "Mozilla/5.0 (X11; Linux x86_64) AppleWebKit/537.36 (KHTML, like Gecko) Chrome/131.0.0.0 Safari/537.36"
3.110.187.239 - - [12/Apr/2026:08:33:53 +0200] "GET /service/.env HTTP/1.0" 404 569 "-" "Mozilla/5.0 (X11; Linux x86_64) AppleWebKit/537.36 (KHTML, like Gecko) Chrome/131.0.0.0 Safari/537.36"
3.110.187.239 - - [12/Apr/2026:08:33:53 +0200] "GET /vendor/.env HTTP/1.0" 404 568 "-" "Mozilla/5.0 (X11; Linux x86_64) AppleWebKit/537.36 (KHTML, like Gecko) Chrome/131.0.0.0 Safari/537.36"
3.110.187.239 - - [12/Apr/2026:08:33:53 +0200] "GET /lib/.env HTTP/1.0" 404 565 "-" "Mozilla/5.0 (X11; Linux x86_64) AppleWebKit/537.36 (KHTML, like Gecko) Chrome/131.0.0.0 Safari/537.36"
3.110.187.239 - - [12/Apr/2026:08:33:53 +0200] "GET /database/.env HTTP/1.0" 404 570 "-" "Mozilla/5.0 (X11; Linux x86_64) AppleWebKit/537.36 (KHTML, like Gecko) Chrome/131.0.0.0 Safari/537.36"
3.110.187.239 - - [12/Apr/2026:08:33:53 +0200] "GET /resources/.env HTTP/1.0" 404 571 "-" "Mozilla/5.0 (X11; Linux x86_64) AppleWebKit/537.36 (KHTML, like Gecko) Chrome/131.0.0.0 Safari/537.36"
3.110.187.239 - - [12/Apr/2026:08:33:53 +0200] "GET /storage/.env HTTP/1.0" 404 569 "-" "Mozilla/5.0 (X11; Linux x86_64) AppleWebKit/537.36 (KHTML, like Gecko) Chrome/131.0.0.0 Safari/537.36"
3.110.187.239 - - [12/Apr/2026:08:33:54 +0200] "GET /assets/.env HTTP/1.0" 404 568 "-" "Mozilla/5.0 (X11; Linux x86_64) AppleWebKit/537.36 (KHTML, like Gecko) Chrome/131.0.0.0 Safari/537.36"
3.110.187.239 - - [12/Apr/2026:08:33:54 +0200] "GET /uploads/.env HTTP/1.0" 404 569 "-" "Mozilla/5.0 (X11; Linux x86_64) AppleWebKit/537.36 (KHTML, like Gecko) Chrome/131.0.0.0 Safari/537.36"
3.110.187.239 - - [12/Apr/2026:08:33:54 +0200] "GET /internal/.env HTTP/1.0" 404 570 "-" "Mozilla/5.0 (X11; Linux x86_64) AppleWebKit/537.36 (KHTML, like Gecko) Chrome/131.0.0.0 Safari/537.36"
3.110.187.239 - - [12/Apr/2026:08:33:54 +0200] "GET /tools/.env HTTP/1.0" 404 567 "-" "Mozilla/5.0 (X11; Linux x86_64) AppleWebKit/537.36 (KHTML, like Gecko) Chrome/131.0.0.0 Safari/537.36"
3.110.187.239 - - [12/Apr/2026:08:33:54 +0200] "GET /scripts/.env HTTP/1.0" 404 569 "-" "Mozilla/5.0 (X11; Linux x86_64) AppleWebKit/537.36 (KHTML, like Gecko) Chrome/131.0.0.0 Safari/537.36"
3.110.187.239 - - [12/Apr/2026:08:33:54 +0200] "GET /portal/.env HTTP/1.0" 404 568 "-" "Mozilla/5.0 (X11; Linux x86_64) AppleWebKit/537.36 (KHTML, like Gecko) Chrome/131.0.0.0 Safari/537.36"
3.110.187.239 - - [12/Apr/2026:08:33:54 +0200] "GET /dashboard/.env HTTP/1.0" 404 571 "-" "Mozilla/5.0 (X11; Linux x86_64) AppleWebKit/537.36 (KHTML, like Gecko) Chrome/131.0.0.0 Safari/537.36"
3.110.187.239 - - [12/Apr/2026:08:33:54 +0200] "GET /panel/.env HTTP/1.0" 404 567 "-" "Mozilla/5.0 (X11; Linux x86_64) AppleWebKit/537.36 (KHTML, like Gecko) Chrome/131.0.0.0 Safari/537.36"
3.110.187.239 - - [12/Apr/2026:08:33:55 +0200] "GET /crm/.env HTTP/1.0" 404 565 "-" "Mozilla/5.0 (X11; Linux x86_64) AppleWebKit/537.36 (KHTML, like Gecko) Chrome/131.0.0.0 Safari/537.36"
3.110.187.239 - - [12/Apr/2026:08:33:55 +0200] "GET /erp/.env HTTP/1.0" 404 565 "-" "Mozilla/5.0 (X11; Linux x86_64) AppleWebKit/537.36 (KHTML, like Gecko) Chrome/131.0.0.0 Safari/537.36"
