Uname:Linux marissa.metanet.ch 4.18.0-553.141.2.lve.el7h.x86_64 #1 SMP Wed Jul 8 17:20:31 UTC 2026 x86_64

Base Dir : /home/httpd/vhosts/comeonline.ch/httpdocs

User : onlineadmin


403WebShell
403Webshell
Server IP : 80.74.154.100  /  Your IP : 216.73.217.0
Web Server : Apache
System : Linux marissa.metanet.ch 4.18.0-553.141.2.lve.el7h.x86_64 #1 SMP Wed Jul 8 17:20:31 UTC 2026 x86_64
User : onlineadmin ( 10487)
PHP Version : 8.5.7
Disable Function : opcache_get_status
MySQL : OFF  |  cURL : ON  |  WGET : OFF  |  Perl : OFF  |  Python : OFF  |  Sudo : OFF  |  Pkexec : OFF
Directory :  /home/httpd/vhosts/comeonline.ch/logs/

Upload File :
current_dir [ Writeable ] document_root [ Writeable ]

 

Command :


[ Back ]     

Current File : /home/httpd/vhosts/comeonline.ch/logs//access_ssl_log.webstat
57.141.0.13 - - [26/Jul/2026:08:27:48 +0200] "GET /SiteMap.aspx HTTP/1.0" 404 40164 "-" "Mozilla/5.0 (Windows NT 10.0; Win64; x64) AppleWebKit/537.36 (KHTML, like Gecko) Chrome/145.0.0.0 Safari/537.36 (compatible; meta-externalagent/1.1 (+https://developers.facebook.com/docs/sharing/webmasters/crawler))"
103.151.156.30 - - [26/Jul/2026:08:37:05 +0200] "POST /xmlrpc.php HTTP/1.0" 405 769 "-" "Jetpack by WordPress.com (Jetpack 13.0; WordPress 6.2)"
80.74.154.100 - - [26/Jul/2026:08:37:07 +0200] "POST /wp-cron.php?doing_wp_cron=1785047827.3419790267944335937500 HTTP/1.0" 200 409 "-" "WordPress/7.0.2; https://comeonline.ch"
103.151.156.30 - - [26/Jul/2026:08:37:16 +0200] "POST /xmlrpc.php HTTP/1.0" 405 769 "-" "Jetpack by WordPress.com"
103.151.156.30 - - [26/Jul/2026:08:37:26 +0200] "POST /xmlrpc.php HTTP/1.0" 405 769 "-" "Jetpack by WordPress.com"
103.151.156.30 - - [26/Jul/2026:08:37:37 +0200] "POST /xmlrpc.php HTTP/1.0" 405 769 "-" "Jetpack/13.0; WordPress/6.2; http://site84455763.com"
103.151.156.30 - - [26/Jul/2026:08:37:48 +0200] "POST /xmlrpc.php HTTP/1.0" 405 769 "-" "Jetpack/12.5; WordPress/6.2; http://site35426946.com"
103.151.156.30 - - [26/Jul/2026:08:37:59 +0200] "POST /xmlrpc.php HTTP/1.0" 405 769 "-" "Jetpack by WordPress.com"
103.151.156.30 - - [26/Jul/2026:08:38:10 +0200] "POST /xmlrpc.php HTTP/1.0" 405 769 "-" "Jetpack by WordPress.com"
103.151.156.30 - - [26/Jul/2026:08:38:21 +0200] "POST /xmlrpc.php HTTP/1.0" 405 769 "-" "Jetpack/12.1; WordPress/6.3; http://site81994181.com"
103.151.156.30 - - [26/Jul/2026:08:38:31 +0200] "POST /xmlrpc.php HTTP/1.0" 405 769 "-" "Jetpack by WordPress.com (Jetpack 12.1; WordPress 6.1)"
103.151.156.30 - - [26/Jul/2026:08:38:42 +0200] "POST /xmlrpc.php HTTP/1.0" 405 769 "-" "WordPress.com; https://wordpress.com"
103.151.156.30 - - [26/Jul/2026:08:38:53 +0200] "POST /xmlrpc.php HTTP/1.0" 405 769 "-" "WordPress.com; https://wordpress.com"
103.151.156.30 - - [26/Jul/2026:08:39:04 +0200] "POST /xmlrpc.php HTTP/1.0" 405 769 "-" "WordPress.com; https://wordpress.com"
66.249.73.192 - - [26/Jul/2026:08:39:12 +0200] "GET /wp-content/plugins/wptouch/themes/foundation/modules/flickity/flickity.pkgd.min.js?ver=07078a97d66756f213dbca3e379bf084 HTTP/1.0" 200 53640 "https://comeonline.ch/" "Mozilla/5.0 (Linux; Android 6.0.1; Nexus 5X Build/MMB29P) AppleWebKit/537.36 (KHTML, like Gecko) Chrome/150.0.7871.128 Mobile Safari/537.36 (compatible; Googlebot/2.1; +http://www.google.com/bot.html)"
66.249.73.192 - - [26/Jul/2026:08:39:12 +0200] "GET /wp-includes/js/jquery/jquery-migrate.min.js?ver=3.4.1 HTTP/1.0" 200 14020 "https://comeonline.ch/" "Mozilla/5.0 (Linux; Android 6.0.1; Nexus 5X Build/MMB29P) AppleWebKit/537.36 (KHTML, like Gecko) Chrome/150.0.7871.128 Mobile Safari/537.36 (compatible; Googlebot/2.1; +http://www.google.com/bot.html)"
66.249.73.205 - - [26/Jul/2026:08:39:13 +0200] "GET /wp-content/plugins/wptouch/themes/foundation/modules/tappable/wptouch.tappable.min.js?ver=07078a97d66756f213dbca3e379bf084 HTTP/1.0" 200 759 "https://comeonline.ch/" "Mozilla/5.0 (Linux; Android 6.0.1; Nexus 5X Build/MMB29P) AppleWebKit/537.36 (KHTML, like Gecko) Chrome/150.0.7871.128 Mobile Safari/537.36 (compatible; Googlebot/2.1; +http://www.google.com/bot.html)"
103.151.156.30 - - [26/Jul/2026:08:39:15 +0200] "POST /xmlrpc.php HTTP/1.0" 405 769 "-" "WordPress.com; https://wordpress.com"
66.249.73.204 - - [26/Jul/2026:08:39:18 +0200] "GET /wp-content/plugins/wptouch/themes/foundation/modules/flickity/flickity-wptouch.min.js?ver=07078a97d66756f213dbca3e379bf084 HTTP/1.0" 200 407 "https://comeonline.ch/" "Mozilla/5.0 (Linux; Android 6.0.1; Nexus 5X Build/MMB29P) AppleWebKit/537.36 (KHTML, like Gecko) Chrome/150.0.7871.128 Mobile Safari/537.36 (compatible; Googlebot/2.1; +http://www.google.com/bot.html)"
103.151.156.30 - - [26/Jul/2026:08:39:25 +0200] "POST /xmlrpc.php HTTP/1.0" 405 769 "-" "WordPress.com; https://wordpress.com"
103.151.156.30 - - [26/Jul/2026:08:39:36 +0200] "POST /xmlrpc.php HTTP/1.0" 405 769 "-" "Jetpack/12.1; WordPress/6.1; http://site67027645.com"
80.74.154.100 - - [26/Jul/2026:08:39:37 +0200] "POST /wp-cron.php?doing_wp_cron=1785047977.1719589233398437500000 HTTP/1.0" 200 409 "-" "WordPress/7.0.2; https://comeonline.ch"
103.151.156.30 - - [26/Jul/2026:08:39:47 +0200] "POST /xmlrpc.php HTTP/1.0" 405 769 "-" "WordPress.com; https://wordpress.com"
103.147.32.194 - - [26/Jul/2026:08:48:10 +0200] "POST /?rest_route=/batch/v1 HTTP/1.0" 207 665 "-" "Mozilla/5.0"
103.147.32.194 - - [26/Jul/2026:08:48:12 +0200] "POST /?rest_route=/batch/v1 HTTP/1.0" 207 1182 "-" "Mozilla/5.0"
103.147.32.194 - - [26/Jul/2026:08:48:13 +0200] "POST /wp-json/batch/v1 HTTP/1.0" 207 665 "-" "Mozilla/5.0"
103.147.32.194 - - [26/Jul/2026:08:48:14 +0200] "POST /wp-json/batch/v1 HTTP/1.0" 207 1182 "-" "Mozilla/5.0"
103.151.156.30 - - [26/Jul/2026:08:49:55 +0200] "POST /xmlrpc.php HTTP/1.0" 405 769 "-" "Jetpack/13.0; WordPress/6.4; http://site11803908.com"
103.151.156.30 - - [26/Jul/2026:08:50:05 +0200] "POST /xmlrpc.php HTTP/1.0" 405 769 "-" "Jetpack by WordPress.com (Jetpack 12.1; WordPress 6.4)"
103.151.156.30 - - [26/Jul/2026:08:50:16 +0200] "POST /xmlrpc.php HTTP/1.0" 405 769 "-" "Jetpack by WordPress.com"
103.151.156.30 - - [26/Jul/2026:08:50:27 +0200] "POST /xmlrpc.php HTTP/1.0" 405 769 "-" "WordPress.com; https://wordpress.com"
103.151.156.30 - - [26/Jul/2026:08:50:37 +0200] "POST /xmlrpc.php HTTP/1.0" 405 769 "-" "Jetpack by WordPress.com (Jetpack 13.0; WordPress 6.1)"
103.151.156.30 - - [26/Jul/2026:08:50:48 +0200] "POST /xmlrpc.php HTTP/1.0" 405 769 "-" "WordPress.com; https://wordpress.com"
103.151.156.30 - - [26/Jul/2026:08:50:59 +0200] "POST /xmlrpc.php HTTP/1.0" 405 769 "-" "Jetpack by WordPress.com (Jetpack 12.0; WordPress 6.1)"
103.151.156.30 - - [26/Jul/2026:08:51:10 +0200] "POST /xmlrpc.php HTTP/1.0" 405 769 "-" "Jetpack by WordPress.com (Jetpack 13.0; WordPress 6.3)"
103.151.156.30 - - [26/Jul/2026:08:51:21 +0200] "POST /xmlrpc.php HTTP/1.0" 405 769 "-" "Jetpack by WordPress.com"
103.151.156.30 - - [26/Jul/2026:08:51:32 +0200] "POST /xmlrpc.php HTTP/1.0" 405 769 "-" "WordPress.com; https://wordpress.com"
103.151.156.30 - - [26/Jul/2026:08:51:43 +0200] "POST /xmlrpc.php HTTP/1.0" 405 769 "-" "Jetpack by WordPress.com (Jetpack 12.1; WordPress 6.1)"
45.13.186.119 - - [26/Jul/2026:08:51:43 +0200] "GET / HTTP/1.0" 200 51007 "https://duckduckgo.com/" "Mozilla/5.0 (Windows NT 10.0; Win64; x64) AppleWebKit/537.36 (KHTML, like Gecko) Chrome/120.0.0.0 Safari/537.36"
103.151.156.30 - - [26/Jul/2026:08:51:53 +0200] "POST /xmlrpc.php HTTP/1.0" 405 769 "-" "Jetpack/13.0; WordPress/6.1; http://site46515764.com"
103.151.156.30 - - [26/Jul/2026:08:52:04 +0200] "POST /xmlrpc.php HTTP/1.0" 405 769 "-" "Jetpack/12.1; WordPress/6.4; http://site34543113.com"
103.151.156.30 - - [26/Jul/2026:08:52:15 +0200] "POST /xmlrpc.php HTTP/1.0" 405 769 "-" "Jetpack/12.0; WordPress/6.4; http://site79045138.com"
103.151.156.30 - - [26/Jul/2026:08:52:26 +0200] "POST /xmlrpc.php HTTP/1.0" 405 769 "-" "Jetpack/12.0; WordPress/6.3; http://site55919932.com"
103.151.156.30 - - [26/Jul/2026:08:52:37 +0200] "POST /xmlrpc.php HTTP/1.0" 405 769 "-" "Jetpack/12.1; WordPress/6.3; http://site36635715.com"
103.151.156.30 - - [26/Jul/2026:08:52:48 +0200] "POST /xmlrpc.php HTTP/1.0" 405 769 "-" "Jetpack by WordPress.com"
103.151.156.30 - - [26/Jul/2026:08:52:58 +0200] "POST /xmlrpc.php HTTP/1.0" 405 769 "-" "Jetpack by WordPress.com"
103.151.156.30 - - [26/Jul/2026:08:53:09 +0200] "POST /xmlrpc.php HTTP/1.0" 405 769 "-" "Jetpack by WordPress.com (Jetpack 13.0; WordPress 6.2)"
103.151.156.30 - - [26/Jul/2026:08:53:20 +0200] "POST /xmlrpc.php HTTP/1.0" 405 769 "-" "Jetpack by WordPress.com"
103.151.156.30 - - [26/Jul/2026:08:53:31 +0200] "POST /xmlrpc.php HTTP/1.0" 405 769 "-" "Jetpack by WordPress.com (Jetpack 13.0; WordPress 6.2)"
103.151.156.30 - - [26/Jul/2026:08:53:42 +0200] "POST /xmlrpc.php HTTP/1.0" 405 769 "-" "WordPress.com; https://wordpress.com"
103.151.156.30 - - [26/Jul/2026:08:53:53 +0200] "POST /xmlrpc.php HTTP/1.0" 405 769 "-" "Jetpack by WordPress.com"
103.151.156.30 - - [26/Jul/2026:08:54:04 +0200] "POST /xmlrpc.php HTTP/1.0" 405 769 "-" "WordPress.com; https://wordpress.com"
103.151.156.30 - - [26/Jul/2026:08:54:14 +0200] "POST /xmlrpc.php HTTP/1.0" 405 769 "-" "Jetpack/13.0; WordPress/6.4; http://site17212704.com"
103.151.156.30 - - [26/Jul/2026:08:54:25 +0200] "POST /xmlrpc.php HTTP/1.0" 405 769 "-" "Jetpack by WordPress.com"
103.151.156.30 - - [26/Jul/2026:08:54:36 +0200] "POST /xmlrpc.php HTTP/1.0" 405 769 "-" "Jetpack by WordPress.com"
103.151.156.30 - - [26/Jul/2026:08:54:47 +0200] "POST /xmlrpc.php HTTP/1.0" 405 769 "-" "Jetpack/13.0; WordPress/6.4; http://site25174723.com"
103.151.156.30 - - [26/Jul/2026:08:54:58 +0200] "POST /xmlrpc.php HTTP/1.0" 405 769 "-" "Jetpack by WordPress.com (Jetpack 12.0; WordPress 6.2)"
66.249.74.167 - - [26/Jul/2026:08:56:59 +0200] "GET /robots.txt HTTP/1.0" 301 401 "-" "Mozilla/5.0 (compatible; Googlebot/2.1; +http://www.google.com/bot.html)"
66.249.74.166 - - [26/Jul/2026:08:57:01 +0200] "GET / HTTP/1.0" 301 565 "-" "Mozilla/5.0 (Linux; Android 6.0.1; Nexus 5X Build/MMB29P) AppleWebKit/537.36 (KHTML, like Gecko) Chrome/150.0.7871.128 Mobile Safari/537.36 (compatible; Googlebot/2.1; +http://www.google.com/bot.html)"
66.249.73.204 - - [26/Jul/2026:08:57:37 +0200] "GET /wp-content/plugins/wptouch/themes/foundation/default/style.css?ver=5128bcacc82051228058446bcf6eb7f6 HTTP/1.0" 200 23002 "https://comeonline.ch/" "Mozilla/5.0 (Linux; Android 6.0.1; Nexus 5X Build/MMB29P) AppleWebKit/537.36 (KHTML, like Gecko) Chrome/150.0.7871.128 Mobile Safari/537.36 (compatible; Googlebot/2.1; +http://www.google.com/bot.html)"
66.249.73.204 - - [26/Jul/2026:08:57:37 +0200] "GET /wp-content/plugins/wptouch/themes/foundation/modules/tappable/wptouch.tappable.min.js?ver=07078a97d66756f213dbca3e379bf084 HTTP/1.0" 200 759 "https://comeonline.ch/" "Mozilla/5.0 (Linux; Android 6.0.1; Nexus 5X Build/MMB29P) AppleWebKit/537.36 (KHTML, like Gecko) Chrome/150.0.7871.128 Mobile Safari/537.36 (compatible; Googlebot/2.1; +http://www.google.com/bot.html)"
66.249.73.204 - - [26/Jul/2026:08:57:37 +0200] "GET /wp-content/plugins/contact-form-7/includes/swv/js/index.js?ver=6.1.6 HTTP/1.0" 200 12955 "https://comeonline.ch/" "Mozilla/5.0 (Linux; Android 6.0.1; Nexus 5X Build/MMB29P) AppleWebKit/537.36 (KHTML, like Gecko) Chrome/150.0.7871.128 Mobile Safari/537.36 (compatible; Googlebot/2.1; +http://www.google.com/bot.html)"
66.249.73.204 - - [26/Jul/2026:08:57:37 +0200] "GET /wp-content/plugins/wptouch/themes/foundation/modules/fastclick/fastclick.min.js?ver=07078a97d66756f213dbca3e379bf084 HTTP/1.0" 200 8217 "https://comeonline.ch/" "Mozilla/5.0 (Linux; Android 6.0.1; Nexus 5X Build/MMB29P) AppleWebKit/537.36 (KHTML, like Gecko) Chrome/150.0.7871.128 Mobile Safari/537.36 (compatible; Googlebot/2.1; +http://www.google.com/bot.html)"
66.249.73.204 - - [26/Jul/2026:08:57:37 +0200] "GET /wp-content/plugins/wptouch/themes/foundation/modules/flickity/flickity.pkgd.min.js?ver=07078a97d66756f213dbca3e379bf084 HTTP/1.0" 200 53640 "https://comeonline.ch/" "Mozilla/5.0 (Linux; Android 6.0.1; Nexus 5X Build/MMB29P) AppleWebKit/537.36 (KHTML, like Gecko) Chrome/150.0.7871.128 Mobile Safari/537.36 (compatible; Googlebot/2.1; +http://www.google.com/bot.html)"
66.249.73.204 - - [26/Jul/2026:08:57:38 +0200] "GET /wp-content/plugins/wptouch/themes/foundation/modules/spinjs/spin-jquery.min.js?ver=07078a97d66756f213dbca3e379bf084 HTTP/1.0" 200 903 "https://comeonline.ch/" "Mozilla/5.0 (Linux; Android 6.0.1; Nexus 5X Build/MMB29P) AppleWebKit/537.36 (KHTML, like Gecko) Chrome/150.0.7871.128 Mobile Safari/537.36 (compatible; Googlebot/2.1; +http://www.google.com/bot.html)"
66.249.73.204 - - [26/Jul/2026:08:57:38 +0200] "GET /wp-content/plugins/contact-form-7-image-captcha/css/cf7ic-style.css?ver=3.3.7 HTTP/1.0" 200 4777 "https://comeonline.ch/" "Mozilla/5.0 (Linux; Android 6.0.1; Nexus 5X Build/MMB29P) AppleWebKit/537.36 (KHTML, like Gecko) Chrome/150.0.7871.128 Mobile Safari/537.36 (compatible; Googlebot/2.1; +http://www.google.com/bot.html)"
66.249.73.204 - - [26/Jul/2026:08:57:38 +0200] "GET /wp-content/plugins/wptouch/themes/foundation/modules/spinjs/spin.min.js?ver=07078a97d66756f213dbca3e379bf084 HTTP/1.0" 200 4617 "https://comeonline.ch/" "Mozilla/5.0 (Linux; Android 6.0.1; Nexus 5X Build/MMB29P) AppleWebKit/537.36 (KHTML, like Gecko) Chrome/150.0.7871.128 Mobile Safari/537.36 (compatible; Googlebot/2.1; +http://www.google.com/bot.html)"
66.249.73.204 - - [26/Jul/2026:08:57:38 +0200] "GET /wp-content/plugins/wptouch/themes/foundation/modules/fastclick/wptouch.fastclick.min.js?ver=07078a97d66756f213dbca3e379bf084 HTTP/1.0" 200 490 "https://comeonline.ch/" "Mozilla/5.0 (Linux; Android 6.0.1; Nexus 5X Build/MMB29P) AppleWebKit/537.36 (KHTML, like Gecko) Chrome/150.0.7871.128 Mobile Safari/537.36 (compatible; Googlebot/2.1; +http://www.google.com/bot.html)"
66.249.74.166 - - [26/Jul/2026:08:58:45 +0200] "GET / HTTP/1.0" 301 391 "-" "Mozilla/5.0 (compatible; Googlebot/2.1; +http://www.google.com/bot.html)"
66.249.73.192 - - [26/Jul/2026:08:58:45 +0200] "GET / HTTP/1.0" 200 59557 "-" "Mozilla/5.0 (Linux; Android 6.0.1; Nexus 5X Build/MMB29P) AppleWebKit/537.36 (KHTML, like Gecko) Chrome/99.0.4844.84 Mobile Safari/537.36 (compatible; Googlebot/2.1; +http://www.google.com/bot.html)"
66.249.74.167 - - [26/Jul/2026:08:58:45 +0200] "GET / HTTP/1.0" 301 565 "-" "Mozilla/5.0 (Linux; Android 6.0.1; Nexus 5X Build/MMB29P) AppleWebKit/537.36 (KHTML, like Gecko) Chrome/99.0.4844.84 Mobile Safari/537.36 (compatible; Googlebot/2.1; +http://www.google.com/bot.html)"
66.249.73.192 - - [26/Jul/2026:08:58:45 +0200] "GET / HTTP/1.0" 200 51006 "-" "Mozilla/5.0 (compatible; Googlebot/2.1; +http://www.google.com/bot.html)"
66.249.73.192 - - [26/Jul/2026:08:58:48 +0200] "GET /wp-content/themes/travelify/style.css?ver=7.0.2 HTTP/1.0" 200 66925 "https://comeonline.ch/" "Mozilla/5.0 AppleWebKit/537.36 (KHTML, like Gecko; compatible; Googlebot/2.1; +http://www.google.com/bot.html) Chrome/150.0.7871.124 Safari/537.36"
66.249.73.204 - - [26/Jul/2026:08:58:46 +0200] "GET / HTTP/1.0" 200 51006 "-" "Mozilla/5.0 (compatible; Googlebot/2.1; +http://www.google.com/bot.html)"
66.249.73.192 - - [26/Jul/2026:08:58:48 +0200] "GET /wp-content/plugins/responsive-lightbox/js/sanitizer.js?ver=2.7.8 HTTP/1.0" 200 2525 "https://comeonline.ch/" "Mozilla/5.0 AppleWebKit/537.36 (KHTML, like Gecko; compatible; Googlebot/2.1; +http://www.google.com/bot.html) Chrome/150.0.7871.124 Safari/537.36"
66.249.73.205 - - [26/Jul/2026:08:58:48 +0200] "GET /wp-content/plugins/fitvids-for-wordpress/jquery.fitvids.js?ver=1.1 HTTP/1.0" 200 4287 "https://comeonline.ch/" "Mozilla/5.0 AppleWebKit/537.36 (KHTML, like Gecko; compatible; Googlebot/2.1; +http://www.google.com/bot.html) Chrome/150.0.7871.124 Safari/537.36"
66.249.73.192 - - [26/Jul/2026:08:58:48 +0200] "GET /wp-content/plugins/contact-form-7-honeypot/legacy-honeypot/includes/js/honeypot-refill.js?ver=3.6.1 HTTP/1.0" 200 4262 "https://comeonline.ch/" "Mozilla/5.0 AppleWebKit/537.36 (KHTML, like Gecko; compatible; Googlebot/2.1; +http://www.google.com/bot.html) Chrome/150.0.7871.124 Safari/537.36"
66.249.73.192 - - [26/Jul/2026:08:58:48 +0200] "GET /wp-includes/js/jquery/jquery.min.js?ver=3.7.1 HTTP/1.0" 200 88142 "https://comeonline.ch/" "Mozilla/5.0 AppleWebKit/537.36 (KHTML, like Gecko; compatible; Googlebot/2.1; +http://www.google.com/bot.html) Chrome/150.0.7871.124 Safari/537.36"
66.249.73.205 - - [26/Jul/2026:08:58:49 +0200] "GET /wp-content/plugins/responsive-lightbox/assets/dompurify/purify.min.js?ver=3.3.1 HTTP/1.0" 200 23601 "https://comeonline.ch/" "Mozilla/5.0 AppleWebKit/537.36 (KHTML, like Gecko; compatible; Googlebot/2.1; +http://www.google.com/bot.html) Chrome/150.0.7871.124 Safari/537.36"
66.249.73.192 - - [26/Jul/2026:08:58:49 +0200] "GET /wp-content/plugins/responsive-lightbox/assets/swipebox/swipebox.min.css?ver=1.5.2 HTTP/1.0" 200 4839 "https://comeonline.ch/" "Mozilla/5.0 AppleWebKit/537.36 (KHTML, like Gecko; compatible; Googlebot/2.1; +http://www.google.com/bot.html) Chrome/150.0.7871.124 Safari/537.36"
66.249.73.192 - - [26/Jul/2026:08:58:47 +0200] "GET / HTTP/1.0" 200 59558 "-" "Mozilla/5.0 (Linux; Android 6.0.1; Nexus 5X Build/MMB29P) AppleWebKit/537.36 (KHTML, like Gecko) Chrome/99.0.4844.84 Mobile Safari/537.36 (compatible; Googlebot/2.1; +http://www.google.com/bot.html)"
66.249.73.204 - - [26/Jul/2026:08:58:49 +0200] "GET /wp-content/plugins/responsive-lightbox/assets/infinitescroll/infinite-scroll.pkgd.min.js?ver=4.0.1 HTTP/1.0" 200 22922 "https://comeonline.ch/" "Mozilla/5.0 AppleWebKit/537.36 (KHTML, like Gecko; compatible; Googlebot/2.1; +http://www.google.com/bot.html) Chrome/150.0.7871.124 Safari/537.36"
66.249.73.205 - - [26/Jul/2026:08:58:49 +0200] "GET /wp-content/themes/travelify/library/js/slider-settings.min.js?ver=7.0.2 HTTP/1.0" 200 1005 "https://comeonline.ch/" "Mozilla/5.0 AppleWebKit/537.36 (KHTML, like Gecko; compatible; Googlebot/2.1; +http://www.google.com/bot.html) Chrome/150.0.7871.124 Safari/537.36"
66.249.73.204 - - [26/Jul/2026:08:58:49 +0200] "GET /wp-content/themes/travelify/library/js/jquery.cycle.all.min.js?ver=2.9999.5 HTTP/1.0" 200 34400 "https://comeonline.ch/" "Mozilla/5.0 AppleWebKit/537.36 (KHTML, like Gecko; compatible; Googlebot/2.1; +http://www.google.com/bot.html) Chrome/150.0.7871.124 Safari/537.36"
66.249.73.204 - - [26/Jul/2026:08:58:50 +0200] "GET /wp-content/plugins/responsive-lightbox/assets/dompurify/purify.min.js?ver=3.3.1 HTTP/1.0" 200 23601 "https://comeonline.ch/" "Mozilla/5.0 AppleWebKit/537.36 (KHTML, like Gecko; compatible; Googlebot/2.1; +http://www.google.com/bot.html) Chrome/150.0.7871.124 Safari/537.36"
66.249.73.204 - - [26/Jul/2026:08:58:50 +0200] "GET /wp-content/themes/travelify/style.css?ver=7.0.2 HTTP/1.0" 200 66925 "https://comeonline.ch/" "Mozilla/5.0 AppleWebKit/537.36 (KHTML, like Gecko; compatible; Googlebot/2.1; +http://www.google.com/bot.html) Chrome/150.0.7871.124 Safari/537.36"
66.249.73.205 - - [26/Jul/2026:08:58:50 +0200] "GET /wp-content/themes/travelify/library/js/functions.min.js?ver=7.0.2 HTTP/1.0" 200 1711 "https://comeonline.ch/" "Mozilla/5.0 AppleWebKit/537.36 (KHTML, like Gecko; compatible; Googlebot/2.1; +http://www.google.com/bot.html) Chrome/150.0.7871.124 Safari/537.36"
66.249.73.204 - - [26/Jul/2026:08:58:50 +0200] "GET /wp-content/plugins/responsive-lightbox/assets/dompurify/purify.min.js?ver=3.3.1 HTTP/1.0" 200 23601 "https://comeonline.ch/" "Mozilla/5.0 (Linux; Android 6.0.1; Nexus 5X Build/MMB29P) AppleWebKit/537.36 (KHTML, like Gecko) Chrome/150.0.7871.124 Mobile Safari/537.36 (compatible; Googlebot/2.1; +http://www.google.com/bot.html)"
66.249.73.204 - - [26/Jul/2026:08:58:50 +0200] "GET /wp-content/plugins/wptouch/themes/foundation/modules/base/base-public.min.js?ver=07078a97d66756f213dbca3e379bf084 HTTP/1.0" 200 1518 "https://comeonline.ch/" "Mozilla/5.0 (Linux; Android 6.0.1; Nexus 5X Build/MMB29P) AppleWebKit/537.36 (KHTML, like Gecko) Chrome/150.0.7871.124 Mobile Safari/537.36 (compatible; Googlebot/2.1; +http://www.google.com/bot.html)"
66.249.73.204 - - [26/Jul/2026:08:58:50 +0200] "GET /wp-content/plugins/wptouch/themes/foundation/modules/slideout/slideout-helper.min.js?ver=07078a97d66756f213dbca3e379bf084 HTTP/1.0" 200 1266 "https://comeonline.ch/" "Mozilla/5.0 (Linux; Android 6.0.1; Nexus 5X Build/MMB29P) AppleWebKit/537.36 (KHTML, like Gecko) Chrome/150.0.7871.124 Mobile Safari/537.36 (compatible; Googlebot/2.1; +http://www.google.com/bot.html)"
66.249.73.204 - - [26/Jul/2026:08:58:51 +0200] "GET /wp-content/plugins/wptouch/themes/foundation/modules/base/base.min.js?ver=07078a97d66756f213dbca3e379bf084 HTTP/1.0" 200 4925 "https://comeonline.ch/" "Mozilla/5.0 (Linux; Android 6.0.1; Nexus 5X Build/MMB29P) AppleWebKit/537.36 (KHTML, like Gecko) Chrome/150.0.7871.124 Mobile Safari/537.36 (compatible; Googlebot/2.1; +http://www.google.com/bot.html)"
66.249.73.205 - - [26/Jul/2026:08:58:51 +0200] "GET /wp-content/plugins/wptouch/themes/foundation/default/style.css?ver=5128bcacc82051228058446bcf6eb7f6 HTTP/1.0" 200 23002 "https://comeonline.ch/" "Mozilla/5.0 (Linux; Android 6.0.1; Nexus 5X Build/MMB29P) AppleWebKit/537.36 (KHTML, like Gecko) Chrome/150.0.7871.124 Mobile Safari/537.36 (compatible; Googlebot/2.1; +http://www.google.com/bot.html)"
66.249.73.204 - - [26/Jul/2026:08:58:51 +0200] "GET /wp-content/plugins/wptouch/themes/bauhaus/default/bauhaus.min.js?ver=2.2.6 HTTP/1.0" 200 3543 "https://comeonline.ch/" "Mozilla/5.0 (Linux; Android 6.0.1; Nexus 5X Build/MMB29P) AppleWebKit/537.36 (KHTML, like Gecko) Chrome/150.0.7871.124 Mobile Safari/537.36 (compatible; Googlebot/2.1; +http://www.google.com/bot.html)"
66.249.73.205 - - [26/Jul/2026:08:58:51 +0200] "GET /wp-content/plugins/wptouch/themes/foundation/modules/spinjs/spin-jquery.min.js?ver=07078a97d66756f213dbca3e379bf084 HTTP/1.0" 200 903 "https://comeonline.ch/" "Mozilla/5.0 (Linux; Android 6.0.1; Nexus 5X Build/MMB29P) AppleWebKit/537.36 (KHTML, like Gecko) Chrome/150.0.7871.124 Mobile Safari/537.36 (compatible; Googlebot/2.1; +http://www.google.com/bot.html)"
66.249.73.205 - - [26/Jul/2026:08:58:51 +0200] "GET /wp-content/themes/travelify/library/js/slider-settings.min.js?ver=7.0.2 HTTP/1.0" 200 1005 "https://comeonline.ch/" "Mozilla/5.0 AppleWebKit/537.36 (KHTML, like Gecko; compatible; Googlebot/2.1; +http://www.google.com/bot.html) Chrome/150.0.7871.124 Safari/537.36"
66.249.73.204 - - [26/Jul/2026:08:58:52 +0200] "GET /wp-content/themes/travelify/library/js/jquery.cycle.all.min.js?ver=2.9999.5 HTTP/1.0" 200 34400 "https://comeonline.ch/" "Mozilla/5.0 AppleWebKit/537.36 (KHTML, like Gecko; compatible; Googlebot/2.1; +http://www.google.com/bot.html) Chrome/150.0.7871.124 Safari/537.36"
66.249.73.205 - - [26/Jul/2026:08:58:52 +0200] "GET /wp-content/plugins/wpfront-scroll-top/includes/assets/wpfront-scroll-top.min.js?ver=3.0.1.09211 HTTP/1.0" 200 1931 "https://comeonline.ch/" "Mozilla/5.0 AppleWebKit/537.36 (KHTML, like Gecko; compatible; Googlebot/2.1; +http://www.google.com/bot.html) Chrome/150.0.7871.124 Safari/537.36"
66.249.73.205 - - [26/Jul/2026:08:58:52 +0200] "GET /wp-content/themes/travelify/library/js/html5.min.js HTTP/1.0" 200 3174 "https://comeonline.ch/" "Mozilla/5.0 AppleWebKit/537.36 (KHTML, like Gecko; compatible; Googlebot/2.1; +http://www.google.com/bot.html) Chrome/150.0.7871.124 Safari/537.36"
114.119.133.204 - - [26/Jul/2026:09:16:29 +0200] "GET /sonntag-15-april-2018-9-30-uhr-konzertgottesdienst-feg-thayngen/ HTTP/1.0" 406 679 "https://comeonline.ch/sonntag-15-april-2018-9-30-uhr-konzertgottesdienst-feg-thayngen/" "Mozilla/5.0 (Linux; Android 7.0;) AppleWebKit/537.36 (HTML, like Gecko) Mobile Safari/537.36 (compatible; PetalBot;+https://webmaster.petalsearch.com/site/petalbot)"
31.10.151.142 - - [26/Jul/2026:10:07:44 +0200] "GET / HTTP/1.0" 200 51007 "-" "Mozilla/5.0 (Macintosh; Intel Mac OS X 10_11_1) AppleWebKit/601.2.4 (KHTML, like Gecko) Version/9.0.1 Safari/601.2.4 facebookexternalhit/1.1 Facebot Twitterbot/1.0"
31.10.151.142 - - [26/Jul/2026:10:07:48 +0200] "GET /wp-content/uploads/2019/03/cropped-Logo-ONLINE-NEU_RGB-square-512px-32x32.png HTTP/1.0" 200 1475 "-" "NetworkingExtension/8624.2.5.10.8 Network/5812.122.1 iOS/26.5.2"
31.10.151.142 - - [26/Jul/2026:10:07:48 +0200] "GET /wp-content/uploads/2019/03/cropped-Logo-ONLINE-NEU_RGB-square-512px-180x180.png HTTP/1.0" 200 7470 "-" "NetworkingExtension/8624.2.5.10.8 Network/5812.122.1 iOS/26.5.2"
31.10.151.142 - - [26/Jul/2026:10:07:48 +0200] "GET /wp-content/uploads/2019/03/cropped-Logo-ONLINE-NEU_RGB-square-512px-192x192.png HTTP/1.0" 200 8257 "-" "NetworkingExtension/8624.2.5.10.8 Network/5812.122.1 iOS/26.5.2"
31.10.151.142 - - [26/Jul/2026:10:07:48 +0200] "GET /wp-content/uploads/2022/05/Online_Band_2022_4-scaled-1200x628.jpg HTTP/1.0" 200 200183 "-" "NetworkingExtension/8624.2.5.10.8 Network/5812.122.1 iOS/26.5.2"
31.10.151.142 - - [26/Jul/2026:10:07:48 +0200] "GET /wp-content/uploads/2022/12/cropped-IMG_0186-scaled-1.jpg HTTP/1.0" 200 293844 "-" "NetworkingExtension/8624.2.5.10.8 Network/5812.122.1 iOS/26.5.2"
31.10.151.142 - - [26/Jul/2026:10:07:44 +0200] "GET /favicon.ico HTTP/1.0" 302 522 "-" "NetworkingExtension/8624.2.5.10.8 Network/5812.122.1 iOS/26.5.2"
31.10.151.142 - - [26/Jul/2026:10:07:48 +0200] "GET /wp-content/uploads/2019/03/cropped-Logo-ONLINE-NEU_RGB-square-512px-32x32.png HTTP/1.0" 200 1475 "-" "NetworkingExtension/8624.2.5.10.8 Network/5812.122.1 iOS/26.5.2"
80.74.154.100 - - [26/Jul/2026:10:07:46 +0200] "POST /wp-cron.php?doing_wp_cron=1785053266.8620960712432861328125 HTTP/1.0" 200 409 "-" "WordPress/7.0.2; https://comeonline.ch"
31.10.151.142 - - [26/Jul/2026:10:07:44 +0200] "GET /favicon.ico HTTP/1.0" 302 522 "-" "NetworkingExtension/8624.2.5.10.8 Network/5812.122.1 iOS/26.5.2"
31.10.151.142 - - [26/Jul/2026:10:07:49 +0200] "GET /wp-content/uploads/2019/03/cropped-Logo-ONLINE-NEU_RGB-square-512px-32x32.png HTTP/1.0" 200 1475 "-" "NetworkingExtension/8624.2.5.10.8 Network/5812.122.1 iOS/26.5.2"
80.74.154.100 - - [26/Jul/2026:10:07:48 +0200] "POST /wp-cron.php?doing_wp_cron=1785053268.8686800003051757812500 HTTP/1.0" 200 409 "-" "WordPress/7.0.2; https://comeonline.ch"
31.10.151.142 - - [26/Jul/2026:10:07:44 +0200] "GET /favicon.ico HTTP/1.0" 302 522 "-" "NetworkingExtension/8624.2.5.10.8 Network/5812.122.1 iOS/26.5.2"
31.10.151.142 - - [26/Jul/2026:10:07:49 +0200] "GET /wp-content/uploads/2019/03/cropped-Logo-ONLINE-NEU_RGB-square-512px-32x32.png HTTP/1.0" 200 1475 "-" "NetworkingExtension/8624.2.5.10.8 Network/5812.122.1 iOS/26.5.2"
31.10.151.142 - - [26/Jul/2026:10:07:44 +0200] "GET /favicon.ico HTTP/1.0" 302 522 "-" "NetworkingExtension/8624.2.5.10.8 Network/5812.122.1 iOS/26.5.2"
31.10.151.142 - - [26/Jul/2026:10:07:49 +0200] "GET /wp-content/uploads/2019/03/cropped-Logo-ONLINE-NEU_RGB-square-512px-32x32.png HTTP/1.0" 200 1475 "-" "NetworkingExtension/8624.2.5.10.8 Network/5812.122.1 iOS/26.5.2"
31.10.151.142 - - [26/Jul/2026:10:07:44 +0200] "GET /apple-touch-icon-precomposed.png HTTP/1.0" 404 40284 "-" "NetworkingExtension/8624.2.5.10.8 Network/5812.122.1 iOS/26.5.2"
31.10.151.142 - - [26/Jul/2026:10:07:44 +0200] "GET /apple-touch-icon.png HTTP/1.0" 404 40212 "-" "NetworkingExtension/8624.2.5.10.8 Network/5812.122.1 iOS/26.5.2"
31.10.151.142 - - [26/Jul/2026:10:07:44 +0200] "GET /apple-touch-icon-precomposed.png HTTP/1.0" 404 40284 "-" "NetworkingExtension/8624.2.5.10.8 Network/5812.122.1 iOS/26.5.2"
31.10.151.142 - - [26/Jul/2026:10:07:44 +0200] "GET /apple-touch-icon-precomposed.png HTTP/1.0" 404 40284 "-" "NetworkingExtension/8624.2.5.10.8 Network/5812.122.1 iOS/26.5.2"
31.10.151.142 - - [26/Jul/2026:10:07:44 +0200] "GET /apple-touch-icon.png HTTP/1.0" 404 40212 "-" "NetworkingExtension/8624.2.5.10.8 Network/5812.122.1 iOS/26.5.2"
80.74.154.100 - - [26/Jul/2026:10:07:49 +0200] "POST /wp-cron.php?doing_wp_cron=1785053269.9009640216827392578125 HTTP/1.0" 200 409 "-" "WordPress/7.0.2; https://comeonline.ch"
31.10.151.142 - - [26/Jul/2026:10:07:44 +0200] "GET /apple-touch-icon.png HTTP/1.0" 404 40212 "-" "NetworkingExtension/8624.2.5.10.8 Network/5812.122.1 iOS/26.5.2"
31.10.151.142 - - [26/Jul/2026:10:07:44 +0200] "GET /apple-touch-icon.png HTTP/1.0" 404 40212 "-" "NetworkingExtension/8624.2.5.10.8 Network/5812.122.1 iOS/26.5.2"
31.10.151.142 - - [26/Jul/2026:10:07:45 +0200] "GET / HTTP/1.0" 200 51006 "-" "Mozilla/5.0 (Macintosh; Intel Mac OS X 10_11_1) AppleWebKit/601.2.4 (KHTML, like Gecko) Version/9.0.1 Safari/601.2.4 facebookexternalhit/1.1 Facebot Twitterbot/1.0"
31.10.151.142 - - [26/Jul/2026:10:07:46 +0200] "GET / HTTP/1.0" 200 51006 "-" "Mozilla/5.0 (Macintosh; Intel Mac OS X 10_11_1) AppleWebKit/601.2.4 (KHTML, like Gecko) Version/9.0.1 Safari/601.2.4 facebookexternalhit/1.1 Facebot Twitterbot/1.0"
31.10.151.142 - - [26/Jul/2026:10:07:50 +0200] "GET /wp-content/uploads/2019/03/cropped-Logo-ONLINE-NEU_RGB-square-512px-180x180.png HTTP/1.0" 200 7470 "-" "NetworkingExtension/8624.2.5.10.8 Network/5812.122.1 iOS/26.5.2"
31.10.151.142 - - [26/Jul/2026:10:07:50 +0200] "GET /wp-content/uploads/2019/03/cropped-Logo-ONLINE-NEU_RGB-square-512px-32x32.png HTTP/1.0" 200 1475 "-" "NetworkingExtension/8624.2.5.10.8 Network/5812.122.1 iOS/26.5.2"
31.10.151.142 - - [26/Jul/2026:10:07:50 +0200] "GET /wp-content/uploads/2019/03/cropped-Logo-ONLINE-NEU_RGB-square-512px-192x192.png HTTP/1.0" 200 8257 "-" "NetworkingExtension/8624.2.5.10.8 Network/5812.122.1 iOS/26.5.2"
31.10.151.142 - - [26/Jul/2026:10:07:50 +0200] "GET /wp-content/uploads/2022/05/Online_Band_2022_4-scaled-1200x628.jpg HTTP/1.0" 200 200183 "-" "NetworkingExtension/8624.2.5.10.8 Network/5812.122.1 iOS/26.5.2"
31.10.151.142 - - [26/Jul/2026:10:07:50 +0200] "GET /wp-content/uploads/2022/12/cropped-IMG_0186-scaled-1.jpg HTTP/1.0" 200 293844 "-" "NetworkingExtension/8624.2.5.10.8 Network/5812.122.1 iOS/26.5.2"
31.10.151.142 - - [26/Jul/2026:10:07:50 +0200] "GET /wp-content/uploads/2019/03/cropped-Logo-ONLINE-NEU_RGB-square-512px-180x180.png HTTP/1.0" 200 7470 "-" "NetworkingExtension/8624.2.5.10.8 Network/5812.122.1 iOS/26.5.2"
31.10.151.142 - - [26/Jul/2026:10:07:50 +0200] "GET /wp-content/uploads/2019/03/cropped-Logo-ONLINE-NEU_RGB-square-512px-192x192.png HTTP/1.0" 200 8257 "-" "NetworkingExtension/8624.2.5.10.8 Network/5812.122.1 iOS/26.5.2"
31.10.151.142 - - [26/Jul/2026:10:07:50 +0200] "GET /wp-content/uploads/2019/03/cropped-Logo-ONLINE-NEU_RGB-square-512px-32x32.png HTTP/1.0" 200 1475 "-" "NetworkingExtension/8624.2.5.10.8 Network/5812.122.1 iOS/26.5.2"
31.10.151.142 - - [26/Jul/2026:10:07:50 +0200] "GET /wp-content/uploads/2022/05/Online_Band_2022_4-scaled-1200x628.jpg HTTP/1.0" 200 200183 "-" "NetworkingExtension/8624.2.5.10.8 Network/5812.122.1 iOS/26.5.2"
31.10.151.142 - - [26/Jul/2026:10:07:50 +0200] "GET /wp-content/uploads/2022/12/cropped-IMG_0186-scaled-1.jpg HTTP/1.0" 200 293844 "-" "NetworkingExtension/8624.2.5.10.8 Network/5812.122.1 iOS/26.5.2"
31.10.151.142 - - [26/Jul/2026:10:07:44 +0200] "GET /apple-touch-icon-precomposed.png HTTP/1.0" 404 40284 "-" "NetworkingExtension/8624.2.5.10.8 Network/5812.122.1 iOS/26.5.2"
80.74.154.100 - - [26/Jul/2026:10:07:50 +0200] "POST /wp-cron.php?doing_wp_cron=1785053270.9569799900054931640625 HTTP/1.0" 200 409 "-" "WordPress/7.0.2; https://comeonline.ch"
31.10.151.142 - - [26/Jul/2026:10:07:45 +0200] "GET / HTTP/1.0" 200 51006 "-" "Mozilla/5.0 (Macintosh; Intel Mac OS X 10_11_1) AppleWebKit/601.2.4 (KHTML, like Gecko) Version/9.0.1 Safari/601.2.4 facebookexternalhit/1.1 Facebot Twitterbot/1.0"
31.10.151.142 - - [26/Jul/2026:10:07:51 +0200] "GET /wp-content/uploads/2019/03/cropped-Logo-ONLINE-NEU_RGB-square-512px-192x192.png HTTP/1.0" 200 8257 "-" "NetworkingExtension/8624.2.5.10.8 Network/5812.122.1 iOS/26.5.2"
31.10.151.142 - - [26/Jul/2026:10:07:51 +0200] "GET /wp-content/uploads/2019/03/cropped-Logo-ONLINE-NEU_RGB-square-512px-180x180.png HTTP/1.0" 200 7470 "-" "NetworkingExtension/8624.2.5.10.8 Network/5812.122.1 iOS/26.5.2"
31.10.151.142 - - [26/Jul/2026:10:07:51 +0200] "GET /wp-content/uploads/2019/03/cropped-Logo-ONLINE-NEU_RGB-square-512px-32x32.png HTTP/1.0" 200 1475 "-" "NetworkingExtension/8624.2.5.10.8 Network/5812.122.1 iOS/26.5.2"
31.10.151.142 - - [26/Jul/2026:10:07:51 +0200] "GET /wp-content/uploads/2022/12/cropped-IMG_0186-scaled-1.jpg HTTP/1.0" 200 293844 "-" "NetworkingExtension/8624.2.5.10.8 Network/5812.122.1 iOS/26.5.2"
31.10.151.142 - - [26/Jul/2026:10:07:51 +0200] "GET /wp-content/uploads/2022/05/Online_Band_2022_4-scaled-1200x628.jpg HTTP/1.0" 200 200183 "-" "NetworkingExtension/8624.2.5.10.8 Network/5812.122.1 iOS/26.5.2"
173.252.82.23 - - [26/Jul/2026:10:42:32 +0200] "GET /robots.txt HTTP/1.0" 200 507 "-" "facebookexternalhit/1.1 (+http://www.facebook.com/externalhit_uatext.php)"
80.74.154.100 - - [26/Jul/2026:10:42:33 +0200] "POST /wp-cron.php?doing_wp_cron=1785055353.6508059501647949218750 HTTP/1.0" 200 409 "-" "WordPress/7.0.2; https://comeonline.ch"
161.115.234.136 - - [26/Jul/2026:10:49:42 +0200] "GET / HTTP/1.0" 200 51007 "https://www.google.com" "Mozilla/5.0 (Windows NT 10.0; Win64; x64) AppleWebKit/537.36 (KHTML, like Gecko) Chrome/99.0.4844.51 Safari/537.36 Edg/99.0.1150.30"
66.249.74.165 - - [26/Jul/2026:10:56:58 +0200] "GET /robots.txt HTTP/1.0" 301 401 "-" "Mozilla/5.0 (compatible; Googlebot/2.1; +http://www.google.com/bot.html)"
91.193.232.57 - - [26/Jul/2026:11:10:57 +0200] "GET /wp-login.php HTTP/1.0" 200 12134 "-" "Mozilla/5.0 (Macintosh; Intel Mac OS X 10_15_7) AppleWebKit/605.1.15 Version/17.0 Safari/605.1.15"
80.74.154.100 - - [26/Jul/2026:11:11:00 +0200] "POST /wp-cron.php?doing_wp_cron=1785057060.0284299850463867187500 HTTP/1.0" 200 409 "-" "WordPress/7.0.2; https://comeonline.ch"
91.193.232.57 - - [26/Jul/2026:11:11:01 +0200] "GET /?author=1 HTTP/1.0" 301 407 "-" "Mozilla/5.0 (Windows NT 10.0; Win64; rv:143.0) Gecko/20100101 Firefox/143.0"
91.193.232.57 - - [26/Jul/2026:11:11:02 +0200] "GET /?rest_route=/wp/v2/users HTTP/1.0" 200 2114 "-" "Mozilla/5.0 (Macintosh; Intel Mac OS X 10_15_7) AppleWebKit/605.1.15 Version/17.0 Safari/605.1.15"
103.190.133.7 - - [26/Jul/2026:11:30:04 +0200] "POST /xmlrpc.php HTTP/1.0" 405 769 "-" "WordPress.com; https://wordpress.com"
80.74.154.100 - - [26/Jul/2026:11:30:06 +0200] "POST /wp-cron.php?doing_wp_cron=1785058206.1403310298919677734375 HTTP/1.0" 200 409 "-" "WordPress/7.0.2; https://comeonline.ch"
103.190.133.7 - - [26/Jul/2026:11:30:13 +0200] "POST /xmlrpc.php HTTP/1.0" 405 769 "-" "Jetpack by WordPress.com (Jetpack 12.5; WordPress 6.3)"
103.190.133.7 - - [26/Jul/2026:11:30:24 +0200] "POST /xmlrpc.php HTTP/1.0" 405 769 "-" "Jetpack/12.5; WordPress/6.1; http://site95209974.com"
103.190.133.7 - - [26/Jul/2026:11:30:35 +0200] "POST /xmlrpc.php HTTP/1.0" 405 769 "-" "WordPress.com; https://wordpress.com"
103.190.133.7 - - [26/Jul/2026:11:30:45 +0200] "POST /xmlrpc.php HTTP/1.0" 405 769 "-" "Jetpack/12.5; WordPress/6.4; http://site35275126.com"
103.190.133.7 - - [26/Jul/2026:11:30:56 +0200] "POST /xmlrpc.php HTTP/1.0" 405 769 "-" "WordPress.com; https://wordpress.com"
103.190.133.7 - - [26/Jul/2026:11:31:07 +0200] "POST /xmlrpc.php HTTP/1.0" 405 769 "-" "Jetpack by WordPress.com (Jetpack 12.1; WordPress 6.2)"
103.190.133.7 - - [26/Jul/2026:11:31:18 +0200] "POST /xmlrpc.php HTTP/1.0" 405 769 "-" "WordPress.com; https://wordpress.com"
103.190.133.7 - - [26/Jul/2026:11:31:28 +0200] "POST /xmlrpc.php HTTP/1.0" 405 769 "-" "Jetpack by WordPress.com (Jetpack 12.1; WordPress 6.2)"
103.190.133.7 - - [26/Jul/2026:11:31:39 +0200] "POST /xmlrpc.php HTTP/1.0" 405 769 "-" "Jetpack by WordPress.com (Jetpack 12.0; WordPress 6.4)"
80.74.154.100 - - [26/Jul/2026:11:31:39 +0200] "POST /wp-cron.php?doing_wp_cron=1785058299.7616651058197021484375 HTTP/1.0" 200 409 "-" "WordPress/7.0.2; https://comeonline.ch"
103.190.133.7 - - [26/Jul/2026:11:31:50 +0200] "POST /xmlrpc.php HTTP/1.0" 405 769 "-" "WordPress.com; https://wordpress.com"
103.190.133.7 - - [26/Jul/2026:11:32:00 +0200] "POST /xmlrpc.php HTTP/1.0" 405 769 "-" "Jetpack/12.1; WordPress/6.4; http://site88159196.com"
103.190.133.7 - - [26/Jul/2026:11:32:11 +0200] "POST /xmlrpc.php HTTP/1.0" 405 769 "-" "WordPress.com; https://wordpress.com"
103.190.133.7 - - [26/Jul/2026:11:42:12 +0200] "POST /xmlrpc.php HTTP/1.0" 405 769 "-" "WordPress.com; https://wordpress.com"
80.74.154.100 - - [26/Jul/2026:11:42:13 +0200] "POST /wp-cron.php?doing_wp_cron=1785058933.7424750328063964843750 HTTP/1.0" 200 409 "-" "WordPress/7.0.2; https://comeonline.ch"
103.190.133.7 - - [26/Jul/2026:11:42:22 +0200] "POST /xmlrpc.php HTTP/1.0" 405 769 "-" "Jetpack by WordPress.com"
103.190.133.7 - - [26/Jul/2026:11:42:33 +0200] "POST /xmlrpc.php HTTP/1.0" 405 769 "-" "Jetpack/12.5; WordPress/6.1; http://site19684077.com"
103.190.133.7 - - [26/Jul/2026:11:42:43 +0200] "POST /xmlrpc.php HTTP/1.0" 405 769 "-" "Jetpack by WordPress.com (Jetpack 12.0; WordPress 6.1)"
103.190.133.7 - - [26/Jul/2026:11:42:54 +0200] "POST /xmlrpc.php HTTP/1.0" 405 769 "-" "Jetpack by WordPress.com"
103.190.133.7 - - [26/Jul/2026:11:43:05 +0200] "POST /xmlrpc.php HTTP/1.0" 405 769 "-" "Jetpack by WordPress.com"
103.190.133.7 - - [26/Jul/2026:11:43:16 +0200] "POST /xmlrpc.php HTTP/1.0" 405 769 "-" "Jetpack/13.0; WordPress/6.3; http://site63486899.com"
103.190.133.7 - - [26/Jul/2026:11:43:26 +0200] "POST /xmlrpc.php HTTP/1.0" 405 769 "-" "Jetpack/13.0; WordPress/6.1; http://site74706440.com"
103.190.133.7 - - [26/Jul/2026:11:43:37 +0200] "POST /xmlrpc.php HTTP/1.0" 405 769 "-" "WordPress.com; https://wordpress.com"
103.190.133.7 - - [26/Jul/2026:11:43:48 +0200] "POST /xmlrpc.php HTTP/1.0" 405 769 "-" "Jetpack/13.0; WordPress/6.1; http://site53564713.com"
103.190.133.7 - - [26/Jul/2026:11:43:58 +0200] "POST /xmlrpc.php HTTP/1.0" 405 769 "-" "Jetpack by WordPress.com (Jetpack 13.0; WordPress 6.4)"
103.190.133.7 - - [26/Jul/2026:11:44:09 +0200] "POST /xmlrpc.php HTTP/1.0" 405 769 "-" "Jetpack by WordPress.com"
103.190.133.7 - - [26/Jul/2026:11:44:20 +0200] "POST /xmlrpc.php HTTP/1.0" 405 769 "-" "Jetpack by WordPress.com"
103.190.133.7 - - [26/Jul/2026:11:44:30 +0200] "POST /xmlrpc.php HTTP/1.0" 405 769 "-" "Jetpack/12.0; WordPress/6.2; http://site95430657.com"
103.190.133.7 - - [26/Jul/2026:11:44:41 +0200] "POST /xmlrpc.php HTTP/1.0" 405 769 "-" "Jetpack by WordPress.com"
103.190.133.7 - - [26/Jul/2026:11:44:52 +0200] "POST /xmlrpc.php HTTP/1.0" 405 769 "-" "Jetpack/12.0; WordPress/6.2; http://site92496278.com"
103.190.133.7 - - [26/Jul/2026:11:45:02 +0200] "POST /xmlrpc.php HTTP/1.0" 405 769 "-" "Jetpack by WordPress.com (Jetpack 12.5; WordPress 6.4)"
103.190.133.7 - - [26/Jul/2026:11:45:14 +0200] "POST /xmlrpc.php HTTP/1.0" 405 769 "-" "WordPress.com; https://wordpress.com"
103.190.133.7 - - [26/Jul/2026:11:45:24 +0200] "POST /xmlrpc.php HTTP/1.0" 405 769 "-" "Jetpack by WordPress.com"
103.190.133.7 - - [26/Jul/2026:11:45:35 +0200] "POST /xmlrpc.php HTTP/1.0" 405 769 "-" "WordPress.com; https://wordpress.com"
103.190.133.7 - - [26/Jul/2026:11:45:45 +0200] "POST /xmlrpc.php HTTP/1.0" 405 769 "-" "WordPress.com; https://wordpress.com"
103.190.133.7 - - [26/Jul/2026:11:45:56 +0200] "POST /xmlrpc.php HTTP/1.0" 405 769 "-" "WordPress.com; https://wordpress.com"
103.190.133.7 - - [26/Jul/2026:11:56:06 +0200] "POST /xmlrpc.php HTTP/1.0" 405 769 "-" "WordPress.com; https://wordpress.com"
103.190.133.7 - - [26/Jul/2026:11:56:16 +0200] "POST /xmlrpc.php HTTP/1.0" 405 769 "-" "Jetpack/13.0; WordPress/6.3; http://site26272440.com"
103.190.133.7 - - [26/Jul/2026:11:56:27 +0200] "POST /xmlrpc.php HTTP/1.0" 405 769 "-" "Jetpack/12.0; WordPress/6.2; http://site64193481.com"
103.190.133.7 - - [26/Jul/2026:11:56:37 +0200] "POST /xmlrpc.php HTTP/1.0" 405 769 "-" "Jetpack by WordPress.com"
3.89.200.84 - - [26/Jul/2026:11:59:23 +0200] "GET /feed/ HTTP/1.0" 304 309 "https://www.google.com/" "Mozilla/5.0 (X11; Linux x86_64) AppleWebKit/537.36 (KHTML, like Gecko) Chrome/80.0.3987.116 Safari/537.36"
57.141.0.69 - - [26/Jul/2026:12:07:13 +0200] "GET /wp-sitemap-posts-page-1.xml HTTP/1.0" 200 1107 "-" "Mozilla/5.0 (X11; Linux x86_64) AppleWebKit/537.36 (KHTML, like Gecko) Chrome/145.0.0.0 Safari/537.36 (compatible; meta-externalagent/1.1 (+https://developers.facebook.com/docs/sharing/webmasters/crawler))"
80.74.154.100 - - [26/Jul/2026:12:07:14 +0200] "POST /wp-cron.php?doing_wp_cron=1785060434.5664329528808593750000 HTTP/1.0" 200 409 "-" "WordPress/7.0.2; https://comeonline.ch"
40.77.167.2 - - [26/Jul/2026:12:10:20 +0200] "GET /wp-content/uploads/2016/07/booklet-vorderseite-768x761.jpg HTTP/1.0" 200 120667 "-" "Mozilla/5.0 AppleWebKit/537.36 (KHTML, like Gecko; compatible; bingbot/2.0; +http://www.bing.com/bingbot.htm) Chrome/116.0.1938.76 Safari/537.36"
187.90.176.171 - - [26/Jul/2026:12:16:18 +0200] "GET /kontakt/ HTTP/1.0" 200 52232 "-" "Mozilla/5.0 (X11; Linux x86_64; rv:1.9.5.20) Gecko/8890-09-29 09:52:35.650452 Firefox/4.0"
80.74.154.100 - - [26/Jul/2026:12:16:19 +0200] "POST /wp-cron.php?doing_wp_cron=1785060979.5672850608825683593750 HTTP/1.0" 200 409 "-" "WordPress/7.0.2; https://comeonline.ch"
207.46.13.231 - - [26/Jul/2026:12:52:45 +0200] "GET /robots.txt HTTP/1.0" 200 507 "-" "Mozilla/5.0 AppleWebKit/537.36 (KHTML, like Gecko; compatible; bingbot/2.0; +http://www.bing.com/bingbot.htm) Chrome/116.0.1938.76 Safari/537.36"
80.74.154.100 - - [26/Jul/2026:12:52:47 +0200] "POST /wp-cron.php?doing_wp_cron=1785063167.3727169036865234375000 HTTP/1.0" 200 409 "-" "WordPress/7.0.2; https://comeonline.ch"
40.77.167.27 - - [26/Jul/2026:12:52:57 +0200] "GET / HTTP/1.0" 200 51006 "-" "Mozilla/5.0 AppleWebKit/537.36 (KHTML, like Gecko; compatible; bingbot/2.0; +http://www.bing.com/bingbot.htm) Chrome/116.0.1938.76 Safari/537.36"
91.193.232.73 - - [26/Jul/2026:12:56:23 +0200] "POST /wp-login.php HTTP/1.0" 200 12567 "-" "Mozilla/5.0 (Windows NT 10.0; Win64; x64) AppleWebKit/537.36 Chrome/129.0.0.0 Safari/537.36"
45.146.55.243 - - [26/Jul/2026:12:56:23 +0200] "POST /wp-login.php HTTP/1.0" 200 12560 "-" "Mozilla/5.0 (Windows NT 10.0; Win64; rv:143.0) Gecko/20100101 Firefox/143.0"
161.123.64.179 - - [26/Jul/2026:13:00:06 +0200] "GET /wp-content/uploads/2022/06/Jakob-768x576.jpg HTTP/1.0" 200 44182 "https://comeonline.ch/ueber-uns/" "Mozilla/5.0 (Macintosh; Intel Mac OS X 10_15_7) AppleWebKit/537.36 (KHTML, like Gecko) Chrome/130.0.0.0 Safari/537.36"
45.146.55.229 - - [26/Jul/2026:13:08:40 +0200] "POST /wp-login.php HTTP/1.0" 200 12567 "-" "Mozilla/5.0 (Windows NT 10.0; Win64; x64) AppleWebKit/537.36 Chrome/129.0.0.0 Safari/537.36"
91.193.232.71 - - [26/Jul/2026:13:08:40 +0200] "POST /wp-login.php HTTP/1.0" 200 12560 "-" "Mozilla/5.0 (Windows NT 10.0; Win64; rv:143.0) Gecko/20100101 Firefox/143.0"
46.62.146.167 - - [26/Jul/2026:13:17:11 +0200] "GET /robots.txt HTTP/1.0" 200 507 "-" "Mozilla/5.0 AppleWebKit/537.36 (KHTML, like Gecko; compatible; Bravebot/1.0; +https://search.brave.com/help/brave-search-crawler) Chrome/W.X.Y.Z Safari/537.36"
80.74.154.100 - - [26/Jul/2026:13:17:12 +0200] "POST /wp-cron.php?doing_wp_cron=1785064632.4361119270324707031250 HTTP/1.0" 200 409 "-" "WordPress/7.0.2; https://comeonline.ch"
91.193.232.58 - - [26/Jul/2026:13:22:28 +0200] "POST /wp-login.php HTTP/1.0" 200 12567 "-" "Mozilla/5.0 (Macintosh; Intel Mac OS X 10_15_7) AppleWebKit/605.1.15 Version/17.0 Safari/605.1.15"
91.193.232.63 - - [26/Jul/2026:13:22:28 +0200] "POST /wp-login.php HTTP/1.0" 200 12560 "-" "Mozilla/5.0 (Macintosh; Intel Mac OS X 10_15_7) AppleWebKit/605.1.15 Version/17.0 Safari/605.1.15"
80.74.154.100 - - [26/Jul/2026:13:22:30 +0200] "POST /wp-cron.php?doing_wp_cron=1785064950.6682980060577392578125 HTTP/1.0" 200 409 "-" "WordPress/7.0.2; https://comeonline.ch"
91.193.232.70 - - [26/Jul/2026:13:36:27 +0200] "POST /wp-login.php HTTP/1.0" 200 12560 "-" "Mozilla/5.0 (Windows NT 10.0; Win64; rv:143.0) Gecko/20100101 Firefox/143.0"
45.146.55.108 - - [26/Jul/2026:13:36:27 +0200] "POST /wp-login.php HTTP/1.0" 200 12567 "-" "Mozilla/5.0 (Macintosh; Intel Mac OS X 10_15_7) AppleWebKit/605.1.15 Version/17.0 Safari/605.1.15"
80.74.154.100 - - [26/Jul/2026:13:36:29 +0200] "POST /wp-cron.php?doing_wp_cron=1785065789.2950780391693115234375 HTTP/1.0" 200 409 "-" "WordPress/7.0.2; https://comeonline.ch"
45.146.55.242 - - [26/Jul/2026:13:50:45 +0200] "POST /wp-login.php HTTP/1.0" 200 12560 "-" "Mozilla/5.0 (Windows NT 10.0; Win64; x64) AppleWebKit/537.36 Chrome/129.0.0.0 Safari/537.36"
91.193.232.69 - - [26/Jul/2026:13:50:45 +0200] "POST /wp-login.php HTTP/1.0" 200 12567 "-" "Mozilla/5.0 (Windows NT 10.0; Win64; x64) AppleWebKit/537.36 Chrome/129.0.0.0 Safari/537.36"
80.74.154.100 - - [26/Jul/2026:13:50:46 +0200] "POST /wp-cron.php?doing_wp_cron=1785066646.7754900455474853515625 HTTP/1.0" 200 409 "-" "WordPress/7.0.2; https://comeonline.ch"
45.146.55.231 - - [26/Jul/2026:14:05:09 +0200] "POST /wp-login.php HTTP/1.0" 200 12560 "-" "Mozilla/5.0 (Macintosh; Intel Mac OS X 10_15_7) AppleWebKit/605.1.15 Version/17.0 Safari/605.1.15"
45.146.55.231 - - [26/Jul/2026:14:05:14 +0200] "POST /wp-login.php HTTP/1.0" 200 12567 "-" "Mozilla/5.0 (Macintosh; Intel Mac OS X 10_15_7) AppleWebKit/605.1.15 Version/17.0 Safari/605.1.15"
45.146.55.233 - - [26/Jul/2026:14:19:32 +0200] "POST /wp-login.php HTTP/1.0" 200 12567 "-" "Mozilla/5.0 (Windows NT 10.0; Win64; x64) AppleWebKit/537.36 Chrome/129.0.0.0 Safari/537.36"
80.74.154.100 - - [26/Jul/2026:14:19:33 +0200] "POST /wp-cron.php?doing_wp_cron=1785068373.8886570930480957031250 HTTP/1.0" 200 409 "-" "WordPress/7.0.2; https://comeonline.ch"
80.74.154.100 - - [26/Jul/2026:14:19:35 +0200] "POST /wp-cron.php?doing_wp_cron=1785068375.8345839977264404296875 HTTP/1.0" 200 409 "-" "WordPress/7.0.2; https://comeonline.ch"
45.146.55.227 - - [26/Jul/2026:14:19:32 +0200] "POST /wp-login.php HTTP/1.0" 200 12560 "-" "Mozilla/5.0 (Macintosh; Intel Mac OS X 10_15_7) AppleWebKit/605.1.15 Version/17.0 Safari/605.1.15"
66.249.73.192 - - [26/Jul/2026:14:19:36 +0200] "GET /feed/ HTTP/1.0" 200 3424 "-" "Mozilla/5.0 (Linux; Android 6.0.1; Nexus 5X Build/MMB29P) AppleWebKit/537.36 (KHTML, like Gecko) Chrome/150.0.7871.128 Mobile Safari/537.36 (compatible; Googlebot/2.1; +http://www.google.com/bot.html)"
40.77.167.5 - - [26/Jul/2026:14:24:48 +0200] "GET /wp-content/uploads/2022/05/Online_Band_2022_Saemi_1-1-1024x683.jpg HTTP/1.0" 200 162356 "-" "Mozilla/5.0 AppleWebKit/537.36 (KHTML, like Gecko; compatible; bingbot/2.0; +http://www.bing.com/bingbot.htm) Chrome/116.0.1938.76 Safari/537.36"
45.146.55.238 - - [26/Jul/2026:14:33:50 +0200] "POST /wp-login.php HTTP/1.0" 200 12567 "-" "Mozilla/5.0 (Macintosh; Intel Mac OS X 10_15_7) AppleWebKit/605.1.15 Version/17.0 Safari/605.1.15"
45.146.55.237 - - [26/Jul/2026:14:33:50 +0200] "POST /wp-login.php HTTP/1.0" 200 12560 "-" "Mozilla/5.0 (Macintosh; Intel Mac OS X 10_15_7) AppleWebKit/605.1.15 Version/17.0 Safari/605.1.15"
80.74.154.100 - - [26/Jul/2026:14:33:52 +0200] "POST /wp-cron.php?doing_wp_cron=1785069232.4021780490875244140625 HTTP/1.0" 200 409 "-" "WordPress/7.0.2; https://comeonline.ch"
91.193.232.77 - - [26/Jul/2026:14:47:56 +0200] "POST /wp-login.php HTTP/1.0" 200 12560 "-" "Mozilla/5.0 (Windows NT 10.0; Win64; x64) AppleWebKit/537.36 Chrome/129.0.0.0 Safari/537.36"
91.193.232.74 - - [26/Jul/2026:14:47:56 +0200] "POST /wp-login.php HTTP/1.0" 200 12567 "-" "Mozilla/5.0 (Windows NT 10.0; Win64; x64) AppleWebKit/537.36 Chrome/129.0.0.0 Safari/537.36"
80.74.154.100 - - [26/Jul/2026:14:47:57 +0200] "POST /wp-cron.php?doing_wp_cron=1785070077.8369190692901611328125 HTTP/1.0" 200 409 "-" "WordPress/7.0.2; https://comeonline.ch"
66.249.73.204 - - [26/Jul/2026:14:51:36 +0200] "GET /comments/feed/ HTTP/1.0" 200 1329 "-" "Mozilla/5.0 (Linux; Android 6.0.1; Nexus 5X Build/MMB29P) AppleWebKit/537.36 (KHTML, like Gecko) Chrome/150.0.7871.128 Mobile Safari/537.36 (compatible; Googlebot/2.1; +http://www.google.com/bot.html)"
80.74.154.100 - - [26/Jul/2026:14:51:37 +0200] "POST /wp-cron.php?doing_wp_cron=1785070297.7917819023132324218750 HTTP/1.0" 200 409 "-" "WordPress/7.0.2; https://comeonline.ch"
45.146.55.238 - - [26/Jul/2026:15:02:06 +0200] "POST /wp-login.php HTTP/1.0" 200 12560 "-" "Mozilla/5.0 (Windows NT 10.0; Win64; rv:143.0) Gecko/20100101 Firefox/143.0"
45.146.55.250 - - [26/Jul/2026:15:02:06 +0200] "POST /wp-login.php HTTP/1.0" 200 12567 "-" "Mozilla/5.0 (Windows NT 10.0; Win64; x64) AppleWebKit/537.36 Chrome/129.0.0.0 Safari/537.36"
80.74.154.100 - - [26/Jul/2026:15:02:08 +0200] "POST /wp-cron.php?doing_wp_cron=1785070928.2358589172363281250000 HTTP/1.0" 200 409 "-" "WordPress/7.0.2; https://comeonline.ch"
159.26.103.5 - - [26/Jul/2026:15:14:06 +0200] "POST /wp-content/plugins/database-repair-assistant-e45616/class-wp-taxonomy-39f967.php HTTP/1.0" 200 696 "-" "Mozilla/5.0"
45.146.55.235 - - [26/Jul/2026:15:16:23 +0200] "POST /wp-login.php HTTP/1.0" 200 12567 "-" "Mozilla/5.0 (Windows NT 10.0; Win64; rv:143.0) Gecko/20100101 Firefox/143.0"
91.193.232.66 - - [26/Jul/2026:15:16:23 +0200] "POST /wp-login.php HTTP/1.0" 200 12560 "-" "Mozilla/5.0 (Windows NT 10.0; Win64; rv:143.0) Gecko/20100101 Firefox/143.0"
159.26.103.5 - - [26/Jul/2026:15:18:43 +0200] "POST /wp-content/plugins/database-repair-assistant-e45616/class-wp-taxonomy-39f967.php HTTP/1.0" 200 696 "-" "Mozilla/5.0"
91.193.232.55 - - [26/Jul/2026:15:30:47 +0200] "POST /wp-login.php HTTP/1.0" 200 12567 "-" "Mozilla/5.0 (Macintosh; Intel Mac OS X 10_15_7) AppleWebKit/605.1.15 Version/17.0 Safari/605.1.15"
91.193.232.55 - - [26/Jul/2026:15:30:47 +0200] "POST /wp-login.php HTTP/1.0" 200 12560 "-" "Mozilla/5.0 (Windows NT 10.0; Win64; rv:143.0) Gecko/20100101 Firefox/143.0"
80.74.154.100 - - [26/Jul/2026:15:30:49 +0200] "POST /wp-cron.php?doing_wp_cron=1785072649.1960289478302001953125 HTTP/1.0" 200 409 "-" "WordPress/7.0.2; https://comeonline.ch"
114.119.146.215 - - [26/Jul/2026:15:38:22 +0200] "GET /veranstalter HTTP/1.0" 406 627 "https://comeonline.ch/ueber-uns/" "Mozilla/5.0 (Linux; Android 7.0;) AppleWebKit/537.36 (HTML, like Gecko) Mobile Safari/537.36 (compatible; PetalBot;+https://webmaster.petalsearch.com/site/petalbot)"
