57.141.0.49 - - [27/Jul/2026:01:55:14 +0200] "GET /wp-sitemap-posts-post-1.xml HTTP/1.0" 200 2061 "-" "Mozilla/5.0 (Windows NT 10.0; Win64; x64) AppleWebKit/537.36 (KHTML, like Gecko) Chrome/145.0.0.0 Safari/537.36 (compatible; meta-externalagent/1.1 (+https://developers.facebook.com/docs/sharing/webmasters/crawler))"
216.73.217.0 - - [27/Jul/2026:02:29:30 +0200] "GET /robots.txt HTTP/1.0" 200 507 "-" "Mozilla/5.0 AppleWebKit/537.36 (KHTML, like Gecko; compatible; ClaudeBot/1.0; +claudebot@anthropic.com)"
80.74.154.100 - - [27/Jul/2026:02:29:31 +0200] "POST /wp-cron.php?doing_wp_cron=1785112171.5470569133758544921875 HTTP/1.0" 200 409 "-" "WordPress/7.0.2; https://comeonline.ch"
216.73.217.0 - - [27/Jul/2026:02:29:32 +0200] "GET /wp-sitemap.xml HTTP/1.0" 200 859 "-" "Mozilla/5.0 AppleWebKit/537.36 (KHTML, like Gecko; compatible; ClaudeBot/1.0; +claudebot@anthropic.com)"
54.238.249.23 - - [27/Jul/2026:02:31:53 +0200] "GET / HTTP/1.0" 200 51007 "-" "Mozilla/5.0 (Windows NT 10.0; Win64; x64) AppleWebKit/537.36 (KHTML, like Gecko) Chrome/131.0.0.0 Safari/537.36"
80.74.154.100 - - [27/Jul/2026:02:31:55 +0200] "POST /wp-cron.php?doing_wp_cron=1785112315.2938559055328369140625 HTTP/1.0" 200 409 "-" "WordPress/7.0.2; https://comeonline.ch"
54.238.249.23 - - [27/Jul/2026:02:31:57 +0200] "POST /wp-json/batch/v1 HTTP/1.0" 207 1352 "-" "Mozilla/5.0 (Windows NT 10.0; Win64; x64) AppleWebKit/537.36 (KHTML, like Gecko) Chrome/131.0.0.0 Safari/537.36"
57.141.0.6 - - [27/Jul/2026:02:34:42 +0200] "GET /news_sitemap.xml HTTP/1.0" 301 557 "-" "Mozilla/5.0 (X11; Linux x86_64) AppleWebKit/537.36 (KHTML, like Gecko) Chrome/145.0.0.0 Safari/537.36 (compatible; meta-externalagent/1.1 (+https://developers.facebook.com/docs/sharing/webmasters/crawler))"
209.87.162.141 - - [27/Jul/2026:03:34:05 +0200] "GET /.env HTTP/1.0" 301 543 "-" "Mozilla/5.0 (Macintosh; Intel Mac OS X 10.15; rv:77.0) Gecko/20100101 Firefox/77.0"
80.74.154.100 - - [27/Jul/2026:03:34:07 +0200] "POST /wp-cron.php?doing_wp_cron=1785116047.6758289337158203125000 HTTP/1.0" 200 409 "-" "WordPress/7.0.2; https://comeonline.ch"
66.249.73.205 - - [27/Jul/2026:04:02:10 +0200] "GET /sonntag-12-mai-2019-09-30-uhr-konzertgottesdienst-feg-emmen/ HTTP/1.0" 200 59197 "-" "Mozilla/5.0 (Linux; Android 6.0.1; Nexus 5X Build/MMB29P) AppleWebKit/537.36 (KHTML, like Gecko) Chrome/150.0.7871.128 Mobile Safari/537.36 (compatible; Googlebot/2.1; +http://www.google.com/bot.html)"
80.74.154.100 - - [27/Jul/2026:04:02:11 +0200] "POST /wp-cron.php?doing_wp_cron=1785117731.7717890739440917968750 HTTP/1.0" 200 409 "-" "WordPress/7.0.2; https://comeonline.ch"
66.249.73.204 - - [27/Jul/2026:04:02:17 +0200] "GET /wp-content/uploads/2022/05/Online_Band_2022_4-scaled-1200x628.jpg HTTP/1.0" 200 200183 "-" "Googlebot-Image/1.0"
66.249.73.192 - - [27/Jul/2026:04:10:13 +0200] "GET /cd-shop/ HTTP/1.0" 200 92456 "-" "Mozilla/5.0 (Linux; Android 6.0.1; Nexus 5X Build/MMB29P) AppleWebKit/537.36 (KHTML, like Gecko) Chrome/150.0.7871.128 Mobile Safari/537.36 (compatible; Googlebot/2.1; +http://www.google.com/bot.html)"
66.249.73.204 - - [27/Jul/2026:04:10:20 +0200] "GET /wp-includes/js/mediaelement/wp-mediaelement.min.css?ver=7.0.2 HTTP/1.0" 200 4614 "https://comeonline.ch/cd-shop/" "Mozilla/5.0 (Linux; Android 6.0.1; Nexus 5X Build/MMB29P) AppleWebKit/537.36 (KHTML, like Gecko) Chrome/150.0.7871.128 Mobile Safari/537.36 (compatible; Googlebot/2.1; +http://www.google.com/bot.html)"
66.249.73.204 - - [27/Jul/2026:04:10:20 +0200] "GET /wp-includes/js/mediaelement/mediaelementplayer-legacy.min.css?ver=4.2.17 HTTP/1.0" 200 11685 "https://comeonline.ch/cd-shop/" "Mozilla/5.0 (Linux; Android 6.0.1; Nexus 5X Build/MMB29P) AppleWebKit/537.36 (KHTML, like Gecko) Chrome/150.0.7871.128 Mobile Safari/537.36 (compatible; Googlebot/2.1; +http://www.google.com/bot.html)"
66.249.73.205 - - [27/Jul/2026:04:10:21 +0200] "GET /wp-includes/js/backbone.min.js?ver=1.6.1 HTTP/1.0" 200 24786 "https://comeonline.ch/cd-shop/" "Mozilla/5.0 (Linux; Android 6.0.1; Nexus 5X Build/MMB29P) AppleWebKit/537.36 (KHTML, like Gecko) Chrome/150.0.7871.128 Mobile Safari/537.36 (compatible; Googlebot/2.1; +http://www.google.com/bot.html)"
66.249.73.204 - - [27/Jul/2026:04:10:21 +0200] "GET /wp-includes/js/wp-util.min.js?ver=7.0.2 HTTP/1.0" 200 1872 "https://comeonline.ch/cd-shop/" "Mozilla/5.0 (Linux; Android 6.0.1; Nexus 5X Build/MMB29P) AppleWebKit/537.36 (KHTML, like Gecko) Chrome/150.0.7871.128 Mobile Safari/537.36 (compatible; Googlebot/2.1; +http://www.google.com/bot.html)"
66.249.73.204 - - [27/Jul/2026:04:10:21 +0200] "GET /wp-includes/js/mediaelement/mediaelement-and-player.min.js?ver=4.2.17 HTTP/1.0" 200 158711 "https://comeonline.ch/cd-shop/" "Mozilla/5.0 (Linux; Android 6.0.1; Nexus 5X Build/MMB29P) AppleWebKit/537.36 (KHTML, like Gecko) Chrome/150.0.7871.128 Mobile Safari/537.36 (compatible; Googlebot/2.1; +http://www.google.com/bot.html)"
66.249.73.204 - - [27/Jul/2026:04:10:22 +0200] "GET /wp-includes/js/mediaelement/mediaelement-migrate.min.js?ver=7.0.2 HTTP/1.0" 200 1632 "https://comeonline.ch/cd-shop/" "Mozilla/5.0 (Linux; Android 6.0.1; Nexus 5X Build/MMB29P) AppleWebKit/537.36 (KHTML, like Gecko) Chrome/150.0.7871.128 Mobile Safari/537.36 (compatible; Googlebot/2.1; +http://www.google.com/bot.html)"
66.249.73.205 - - [27/Jul/2026:04:10:22 +0200] "GET /wp-includes/js/mediaelement/wp-playlist.min.js?ver=7.0.2 HTTP/1.0" 200 3886 "https://comeonline.ch/cd-shop/" "Mozilla/5.0 (Linux; Android 6.0.1; Nexus 5X Build/MMB29P) AppleWebKit/537.36 (KHTML, like Gecko) Chrome/150.0.7871.128 Mobile Safari/537.36 (compatible; Googlebot/2.1; +http://www.google.com/bot.html)"
66.249.73.205 - - [27/Jul/2026:04:10:23 +0200] "GET /wp-content/plugins/akismet/_inc/akismet-frontend.js?ver=1777002621 HTTP/1.0" 200 12598 "https://comeonline.ch/cd-shop/" "Mozilla/5.0 (Linux; Android 6.0.1; Nexus 5X Build/MMB29P) AppleWebKit/537.36 (KHTML, like Gecko) Chrome/150.0.7871.128 Mobile Safari/537.36 (compatible; Googlebot/2.1; +http://www.google.com/bot.html)"
66.249.73.205 - - [27/Jul/2026:04:10:23 +0200] "GET /wp-json/contact-form-7/v1/contact-forms/132/feedback/schema HTTP/1.0" 200 2272 "https://comeonline.ch/cd-shop/" "Mozilla/5.0 (Linux; Android 6.0.1; Nexus 5X Build/MMB29P) AppleWebKit/537.36 (KHTML, like Gecko) Chrome/150.0.7871.128 Mobile Safari/537.36 (compatible; Googlebot/2.1; +http://www.google.com/bot.html)"
66.249.73.205 - - [27/Jul/2026:04:10:24 +0200] "GET /wp-includes/js/mediaelement/mejs-controls.svg HTTP/1.0" 200 5031 "https://comeonline.ch/wp-includes/js/mediaelement/mediaelementplayer-legacy.min.css?ver=4.2.17" "Mozilla/5.0 (Linux; Android 6.0.1; Nexus 5X Build/MMB29P) AppleWebKit/537.36 (KHTML, like Gecko) Chrome/150.0.7871.128 Mobile Safari/537.36 (compatible; Googlebot/2.1; +http://www.google.com/bot.html)"
66.249.73.204 - - [27/Jul/2026:04:10:24 +0200] "GET /wp-includes/images/media/audio.svg HTTP/1.0" 200 815 "https://comeonline.ch/cd-shop/" "Mozilla/5.0 (Linux; Android 6.0.1; Nexus 5X Build/MMB29P) AppleWebKit/537.36 (KHTML, like Gecko) Chrome/150.0.7871.128 Mobile Safari/537.36 (compatible; Googlebot/2.1; +http://www.google.com/bot.html)"
216.73.217.0 - - [27/Jul/2026:04:15:30 +0200] "GET /robots.txt HTTP/1.0" 200 507 "-" "Mozilla/5.0 AppleWebKit/537.36 (KHTML, like Gecko; compatible; ClaudeBot/1.0; +claudebot@anthropic.com)"
216.73.217.0 - - [27/Jul/2026:04:15:32 +0200] "GET /wp-sitemap.xml HTTP/1.0" 200 859 "-" "Mozilla/5.0 AppleWebKit/537.36 (KHTML, like Gecko; compatible; ClaudeBot/1.0; +claudebot@anthropic.com)"
66.249.73.192 - - [27/Jul/2026:04:21:57 +0200] "GET /page/2/ HTTP/1.0" 200 59574 "-" "Mozilla/5.0 (Linux; Android 6.0.1; Nexus 5X Build/MMB29P) AppleWebKit/537.36 (KHTML, like Gecko) Chrome/150.0.7871.128 Mobile Safari/537.36 (compatible; Googlebot/2.1; +http://www.google.com/bot.html)"
80.74.154.100 - - [27/Jul/2026:04:21:59 +0200] "POST /wp-cron.php?doing_wp_cron=1785118919.0859520435333251953125 HTTP/1.0" 200 409 "-" "WordPress/7.0.2; https://comeonline.ch"
66.249.73.205 - - [27/Jul/2026:04:22:59 +0200] "GET /?wptouch_shortcode=1 HTTP/1.0" 200 59600 "-" "Mozilla/5.0 (Linux; Android 6.0.1; Nexus 5X Build/MMB29P) AppleWebKit/537.36 (KHTML, like Gecko) Chrome/150.0.7871.128 Mobile Safari/537.36 (compatible; Googlebot/2.1; +http://www.google.com/bot.html)"
44.251.114.4 - - [27/Jul/2026:04:26:46 +0200] "GET / HTTP/1.0" 200 51007 "-" "Mozilla/5.0 (Macintosh; Intel Mac OS X 10_15_7) AppleWebKit/537.36 (KHTML, like Gecko) Chrome/142.0.0.0 Safari/537.36"
44.251.114.4 - - [27/Jul/2026:04:26:46 +0200] "GET / HTTP/1.0" 301 391 "-" "Mozilla/5.0 (Macintosh; Intel Mac OS X 10_15_7) AppleWebKit/537.36 (KHTML, like Gecko) Chrome/142.0.0.0 Safari/537.36"
44.251.114.4 - - [27/Jul/2026:04:26:55 +0200] "GET / HTTP/1.0" 301 391 "-" "Mozilla/5.0 (Macintosh; Intel Mac OS X 10_15_7) AppleWebKit/537.36 (KHTML, like Gecko) Chrome/142.0.0.0 Safari/537.36"
44.251.114.4 - - [27/Jul/2026:04:26:57 +0200] "GET / HTTP/1.0" 200 51007 "-" "Mozilla/5.0 (Macintosh; Intel Mac OS X 10_15_7) AppleWebKit/537.36 (KHTML, like Gecko) Chrome/142.0.0.0 Safari/537.36"
44.251.114.4 - - [27/Jul/2026:04:27:08 +0200] "GET / HTTP/1.0" 200 51007 "-" "Mozilla/5.0 (Macintosh; Intel Mac OS X 10_15_7) AppleWebKit/537.36 (KHTML, like Gecko) Chrome/142.0.0.0 Safari/537.36"
44.251.114.4 - - [27/Jul/2026:04:27:18 +0200] "GET / HTTP/1.0" 200 51007 "-" "Mozilla/5.0 (Macintosh; Intel Mac OS X 10_15_7) AppleWebKit/537.36 (KHTML, like Gecko) Chrome/142.0.0.0 Safari/537.36"
44.251.114.4 - - [27/Jul/2026:04:27:46 +0200] "GET /veranstalter/ HTTP/1.0" 200 55116 "-" "Mozilla/5.0 (Macintosh; Intel Mac OS X 10_15_7) AppleWebKit/537.36 (KHTML, like Gecko) Chrome/142.0.0.0 Safari/537.36"
44.251.114.4 - - [27/Jul/2026:04:27:46 +0200] "GET /who-we-are HTTP/1.0" 404 40123 "-" "Mozilla/5.0 (Macintosh; Intel Mac OS X 10_15_7) AppleWebKit/537.36 (KHTML, like Gecko) Chrome/142.0.0.0 Safari/537.36"
44.251.114.4 - - [27/Jul/2026:04:27:46 +0200] "GET /kontakt/ HTTP/1.0" 200 52232 "-" "Mozilla/5.0 (Macintosh; Intel Mac OS X 10_15_7) AppleWebKit/537.36 (KHTML, like Gecko) Chrome/142.0.0.0 Safari/537.36"
44.251.114.4 - - [27/Jul/2026:04:27:46 +0200] "GET /about-us HTTP/1.0" 404 40140 "-" "Mozilla/5.0 (Macintosh; Intel Mac OS X 10_15_7) AppleWebKit/537.36 (KHTML, like Gecko) Chrome/142.0.0.0 Safari/537.36"
44.251.114.4 - - [27/Jul/2026:04:27:46 +0200] "GET /ueber-uns/ HTTP/1.0" 200 68831 "-" "Mozilla/5.0 (Macintosh; Intel Mac OS X 10_15_7) AppleWebKit/537.36 (KHTML, like Gecko) Chrome/142.0.0.0 Safari/537.36"
44.251.114.4 - - [27/Jul/2026:04:27:46 +0200] "GET /about HTTP/1.0" 404 40122 "-" "Mozilla/5.0 (Macintosh; Intel Mac OS X 10_15_7) AppleWebKit/537.36 (KHTML, like Gecko) Chrome/142.0.0.0 Safari/537.36"
44.251.114.4 - - [27/Jul/2026:04:27:46 +0200] "GET /company-profile HTTP/1.0" 404 40182 "-" "Mozilla/5.0 (Macintosh; Intel Mac OS X 10_15_7) AppleWebKit/537.36 (KHTML, like Gecko) Chrome/142.0.0.0 Safari/537.36"
44.251.114.4 - - [27/Jul/2026:04:27:46 +0200] "GET /profile HTTP/1.0" 404 40134 "-" "Mozilla/5.0 (Macintosh; Intel Mac OS X 10_15_7) AppleWebKit/537.36 (KHTML, like Gecko) Chrome/142.0.0.0 Safari/537.36"
44.251.114.4 - - [27/Jul/2026:04:27:46 +0200] "GET /company HTTP/1.0" 404 40134 "-" "Mozilla/5.0 (Macintosh; Intel Mac OS X 10_15_7) AppleWebKit/537.36 (KHTML, like Gecko) Chrome/142.0.0.0 Safari/537.36"
44.251.114.4 - - [27/Jul/2026:04:27:46 +0200] "GET /aboutus HTTP/1.0" 404 40134 "-" "Mozilla/5.0 (Macintosh; Intel Mac OS X 10_15_7) AppleWebKit/537.36 (KHTML, like Gecko) Chrome/142.0.0.0 Safari/537.36"
44.251.114.4 - - [27/Jul/2026:04:27:46 +0200] "GET /our-story HTTP/1.0" 404 40146 "-" "Mozilla/5.0 (Macintosh; Intel Mac OS X 10_15_7) AppleWebKit/537.36 (KHTML, like Gecko) Chrome/142.0.0.0 Safari/537.36"
104.210.140.136 - - [27/Jul/2026:04:59:07 +0200] "GET /robots.txt HTTP/1.0" 200 507 "-" "Mozilla/5.0 (Macintosh; Intel Mac OS X 10_15_7) AppleWebKit/537.36 (KHTML, like Gecko) Chrome/131.0.0.0 Safari/537.36; compatible; OAI-SearchBot/1.0; +https://openai.com/searchbot"
80.74.154.100 - - [27/Jul/2026:04:59:09 +0200] "POST /wp-cron.php?doing_wp_cron=1785121149.6327509880065917968750 HTTP/1.0" 200 409 "-" "WordPress/7.0.2; https://comeonline.ch"

Youez - 2016 - github.com/yon3zu
LinuXploit