45.146.55.243 - - [26/Jul/2026:15:44:56 +0200] "POST /wp-login.php HTTP/1.0" 200 12567 "-" "Mozilla/5.0 (Windows NT 10.0; Win64; rv:143.0) Gecko/20100101 Firefox/143.0"
91.193.232.136 - - [26/Jul/2026:15:44:56 +0200] "POST /wp-login.php HTTP/1.0" 200 12560 "-" "Mozilla/5.0 (Windows NT 10.0; Win64; x64) AppleWebKit/537.36 Chrome/129.0.0.0 Safari/537.36"
80.74.154.100 - - [26/Jul/2026:15:44:58 +0200] "POST /wp-cron.php?doing_wp_cron=1785073498.3413798809051513671875 HTTP/1.0" 200 409 "-" "WordPress/7.0.2; https://comeonline.ch"
216.73.217.0 - - [26/Jul/2026:15:59:16 +0200] "GET /robots.txt HTTP/1.0" 200 507 "-" "Mozilla/5.0 AppleWebKit/537.36 (KHTML, like Gecko; compatible; ClaudeBot/1.0; +claudebot@anthropic.com)"
216.73.217.0 - - [26/Jul/2026:15:59:17 +0200] "GET /wp-sitemap.xml HTTP/1.0" 200 859 "-" "Mozilla/5.0 AppleWebKit/537.36 (KHTML, like Gecko; compatible; ClaudeBot/1.0; +claudebot@anthropic.com)"
45.146.55.249 - - [26/Jul/2026:15:59:24 +0200] "POST /wp-login.php HTTP/1.0" 200 12560 "-" "Mozilla/5.0 (Windows NT 10.0; Win64; rv:143.0) Gecko/20100101 Firefox/143.0"
45.146.55.232 - - [26/Jul/2026:15:59:24 +0200] "POST /wp-login.php HTTP/1.0" 200 12567 "-" "Mozilla/5.0 (Macintosh; Intel Mac OS X 10_15_7) AppleWebKit/605.1.15 Version/17.0 Safari/605.1.15"
114.119.154.124 - - [26/Jul/2026:16:11:45 +0200] "GET /sonntag-15-april-2018-9-30-uhr-konzertgottesdienst-feg-thayngen HTTP/1.0" 406 678 "https://comeonline.ch/sonntag-15-april-2018-9-30-uhr-konzertgottesdienst-feg-thayngen" "Mozilla/5.0 (Linux; Android 7.0;) AppleWebKit/537.36 (HTML, like Gecko) Mobile Safari/537.36 (compatible; PetalBot;+https://webmaster.petalsearch.com/site/petalbot)"
45.146.55.241 - - [26/Jul/2026:16:12:39 +0200] "POST /wp-login.php HTTP/1.0" 200 12560 "-" "Mozilla/5.0 (Windows NT 10.0; Win64; x64) AppleWebKit/537.36 Chrome/129.0.0.0 Safari/537.36"
91.193.232.57 - - [26/Jul/2026:16:12:39 +0200] "POST /wp-login.php HTTP/1.0" 200 12567 "-" "Mozilla/5.0 (Macintosh; Intel Mac OS X 10_15_7) AppleWebKit/605.1.15 Version/17.0 Safari/605.1.15"
45.146.55.231 - - [26/Jul/2026:16:25:50 +0200] "POST /wp-login.php HTTP/1.0" 200 12560 "-" "Mozilla/5.0 (Windows NT 10.0; Win64; x64) AppleWebKit/537.36 Chrome/129.0.0.0 Safari/537.36"
91.193.232.71 - - [26/Jul/2026:16:25:50 +0200] "POST /wp-login.php HTTP/1.0" 200 12567 "-" "Mozilla/5.0 (Macintosh; Intel Mac OS X 10_15_7) AppleWebKit/605.1.15 Version/17.0 Safari/605.1.15"
80.74.154.100 - - [26/Jul/2026:16:25:52 +0200] "POST /wp-cron.php?doing_wp_cron=1785075952.3392369747161865234375 HTTP/1.0" 200 409 "-" "WordPress/7.0.2; https://comeonline.ch"
45.146.55.241 - - [26/Jul/2026:16:39:06 +0200] "POST /wp-login.php HTTP/1.0" 200 12560 "-" "Mozilla/5.0 (Macintosh; Intel Mac OS X 10_15_7) AppleWebKit/605.1.15 Version/17.0 Safari/605.1.15"
45.146.55.233 - - [26/Jul/2026:16:39:06 +0200] "POST /wp-login.php HTTP/1.0" 200 12567 "-" "Mozilla/5.0 (Macintosh; Intel Mac OS X 10_15_7) AppleWebKit/605.1.15 Version/17.0 Safari/605.1.15"
80.74.154.100 - - [26/Jul/2026:16:39:07 +0200] "POST /wp-cron.php?doing_wp_cron=1785076747.9225459098815917968750 HTTP/1.0" 200 409 "-" "WordPress/7.0.2; https://comeonline.ch"
80.74.154.100 - - [26/Jul/2026:16:40:18 +0200] "POST /wp-cron.php?doing_wp_cron=1785076818.6299109458923339843750 HTTP/1.0" 200 409 "-" "WordPress/7.0.2; https://comeonline.ch"
100.50.179.0 - - [26/Jul/2026:16:40:17 +0200] "GET /robots.txt HTTP/1.0" 200 507 "-" "Mozilla/5.0 (Macintosh; Intel Mac OS X 10_10_1) AppleWebKit/600.2.5 (KHTML, like Gecko) Version/8.0.2 Safari/600.2.5 (Gort)"
114.119.133.204 - - [26/Jul/2026:16:44:59 +0200] "GET /%09white_redirect_1_20260408 HTTP/1.0" 406 641 "http://comeonline.ch/%09white_redirect_1_20260408" "Mozilla/5.0 (Linux; Android 7.0;) AppleWebKit/537.36 (HTML, like Gecko) Mobile Safari/537.36 (compatible; PetalBot;+https://webmaster.petalsearch.com/site/petalbot)"
91.193.232.60 - - [26/Jul/2026:16:52:14 +0200] "POST /wp-login.php HTTP/1.0" 200 12560 "-" "Mozilla/5.0 (Windows NT 10.0; Win64; rv:143.0) Gecko/20100101 Firefox/143.0"
91.193.232.70 - - [26/Jul/2026:16:52:14 +0200] "POST /wp-login.php HTTP/1.0" 200 12567 "-" "Mozilla/5.0 (Macintosh; Intel Mac OS X 10_15_7) AppleWebKit/605.1.15 Version/17.0 Safari/605.1.15"
47.82.10.232 - - [26/Jul/2026:17:04:18 +0200] "GET /robots.txt HTTP/1.0" 200 507 "-" "Mozilla/5.0 (Macintosh; Intel Mac OS X 10_15_7) AppleWebKit/537.36 (KHTML, like Gecko) Chrome/128.0.0.0 Safari/537.36"
47.82.10.232 - - [26/Jul/2026:17:04:21 +0200] "GET /wp-sitemap.xml HTTP/1.0" 200 859 "-" "Mozilla/5.0 (Macintosh; Intel Mac OS X 10_15_7) AppleWebKit/537.36 (KHTML, like Gecko) Chrome/128.0.0.0 Safari/537.36"
47.82.10.232 - - [26/Jul/2026:17:04:24 +0200] "GET /wp-sitemap-posts-post-1.xml HTTP/1.0" 200 2061 "-" "Mozilla/5.0 (Macintosh; Intel Mac OS X 10_15_7) AppleWebKit/537.36 (KHTML, like Gecko) Chrome/128.0.0.0 Safari/537.36"
47.82.10.232 - - [26/Jul/2026:17:04:26 +0200] "GET /wp-sitemap-posts-page-1.xml HTTP/1.0" 200 1107 "-" "Mozilla/5.0 (Macintosh; Intel Mac OS X 10_15_7) AppleWebKit/537.36 (KHTML, like Gecko) Chrome/128.0.0.0 Safari/537.36"
47.82.10.232 - - [26/Jul/2026:17:04:28 +0200] "GET /wp-sitemap-taxonomies-category-1.xml HTTP/1.0" 200 593 "-" "Mozilla/5.0 (Macintosh; Intel Mac OS X 10_15_7) AppleWebKit/537.36 (KHTML, like Gecko) Chrome/128.0.0.0 Safari/537.36"
47.82.10.232 - - [26/Jul/2026:17:04:32 +0200] "GET /wp-sitemap-users-1.xml HTTP/1.0" 200 578 "-" "Mozilla/5.0 (Macintosh; Intel Mac OS X 10_15_7) AppleWebKit/537.36 (KHTML, like Gecko) Chrome/128.0.0.0 Safari/537.36"
45.146.55.232 - - [26/Jul/2026:17:05:37 +0200] "POST /wp-login.php HTTP/1.0" 200 12560 "-" "Mozilla/5.0 (Macintosh; Intel Mac OS X 10_15_7) AppleWebKit/605.1.15 Version/17.0 Safari/605.1.15"
45.146.55.241 - - [26/Jul/2026:17:05:37 +0200] "POST /wp-login.php HTTP/1.0" 200 12567 "-" "Mozilla/5.0 (Macintosh; Intel Mac OS X 10_15_7) AppleWebKit/605.1.15 Version/17.0 Safari/605.1.15"
202.91.41.35 - - [26/Jul/2026:17:09:55 +0200] "POST /xmlrpc.php HTTP/1.0" 405 769 "-" "Mozilla/5.0 (Linux; Android 10; arm64) AppleWebKit/537.36 (KHTML, like Gecko) Chrome/98.0.0.0 Safari/537.36"
202.91.41.35 - - [26/Jul/2026:17:11:09 +0200] "GET /wp-json/wp/v2/users HTTP/1.0" 200 2114 "-" "Mozilla/4.0 (compatible; Win32; WinHttp.WinHttpRequest.5)"
202.91.41.35 - - [26/Jul/2026:17:11:53 +0200] "POST /xmlrpc.php HTTP/1.0" 405 769 "-" "Mozilla/5.0 (Macintosh; Intel Mac OS X 10_15_7; arm64) AppleWebKit/537.36 (KHTML, like Gecko) Chrome/90.0.0.0 Safari/537.36"
202.91.41.35 - - [26/Jul/2026:17:12:26 +0200] "POST /xmlrpc.php HTTP/1.0" 405 769 "-" "Mozilla/5.0 (Windows NT 10.0; x64) AppleWebKit/537.36 (KHTML, like Gecko) Safari/12.0.0.0 Safari/537.36"
202.91.41.35 - - [26/Jul/2026:17:12:51 +0200] "POST /xmlrpc.php HTTP/1.0" 405 769 "-" "Mozilla/5.0 (Windows NT 6.3; x64) AppleWebKit/537.36 (KHTML, like Gecko) Opera/60.0.0.0 Safari/537.36"
202.91.41.35 - - [26/Jul/2026:17:13:17 +0200] "POST /xmlrpc.php HTTP/1.0" 405 769 "-" "Mozilla/5.0 (Macintosh; Intel Mac OS X 10_15_7; x64) AppleWebKit/537.36 (KHTML, like Gecko) Edge/84.0.0.0 Safari/537.36"
202.91.41.35 - - [26/Jul/2026:17:13:46 +0200] "POST /xmlrpc.php HTTP/1.0" 405 769 "-" "Mozilla/5.0 (Windows NT 10.0; arm64) AppleWebKit/537.36 (KHTML, like Gecko) Opera/62.0.0.0 Safari/537.36"
114.119.146.215 - - [26/Jul/2026:17:18:19 +0200] "GET /kontakt HTTP/1.0" 406 622 "http://entwickler.ch/search.aspx/Mischa-Fueglistaler----/namedetail/TWlzY2hhIEbDvGdsaXN0YWxlcg==" "Mozilla/5.0 (Linux; Android 7.0;) AppleWebKit/537.36 (HTML, like Gecko) Mobile Safari/537.36 (compatible; PetalBot;+https://webmaster.petalsearch.com/site/petalbot)"
91.193.232.70 - - [26/Jul/2026:17:18:47 +0200] "POST /wp-login.php HTTP/1.0" 200 12567 "-" "Mozilla/5.0 (Macintosh; Intel Mac OS X 10_15_7) AppleWebKit/605.1.15 Version/17.0 Safari/605.1.15"
91.193.232.69 - - [26/Jul/2026:17:18:47 +0200] "POST /wp-login.php HTTP/1.0" 200 12560 "-" "Mozilla/5.0 (Windows NT 10.0; Win64; rv:143.0) Gecko/20100101 Firefox/143.0"
80.74.154.100 - - [26/Jul/2026:17:18:49 +0200] "POST /wp-cron.php?doing_wp_cron=1785079129.5049130916595458984375 HTTP/1.0" 200 409 "-" "WordPress/7.0.2; https://comeonline.ch"
20.84.43.94 - - [26/Jul/2026:17:24:54 +0200] "POST /wp-content/plugins/database-repair-assistant-e45616/class-wp-taxonomy-39f967.php HTTP/1.0" 200 7878 "-" "Mozilla/5.0 (Windows NT 10.0; Win64; x64) AppleWebKit/537.36 (KHTML, like Gecko) Chrome/120.0.0.0 Safari/537.36"
45.146.55.230 - - [26/Jul/2026:17:31:59 +0200] "POST /wp-login.php HTTP/1.0" 200 12567 "-" "Mozilla/5.0 (Macintosh; Intel Mac OS X 10_15_7) AppleWebKit/605.1.15 Version/17.0 Safari/605.1.15"
91.193.232.71 - - [26/Jul/2026:17:31:59 +0200] "POST /wp-login.php HTTP/1.0" 200 12560 "-" "Mozilla/5.0 (Windows NT 10.0; Win64; x64) AppleWebKit/537.36 Chrome/129.0.0.0 Safari/537.36"
80.74.154.100 - - [26/Jul/2026:17:32:01 +0200] "POST /wp-cron.php?doing_wp_cron=1785079921.6196110248565673828125 HTTP/1.0" 200 409 "-" "WordPress/7.0.2; https://comeonline.ch"
136.243.228.182 - - [26/Jul/2026:17:36:05 +0200] "GET / HTTP/1.0" 200 51007 "-" "Mozilla/5.0 (compatible; DataForSeoBot/1.0; +https://dataforseo.com/dataforseo-bot)"
80.74.154.100 - - [26/Jul/2026:17:36:07 +0200] "POST /wp-cron.php?doing_wp_cron=1785080167.1817679405212402343750 HTTP/1.0" 200 409 "-" "WordPress/7.0.2; https://comeonline.ch"
20.84.43.94 - - [26/Jul/2026:17:43:03 +0200] "POST /wp-content/plugins/database-repair-assistant-e45616/class-wp-taxonomy-39f967.php HTTP/1.0" 200 335 "-" "Mozilla/5.0 (Windows NT 10.0; Win64; x64) AppleWebKit/537.36 (KHTML, like Gecko) Chrome/120.0.0.0 Safari/537.36"
91.193.232.75 - - [26/Jul/2026:17:45:05 +0200] "POST /wp-login.php HTTP/1.0" 200 12560 "-" "Mozilla/5.0 (Windows NT 10.0; Win64; x64) AppleWebKit/537.36 Chrome/129.0.0.0 Safari/537.36"
45.146.55.225 - - [26/Jul/2026:17:45:05 +0200] "POST /wp-login.php HTTP/1.0" 200 12567 "-" "Mozilla/5.0 (Windows NT 10.0; Win64; rv:143.0) Gecko/20100101 Firefox/143.0"
80.74.154.100 - - [26/Jul/2026:17:45:07 +0200] "POST /wp-cron.php?doing_wp_cron=1785080707.0338060855865478515625 HTTP/1.0" 200 409 "-" "WordPress/7.0.2; https://comeonline.ch"
20.84.43.94 - - [26/Jul/2026:17:53:03 +0200] "POST /wp-content/plugins/database-repair-assistant-e45616/class-wp-taxonomy-39f967.php HTTP/1.0" 200 335 "-" "Mozilla/5.0 (Windows NT 10.0; Win64; x64) AppleWebKit/537.36 (KHTML, like Gecko) Chrome/120.0.0.0 Safari/537.36"
91.193.232.60 - - [26/Jul/2026:17:58:12 +0200] "POST /wp-login.php HTTP/1.0" 200 12560 "-" "Mozilla/5.0 (Windows NT 10.0; Win64; rv:143.0) Gecko/20100101 Firefox/143.0"
91.193.232.136 - - [26/Jul/2026:17:58:12 +0200] "POST /wp-login.php HTTP/1.0" 200 12567 "-" "Mozilla/5.0 (Windows NT 10.0; Win64; x64) AppleWebKit/537.36 Chrome/129.0.0.0 Safari/537.36"
80.74.154.100 - - [26/Jul/2026:17:58:14 +0200] "POST /wp-cron.php?doing_wp_cron=1785081494.0565059185028076171875 HTTP/1.0" 200 409 "-" "WordPress/7.0.2; https://comeonline.ch"
20.84.43.94 - - [26/Jul/2026:18:02:52 +0200] "POST /wp-content/plugins/database-repair-assistant-e45616/class-wp-taxonomy-39f967.php HTTP/1.0" 200 335 "-" "Mozilla/5.0 (Windows NT 10.0; Win64; x64) AppleWebKit/537.36 (KHTML, like Gecko) Chrome/120.0.0.0 Safari/537.36"
175.27.163.171 - - [26/Jul/2026:18:05:02 +0200] "GET / HTTP/1.0" 200 59554 "http://comeonline.ch" "Mozilla/5.0 (iPhone; CPU iPhone OS 13_2_3 like Mac OS X) AppleWebKit/605.1.15 (KHTML, like Gecko) Version/13.0.3 Mobile/15E148 Safari/604.1"
91.193.232.57 - - [26/Jul/2026:18:11:23 +0200] "POST /wp-login.php HTTP/1.0" 200 12567 "-" "Mozilla/5.0 (Windows NT 10.0; Win64; x64) AppleWebKit/537.36 Chrome/129.0.0.0 Safari/537.36"
91.193.232.65 - - [26/Jul/2026:18:11:23 +0200] "POST /wp-login.php HTTP/1.0" 200 12560 "-" "Mozilla/5.0 (Windows NT 10.0; Win64; x64) AppleWebKit/537.36 Chrome/129.0.0.0 Safari/537.36"
20.84.43.94 - - [26/Jul/2026:18:11:53 +0200] "POST /wp-content/plugins/database-repair-assistant-e45616/class-wp-taxonomy-39f967.php HTTP/1.0" 200 335 "-" "Mozilla/5.0 (Windows NT 10.0; Win64; x64) AppleWebKit/537.36 (KHTML, like Gecko) Chrome/120.0.0.0 Safari/537.36"
20.84.43.94 - - [26/Jul/2026:18:20:48 +0200] "POST /wp-content/plugins/database-repair-assistant-e45616/class-wp-taxonomy-39f967.php HTTP/1.0" 200 335 "-" "Mozilla/5.0 (Windows NT 10.0; Win64; x64) AppleWebKit/537.36 (KHTML, like Gecko) Chrome/120.0.0.0 Safari/537.36"
91.193.232.77 - - [26/Jul/2026:18:24:23 +0200] "POST /wp-login.php HTTP/1.0" 200 12560 "-" "Mozilla/5.0 (Windows NT 10.0; Win64; x64) AppleWebKit/537.36 Chrome/129.0.0.0 Safari/537.36"
45.146.55.246 - - [26/Jul/2026:18:24:23 +0200] "POST /wp-login.php HTTP/1.0" 200 12567 "-" "Mozilla/5.0 (Windows NT 10.0; Win64; rv:143.0) Gecko/20100101 Firefox/143.0"
80.74.154.100 - - [26/Jul/2026:18:24:25 +0200] "POST /wp-cron.php?doing_wp_cron=1785083065.2187750339508056640625 HTTP/1.0" 200 409 "-" "WordPress/7.0.2; https://comeonline.ch"
66.249.74.165 - - [26/Jul/2026:18:28:01 +0200] "GET /favicon.ico HTTP/1.0" 302 522 "-" "Googlebot-Image/1.0"
66.249.73.192 - - [26/Jul/2026:18:28:03 +0200] "GET /wp-content/uploads/2019/03/cropped-Logo-ONLINE-NEU_RGB-square-512px-32x32.png HTTP/1.0" 200 1475 "-" "Googlebot-Image/1.0"
216.73.217.0 - - [26/Jul/2026:18:28:17 +0200] "GET /robots.txt HTTP/1.0" 200 507 "-" "Mozilla/5.0 AppleWebKit/537.36 (KHTML, like Gecko; compatible; ClaudeBot/1.0; +claudebot@anthropic.com)"
216.73.217.0 - - [26/Jul/2026:18:28:18 +0200] "GET /wp-sitemap.xml HTTP/1.0" 200 859 "-" "Mozilla/5.0 AppleWebKit/537.36 (KHTML, like Gecko; compatible; ClaudeBot/1.0; +claudebot@anthropic.com)"
20.84.43.94 - - [26/Jul/2026:18:30:32 +0200] "POST /wp-content/plugins/database-repair-assistant-e45616/class-wp-taxonomy-39f967.php HTTP/1.0" 200 335 "-" "Mozilla/5.0 (Windows NT 10.0; Win64; x64) AppleWebKit/537.36 (KHTML, like Gecko) Chrome/120.0.0.0 Safari/537.36"
45.146.55.241 - - [26/Jul/2026:18:37:34 +0200] "POST /wp-login.php HTTP/1.0" 200 12567 "-" "Mozilla/5.0 (Windows NT 10.0; Win64; rv:143.0) Gecko/20100101 Firefox/143.0"
91.193.232.58 - - [26/Jul/2026:18:37:34 +0200] "POST /wp-login.php HTTP/1.0" 200 12560 "-" "Mozilla/5.0 (Windows NT 10.0; Win64; rv:143.0) Gecko/20100101 Firefox/143.0"
80.74.154.100 - - [26/Jul/2026:18:37:36 +0200] "POST /wp-cron.php?doing_wp_cron=1785083856.3996679782867431640625 HTTP/1.0" 200 409 "-" "WordPress/7.0.2; https://comeonline.ch"
20.84.43.94 - - [26/Jul/2026:18:39:41 +0200] "POST /wp-content/plugins/database-repair-assistant-e45616/class-wp-taxonomy-39f967.php HTTP/1.0" 200 335 "-" "Mozilla/5.0 (Windows NT 10.0; Win64; x64) AppleWebKit/537.36 (KHTML, like Gecko) Chrome/120.0.0.0 Safari/537.36"
20.84.43.94 - - [26/Jul/2026:18:48:51 +0200] "POST /wp-content/plugins/database-repair-assistant-e45616/class-wp-taxonomy-39f967.php HTTP/1.0" 200 335 "-" "Mozilla/5.0 (Windows NT 10.0; Win64; x64) AppleWebKit/537.36 (KHTML, like Gecko) Chrome/120.0.0.0 Safari/537.36"
45.146.55.249 - - [26/Jul/2026:18:50:46 +0200] "POST /wp-login.php HTTP/1.0" 200 12567 "-" "Mozilla/5.0 (Windows NT 10.0; Win64; rv:143.0) Gecko/20100101 Firefox/143.0"
80.74.154.100 - - [26/Jul/2026:18:50:47 +0200] "POST /wp-cron.php?doing_wp_cron=1785084647.4193189144134521484375 HTTP/1.0" 200 409 "-" "WordPress/7.0.2; https://comeonline.ch"
80.74.154.100 - - [26/Jul/2026:18:50:48 +0200] "POST /wp-cron.php?doing_wp_cron=1785084648.8806900978088378906250 HTTP/1.0" 200 409 "-" "WordPress/7.0.2; https://comeonline.ch"
91.193.232.59 - - [26/Jul/2026:18:50:46 +0200] "POST /wp-login.php HTTP/1.0" 200 12560 "-" "Mozilla/5.0 (Windows NT 10.0; Win64; x64) AppleWebKit/537.36 Chrome/129.0.0.0 Safari/537.36"
20.84.43.94 - - [26/Jul/2026:18:57:20 +0200] "POST /wp-content/plugins/database-repair-assistant-e45616/class-wp-taxonomy-39f967.php HTTP/1.0" 200 335 "-" "Mozilla/5.0 (Windows NT 10.0; Win64; x64) AppleWebKit/537.36 (KHTML, like Gecko) Chrome/120.0.0.0 Safari/537.36"
45.146.55.244 - - [26/Jul/2026:19:04:02 +0200] "POST /wp-login.php HTTP/1.0" 200 12560 "-" "Mozilla/5.0 (Windows NT 10.0; Win64; rv:143.0) Gecko/20100101 Firefox/143.0"
45.146.55.235 - - [26/Jul/2026:19:04:02 +0200] "POST /wp-login.php HTTP/1.0" 200 12567 "-" "Mozilla/5.0 (Macintosh; Intel Mac OS X 10_15_7) AppleWebKit/605.1.15 Version/17.0 Safari/605.1.15"
20.84.43.94 - - [26/Jul/2026:19:06:19 +0200] "POST /wp-content/plugins/database-repair-assistant-e45616/class-wp-taxonomy-39f967.php HTTP/1.0" 200 335 "-" "Mozilla/5.0 (Windows NT 10.0; Win64; x64) AppleWebKit/537.36 (KHTML, like Gecko) Chrome/120.0.0.0 Safari/537.36"
34.1.169.230 - - [26/Jul/2026:19:07:58 +0200] "GET / HTTP/1.0" 200 51007 "-" "Mozilla/5.0 (Windows NT 10.0; Win64; x64) AppleWebKit/537.36 (KHTML, like Gecko; compatible; BuiltWith/1.4; rb.gy/xprgqj) Chrome/124.0.0.0 Safari/537.36"
34.1.169.230 - - [26/Jul/2026:19:08:00 +0200] "GET / HTTP/1.0" 200 51006 "-" "Mozilla/5.0 (Windows NT 10.0; Win64; x64) AppleWebKit/537.36 (KHTML, like Gecko; compatible; BuiltWith/1.4; rb.gy/xprgqj) Chrome/124.0.0.0 Safari/537.36"
34.1.169.230 - - [26/Jul/2026:19:08:04 +0200] "GET /robots.txt HTTP/1.0" 200 507 "-" "Mozilla/5.0 (Windows NT 10.0; Win64; x64) AppleWebKit/537.36 (KHTML, like Gecko; compatible; BuiltWith/1.4; rb.gy/xprgqj) Chrome/124.0.0.0 Safari/537.36"
34.1.169.230 - - [26/Jul/2026:19:08:04 +0200] "GET /veranstalter/ HTTP/1.0" 200 55166 "-" "Mozilla/5.0 (Windows NT 10.0; Win64; x64) AppleWebKit/537.36 (KHTML, like Gecko; compatible; BuiltWith/1.4; rb.gy/xprgqj) Chrome/124.0.0.0 Safari/537.36"
34.1.169.230 - - [26/Jul/2026:19:08:04 +0200] "GET /cd-shop/ HTTP/1.0" 200 82641 "-" "Mozilla/5.0 (Windows NT 10.0; Win64; x64) AppleWebKit/537.36 (KHTML, like Gecko; compatible; BuiltWith/1.4; rb.gy/xprgqj) Chrome/124.0.0.0 Safari/537.36"
34.1.169.230 - - [26/Jul/2026:19:08:06 +0200] "GET /ads.txt HTTP/1.0" 404 40133 "-" "Mozilla/5.0 (Windows NT 10.0; Win64; x64) AppleWebKit/537.36 (KHTML, like Gecko; compatible; BuiltWith/1.4; rb.gy/xprgqj) Chrome/124.0.0.0 Safari/537.36"
34.1.169.230 - - [26/Jul/2026:19:08:06 +0200] "GET /checkout/ HTTP/1.0" 404 40145 "-" "Mozilla/5.0 (Windows NT 10.0; Win64; x64) AppleWebKit/537.36 (KHTML, like Gecko; compatible; BuiltWith/1.4; rb.gy/xprgqj) Chrome/124.0.0.0 Safari/537.36"
34.1.169.230 - - [26/Jul/2026:19:08:06 +0200] "GET /wp-content/plugins/woocommerce/readme.txt HTTP/1.0" 404 40340 "-" "Mozilla/5.0 (Windows NT 10.0; Win64; x64) AppleWebKit/537.36 (KHTML, like Gecko; compatible; BuiltWith/1.4; rb.gy/xprgqj) Chrome/124.0.0.0 Safari/537.36"
66.249.73.205 - - [26/Jul/2026:19:09:45 +0200] "GET /ads.txt HTTP/1.0" 404 40133 "-" "Mozilla/5.0 (compatible; Googlebot/2.1; +http://www.google.com/bot.html)"
20.84.43.94 - - [26/Jul/2026:19:15:21 +0200] "POST /wp-content/plugins/database-repair-assistant-e45616/class-wp-taxonomy-39f967.php HTTP/1.0" 200 335 "-" "Mozilla/5.0 (Windows NT 10.0; Win64; x64) AppleWebKit/537.36 (KHTML, like Gecko) Chrome/120.0.0.0 Safari/537.36"
45.146.55.244 - - [26/Jul/2026:19:17:27 +0200] "POST /wp-login.php HTTP/1.0" 200 12567 "-" "Mozilla/5.0 (Windows NT 10.0; Win64; rv:143.0) Gecko/20100101 Firefox/143.0"
91.193.232.57 - - [26/Jul/2026:19:17:27 +0200] "POST /wp-login.php HTTP/1.0" 200 12560 "-" "Mozilla/5.0 (Windows NT 10.0; Win64; x64) AppleWebKit/537.36 Chrome/129.0.0.0 Safari/537.36"
20.84.43.94 - - [26/Jul/2026:19:23:57 +0200] "POST /wp-content/plugins/database-repair-assistant-e45616/class-wp-taxonomy-39f967.php HTTP/1.0" 200 335 "-" "Mozilla/5.0 (Windows NT 10.0; Win64; x64) AppleWebKit/537.36 (KHTML, like Gecko) Chrome/120.0.0.0 Safari/537.36"
114.119.157.118 - - [26/Jul/2026:19:24:37 +0200] "GET /%e2%80%8bsamstag-11-jan-2020-konzert-emk-duebendorf/?wptouch_switch=desktop HTTP/1.0" 406 661 "http://comeonline.ch/%09white_redirect_1_20260408" "Mozilla/5.0 (Linux; Android 7.0;) AppleWebKit/537.36 (HTML, like Gecko) Mobile Safari/537.36 (compatible; PetalBot;+https://webmaster.petalsearch.com/site/petalbot)"
43.156.36.169 - - [26/Jul/2026:19:29:07 +0200] "GET / HTTP/1.0" 200 59554 "http://comeonline.ch" "Mozilla/5.0 (iPhone; CPU iPhone OS 13_2_3 like Mac OS X) AppleWebKit/605.1.15 (KHTML, like Gecko) Version/13.0.3 Mobile/15E148 Safari/604.1"
80.74.154.100 - - [26/Jul/2026:19:29:09 +0200] "POST /wp-cron.php?doing_wp_cron=1785086949.7210769653320312500000 HTTP/1.0" 200 409 "-" "WordPress/7.0.2; https://comeonline.ch"
45.146.55.248 - - [26/Jul/2026:19:30:40 +0200] "POST /wp-login.php HTTP/1.0" 200 12560 "-" "Mozilla/5.0 (Windows NT 10.0; Win64; x64) AppleWebKit/537.36 Chrome/129.0.0.0 Safari/537.36"
91.193.232.77 - - [26/Jul/2026:19:30:40 +0200] "POST /wp-login.php HTTP/1.0" 200 12567 "-" "Mozilla/5.0 (Windows NT 10.0; Win64; x64) AppleWebKit/537.36 Chrome/129.0.0.0 Safari/537.36"
20.84.43.94 - - [26/Jul/2026:19:32:23 +0200] "POST /wp-content/plugins/database-repair-assistant-e45616/class-wp-taxonomy-39f967.php HTTP/1.0" 200 335 "-" "Mozilla/5.0 (Windows NT 10.0; Win64; x64) AppleWebKit/537.36 (KHTML, like Gecko) Chrome/120.0.0.0 Safari/537.36"
41.216.188.106 - - [26/Jul/2026:19:36:25 +0200] "GET /wp-login.php HTTP/1.0" 200 12134 "https://www.google.co.uk/search?q=wordpress" "Mozilla/5.0 (Windows NT 11.0; Win64; x64) AppleWebKit/537.36 (KHTML, like Gecko) Chrome/120.0.6099.130 Safari/537.36"
80.74.154.100 - - [26/Jul/2026:19:36:27 +0200] "POST /wp-cron.php?doing_wp_cron=1785087387.1483631134033203125000 HTTP/1.0" 200 409 "-" "WordPress/7.0.2; https://comeonline.ch"
41.216.188.106 - - [26/Jul/2026:19:36:28 +0200] "GET /wp-login.php HTTP/1.0" 200 12134 "https://www.facebook.com/" "Mozilla/5.0 (Windows NT 10.0; Win64; x64) Gecko/20100101 Firefox/121.0"
41.216.188.106 - - [26/Jul/2026:19:36:29 +0200] "GET /wp-admin/ HTTP/1.0" 302 566 "" "Mozilla/5.0 (Macintosh; Intel Mac OS X 10_15_7) AppleWebKit/537.36 (KHTML, like Gecko) Chrome/121.0.6167.85 Safari/537.36"
41.216.188.106 - - [26/Jul/2026:19:36:30 +0200] "GET /wp-login.php?redirect_to=https%3A%2F%2Fcomeonline.ch%2Fwp-admin%2F&reauth=1 HTTP/1.0" 200 14287 "" "Mozilla/5.0 (Macintosh; Intel Mac OS X 10_15_7) AppleWebKit/537.36 (KHTML, like Gecko) Chrome/121.0.6167.85 Safari/537.36"
20.84.43.94 - - [26/Jul/2026:19:40:46 +0200] "POST /wp-content/plugins/database-repair-assistant-e45616/class-wp-taxonomy-39f967.php HTTP/1.0" 200 335 "-" "Mozilla/5.0 (Windows NT 10.0; Win64; x64) AppleWebKit/537.36 (KHTML, like Gecko) Chrome/120.0.0.0 Safari/537.36"
45.146.55.225 - - [26/Jul/2026:19:43:56 +0200] "POST /wp-login.php HTTP/1.0" 200 12560 "-" "Mozilla/5.0 (Windows NT 10.0; Win64; rv:143.0) Gecko/20100101 Firefox/143.0"
45.146.55.108 - - [26/Jul/2026:19:43:56 +0200] "POST /wp-login.php HTTP/1.0" 200 12567 "-" "Mozilla/5.0 (Windows NT 10.0; Win64; rv:143.0) Gecko/20100101 Firefox/143.0"
80.74.154.100 - - [26/Jul/2026:19:43:58 +0200] "POST /wp-cron.php?doing_wp_cron=1785087838.0933868885040283203125 HTTP/1.0" 200 409 "-" "WordPress/7.0.2; https://comeonline.ch"
20.84.43.94 - - [26/Jul/2026:19:49:20 +0200] "POST /wp-content/plugins/database-repair-assistant-e45616/class-wp-taxonomy-39f967.php HTTP/1.0" 200 335 "-" "Mozilla/5.0 (Windows NT 10.0; Win64; x64) AppleWebKit/537.36 (KHTML, like Gecko) Chrome/120.0.0.0 Safari/537.36"
193.56.116.185 - - [26/Jul/2026:19:57:09 +0200] "POST /wp-login.php HTTP/1.0" 200 12567 "-" "Mozilla/5.0 (Macintosh; Intel Mac OS X 10_15_7) AppleWebKit/605.1.15 Version/17.0 Safari/605.1.15"
45.146.55.246 - - [26/Jul/2026:19:57:09 +0200] "POST /wp-login.php HTTP/1.0" 200 12560 "-" "Mozilla/5.0 (Windows NT 10.0; Win64; x64) AppleWebKit/537.36 Chrome/129.0.0.0 Safari/537.36"
80.74.154.100 - - [26/Jul/2026:19:57:11 +0200] "POST /wp-cron.php?doing_wp_cron=1785088631.0332069396972656250000 HTTP/1.0" 200 409 "-" "WordPress/7.0.2; https://comeonline.ch"
20.84.43.94 - - [26/Jul/2026:19:57:53 +0200] "POST /wp-content/plugins/database-repair-assistant-e45616/class-wp-taxonomy-39f967.php HTTP/1.0" 200 335 "-" "Mozilla/5.0 (Windows NT 10.0; Win64; x64) AppleWebKit/537.36 (KHTML, like Gecko) Chrome/120.0.0.0 Safari/537.36"
45.146.55.108 - - [26/Jul/2026:20:10:21 +0200] "POST /wp-login.php HTTP/1.0" 200 12567 "-" "Mozilla/5.0 (Macintosh; Intel Mac OS X 10_15_7) AppleWebKit/605.1.15 Version/17.0 Safari/605.1.15"
45.146.55.231 - - [26/Jul/2026:20:10:21 +0200] "POST /wp-login.php HTTP/1.0" 200 12560 "-" "Mozilla/5.0 (Macintosh; Intel Mac OS X 10_15_7) AppleWebKit/605.1.15 Version/17.0 Safari/605.1.15"
45.146.55.230 - - [26/Jul/2026:20:23:44 +0200] "POST /wp-login.php HTTP/1.0" 200 12567 "-" "Mozilla/5.0 (Macintosh; Intel Mac OS X 10_15_7) AppleWebKit/605.1.15 Version/17.0 Safari/605.1.15"
45.146.55.237 - - [26/Jul/2026:20:23:44 +0200] "POST /wp-login.php HTTP/1.0" 200 12560 "-" "Mozilla/5.0 (Windows NT 10.0; Win64; rv:143.0) Gecko/20100101 Firefox/143.0"
80.74.154.100 - - [26/Jul/2026:20:23:46 +0200] "POST /wp-cron.php?doing_wp_cron=1785090226.4035279750823974609375 HTTP/1.0" 200 409 "-" "WordPress/7.0.2; https://comeonline.ch"
165.227.177.253 - - [26/Jul/2026:20:34:17 +0200] "GET / HTTP/1.0" 200 51007 "-" "Mozilla/5.0 (X11; Linux x86_64) AppleWebKit/537.36 (KHTML, like Gecko) Chrome/142.0.0.0 Safari/537.36"
80.74.154.100 - - [26/Jul/2026:20:34:18 +0200] "POST /wp-cron.php?doing_wp_cron=1785090858.7660810947418212890625 HTTP/1.0" 200 409 "-" "WordPress/7.0.2; https://comeonline.ch"
165.227.177.253 - - [26/Jul/2026:20:34:22 +0200] "GET /wp-content/uploads/2019/03/cropped-Logo-ONLINE-NEU_RGB-square-512px-32x32.png HTTP/1.0" 200 1475 "https://comeonline.ch/" "Mozilla/5.0 (X11; Linux x86_64) AppleWebKit/537.36 (KHTML, like Gecko) Chrome/142.0.0.0 Safari/537.36"
216.73.217.0 - - [26/Jul/2026:20:36:39 +0200] "GET /robots.txt HTTP/1.0" 200 507 "-" "Mozilla/5.0 AppleWebKit/537.36 (KHTML, like Gecko; compatible; ClaudeBot/1.0; +claudebot@anthropic.com)"
216.73.217.0 - - [26/Jul/2026:20:36:41 +0200] "GET /wp-sitemap.xml HTTP/1.0" 200 8402 "-" "Mozilla/5.0 AppleWebKit/537.36 (KHTML, like Gecko; compatible; ClaudeBot/1.0; +claudebot@anthropic.com)"
57.141.0.66 - - [26/Jul/2026:20:40:23 +0200] "GET /sitemap_index.xml HTTP/1.0" 404 40194 "-" "Mozilla/5.0 (Windows NT 10.0; Win64; x64) AppleWebKit/537.36 (KHTML, like Gecko) Chrome/145.0.0.0 Safari/537.36 (compatible; meta-externalagent/1.1 (+https://developers.facebook.com/docs/sharing/webmasters/crawler))"
80.74.154.100 - - [26/Jul/2026:20:40:25 +0200] "POST /wp-cron.php?doing_wp_cron=1785091225.0430819988250732421875 HTTP/1.0" 200 409 "-" "WordPress/7.0.2; https://comeonline.ch"
57.141.0.9 - - [26/Jul/2026:21:06:08 +0200] "GET /category/news/ HTTP/1.0" 200 40331 "-" "Mozilla/5.0 (X11; Linux x86_64) AppleWebKit/537.36 (KHTML, like Gecko) Chrome/145.0.0.0 Safari/537.36 (compatible; meta-externalagent/1.1 (+https://developers.facebook.com/docs/sharing/webmasters/crawler))"
80.74.154.100 - - [26/Jul/2026:21:06:09 +0200] "POST /wp-cron.php?doing_wp_cron=1785092769.8779640197753906250000 HTTP/1.0" 200 409 "-" "WordPress/7.0.2; https://comeonline.ch"
66.249.74.165 - - [26/Jul/2026:21:38:20 +0200] "GET /robots.txt HTTP/1.0" 301 401 "-" "Mozilla/5.0 (compatible; Googlebot/2.1; +http://www.google.com/bot.html)"
80.74.154.100 - - [26/Jul/2026:21:38:21 +0200] "POST /wp-cron.php?doing_wp_cron=1785094701.8019049167633056640625 HTTP/1.0" 200 409 "-" "WordPress/7.0.2; https://comeonline.ch"
66.249.73.204 - - [26/Jul/2026:21:38:23 +0200] "GET /robots.txt HTTP/1.0" 200 507 "-" "Mozilla/5.0 (compatible; Googlebot/2.1; +http://www.google.com/bot.html)"
66.249.74.166 - - [26/Jul/2026:21:38:24 +0200] "GET / HTTP/1.0" 301 565 "-" "Mozilla/5.0 (Linux; Android 6.0.1; Nexus 5X Build/MMB29P) AppleWebKit/537.36 (KHTML, like Gecko) Chrome/150.0.7871.128 Mobile Safari/537.36 (compatible; Googlebot/2.1; +http://www.google.com/bot.html)"
66.249.73.192 - - [26/Jul/2026:21:38:25 +0200] "GET / HTTP/1.0" 200 59557 "-" "Mozilla/5.0 (Linux; Android 6.0.1; Nexus 5X Build/MMB29P) AppleWebKit/537.36 (KHTML, like Gecko) Chrome/150.0.7871.128 Mobile Safari/537.36 (compatible; Googlebot/2.1; +http://www.google.com/bot.html)"
66.249.73.205 - - [26/Jul/2026:21:38:29 +0200] "GET /wp-content/plugins/wptouch/themes/foundation/modules/google-fonts/google-fonts.min.js?ver=07078a97d66756f213dbca3e379bf084 HTTP/1.0" 200 760 "https://comeonline.ch/" "Mozilla/5.0 (Linux; Android 6.0.1; Nexus 5X Build/MMB29P) AppleWebKit/537.36 (KHTML, like Gecko) Chrome/150.0.7871.128 Mobile Safari/537.36 (compatible; Googlebot/2.1; +http://www.google.com/bot.html)"
66.249.74.167 - - [26/Jul/2026:21:39:16 +0200] "GET / HTTP/1.0" 301 565 "-" "Mozilla/5.0 (Linux; Android 6.0.1; Nexus 5X Build/MMB29P) AppleWebKit/537.36 (KHTML, like Gecko) Chrome/99.0.4844.84 Mobile Safari/537.36 (compatible; Googlebot/2.1; +http://www.google.com/bot.html)"
66.249.73.192 - - [26/Jul/2026:21:39:17 +0200] "GET / HTTP/1.0" 200 59557 "-" "Mozilla/5.0 (Linux; Android 6.0.1; Nexus 5X Build/MMB29P) AppleWebKit/537.36 (KHTML, like Gecko) Chrome/99.0.4844.84 Mobile Safari/537.36 (compatible; Googlebot/2.1; +http://www.google.com/bot.html)"
66.249.74.166 - - [26/Jul/2026:21:39:30 +0200] "GET / HTTP/1.0" 301 391 "-" "Mozilla/5.0 (compatible; Googlebot/2.1; +http://www.google.com/bot.html)"
66.249.73.205 - - [26/Jul/2026:21:39:31 +0200] "GET / HTTP/1.0" 200 51006 "-" "Mozilla/5.0 (compatible; Googlebot/2.1; +http://www.google.com/bot.html)"
66.249.73.204 - - [26/Jul/2026:21:39:32 +0200] "GET /wp-content/plugins/wptouch/themes/bauhaus/default/bauhaus.min.js?ver=2.2.6 HTTP/1.0" 200 3543 "https://comeonline.ch/" "Mozilla/5.0 (Linux; Android 6.0.1; Nexus 5X Build/MMB29P) AppleWebKit/537.36 (KHTML, like Gecko) Chrome/150.0.7871.124 Mobile Safari/537.36 (compatible; Googlebot/2.1; +http://www.google.com/bot.html)"
66.249.73.205 - - [26/Jul/2026:21:39:32 +0200] "GET /wp-content/plugins/wptouch/themes/foundation/modules/slideout/slideout-helper.min.js?ver=07078a97d66756f213dbca3e379bf084 HTTP/1.0" 200 1266 "https://comeonline.ch/" "Mozilla/5.0 (Linux; Android 6.0.1; Nexus 5X Build/MMB29P) AppleWebKit/537.36 (KHTML, like Gecko) Chrome/150.0.7871.124 Mobile Safari/537.36 (compatible; Googlebot/2.1; +http://www.google.com/bot.html)"
66.249.73.205 - - [26/Jul/2026:21:39:32 +0200] "GET /wp-content/plugins/wptouch/include/js/wptouch.min.js?ver=5128bcacc82051228058446bcf6eb7f6 HTTP/1.0" 200 1465 "https://comeonline.ch/" "Mozilla/5.0 (Linux; Android 6.0.1; Nexus 5X Build/MMB29P) AppleWebKit/537.36 (KHTML, like Gecko) Chrome/150.0.7871.124 Mobile Safari/537.36 (compatible; Googlebot/2.1; +http://www.google.com/bot.html)"
66.249.73.204 - - [26/Jul/2026:21:39:33 +0200] "GET /wp-content/plugins/wptouch/themes/foundation/modules/base/base-public.min.js?ver=07078a97d66756f213dbca3e379bf084 HTTP/1.0" 200 1518 "https://comeonline.ch/" "Mozilla/5.0 (Linux; Android 6.0.1; Nexus 5X Build/MMB29P) AppleWebKit/537.36 (KHTML, like Gecko) Chrome/150.0.7871.124 Mobile Safari/537.36 (compatible; Googlebot/2.1; +http://www.google.com/bot.html)"
66.249.73.204 - - [26/Jul/2026:21:39:33 +0200] "GET /wp-content/plugins/wptouch/themes/foundation/modules/google-fonts/google-fonts.min.js?ver=07078a97d66756f213dbca3e379bf084 HTTP/1.0" 200 760 "https://comeonline.ch/" "Mozilla/5.0 (Linux; Android 6.0.1; Nexus 5X Build/MMB29P) AppleWebKit/537.36 (KHTML, like Gecko) Chrome/150.0.7871.124 Mobile Safari/537.36 (compatible; Googlebot/2.1; +http://www.google.com/bot.html)"
66.249.73.205 - - [26/Jul/2026:21:39:33 +0200] "GET /wp-content/plugins/wptouch/themes/foundation/modules/menu/menu.min.js?ver=07078a97d66756f213dbca3e379bf084 HTTP/1.0" 200 1820 "https://comeonline.ch/" "Mozilla/5.0 (Linux; Android 6.0.1; Nexus 5X Build/MMB29P) AppleWebKit/537.36 (KHTML, like Gecko) Chrome/150.0.7871.124 Mobile Safari/537.36 (compatible; Googlebot/2.1; +http://www.google.com/bot.html)"
66.249.73.204 - - [26/Jul/2026:21:39:33 +0200] "GET /wp-content/plugins/wptouch/themes/foundation/modules/slideout/slideout.min.js?ver=07078a97d66756f213dbca3e379bf084 HTTP/1.0" 200 7003 "https://comeonline.ch/" "Mozilla/5.0 (Linux; Android 6.0.1; Nexus 5X Build/MMB29P) AppleWebKit/537.36 (KHTML, like Gecko) Chrome/150.0.7871.124 Mobile Safari/537.36 (compatible; Googlebot/2.1; +http://www.google.com/bot.html)"
66.249.73.205 - - [26/Jul/2026:21:39:34 +0200] "GET /wp-content/plugins/wptouch/themes/foundation/modules/load-more/load-more.min.js?ver=07078a97d66756f213dbca3e379bf084 HTTP/1.0" 200 3542 "https://comeonline.ch/" "Mozilla/5.0 (Linux; Android 6.0.1; Nexus 5X Build/MMB29P) AppleWebKit/537.36 (KHTML, like Gecko) Chrome/150.0.7871.124 Mobile Safari/537.36 (compatible; Googlebot/2.1; +http://www.google.com/bot.html)"
66.249.73.205 - - [26/Jul/2026:21:39:34 +0200] "GET /wp-content/plugins/wptouch/themes/foundation/modules/tappable/tappable.min.js?ver=07078a97d66756f213dbca3e379bf084 HTTP/1.0" 200 1771 "https://comeonline.ch/" "Mozilla/5.0 (Linux; Android 6.0.1; Nexus 5X Build/MMB29P) AppleWebKit/537.36 (KHTML, like Gecko) Chrome/150.0.7871.124 Mobile Safari/537.36 (compatible; Googlebot/2.1; +http://www.google.com/bot.html)"
66.249.73.205 - - [26/Jul/2026:21:39:34 +0200] "GET /wp-content/plugins/wptouch/themes/foundation/modules/tappable/wptouch.tappable.min.js?ver=07078a97d66756f213dbca3e379bf084 HTTP/1.0" 200 759 "https://comeonline.ch/" "Mozilla/5.0 (Linux; Android 6.0.1; Nexus 5X Build/MMB29P) AppleWebKit/537.36 (KHTML, like Gecko) Chrome/150.0.7871.124 Mobile Safari/537.36 (compatible; Googlebot/2.1; +http://www.google.com/bot.html)"
216.73.217.0 - - [26/Jul/2026:21:46:41 +0200] "GET /robots.txt HTTP/1.0" 200 507 "-" "Mozilla/5.0 AppleWebKit/537.36 (KHTML, like Gecko; compatible; ClaudeBot/1.0; +claudebot@anthropic.com)"
80.74.154.100 - - [26/Jul/2026:21:46:43 +0200] "POST /wp-cron.php?doing_wp_cron=1785095202.9898340702056884765625 HTTP/1.0" 200 409 "-" "WordPress/7.0.2; https://comeonline.ch"
216.73.217.0 - - [26/Jul/2026:21:46:44 +0200] "GET / HTTP/1.0" 200 51006 "-" "Mozilla/5.0 AppleWebKit/537.36 (KHTML, like Gecko; compatible; ClaudeBot/1.0; +claudebot@anthropic.com)"
57.141.0.17 - - [26/Jul/2026:22:08:16 +0200] "GET /wp-sitemap.xml HTTP/1.0" 200 859 "-" "Mozilla/5.0 (Windows NT 10.0; Win64; x64) AppleWebKit/537.36 (KHTML, like Gecko) Chrome/145.0.0.0 Safari/537.36 (compatible; meta-externalagent/1.1 (+https://developers.facebook.com/docs/sharing/webmasters/crawler))"
80.74.154.100 - - [26/Jul/2026:22:08:18 +0200] "POST /wp-cron.php?doing_wp_cron=1785096498.1241240501403808593750 HTTP/1.0" 200 409 "-" "WordPress/7.0.2; https://comeonline.ch"
108.129.133.127 - - [26/Jul/2026:22:19:16 +0200] "GET /robots.txt HTTP/1.0" 200 507 "-" "Pandalytics/2.0 (+https://domainsbot.com/network-crawler-pandalytics-kdc68dhsbd/)"
80.74.154.100 - - [26/Jul/2026:22:19:17 +0200] "POST /wp-cron.php?doing_wp_cron=1785097157.6102390289306640625000 HTTP/1.0" 200 409 "-" "WordPress/7.0.2; https://comeonline.ch"
108.129.133.127 - - [26/Jul/2026:22:19:18 +0200] "GET / HTTP/1.0" 200 51006 "-" "Pandalytics/2.0 (+https://domainsbot.com/network-crawler-pandalytics-kdc68dhsbd/)"
216.73.217.0 - - [26/Jul/2026:22:30:46 +0200] "GET /wp-sitemap.xml HTTP/1.0" 200 859 "-" "Mozilla/5.0 AppleWebKit/537.36 (KHTML, like Gecko; compatible; ClaudeBot/1.0; +claudebot@anthropic.com)"
114.119.157.118 - - [26/Jul/2026:22:42:26 +0200] "GET /category/naechste-auftritte HTTP/1.0" 406 642 "https://comeonline.ch/category/naechste-auftritte" "Mozilla/5.0 (Linux; Android 7.0;) AppleWebKit/537.36 (HTML, like Gecko) Mobile Safari/537.36 (compatible; PetalBot;+https://webmaster.petalsearch.com/site/petalbot)"
216.73.217.0 - - [26/Jul/2026:22:52:54 +0200] "GET /robots.txt HTTP/1.0" 200 507 "-" "Mozilla/5.0 AppleWebKit/537.36 (KHTML, like Gecko; compatible; ClaudeBot/1.0; +claudebot@anthropic.com)"
80.74.154.100 - - [26/Jul/2026:22:52:55 +0200] "POST /wp-cron.php?doing_wp_cron=1785099175.6164059638977050781250 HTTP/1.0" 200 409 "-" "WordPress/7.0.2; https://comeonline.ch"
216.73.217.0 - - [26/Jul/2026:22:52:56 +0200] "GET / HTTP/1.0" 200 51006 "-" "Mozilla/5.0 AppleWebKit/537.36 (KHTML, like Gecko; compatible; ClaudeBot/1.0; +claudebot@anthropic.com)"
88.218.62.29 - - [26/Jul/2026:23:07:07 +0200] "GET / HTTP/1.0" 200 51007 "http://COMEONLINE.CH" "Mozilla/5.0 (Windows NT 10.0; Win64; x64) AppleWebKit/537.36 (KHTML, like Gecko) Chrome/120.0.0.0 Safari/537.36"
114.119.159.148 - - [26/Jul/2026:23:10:32 +0200] "GET /robots.txt HTTP/1.0" 406 625 "https://comeonline.ch/robots.txt" "Mozilla/5.0 (compatible;PetalBot;+https://webmaster.petalsearch.com/site/petalbot)"
2.57.122.178 - - [26/Jul/2026:23:14:02 +0200] "HEAD / HTTP/1.0" 200 137 "-" "python-requests/2.32.5"
80.74.154.100 - - [26/Jul/2026:23:14:04 +0200] "POST /wp-cron.php?doing_wp_cron=1785100444.3117730617523193359375 HTTP/1.0" 200 409 "-" "WordPress/7.0.2; https://comeonline.ch"
2.57.122.178 - - [26/Jul/2026:23:14:05 +0200] "GET / HTTP/1.0" 200 51007 "-" "python-requests/2.32.5"
2.57.122.178 - - [26/Jul/2026:23:14:29 +0200] "GET / HTTP/1.0" 200 51006 "-" "Mozilla/5.0 (X11; Linux x86_64; rv:89.0) Gecko/20100101 Firefox/89.0"
114.119.157.118 - - [26/Jul/2026:23:15:45 +0200] "GET /author/peterfue/ HTTP/1.0" 406 631 "https://comeonline.ch/author/peterfue/" "Mozilla/5.0 (Linux; Android 7.0;) AppleWebKit/537.36 (HTML, like Gecko) Mobile Safari/537.36 (compatible; PetalBot;+https://webmaster.petalsearch.com/site/petalbot)"
216.73.217.0 - - [26/Jul/2026:23:24:45 +0200] "GET /wp-sitemap.xml HTTP/1.0" 200 859 "-" "Mozilla/5.0 AppleWebKit/537.36 (KHTML, like Gecko; compatible; ClaudeBot/1.0; +claudebot@anthropic.com)"
80.74.154.100 - - [26/Jul/2026:23:24:46 +0200] "POST /wp-cron.php?doing_wp_cron=1785101086.6081340312957763671875 HTTP/1.0" 200 409 "-" "WordPress/7.0.2; https://comeonline.ch"
105.244.232.205 - - [26/Jul/2026:23:43:09 +0200] "POST /xmlrpc.php HTTP/1.0" 405 769 "-" "WordPress.com; https://wordpress.com"
80.74.154.100 - - [26/Jul/2026:23:43:11 +0200] "POST /wp-cron.php?doing_wp_cron=1785102191.1912651062011718750000 HTTP/1.0" 200 409 "-" "WordPress/7.0.2; https://comeonline.ch"
105.244.232.205 - - [26/Jul/2026:23:43:29 +0200] "POST /xmlrpc.php HTTP/1.0" 405 769 "-" "Jetpack by WordPress.com (Jetpack 13.0; WordPress 6.2)"
105.244.232.205 - - [26/Jul/2026:23:43:51 +0200] "POST /xmlrpc.php HTTP/1.0" 405 769 "-" "WordPress.com; https://wordpress.com"
105.244.232.205 - - [26/Jul/2026:23:44:11 +0200] "POST /xmlrpc.php HTTP/1.0" 405 769 "-" "Jetpack by WordPress.com"
105.244.232.205 - - [26/Jul/2026:23:44:32 +0200] "POST /xmlrpc.php HTTP/1.0" 405 769 "-" "Jetpack by WordPress.com (Jetpack 12.5; WordPress 6.2)"
105.244.232.205 - - [26/Jul/2026:23:44:53 +0200] "POST /xmlrpc.php HTTP/1.0" 405 769 "-" "Jetpack by WordPress.com"
105.244.232.205 - - [26/Jul/2026:23:45:13 +0200] "POST /xmlrpc.php HTTP/1.0" 405 769 "-" "Jetpack by WordPress.com"
105.244.232.205 - - [26/Jul/2026:23:45:32 +0200] "POST /xmlrpc.php HTTP/1.0" 405 769 "-" "Jetpack/13.0; WordPress/6.2; http://site75287538.com"
105.244.232.205 - - [26/Jul/2026:23:45:53 +0200] "POST /xmlrpc.php HTTP/1.0" 405 769 "-" "Jetpack by WordPress.com"
105.244.232.205 - - [26/Jul/2026:23:46:14 +0200] "POST /xmlrpc.php HTTP/1.0" 405 769 "-" "Jetpack by WordPress.com"
105.244.232.205 - - [26/Jul/2026:23:46:34 +0200] "POST /xmlrpc.php HTTP/1.0" 405 769 "-" "Jetpack by WordPress.com (Jetpack 13.0; WordPress 6.2)"
105.244.232.205 - - [26/Jul/2026:23:46:56 +0200] "POST /xmlrpc.php HTTP/1.0" 405 769 "-" "Jetpack/12.5; WordPress/6.2; http://site58615564.com"
105.244.232.205 - - [26/Jul/2026:23:47:17 +0200] "POST /xmlrpc.php HTTP/1.0" 405 769 "-" "Jetpack by WordPress.com (Jetpack 12.0; WordPress 6.3)"
105.244.232.205 - - [26/Jul/2026:23:47:39 +0200] "POST /xmlrpc.php HTTP/1.0" 405 769 "-" "WordPress.com; https://wordpress.com"
105.244.232.205 - - [26/Jul/2026:23:48:00 +0200] "POST /xmlrpc.php HTTP/1.0" 405 769 "-" "Jetpack by WordPress.com (Jetpack 12.1; WordPress 6.2)"
105.244.232.205 - - [26/Jul/2026:23:48:21 +0200] "POST /xmlrpc.php HTTP/1.0" 405 769 "-" "Jetpack by WordPress.com (Jetpack 12.1; WordPress 6.4)"
105.244.232.205 - - [26/Jul/2026:23:48:44 +0200] "POST /xmlrpc.php HTTP/1.0" 405 769 "-" "WordPress.com; https://wordpress.com"
105.244.232.205 - - [26/Jul/2026:23:49:03 +0200] "POST /xmlrpc.php HTTP/1.0" 405 769 "-" "Jetpack/12.1; WordPress/6.2; http://site34908530.com"
105.244.232.205 - - [26/Jul/2026:23:49:24 +0200] "POST /xmlrpc.php HTTP/1.0" 405 769 "-" "Jetpack by WordPress.com (Jetpack 13.0; WordPress 6.2)"
105.244.232.205 - - [26/Jul/2026:23:49:44 +0200] "POST /xmlrpc.php HTTP/1.0" 405 769 "-" "Jetpack by WordPress.com"
105.244.232.205 - - [26/Jul/2026:23:50:05 +0200] "POST /xmlrpc.php HTTP/1.0" 405 769 "-" "Jetpack by WordPress.com"
105.244.232.205 - - [26/Jul/2026:23:50:26 +0200] "POST /xmlrpc.php HTTP/1.0" 405 769 "-" "Jetpack by WordPress.com (Jetpack 12.0; WordPress 6.1)"
105.244.232.205 - - [26/Jul/2026:23:50:47 +0200] "POST /xmlrpc.php HTTP/1.0" 405 769 "-" "Jetpack/12.5; WordPress/6.3; http://site63487857.com"
105.244.232.205 - - [26/Jul/2026:23:51:08 +0200] "POST /xmlrpc.php HTTP/1.0" 405 769 "-" "WordPress.com; https://wordpress.com"
105.244.232.205 - - [26/Jul/2026:23:51:30 +0200] "POST /xmlrpc.php HTTP/1.0" 405 769 "-" "Jetpack by WordPress.com (Jetpack 12.5; WordPress 6.2)"
105.244.232.205 - - [26/Jul/2026:23:51:50 +0200] "POST /xmlrpc.php HTTP/1.0" 405 769 "-" "Jetpack by WordPress.com"
105.244.232.205 - - [26/Jul/2026:23:52:11 +0200] "POST /xmlrpc.php HTTP/1.0" 405 769 "-" "WordPress.com; https://wordpress.com"
105.244.232.205 - - [27/Jul/2026:00:02:19 +0200] "POST /xmlrpc.php HTTP/1.0" 405 769 "-" "Jetpack/12.1; WordPress/6.3; http://site69057719.com"
105.244.232.205 - - [27/Jul/2026:00:02:39 +0200] "POST /xmlrpc.php HTTP/1.0" 405 769 "-" "Jetpack/13.0; WordPress/6.2; http://site26892485.com"
105.244.232.205 - - [27/Jul/2026:00:03:01 +0200] "POST /xmlrpc.php HTTP/1.0" 405 769 "-" "Jetpack by WordPress.com"
105.244.232.205 - - [27/Jul/2026:00:03:23 +0200] "POST /xmlrpc.php HTTP/1.0" 405 769 "-" "WordPress.com; https://wordpress.com"
105.244.232.205 - - [27/Jul/2026:00:03:44 +0200] "POST /xmlrpc.php HTTP/1.0" 405 769 "-" "WordPress.com; https://wordpress.com"
105.244.232.205 - - [27/Jul/2026:00:04:06 +0200] "POST /xmlrpc.php HTTP/1.0" 405 769 "-" "WordPress.com; https://wordpress.com"
105.244.232.205 - - [27/Jul/2026:00:04:27 +0200] "POST /xmlrpc.php HTTP/1.0" 405 769 "-" "WordPress.com; https://wordpress.com"
105.244.232.205 - - [27/Jul/2026:00:04:49 +0200] "POST /xmlrpc.php HTTP/1.0" 405 769 "-" "Jetpack by WordPress.com (Jetpack 12.0; WordPress 6.4)"
105.244.232.205 - - [27/Jul/2026:00:05:10 +0200] "POST /xmlrpc.php HTTP/1.0" 405 769 "-" "Jetpack by WordPress.com"
105.244.232.205 - - [27/Jul/2026:00:05:32 +0200] "POST /xmlrpc.php HTTP/1.0" 405 769 "-" "Jetpack by WordPress.com"
105.244.232.205 - - [27/Jul/2026:00:05:55 +0200] "POST /xmlrpc.php HTTP/1.0" 405 769 "-" "Jetpack by WordPress.com (Jetpack 12.1; WordPress 6.4)"
80.74.154.100 - - [27/Jul/2026:00:05:55 +0200] "POST /wp-cron.php?doing_wp_cron=1785103555.4191091060638427734375 HTTP/1.0" 200 409 "-" "WordPress/7.0.2; https://comeonline.ch"
105.244.232.205 - - [27/Jul/2026:00:06:14 +0200] "POST /xmlrpc.php HTTP/1.0" 405 769 "-" "Jetpack by WordPress.com (Jetpack 12.5; WordPress 6.3)"
105.244.232.205 - - [27/Jul/2026:00:06:34 +0200] "POST /xmlrpc.php HTTP/1.0" 405 769 "-" "WordPress.com; https://wordpress.com"
114.119.146.114 - - [27/Jul/2026:00:06:45 +0200] "GET /robots.txt HTTP/1.0" 406 625 "http://comeonline.ch/robots.txt" "Mozilla/5.0 (compatible;PetalBot;+https://webmaster.petalsearch.com/site/petalbot)"
105.244.232.205 - - [27/Jul/2026:00:06:54 +0200] "POST /xmlrpc.php HTTP/1.0" 405 769 "-" "WordPress.com; https://wordpress.com"
105.244.232.205 - - [27/Jul/2026:00:17:10 +0200] "POST /xmlrpc.php HTTP/1.0" 405 769 "-" "Jetpack by WordPress.com (Jetpack 12.5; WordPress 6.4)"
80.74.154.100 - - [27/Jul/2026:00:17:12 +0200] "POST /wp-cron.php?doing_wp_cron=1785104232.2542049884796142578125 HTTP/1.0" 200 409 "-" "WordPress/7.0.2; https://comeonline.ch"
105.244.232.205 - - [27/Jul/2026:00:17:30 +0200] "POST /xmlrpc.php HTTP/1.0" 405 769 "-" "Jetpack by WordPress.com (Jetpack 12.0; WordPress 6.3)"
105.244.232.205 - - [27/Jul/2026:00:17:51 +0200] "POST /xmlrpc.php HTTP/1.0" 405 769 "-" "Jetpack by WordPress.com (Jetpack 13.0; WordPress 6.1)"
105.244.232.205 - - [27/Jul/2026:00:18:11 +0200] "POST /xmlrpc.php HTTP/1.0" 405 769 "-" "Jetpack by WordPress.com"
105.244.232.205 - - [27/Jul/2026:00:18:32 +0200] "POST /xmlrpc.php HTTP/1.0" 405 769 "-" "Jetpack/12.1; WordPress/6.1; http://site74179254.com"
105.244.232.205 - - [27/Jul/2026:00:18:53 +0200] "POST /xmlrpc.php HTTP/1.0" 405 769 "-" "Jetpack by WordPress.com"
80.74.154.100 - - [27/Jul/2026:00:18:53 +0200] "POST /wp-cron.php?doing_wp_cron=1785104333.6023249626159667968750 HTTP/1.0" 200 409 "-" "WordPress/7.0.2; https://comeonline.ch"
105.244.232.205 - - [27/Jul/2026:00:19:15 +0200] "POST /xmlrpc.php HTTP/1.0" 405 769 "-" "WordPress.com; https://wordpress.com"
105.244.232.205 - - [27/Jul/2026:00:19:34 +0200] "POST /xmlrpc.php HTTP/1.0" 405 769 "-" "Jetpack/12.5; WordPress/6.2; http://site98841933.com"
105.244.232.205 - - [27/Jul/2026:00:19:56 +0200] "POST /xmlrpc.php HTTP/1.0" 405 769 "-" "WordPress.com; https://wordpress.com"
105.244.232.205 - - [27/Jul/2026:00:20:17 +0200] "POST /xmlrpc.php HTTP/1.0" 405 769 "-" "WordPress.com; https://wordpress.com"
105.244.232.205 - - [27/Jul/2026:00:20:38 +0200] "POST /xmlrpc.php HTTP/1.0" 405 769 "-" "Jetpack by WordPress.com (Jetpack 13.0; WordPress 6.4)"
105.244.232.205 - - [27/Jul/2026:00:20:59 +0200] "POST /xmlrpc.php HTTP/1.0" 405 769 "-" "WordPress.com; https://wordpress.com"
105.244.232.205 - - [27/Jul/2026:00:21:20 +0200] "POST /xmlrpc.php HTTP/1.0" 405 769 "-" "Jetpack/13.0; WordPress/6.1; http://site71545360.com"
105.244.232.205 - - [27/Jul/2026:00:21:41 +0200] "POST /xmlrpc.php HTTP/1.0" 405 769 "-" "WordPress.com; https://wordpress.com"
105.244.232.205 - - [27/Jul/2026:00:22:01 +0200] "POST /xmlrpc.php HTTP/1.0" 405 769 "-" "WordPress.com; https://wordpress.com"
216.73.217.0 - - [27/Jul/2026:00:26:40 +0200] "GET /robots.txt HTTP/1.0" 200 507 "-" "Mozilla/5.0 AppleWebKit/537.36 (KHTML, like Gecko; compatible; ClaudeBot/1.0; +claudebot@anthropic.com)"
216.73.217.0 - - [27/Jul/2026:00:26:41 +0200] "GET /wp-sitemap.xml HTTP/1.0" 200 859 "-" "Mozilla/5.0 AppleWebKit/537.36 (KHTML, like Gecko; compatible; ClaudeBot/1.0; +claudebot@anthropic.com)"
105.244.232.205 - - [27/Jul/2026:00:32:09 +0200] "POST /xmlrpc.php HTTP/1.0" 405 769 "-" "Jetpack by WordPress.com (Jetpack 12.0; WordPress 6.2)"
80.74.154.100 - - [27/Jul/2026:00:32:11 +0200] "POST /wp-cron.php?doing_wp_cron=1785105131.1446399688720703125000 HTTP/1.0" 200 409 "-" "WordPress/7.0.2; https://comeonline.ch"
105.244.232.205 - - [27/Jul/2026:00:32:29 +0200] "POST /xmlrpc.php HTTP/1.0" 405 769 "-" "Jetpack/12.1; WordPress/6.2; http://site85762905.com"
105.244.232.205 - - [27/Jul/2026:00:32:50 +0200] "POST /xmlrpc.php HTTP/1.0" 405 769 "-" "Jetpack by WordPress.com (Jetpack 13.0; WordPress 6.3)"
100.56.21.44 - - [27/Jul/2026:00:33:02 +0200] "GET /feed/ HTTP/1.0" 304 309 "https://www.google.com/" "Mozilla/5.0 (Macintosh; Intel Mac OS X 10_15) AppleWebKit/605.1.15 (KHTML, like Gecko) Version/13.0.5 Safari/605.1.15"
105.244.232.205 - - [27/Jul/2026:00:33:11 +0200] "POST /xmlrpc.php HTTP/1.0" 405 769 "-" "WordPress.com; https://wordpress.com"
194.59.8.45 - - [27/Jul/2026:00:33:27 +0200] "GET /?rest_route=/ HTTP/1.0" 200 239415 "-" "wp2shell"
194.59.8.45 - - [27/Jul/2026:00:33:30 +0200] "GET /?rest_route=/ HTTP/1.0" 200 239415 "-" "wp2shell"
105.244.232.205 - - [27/Jul/2026:00:33:31 +0200] "POST /xmlrpc.php HTTP/1.0" 405 769 "-" "Jetpack by WordPress.com"
194.59.8.45 - - [27/Jul/2026:00:33:32 +0200] "GET /wp-json/ HTTP/1.0" 200 239415 "-" "wp2shell"
194.59.8.45 - - [27/Jul/2026:00:33:34 +0200] "GET / HTTP/1.0" 200 51007 "-" "wp2shell"
194.59.8.45 - - [27/Jul/2026:00:33:36 +0200] "GET /?rest_route=/batch/v1 HTTP/1.0" 404 795 "-" "wp2shell"
105.244.232.205 - - [27/Jul/2026:00:33:52 +0200] "POST /xmlrpc.php HTTP/1.0" 405 769 "-" "WordPress.com; https://wordpress.com"
105.244.232.205 - - [27/Jul/2026:00:34:13 +0200] "POST /xmlrpc.php HTTP/1.0" 405 769 "-" "Jetpack by WordPress.com (Jetpack 12.0; WordPress 6.3)"
105.244.232.205 - - [27/Jul/2026:00:34:34 +0200] "POST /xmlrpc.php HTTP/1.0" 405 769 "-" "Jetpack by WordPress.com (Jetpack 13.0; WordPress 6.1)"
105.244.232.205 - - [27/Jul/2026:00:34:56 +0200] "POST /xmlrpc.php HTTP/1.0" 405 769 "-" "Jetpack by WordPress.com (Jetpack 12.5; WordPress 6.3)"
105.244.232.205 - - [27/Jul/2026:00:35:19 +0200] "POST /xmlrpc.php HTTP/1.0" 405 769 "-" "Jetpack by WordPress.com"
114.119.138.27 - - [27/Jul/2026:00:57:18 +0200] "GET /wp-sitemap.xml HTTP/1.0" 406 8172 "-" "Mozilla/5.0 (Linux; Android 7.0;) AppleWebKit/537.36 (KHTML, like Gecko) Mobile Safari/537.36 (compatible; PetalBot;+https://webmaster.petalsearch.com/site/petalbot)"
66.249.74.165 - - [27/Jul/2026:01:09:26 +0200] "GET /robots.txt HTTP/1.0" 301 401 "-" "Mozilla/5.0 (compatible; Googlebot/2.1; +http://www.google.com/bot.html)"
80.74.154.100 - - [27/Jul/2026:01:09:28 +0200] "POST /wp-cron.php?doing_wp_cron=1785107368.2179470062255859375000 HTTP/1.0" 200 409 "-" "WordPress/7.0.2; https://comeonline.ch"
66.249.73.205 - - [27/Jul/2026:01:09:29 +0200] "GET /robots.txt HTTP/1.0" 200 507 "-" "Mozilla/5.0 (compatible; Googlebot/2.1; +http://www.google.com/bot.html)"
41.216.188.106 - - [27/Jul/2026:01:52:44 +0200] "GET / HTTP/1.0" 200 51007 "-" "Mozilla/5.0 (Windows NT 11.0; Win64; x64) AppleWebKit/537.36 (KHTML, like Gecko) Chrome/121.0.0.0 Safari/537.36"
80.74.154.100 - - [27/Jul/2026:01:52:46 +0200] "POST /wp-cron.php?doing_wp_cron=1785109966.2753660678863525390625 HTTP/1.0" 200 409 "-" "WordPress/7.0.2; https://comeonline.ch"
41.216.188.106 - - [27/Jul/2026:01:52:47 +0200] "POST /wp-json/batch/v1 HTTP/1.0" 207 665 "-" "wp2shell"
41.216.188.106 - - [27/Jul/2026:01:52:48 +0200] "POST /?rest_route=/batch/v1 HTTP/1.0" 207 665 "-" "wp2shell"
41.216.188.106 - - [27/Jul/2026:01:52:49 +0200] "POST /?rest_route=/batch/v1 HTTP/1.0" 207 1182 "-" "wp2shell"
